000
CDUS43 KARX 280710
CLIRST


CLIMATE REPORT
NATIONAL WEATHER SERVICE LA CROSSE WI
203 AM CDT WED SEP 28 2016


...................................

...THE ROCHESTER MN CLIMATE SUMMARY FOR SEPTEMBER 27 2016...

CLIMATE NORMAL PERIOD 1981 TO 2010
CLIMATE RECORD PERIOD 1886 TO 2016


WEATHER ITEM   OBSERVED TIME   RECORD YEAR NORMAL DEPARTURE LAST
                VALUE   (LST)  VALUE       VALUE  FROM      YEAR
                                                  NORMAL
..................................................................
TEMPERATURE (F)
 YESTERDAY
  MAXIMUM         65    325 PM  86    1943  67     -2       80
  MINIMUM         45    626 AM  28    1942  45      0       54
  AVERAGE         55                        56     -1       67

PRECIPITATION (IN)
  YESTERDAY        0.01          1.34 1965   0.10  -0.09     0.00
  MONTH TO DATE    9.09                      3.14   5.95     2.87
  SINCE SEP 1      9.09                      3.14   5.95     2.87
  SINCE JAN 1     37.36                     27.33  10.03    28.04

SNOWFALL (IN)
  YESTERDAY        0.0           0.0  2012   0.0    0.0      0.0
  MONTH TO DATE    0.0                       0.0    0.0      0.0
  SINCE JUL 1      0.0                       0.0    0.0      0.0
  SNOW DEPTH       0

DEGREE DAYS
 HEATING
  YESTERDAY       10                        10      0        0
  MONTH TO DATE   46                       145    -99       55
  SINCE JUL 1     57                       183   -126      114

 COOLING
  YESTERDAY        0                         1     -1        2
  MONTH TO DATE   55                        52      3      124
  SINCE JAN 1    628                       577     51      499
..................................................................


WIND (MPH)
  HIGHEST WIND SPEED    25   HIGHEST WIND DIRECTION    NW (300)
  HIGHEST GUST SPEED    35   HIGHEST GUST DIRECTION    NW (300)
  AVERAGE WIND SPEED    13.7


SKY COVER
  POSSIBLE SUNSHINE  MM
  AVERAGE SKY COVER 0.2


WEATHER CONDITIONS
 THE FOLLOWING WEATHER WAS RECORDED YESTERDAY.
  LIGHT RAIN


RELATIVE HUMIDITY (PERCENT)
 HIGHEST    93           700 PM
 LOWEST     31           300 PM
 AVERAGE    62

..........................................................


THE ROCHESTER MN CLIMATE NORMALS FOR TODAY
                         NORMAL    RECORD    YEAR
 MAXIMUM TEMPERATURE (F)   66        83      1971
                                             1956
                                             1952
 MINIMUM TEMPERATURE (F)   45        22      1942
                                             1893


SUNRISE AND SUNSET
SEPTEMBER 28 2016.....SUNRISE   705 AM CDT   SUNSET   655 PM CDT
SEPTEMBER 29 2016.....SUNRISE   706 AM CDT   SUNSET   654 PM CDT


-  INDICATES NEGATIVE NUMBERS.
R  INDICATES RECORD WAS SET OR TIED.
MM INDICATES DATA IS MISSING.
T  INDICATES TRACE AMOUNT.




$$
