000
CDUS43 KARX 232135
CLIRST


CLIMATE REPORT
NATIONAL WEATHER SERVICE LA CROSSE WI
433 PM CDT FRI JUN 23 2017


...................................

...THE ROCHESTER MN CLIMATE SUMMARY FOR JUNE 23 2017...
VALID TODAY AS OF 0430 PM LOCAL TIME.

CLIMATE NORMAL PERIOD 1981 TO 2010
CLIMATE RECORD PERIOD 1886 TO 2017


WEATHER ITEM   OBSERVED TIME   RECORD YEAR NORMAL DEPARTURE LAST
                VALUE   (LST)  VALUE       VALUE  FROM      YEAR
                                                  NORMAL
..................................................................
TEMPERATURE (F)
 TODAY
  MAXIMUM         70    329 PM 100    1934  80    -10       67
  MINIMUM         56    450 AM  38    1972  60     -4       55
  AVERAGE         63                        70     -7       61

PRECIPITATION (IN)
  TODAY            0.00          4.10 1908   0.16  -0.16      T
  MONTH TO DATE    2.79                      3.60  -0.81     4.82
  SINCE JUN 1      2.79                      3.60  -0.81     4.82
  SINCE JAN 1     17.06                     14.04   3.02    16.51

SNOWFALL (IN)
  TODAY            0.0           0.0  2012   0.0    0.0      0.0
  MONTH TO DATE    0.0                       0.0    0.0      0.0
  SINCE JUL 1     52.7                      51.9    0.8     47.9
  SNOW DEPTH       0

DEGREE DAYS
 HEATING
  TODAY            2                         1      1        4
  MONTH TO DATE    7                        49    -42       19
  SINCE JUL 1   6875                      7719   -844     6794

 COOLING
  TODAY            0                         6     -6        0
  MONTH TO DATE  138                        86     52      110
  SINCE JAN 1    158                       120     38      158
..................................................................


WIND (MPH)
  HIGHEST WIND SPEED    25   HIGHEST WIND DIRECTION    NW (310)
  HIGHEST GUST SPEED    30   HIGHEST GUST DIRECTION    NW (320)
  AVERAGE WIND SPEED    13.4


SKY COVER
  POSSIBLE SUNSHINE  MM
  AVERAGE SKY COVER 0.3


WEATHER CONDITIONS
 THE FOLLOWING WEATHER WAS RECORDED TODAY.
  FOG


RELATIVE HUMIDITY (PERCENT)
 HIGHEST   100          1200 AM
 LOWEST     63           900 AM
 AVERAGE    82

..........................................................


THE ROCHESTER MN CLIMATE NORMALS FOR TOMORROW
                         NORMAL    RECORD    YEAR
 MAXIMUM TEMPERATURE (F)   80        97      1910
 MINIMUM TEMPERATURE (F)   60        40      1972


SUNRISE AND SUNSET
JUNE 23 2017..........SUNRISE   528 AM CDT   SUNSET   856 PM CDT
JUNE 24 2017..........SUNRISE   528 AM CDT   SUNSET   857 PM CDT


-  INDICATES NEGATIVE NUMBERS.
R  INDICATES RECORD WAS SET OR TIED.
MM INDICATES DATA IS MISSING.
T  INDICATES TRACE AMOUNT.




$$
