000
CDUS43 KARX 010702
CLIRST


CLIMATE REPORT
NATIONAL WEATHER SERVICE LA CROSSE WI
101 AM CST SUN FEB 1 2015


...................................

...THE ROCHESTER MN CLIMATE SUMMARY FOR JANUARY 31 2015...

CLIMATE NORMAL PERIOD 1981 TO 2010
CLIMATE RECORD PERIOD 1886 TO 2015


WEATHER ITEM   OBSERVED TIME   RECORD YEAR NORMAL DEPARTURE LAST
                VALUE   (LST)  VALUE       VALUE  FROM      YEAR
                                                  NORMAL
..................................................................
TEMPERATURE (F)
 YESTERDAY
  MAXIMUM         30    209 PM  48    1989  25      5        5
  MINIMUM         20    643 AM -31    1918   8     12       -8
  AVERAGE         25                        16      9       -1

PRECIPITATION (IN)
  YESTERDAY        0.13          0.87 1933   0.03   0.10     0.00
  MONTH TO DATE    0.62                      0.86  -0.24     1.00
  SINCE DEC 1      1.64                      2.09  -0.45     2.10
  SINCE JAN 1      0.62                      0.86  -0.24     1.00

SNOWFALL (IN)
  YESTERDAY        1.5           7.0  2002   0.4    1.1      0.0
  MONTH TO DATE   10.0                      12.0   -2.0     14.8
  SINCE JUL 1     27.4                      31.4   -4.0     29.2
  SNOW DEPTH       3

DEGREE DAYS
 HEATING
  YESTERDAY       40                        49     -9       66
  MONTH TO DATE 1481                      1532    -51     1803
  SINCE JUL 1   4701                      4608     93     5097

 COOLING
  YESTERDAY        0                         0      0        0
  MONTH TO DATE    0                         0      0        0
  SINCE JAN 1      0                         0      0        0
..................................................................


WIND (MPH)
  HIGHEST WIND SPEED    18   HIGHEST WIND DIRECTION    NE (60)
  HIGHEST GUST SPEED    23   HIGHEST GUST DIRECTION    NE (50)
  AVERAGE WIND SPEED    10.4


SKY COVER
  POSSIBLE SUNSHINE  MM
  AVERAGE SKY COVER 0.7


WEATHER CONDITIONS
 THE FOLLOWING WEATHER WAS RECORDED YESTERDAY.
  LIGHT SNOW
  FOG
  HAZE


RELATIVE HUMIDITY (PERCENT)
 HIGHEST    88           800 AM
 LOWEST     74           200 AM
 AVERAGE    81

..........................................................


THE ROCHESTER MN CLIMATE NORMALS FOR TODAY
                         NORMAL    RECORD    YEAR
 MAXIMUM TEMPERATURE (F)   25        53      1931
 MINIMUM TEMPERATURE (F)    8       -31      1918


SUNRISE AND SUNSET
FEBRUARY  1 2015......SUNRISE   727 AM CST   SUNSET   520 PM CST
FEBRUARY  2 2015......SUNRISE   726 AM CST   SUNSET   522 PM CST


-  INDICATES NEGATIVE NUMBERS.
R  INDICATES RECORD WAS SET OR TIED.
MM INDICATES DATA IS MISSING.
T  INDICATES TRACE AMOUNT.




$$
