000
CDUS43 KARX 260632
CLIRST


CLIMATE REPORT
NATIONAL WEATHER SERVICE LA CROSSE WI
131 AM CDT SUN MAR 26 2017


...................................

...THE ROCHESTER MN CLIMATE SUMMARY FOR MARCH 25 2017...

CLIMATE NORMAL PERIOD 1981 TO 2010
CLIMATE RECORD PERIOD 1886 TO 2017


WEATHER ITEM   OBSERVED TIME   RECORD YEAR NORMAL DEPARTURE LAST
                VALUE   (LST)  VALUE       VALUE  FROM      YEAR
                                                  NORMAL
..................................................................
TEMPERATURE (F)
 YESTERDAY
  MAXIMUM         38    442 PM  75    2007  45     -7       42
  MINIMUM         35   1159 PM  -3    1940  28      7       15
  AVERAGE         37                        37      0       29

PRECIPITATION (IN)
  YESTERDAY        0.09          0.70 1937   0.07   0.02     0.00
  MONTH TO DATE    2.34                      1.42   0.92     2.45
  SINCE MAR 1      2.34                      1.42   0.92     2.45
  SINCE JAN 1      6.12                      3.11   3.01     3.85

SNOWFALL (IN)
  YESTERDAY        0.0           7.0  1937   0.2   -0.2      0.0
  MONTH TO DATE    8.4                       7.5    0.9     14.9
  SINCE JUL 1     52.7                      47.4    5.3     47.4
  SNOW DEPTH       0

DEGREE DAYS
 HEATING
  YESTERDAY       28                        28      0       36
  MONTH TO DATE  895                       850     45      682
  SINCE JUL 1   5939                      6711   -772     5882

 COOLING
  YESTERDAY        0                         0      0        0
  MONTH TO DATE    0                         0      0        0
  SINCE JAN 1      0                         0      0        0
..................................................................


WIND (MPH)
  HIGHEST WIND SPEED    25   HIGHEST WIND DIRECTION    NE (60)
  HIGHEST GUST SPEED    29   HIGHEST GUST DIRECTION    NE (60)
  AVERAGE WIND SPEED    16.2


SKY COVER
  POSSIBLE SUNSHINE  MM
  AVERAGE SKY COVER 1.0


WEATHER CONDITIONS
 THE FOLLOWING WEATHER WAS RECORDED YESTERDAY.
  LIGHT RAIN
  FOG


RELATIVE HUMIDITY (PERCENT)
 HIGHEST   100           300 AM
 LOWEST     85          1200 PM
 AVERAGE    93

..........................................................


THE ROCHESTER MN CLIMATE NORMALS FOR TODAY
                         NORMAL    RECORD    YEAR
 MAXIMUM TEMPERATURE (F)   46        77      2007
 MINIMUM TEMPERATURE (F)   28        -4      1996
                                             1937


SUNRISE AND SUNSET
MARCH 26 2017.........SUNRISE   702 AM CDT   SUNSET   730 PM CDT
MARCH 27 2017.........SUNRISE   700 AM CDT   SUNSET   731 PM CDT


-  INDICATES NEGATIVE NUMBERS.
R  INDICATES RECORD WAS SET OR TIED.
MM INDICATES DATA IS MISSING.
T  INDICATES TRACE AMOUNT.




$$
