000
CDUS45 KCYS 230727
CLIRWL


CLIMATE REPORT
NATIONAL WEATHER SERVICE CHEYENNE WY
127 AM MDT WED JUL 23 2014


...................................

...THE RAWLINS WY AIRPORT CLIMATE SUMMARY FOR JULY 22 2014...

CLIMATE NORMAL PERIOD 1981 TO 2010
CLIMATE RECORD PERIOD 1951 TO 2014


WEATHER ITEM   OBSERVED TIME   RECORD YEAR NORMAL DEPARTURE LAST
                VALUE   (LST)  VALUE       VALUE  FROM      YEAR
                                                  NORMAL
..................................................................
TEMPERATURE (F)
 YESTERDAY
  MAXIMUM         92    411 PM  97    2007  85      7       93
                                      2005
  MINIMUM         50    517 AM  39    1978  51     -1       48
  AVERAGE         71                        68      3       71

PRECIPITATION (IN)
  YESTERDAY        0.00          0.40 1984   0.03  -0.03     0.00
  MONTH TO DATE    0.12                      0.57  -0.45     0.67
  SINCE JAN 1      2.93                      5.52  -2.59     2.77

DEGREE DAYS
 HEATING
  YESTERDAY        0                         1     -1        0
  MONTH TO DATE   15                        29    -14        0
  SINCE JUN 1    187                       219    -32      101
  SINCE JUL 1     15                        29    -14        0

 COOLING
  YESTERDAY        6                         4      2        6
  MONTH TO DATE  115                        66     49      122
  SINCE JUN 1    126                        85     41      169
  SINCE JAN 1    128                        85     43      170
..................................................................


WIND (MPH)
  HIGHEST WIND SPEED    18   HIGHEST WIND DIRECTION     W (260)
  HIGHEST GUST SPEED    23   HIGHEST GUST DIRECTION     W (270)
  AVERAGE WIND SPEED     5.7


SKY COVER
  AVERAGE SKY COVER 0.0


WEATHER CONDITIONS
 THE FOLLOWING WEATHER WAS RECORDED YESTERDAY.
  NO SIGNIFICANT WEATHER WAS OBSERVED.


RELATIVE HUMIDITY (PERCENT)
 HIGHEST    63           500 AM
 LOWEST      8           100 PM
 AVERAGE    36

..........................................................


THE RAWLINS WY AIRPORT CLIMATE NORMALS FOR TODAY
                         NORMAL    RECORD    YEAR
 MAXIMUM TEMPERATURE (F)   85        96      2006
                                             2003
 MINIMUM TEMPERATURE (F)   51        42      1954


SUNRISE AND SUNSET
JULY 23 2014..........SUNRISE   554 AM MDT   SUNSET   836 PM MDT
JULY 24 2014..........SUNRISE   555 AM MDT   SUNSET   835 PM MDT


-  INDICATES NEGATIVE NUMBERS.
R  INDICATES RECORD WAS SET OR TIED.
MM INDICATES DATA IS MISSING.
T  INDICATES TRACE AMOUNT.




$$
