000
CDUS45 KCYS 300735
CLIRWL


CLIMATE REPORT
NATIONAL WEATHER SERVICE CHEYENNE WY
135 AM MDT TUE AUG 30 2016


...................................

...THE RAWLINS WY AIRPORT CLIMATE SUMMARY FOR AUGUST 29 2016...

CLIMATE NORMAL PERIOD 1981 TO 2010
CLIMATE RECORD PERIOD 1951 TO 2016


WEATHER ITEM   OBSERVED TIME   RECORD YEAR NORMAL DEPARTURE LAST
                VALUE   (LST)  VALUE       VALUE  FROM      YEAR
                                                  NORMAL
..................................................................
TEMPERATURE (F)
 YESTERDAY
  MAXIMUM         85    252 PM  90    1998  78      7       86
  MINIMUM         42    547 AM  36    1964  46     -4       42
  AVERAGE         64                        62      2       64

PRECIPITATION (IN)
  YESTERDAY        0.00          0.43 1951   0.03  -0.03     0.00
  MONTH TO DATE    0.08                      0.71  -0.63     0.48
  SINCE JAN 1      6.14                      6.50  -0.36     8.30

DEGREE DAYS
 HEATING
  YESTERDAY        1                         4     -3        1
  MONTH TO DATE   73                        51     22       46
  SINCE JUN 1    143                       276   -133      149
  SINCE JUL 1     89                        86      3       83

 COOLING
  YESTERDAY        0                         1     -1        0
  MONTH TO DATE   56                        62     -6       70
  SINCE JUN 1    220                       179     41      192
  SINCE JAN 1    220                       179     41      192
..................................................................


WIND (MPH)
  HIGHEST WIND SPEED    30   HIGHEST WIND DIRECTION    NE (60)
  HIGHEST GUST SPEED    38   HIGHEST GUST DIRECTION     E (70)
  AVERAGE WIND SPEED     8.5


SKY COVER
  AVERAGE SKY COVER 0.0


WEATHER CONDITIONS
 THE FOLLOWING WEATHER WAS RECORDED YESTERDAY.
  NO SIGNIFICANT WEATHER WAS OBSERVED.


RELATIVE HUMIDITY (PERCENT)
 HIGHEST    62           600 AM
 LOWEST     12           200 PM
 AVERAGE    37

..........................................................


THE RAWLINS WY AIRPORT CLIMATE NORMALS FOR TODAY
                         NORMAL    RECORD    YEAR
 MAXIMUM TEMPERATURE (F)   78        90      1998
 MINIMUM TEMPERATURE (F)   46        34      1968


SUNRISE AND SUNSET
AUGUST 30 2016........SUNRISE   633 AM MDT   SUNSET   744 PM MDT
AUGUST 31 2016........SUNRISE   634 AM MDT   SUNSET   743 PM MDT


-  INDICATES NEGATIVE NUMBERS.
R  INDICATES RECORD WAS SET OR TIED.
MM INDICATES DATA IS MISSING.
T  INDICATES TRACE AMOUNT.




$$
