000
CDUS45 KCYS 010738
CLIRWL


CLIMATE REPORT
NATIONAL WEATHER SERVICE CHEYENNE WY
137 AM MDT SUN MAY 1 2016


...................................

...THE RAWLINS WY AIRPORT CLIMATE SUMMARY FOR APRIL 30 2016...

CLIMATE NORMAL PERIOD 1981 TO 2010
CLIMATE RECORD PERIOD 1951 TO 2016


WEATHER ITEM   OBSERVED TIME   RECORD YEAR NORMAL DEPARTURE LAST
                VALUE   (LST)  VALUE       VALUE  FROM      YEAR
                                                  NORMAL
..................................................................
TEMPERATURE (F)
 YESTERDAY
  MAXIMUM         36    431 PM  76    1992  58    -22       72
  MINIMUM         29    522 AM  15    1967  30     -1       43
                                      1960
  AVERAGE         33                        44    -11       58

PRECIPITATION (IN)
  YESTERDAY        0.00          0.55 1993   0.04  -0.04     0.02
  MONTH TO DATE    0.70                      1.05  -0.35     0.89
  SINCE JAN 1      3.67                      2.51   1.16     1.90

DEGREE DAYS
 HEATING
  YESTERDAY       32                        21     11        7
  MONTH TO DATE  705                       747    -42      689
  SINCE MAR 1   1629                      1762   -133     1517
  SINCE JUL 1   7101                      7719   -618     6748

 COOLING
  YESTERDAY        0                         0      0        0
  MONTH TO DATE    0                         0      0        0
  SINCE MAR 1      0                         0      0        0
  SINCE JAN 1      0                         0      0        0
..................................................................


WIND (MPH)
  HIGHEST WIND SPEED    22   HIGHEST WIND DIRECTION    NE (30)
  HIGHEST GUST SPEED    27   HIGHEST GUST DIRECTION    NE (30)
  AVERAGE WIND SPEED    10.5


SKY COVER
  AVERAGE SKY COVER 1.0


WEATHER CONDITIONS
 THE FOLLOWING WEATHER WAS RECORDED YESTERDAY.
  FOG
  FOG W/VISIBILITY <= 1/4 MILE
  HAZE


RELATIVE HUMIDITY (PERCENT)
 HIGHEST    92          1200 AM
 LOWEST     78          1000 AM
 AVERAGE    85

..........................................................


THE RAWLINS WY AIRPORT CLIMATE NORMALS FOR TODAY
                         NORMAL    RECORD    YEAR
 MAXIMUM TEMPERATURE (F)   59        76      1981
 MINIMUM TEMPERATURE (F)   31        15      1967


SUNRISE AND SUNSET
MAY  1 2016...........SUNRISE   604 AM MDT   SUNSET   808 PM MDT
MAY  2 2016...........SUNRISE   603 AM MDT   SUNSET   809 PM MDT


-  INDICATES NEGATIVE NUMBERS.
R  INDICATES RECORD WAS SET OR TIED.
MM INDICATES DATA IS MISSING.
T  INDICATES TRACE AMOUNT.




$$
