088
CDUS45 KCYS 130731
CLIRWL


CLIMATE REPORT
NATIONAL WEATHER SERVICE CHEYENNE WY
1229 AM MST SAT FEB 13 2016


...................................

...THE RAWLINS WY AIRPORT CLIMATE SUMMARY FOR FEBRUARY 12 2016...

CLIMATE NORMAL PERIOD 1981 TO 2010
CLIMATE RECORD PERIOD 1951 TO 2016


WEATHER ITEM   OBSERVED TIME   RECORD YEAR NORMAL DEPARTURE LAST
                VALUE   (LST)  VALUE       VALUE  FROM      YEAR
                                                  NORMAL
..................................................................
TEMPERATURE (F)
 YESTERDAY
  MAXIMUM         44    311 PM  51    2015  33     11       51
                                      1962
  MINIMUM         34    839 AM -21    2004  13     21       31
  AVERAGE         39                        23     16       41

PRECIPITATION (IN)
  YESTERDAY        0.00          0.50 1990   0.01  -0.01     0.00
  MONTH TO DATE    0.06                      0.16  -0.10     0.03
  SINCE JAN 1      0.88                      0.52   0.36     0.22

DEGREE DAYS
 HEATING
  YESTERDAY       26                        42    -16       24
  MONTH TO DATE  497                       515    -18      307
  SINCE DEC 1   3241                      3208     33     2709
  SINCE JUL 1   4938                      5314   -376     4600

 COOLING
  YESTERDAY        0                         0      0        0
  MONTH TO DATE    0                         0      0        0
  SINCE DEC 1      0                         0      0        0
  SINCE JAN 1      0                         0      0        0
..................................................................


WIND (MPH)
  HIGHEST WIND SPEED    21   HIGHEST WIND DIRECTION    SW (240)
  HIGHEST GUST SPEED    27   HIGHEST GUST DIRECTION    SW (240)
  AVERAGE WIND SPEED    13.3


SKY COVER
  AVERAGE SKY COVER 0.4


WEATHER CONDITIONS
 THE FOLLOWING WEATHER WAS RECORDED YESTERDAY.
  NO SIGNIFICANT WEATHER WAS OBSERVED.


RELATIVE HUMIDITY (PERCENT)
 HIGHEST    56          1200 AM
 LOWEST     40           100 PM
 AVERAGE    48

..........................................................


THE RAWLINS WY AIRPORT CLIMATE NORMALS FOR TODAY
                         NORMAL    RECORD    YEAR
 MAXIMUM TEMPERATURE (F)   33        55      2015
 MINIMUM TEMPERATURE (F)   13       -16      1966


SUNRISE AND SUNSET
FEBRUARY 13 2016......SUNRISE   708 AM MST   SUNSET   539 PM MST
FEBRUARY 14 2016......SUNRISE   706 AM MST   SUNSET   540 PM MST


-  INDICATES NEGATIVE NUMBERS.
R  INDICATES RECORD WAS SET OR TIED.
MM INDICATES DATA IS MISSING.
T  INDICATES TRACE AMOUNT.




$$
