000
CDUS45 KCYS 300745
CLIRWL


CLIMATE REPORT
NATIONAL WEATHER SERVICE CHEYENNE WY
145 AM MDT FRI SEP 30 2016


...................................

...THE RAWLINS WY AIRPORT CLIMATE SUMMARY FOR SEPTEMBER 29 2016...

CLIMATE NORMAL PERIOD 1981 TO 2010
CLIMATE RECORD PERIOD 1951 TO 2016


WEATHER ITEM   OBSERVED TIME   RECORD YEAR NORMAL DEPARTURE LAST
                VALUE   (LST)  VALUE       VALUE  FROM      YEAR
                                                  NORMAL
..................................................................
TEMPERATURE (F)
 YESTERDAY
  MAXIMUM         67   1058 AM  81    1998  64      3       76
  MINIMUM         41    436 AM  16    1985  35      6       43
                                      1984
  AVERAGE         54                        50      4       60

PRECIPITATION (IN)
  YESTERDAY        0.02          0.52 1961   0.03  -0.01     0.00
  MONTH TO DATE    0.65                      0.94  -0.29     0.86
  SINCE JAN 1      6.79                      7.49  -0.70     9.16

DEGREE DAYS
 HEATING
  YESTERDAY       11                        15     -4        5
  MONTH TO DATE  270                       276     -6      135
  SINCE SEP 1    270                       276     -6      135
  SINCE JUL 1    361                       369     -8      218

 COOLING
  YESTERDAY        0                         0      0        0
  MONTH TO DATE   15                         2     13       10
  SINCE SEP 1     15                         2     13       10
  SINCE JAN 1    235                       183     52      213
..................................................................


WIND (MPH)
  HIGHEST WIND SPEED    25   HIGHEST WIND DIRECTION    SW (230)
  HIGHEST GUST SPEED    32   HIGHEST GUST DIRECTION    SW (240)
  AVERAGE WIND SPEED     7.1


SKY COVER
  AVERAGE SKY COVER 0.4


WEATHER CONDITIONS
 THE FOLLOWING WEATHER WAS RECORDED YESTERDAY.
  LIGHT RAIN


RELATIVE HUMIDITY (PERCENT)
 HIGHEST    77           800 PM
 LOWEST     34          1100 AM
 AVERAGE    56

..........................................................


THE RAWLINS WY AIRPORT CLIMATE NORMALS FOR TODAY
                         NORMAL    RECORD    YEAR
 MAXIMUM TEMPERATURE (F)   64        80      2010
 MINIMUM TEMPERATURE (F)   35         8      1985


SUNRISE AND SUNSET
SEPTEMBER 30 2016.....SUNRISE   705 AM MDT   SUNSET   651 PM MDT
OCTOBER  1 2016.......SUNRISE   706 AM MDT   SUNSET   649 PM MDT


-  INDICATES NEGATIVE NUMBERS.
R  INDICATES RECORD WAS SET OR TIED.
MM INDICATES DATA IS MISSING.
T  INDICATES TRACE AMOUNT.




$$
