000
CDUS45 KCYS 280739
CLIRWL


CLIMATE REPORT
NATIONAL WEATHER SERVICE CHEYENNE WY
139 AM MDT SAT MAY 28 2016


...................................

...THE RAWLINS WY AIRPORT CLIMATE SUMMARY FOR MAY 27 2016...

CLIMATE NORMAL PERIOD 1981 TO 2010
CLIMATE RECORD PERIOD 1951 TO 2016


WEATHER ITEM   OBSERVED TIME   RECORD YEAR NORMAL DEPARTURE LAST
                VALUE   (LST)  VALUE       VALUE  FROM      YEAR
                                                  NORMAL
..................................................................
TEMPERATURE (F)
 YESTERDAY
  MAXIMUM         63    401 PM  83    1969  68     -5       65
  MINIMUM         37    438 AM  28    1965  38     -1       45
                                      1952
  AVERAGE         50                        53     -3       55

PRECIPITATION (IN)
  YESTERDAY        0.00          1.06 1992   0.05  -0.05     0.03
  MONTH TO DATE    0.31                      1.22  -0.91     3.83
  SINCE JAN 1      5.81                      3.73   2.08     5.73

DEGREE DAYS
 HEATING
  YESTERDAY       15                        12      3       10
  MONTH TO DATE  464                       437     27      477
  SINCE MAR 1   2093                      2199   -106     1994
  SINCE JUL 1   7565                      8156   -591     7225

 COOLING
  YESTERDAY        0                         0      0        0
  MONTH TO DATE    0                         0      0        0
  SINCE MAR 1      0                         0      0        0
  SINCE JAN 1      0                         0      0        0
..................................................................


WIND (MPH)
  HIGHEST WIND SPEED    23   HIGHEST WIND DIRECTION    NE (40)
  HIGHEST GUST SPEED    27   HIGHEST GUST DIRECTION    SW (230)
  AVERAGE WIND SPEED     8.3


SKY COVER
  AVERAGE SKY COVER 0.6


WEATHER CONDITIONS
 THE FOLLOWING WEATHER WAS RECORDED YESTERDAY.
  THUNDERSTORM


RELATIVE HUMIDITY (PERCENT)
 HIGHEST    85           100 AM
 LOWEST     27           200 PM
 AVERAGE    56

..........................................................


THE RAWLINS WY AIRPORT CLIMATE NORMALS FOR TODAY
                         NORMAL    RECORD    YEAR
 MAXIMUM TEMPERATURE (F)   68        86      2003
 MINIMUM TEMPERATURE (F)   38        24      1995


SUNRISE AND SUNSET
MAY 28 2016...........SUNRISE   538 AM MDT   SUNSET   835 PM MDT
MAY 29 2016...........SUNRISE   538 AM MDT   SUNSET   835 PM MDT


-  INDICATES NEGATIVE NUMBERS.
R  INDICATES RECORD WAS SET OR TIED.
MM INDICATES DATA IS MISSING.
T  INDICATES TRACE AMOUNT.




$$
