000
CDUS45 KCYS 200736
CLIRWL


CLIMATE REPORT
NATIONAL WEATHER SERVICE CHEYENNE WY
134 AM MDT SAT SEP 20 2014


...................................

...THE RAWLINS WY AIRPORT CLIMATE SUMMARY FOR SEPTEMBER 19 2014...

CLIMATE NORMAL PERIOD 1981 TO 2010
CLIMATE RECORD PERIOD 1951 TO 2014


WEATHER ITEM   OBSERVED TIME   RECORD YEAR NORMAL DEPARTURE LAST
                VALUE   (LST)  VALUE       VALUE  FROM      YEAR
                                                  NORMAL
..................................................................
TEMPERATURE (F)
 YESTERDAY
  MAXIMUM         79    229 PM  86    2010  69     10       60
  MINIMUM         50    521 AM  24    1978  39     11       36
                                      1965
  AVERAGE         65                        54     11       48

PRECIPITATION (IN)
  YESTERDAY        0.02          0.36 1997   0.03  -0.01     0.00
  MONTH TO DATE    0.59                      0.59   0.00     2.07
  SINCE JAN 1      5.11                      7.14  -2.03     5.84

DEGREE DAYS
 HEATING
  YESTERDAY        0                        11    -11       17
  MONTH TO DATE  138                       143     -5       68
  SINCE SEP 1    138                       143     -5       68
  SINCE JUL 1    238                       236      2       76

 COOLING
  YESTERDAY        0                         0      0        0
  MONTH TO DATE    2                         2      0       49
  SINCE SEP 1      2                         2      0       49
  SINCE JAN 1    211                       183     28      371
..................................................................


WIND (MPH)
  HIGHEST WIND SPEED    26   HIGHEST WIND DIRECTION     W (250)
  HIGHEST GUST SPEED    37   HIGHEST GUST DIRECTION     W (270)
  AVERAGE WIND SPEED    12.8


SKY COVER
  AVERAGE SKY COVER 0.1


WEATHER CONDITIONS
 THE FOLLOWING WEATHER WAS RECORDED YESTERDAY.
  LIGHT RAIN


RELATIVE HUMIDITY (PERCENT)
 HIGHEST    63           600 AM
 LOWEST     21           500 PM
 AVERAGE    42

..........................................................


THE RAWLINS WY AIRPORT CLIMATE NORMALS FOR TODAY
                         NORMAL    RECORD    YEAR
 MAXIMUM TEMPERATURE (F)   69        82      1956
 MINIMUM TEMPERATURE (F)   38        13      1965


SUNRISE AND SUNSET
SEPTEMBER 20 2014.....SUNRISE   654 AM MDT   SUNSET   709 PM MDT
SEPTEMBER 21 2014.....SUNRISE   655 AM MDT   SUNSET   708 PM MDT


-  INDICATES NEGATIVE NUMBERS.
R  INDICATES RECORD WAS SET OR TIED.
MM INDICATES DATA IS MISSING.
T  INDICATES TRACE AMOUNT.




$$
