000
CDUS45 KPIH 220734
CLIRXE


CLIMATE REPORT
NATIONAL WEATHER SERVICE POCATELLO ID
1231 AM MST MON DEC 22 2014


...................................

...THE REXBURG ID CLIMATE SUMMARY FOR DECEMBER 21 2014...

CLIMATE NORMAL PERIOD 1981 TO 2010
CLIMATE RECORD PERIOD 1998 TO 2014


WEATHER ITEM   OBSERVED TIME   RECORD YEAR NORMAL DEPARTURE LAST
                VALUE   (LST)  VALUE       VALUE  FROM      YEAR
                                                  NORMAL
..................................................................
TEMPERATURE (F)
 YESTERDAY
  MAXIMUM         42R   343 PM  39    2005  28     14       24
  MINIMUM         30   1003 PM  -3    2000  12     18       19
  AVERAGE         36                        20     16       22

PRECIPITATION (IN)
  YESTERDAY        0.14         MM      MM   0.04   0.10     0.11
  MONTH TO DATE    0.85                      0.62   0.23     0.58
  SINCE OCT 1      1.78                      2.77  -0.99     1.80
  SINCE JAN 1     15.88                     12.65   3.23     8.24

SNOWFALL (IN)
  YESTERDAY       MM
  MONTH TO DATE   MM
  SINCE DEC 1     MM
  SINCE JUL 1     MM
  SNOW DEPTH      MM

DEGREE DAYS
 HEATING
  YESTERDAY       29                        45    -16       43
  MONTH TO DATE  651                       920   -269     1110
  SINCE DEC 1    651                       920   -269     1110
  SINCE JUL 1   2461                      2932   -471     2873

 COOLING
  YESTERDAY        0                         0      0        0
  MONTH TO DATE    0                         0      0        0
  SINCE DEC 1      0                         0      0        0
  SINCE JAN 1    234                       208     26      452
..................................................................


WIND (MPH)
  HIGHEST WIND SPEED    26   HIGHEST WIND DIRECTION    SW (230)
  HIGHEST GUST SPEED    36   HIGHEST GUST DIRECTION    SW (220)
  AVERAGE WIND SPEED    12.2


SKY COVER
  POSSIBLE SUNSHINE  MM
  AVERAGE SKY COVER 0.6


WEATHER CONDITIONS
 THE FOLLOWING WEATHER WAS RECORDED YESTERDAY.
  LIGHT SNOW
  FOG


RELATIVE HUMIDITY (PERCENT)
 HIGHEST   100          1200 AM
 LOWEST     70           800 PM
 AVERAGE    85

..........................................................


THE REXBURG ID CLIMATE NORMALS FOR TODAY
                         NORMAL    RECORD    YEAR
 MAXIMUM TEMPERATURE (F)   28        41      2005
 MINIMUM TEMPERATURE (F)   12        -1      2011


SUNRISE AND SUNSET
DECEMBER 22 2014......SUNRISE   759 AM MST   SUNSET   453 PM MST
DECEMBER 23 2014......SUNRISE   759 AM MST   SUNSET   454 PM MST


-  INDICATES NEGATIVE NUMBERS.
R  INDICATES RECORD WAS SET OR TIED.
MM INDICATES DATA IS MISSING.
T  INDICATES TRACE AMOUNT.




$$
