000
CDUS45 KPIH 220738
CLIRXE


CLIMATE REPORT
NATIONAL WEATHER SERVICE POCATELLO ID
132 AM MDT FRI AUG 22 2014


...................................

...THE REXBURG ID CLIMATE SUMMARY FOR AUGUST 21 2014...

CLIMATE NORMAL PERIOD 1981 TO 2010
CLIMATE RECORD PERIOD 1998 TO 2014


WEATHER ITEM   OBSERVED TIME   RECORD YEAR NORMAL DEPARTURE LAST
                VALUE   (LST)  VALUE       VALUE  FROM      YEAR
                                                  NORMAL
..................................................................
TEMPERATURE (F)
 YESTERDAY
  MAXIMUM         71    251 PM  94    2009  83    -12       82
  MINIMUM         54   1159 PM  41    2000  48      6       54
  AVERAGE         63                        66     -3       68

PRECIPITATION (IN)
  YESTERDAY        0.44         MM      MM   0.03   0.41      T
  MONTH TO DATE    3.22                      0.59   2.63      T
  SINCE OCT 1     12.17                     11.76   0.41     8.51
  SINCE JAN 1     10.31                      8.55   1.76     5.12

SNOWFALL (IN)
  YESTERDAY       MM
  MONTH TO DATE   MM
  SINCE JUN 1     MM
  SINCE JUL 1     MM
  SNOW DEPTH      MM

DEGREE DAYS
 HEATING
  YESTERDAY        2                         2      0        0
  MONTH TO DATE    4                        15    -11        0
  SINCE JUN 1    167                       217    -50      117
  SINCE JUL 1     12                        45    -33        0

 COOLING
  YESTERDAY        0                         2     -2        3
  MONTH TO DATE   55                        72    -17      113
  SINCE JUN 1    221                       182     39      365
  SINCE JAN 1    221                       186     35      367
..................................................................


WIND (MPH)
  HIGHEST WIND SPEED    18   HIGHEST WIND DIRECTION     W (270)
  HIGHEST GUST SPEED    24   HIGHEST GUST DIRECTION     W (290)
  AVERAGE WIND SPEED     5.8


SKY COVER
  POSSIBLE SUNSHINE  MM
  AVERAGE SKY COVER 0.7


WEATHER CONDITIONS
 THE FOLLOWING WEATHER WAS RECORDED YESTERDAY.
  THUNDERSTORM
  HEAVY RAIN
  RAIN
  LIGHT RAIN
  FOG


RELATIVE HUMIDITY (PERCENT)
 HIGHEST   100           500 AM
 LOWEST     51           300 PM
 AVERAGE    76

..........................................................


THE REXBURG ID CLIMATE NORMALS FOR TODAY
                         NORMAL    RECORD    YEAR
 MAXIMUM TEMPERATURE (F)   83        92      2011
                                             2006
 MINIMUM TEMPERATURE (F)   48        41      2008


SUNRISE AND SUNSET
AUGUST 22 2014........SUNRISE   639 AM MDT   SUNSET   820 PM MDT
AUGUST 23 2014........SUNRISE   641 AM MDT   SUNSET   818 PM MDT


-  INDICATES NEGATIVE NUMBERS.
R  INDICATES RECORD WAS SET OR TIED.
MM INDICATES DATA IS MISSING.
T  INDICATES TRACE AMOUNT.




$$
