630
CDUS45 KPIH 250740
CLIRXE


CLIMATE REPORT
NATIONAL WEATHER SERVICE POCATELLO ID
138 AM MDT MON JUL 25 2016


...................................

...THE REXBURG ID CLIMATE SUMMARY FOR JULY 24 2016...

CLIMATE NORMAL PERIOD 1981 TO 2010
CLIMATE RECORD PERIOD 1998 TO 2016


WEATHER ITEM   OBSERVED TIME   RECORD YEAR NORMAL DEPARTURE LAST
                VALUE   (LST)  VALUE       VALUE  FROM      YEAR
                                                  NORMAL
..................................................................
TEMPERATURE (F)
 YESTERDAY
  MAXIMUM         85    454 PM  95    2003  86     -1       84
  MINIMUM         46R   559 AM  46    2011  51     -5       53
                                      2010
                                      2000
  AVERAGE         66                        69     -3       69

PRECIPITATION (IN)
  YESTERDAY        0.00         MM      MM   0.02  -0.02     0.00
  MONTH TO DATE    0.15                      0.58  -0.43     0.74
  SINCE OCT 1      9.07                     11.03  -1.96     9.18
  SINCE JAN 1      5.91                      7.82  -1.91     6.41

SNOWFALL (IN)
  YESTERDAY       MM
  MONTH TO DATE   MM
  SINCE JUN 1     MM
  SINCE JUL 1     MM
  SNOW DEPTH      MM

DEGREE DAYS
 HEATING
  YESTERDAY        0                         0      0        0
  MONTH TO DATE   34                        27      7       16
  SINCE JUN 1    104                       199    -95       56
  SINCE JUL 1     34                        27      7       16

 COOLING
  YESTERDAY        1                         4     -3        4
  MONTH TO DATE   69                        61      8       84
  SINCE JUN 1    121                        79     42      173
  SINCE JAN 1    121                        83     38      173
..................................................................


WIND (MPH)
  HIGHEST WIND SPEED    13   HIGHEST WIND DIRECTION    SW (230)
  HIGHEST GUST SPEED    19   HIGHEST GUST DIRECTION     S (170)
  AVERAGE WIND SPEED     4.8


SKY COVER
  POSSIBLE SUNSHINE  MM
  AVERAGE SKY COVER 0.0


WEATHER CONDITIONS
 THE FOLLOWING WEATHER WAS RECORDED YESTERDAY.
  NO SIGNIFICANT WEATHER WAS OBSERVED.


RELATIVE HUMIDITY (PERCENT)
 HIGHEST    71           500 AM
 LOWEST     13           300 PM
 AVERAGE    42

..........................................................


THE REXBURG ID CLIMATE NORMALS FOR TODAY
                         NORMAL    RECORD    YEAR
 MAXIMUM TEMPERATURE (F)   86        93      2008
 MINIMUM TEMPERATURE (F)   52        41      2014


SUNRISE AND SUNSET
JULY 25 2016..........SUNRISE   609 AM MDT   SUNSET   858 PM MDT
JULY 26 2016..........SUNRISE   610 AM MDT   SUNSET   857 PM MDT


-  INDICATES NEGATIVE NUMBERS.
R  INDICATES RECORD WAS SET OR TIED.
MM INDICATES DATA IS MISSING.
T  INDICATES TRACE AMOUNT.




$$
