000
CDUS45 KPIH 230733
CLIRXE


CLIMATE REPORT
NATIONAL WEATHER SERVICE POCATELLO ID
133 AM MDT TUE SEP 23 2014


...................................

...THE REXBURG ID CLIMATE SUMMARY FOR SEPTEMBER 22 2014...

CLIMATE NORMAL PERIOD 1981 TO 2010
CLIMATE RECORD PERIOD 1998 TO 2014


WEATHER ITEM   OBSERVED TIME   RECORD YEAR NORMAL DEPARTURE LAST
                VALUE   (LST)  VALUE       VALUE  FROM      YEAR
                                                  NORMAL
..................................................................
TEMPERATURE (F)
 YESTERDAY
  MAXIMUM         71    235 PM  81    2012  69      2       65
  MINIMUM         53   1159 PM  29    2002  38     15       47
  AVERAGE         62                        53      9       56

PRECIPITATION (IN)
  YESTERDAY        0.15         MM      MM   0.04   0.11      T
  MONTH TO DATE    0.64                      0.67  -0.03     0.80
  SINCE OCT 1     13.77                     12.80   0.97     9.47
  SINCE JAN 1     11.91                      9.59   2.32     6.08

SNOWFALL (IN)
  YESTERDAY       MM
  MONTH TO DATE   MM
  SINCE SEP 1     MM
  SINCE JUL 1     MM
  SNOW DEPTH      MM

DEGREE DAYS
 HEATING
  YESTERDAY        3                        12     -9        9
  MONTH TO DATE  142                       177    -35       32
  SINCE SEP 1    142                       177    -35       32
  SINCE JUL 1    216                       250    -34       32

 COOLING
  YESTERDAY        0                         0      0        0
  MONTH TO DATE    7                         5      2       39
  SINCE SEP 1      7                         5      2       39
  SINCE JAN 1    229                       207     22      452
..................................................................


WIND (MPH)
  HIGHEST WIND SPEED    17   HIGHEST WIND DIRECTION    SW (220)
  HIGHEST GUST SPEED    24   HIGHEST GUST DIRECTION    SW (210)
  AVERAGE WIND SPEED     5.2


SKY COVER
  POSSIBLE SUNSHINE  MM
  AVERAGE SKY COVER 0.8


WEATHER CONDITIONS
 THE FOLLOWING WEATHER WAS RECORDED YESTERDAY.
  THUNDERSTORM
  HEAVY RAIN
  RAIN
  LIGHT RAIN
  FOG


RELATIVE HUMIDITY (PERCENT)
 HIGHEST   100           800 AM
 LOWEST     47           400 PM
 AVERAGE    74

..........................................................


THE REXBURG ID CLIMATE NORMALS FOR TODAY
                         NORMAL    RECORD    YEAR
 MAXIMUM TEMPERATURE (F)   68        84      2009
                                             2001
 MINIMUM TEMPERATURE (F)   37        27      2000


SUNRISE AND SUNSET
SEPTEMBER 23 2014.....SUNRISE   716 AM MDT   SUNSET   723 PM MDT
SEPTEMBER 24 2014.....SUNRISE   717 AM MDT   SUNSET   721 PM MDT


-  INDICATES NEGATIVE NUMBERS.
R  INDICATES RECORD WAS SET OR TIED.
MM INDICATES DATA IS MISSING.
T  INDICATES TRACE AMOUNT.




$$
