000
CDUS45 KPIH 170733
CLIRXE


CLIMATE REPORT
NATIONAL WEATHER SERVICE POCATELLO ID
1233 AM MST SUN DEC 17 2017


...................................

...THE REXBURG ID CLIMATE SUMMARY FOR DECEMBER 16 2017...

CLIMATE NORMAL PERIOD 1981 TO 2010
CLIMATE RECORD PERIOD 1998 TO 2017


WEATHER ITEM   OBSERVED TIME   RECORD YEAR NORMAL DEPARTURE LAST
                VALUE   (LST)  VALUE       VALUE  FROM      YEAR
                                                  NORMAL
..................................................................
TEMPERATURE (F)
 YESTERDAY
  MAXIMUM         24    302 PM  40    2002  28     -4       35
  MINIMUM         21   1159 PM  -5    2016  12      9       -5
  AVERAGE         23                        20      3       15

PRECIPITATION (IN)
  YESTERDAY        0.09         MM      MM   0.03   0.06     0.75
  MONTH TO DATE    0.43                      0.41   0.02     1.24
  SINCE OCT 1      1.93                      2.56  -0.63     5.05
  SINCE JAN 1     12.29                     12.44  -0.15    12.78

SNOWFALL (IN)
  YESTERDAY       MM
  MONTH TO DATE   MM
  SINCE DEC 1     MM
  SINCE JUL 1     MM
  SNOW DEPTH      MM

DEGREE DAYS
 HEATING
  YESTERDAY       42                        45     -3       50
  MONTH TO DATE  684                       695    -11      719
  SINCE DEC 1    684                       695    -11      719
  SINCE JUL 1   2563                      2707   -144     2366

 COOLING
  YESTERDAY        0                         0      0        0
  MONTH TO DATE    0                         0      0        0
  SINCE DEC 1      0                         0      0        0
  SINCE JAN 1    347                       208    139      261
..................................................................


WIND (MPH)
  HIGHEST WIND SPEED    12   HIGHEST WIND DIRECTION    SW (230)
  HIGHEST GUST SPEED    14   HIGHEST GUST DIRECTION    SW (220)
  AVERAGE WIND SPEED     5.1


SKY COVER
  POSSIBLE SUNSHINE  MM
  AVERAGE SKY COVER 1.0


WEATHER CONDITIONS
 THE FOLLOWING WEATHER WAS RECORDED YESTERDAY.
  LIGHT SNOW
  FOG


RELATIVE HUMIDITY (PERCENT)
 HIGHEST   100           600 PM
 LOWEST     88          1200 AM
 AVERAGE    94

..........................................................


THE REXBURG ID CLIMATE NORMALS FOR TODAY
                         NORMAL    RECORD    YEAR
 MAXIMUM TEMPERATURE (F)   28        38      2012
 MINIMUM TEMPERATURE (F)   12       -18      2016


SUNRISE AND SUNSET
DECEMBER 17 2017......SUNRISE   756 AM MST   SUNSET   451 PM MST
DECEMBER 18 2017......SUNRISE   757 AM MST   SUNSET   451 PM MST


-  INDICATES NEGATIVE NUMBERS.
R  INDICATES RECORD WAS SET OR TIED.
MM INDICATES DATA IS MISSING.
T  INDICATES TRACE AMOUNT.




$$
