000
CDUS46 KSTO 110042
CLISAC

CLIMATE REPORT
NATIONAL WEATHER SERVICE SACRAMENTO, CA
441 PM PST SUN DEC 10 2017


...................................

...THE SACRAMENTO EXEC. AIRPORT CA CLIMATE SUMMARY FOR DECEMBER 10 2017...
VALID TODAY AS OF 0400 PM LOCAL TIME.

CLIMATE NORMAL PERIOD 1981 TO 2010
CLIMATE RECORD PERIOD 1930 TO 2017


WEATHER ITEM   OBSERVED TIME   RECORD YEAR NORMAL DEPARTURE LAST
                VALUE   (LST)  VALUE       VALUE  FROM      YEAR
                                                  NORMAL
..................................................................
TEMPERATURE (F)
 TODAY
  MAXIMUM         63    326 PM  68    1943  55      8       61
  MINIMUM         31    741 AM  23    1972  39     -8       46
  AVERAGE         47

PRECIPITATION (IN)
  TODAY            0.00          0.93 1996   0.10  -0.10     0.37
  MONTH TO DATE    0.03                      0.95  -0.92     1.21
  SINCE OCT 1      2.31                      3.98  -1.67     7.05
  SINCE JAN 1     25.94                     16.22   9.72    19.80

SNOWFALL (IN)
  TODAY            0.0           0.0  2001   0.0            MM
  MONTH TO DATE    0.0                       0.0             0.0
  SINCE DEC 1      0.0                       0.0             0.0
  SINCE JUL 1      0.0                       0.0             0.0

DEGREE DAYS
 HEATING
  TODAY           18

 COOLING
  TODAY            0
..................................................................


WIND (MPH)
  RESULTANT WIND SPEED   1   RESULTANT WIND DIRECTION   N (20)
  HIGHEST WIND SPEED     7   HIGHEST WIND DIRECTION     N (340)
  HIGHEST GUST SPEED     8   HIGHEST GUST DIRECTION     N (340)


SKY COVER
  POSSIBLE SUNSHINE  MM
  AVERAGE SKY COVER 0.2


WEATHER CONDITIONS
 THE FOLLOWING WEATHER WAS RECORDED TODAY.
  FOG
  FOG W/VISIBILITY <= 1/4 MILE
  HAZE


RELATIVE HUMIDITY (PERCENT)
 HIGHEST   100
 LOWEST     46
 AVERAGE    73

..........................................................


THE SACRAMENTO EXEC. AIRPORT CA CLIMATE NORMALS FOR TOMORROW
                         NORMAL    RECORD    YEAR
 MAXIMUM TEMPERATURE (F)   55        67      1996
                                             1958
 MINIMUM TEMPERATURE (F)   38        20      1972


SUNRISE AND SUNSET
DECEMBER 10 2017......SUNRISE   713 AM PST   SUNSET   445 PM PST
DECEMBER 11 2017......SUNRISE   714 AM PST   SUNSET   445 PM PST


-  INDICATES NEGATIVE NUMBERS.
R  INDICATES RECORD WAS SET OR TIED.
MM INDICATES DATA IS MISSING.
T  INDICATES TRACE AMOUNT.

&&
....................................................................

SACRAMENTO CITY CLIMATE DATA FOR SUNDAY DECEMBER 10 2017

HIGH...   63  RECORD HIGH    68 IN 1958    NORMAL    HIGH   55
LOW....   36  RECORD LOW     22 IN 1932    NORMAL    LOW    41

RAIN SINCE MIDNIGHT....  0.00   RECORD THIS DATE....... 1.92 IN 1937
TOTAL THIS MONTH.......  0.03   NORMAL SINCE OCT 1ST.........  4.5
TOTAL SINCE OCT 1ST...   2.62   PERCENT OF NORMAL.............  58%


$$
NNNN
