000
CDUS46 KSTO 240037 RRA
CLISAC

CLIMATE REPORT
NATIONAL WEATHER SERVICE SACRAMENTO, CA
437 PM PST MON JAN 23 2017


...................................

...THE SACRAMENTO EXEC. AIRPORT CA CLIMATE SUMMARY FOR JANUARY 23
2017... VALID TODAY AS OF 0400 PM LOCAL TIME.

CLIMATE NORMAL PERIOD 1981 TO 2010
CLIMATE RECORD PERIOD 1930 TO 2017


WEATHER ITEM   OBSERVED TIME   RECORD YEAR NORMAL DEPARTURE LAST
                VALUE   (LST)  VALUE       VALUE  FROM      YEAR
                                                  NORMAL
..................................................................
TEMPERATURE (F)
 TODAY
  MAXIMUM         53    258 PM  69    2014  55     -2       59
  MINIMUM         42    817 AM  29    2007  39      3       47
                                      1962
                                      1949
  AVERAGE         48

PRECIPITATION (IN)
  TODAY            0.03          1.17 2000   0.12  -0.09     0.16
  MONTH TO DATE    9.92                      2.69   7.23     5.20
  SINCE OCT 1     19.37                      8.97  10.40     8.64
  SINCE JAN 1      9.92                      2.69   7.23     5.20

SNOWFALL (IN)
  TODAY            0.0           0.0  2002   0.0            MM
  MONTH TO DATE    0.0                       0.0             0.0
  SINCE DEC 1      0.0                       0.0             0.0
  SINCE JUL 1      0.0                       0.0             0.0

DEGREE DAYS
 HEATING
  TODAY           17

 COOLING
  TODAY            0
..................................................................


WIND (MPH)
  RESULTANT WIND SPEED   5   RESULTANT WIND DIRECTION   S (180)
  HIGHEST WIND SPEED    14   HIGHEST WIND DIRECTION    SW (220)
  HIGHEST GUST SPEED    19   HIGHEST GUST DIRECTION    SW (240)


SKY COVER
  POSSIBLE SUNSHINE  MM
  AVERAGE SKY COVER 0.3


WEATHER CONDITIONS
 THE FOLLOWING WEATHER WAS RECORDED TODAY.
  LIGHT RAIN
  FOG


RELATIVE HUMIDITY (PERCENT)
 HIGHEST   100
 LOWEST     63
 AVERAGE    82

..........................................................


THE SACRAMENTO EXEC. AIRPORT CA CLIMATE NORMALS FOR TOMORROW
                         NORMAL    RECORD    YEAR
 MAXIMUM TEMPERATURE (F)   55        76      2014
 MINIMUM TEMPERATURE (F)   39        25      1962


SUNRISE AND SUNSET
JANUARY 23 2017.......SUNRISE   718 AM PST   SUNSET   518 PM PST
JANUARY 24 2017.......SUNRISE   717 AM PST   SUNSET   519 PM PST


-  INDICATES NEGATIVE NUMBERS.
R  INDICATES RECORD WAS SET OR TIED.
MM INDICATES DATA IS MISSING.
T  INDICATES TRACE AMOUNT.




&&
....................................................................

SACRAMENTO CITY CLIMATE DATA FOR MONDAY JANUARY 23 2017

HIGH...   56  RECORD HIGH    71 IN 2014    NORMAL    HIGH   55
LOW....   42  RECORD LOW     27 IN 1937    NORMAL    LOW    41

RAIN SINCE MIDNIGHT....  0.04   RECORD THIS DATE.......  2.5 IN 1886
TOTAL THIS MONTH.......  9.85   NORMAL SINCE OCT 1ST.........  9.93
TOTAL SINCE OCT 1ST... 19.36   PERCENT OF NORMAL.............  195%


$$
NNNN
