787
CDUS46 KSTO 270903
CLISAC

CLIMATE REPORT
NATIONAL WEATHER SERVICE SACRAMENTO, CA
145 AM PDT THU APR 27 2017


...............................................................

...THE SACRAMENTO EXEC. AIRPORT CA CLIMATE SUMMARY FOR APRIL 26 2017...

CLIMATE NORMAL PERIOD 1981 TO 2010
CLIMATE RECORD PERIOD 1930 TO 2017


WEATHER ITEM   OBSERVED TIME   RECORD YEAR NORMAL DEPARTURE LAST
                VALUE   (LST)  VALUE       VALUE  FROM      YEAR
                                                  NORMAL
..................................................................
TEMPERATURE (F)
 YESTERDAY
  MAXIMUM         69    230 PM  95    2004  74     -5       72
  MINIMUM         54   1159 PM  37    1975  48      6       48
  AVERAGE         62

PRECIPITATION (IN)
  YESTERDAY        T             0.84 1960   0.03  -0.03     0.00
  MONTH TO DATE    2.93                      1.04   1.89     0.58
  SINCE OCT 1     32.93                     17.18  15.75    15.35
  SINCE JAN 1     23.48                     10.90  12.58    11.91

SNOWFALL (IN)
  YESTERDAY        0.0          MM      MM   0.0             0.0
  MONTH TO DATE    0.0                       0.0             0.0
  SINCE MAR 1      0.0                       0.0             0.0
  SINCE JUL 1      0.0                       0.0             0.0

DEGREE DAYS
 HEATING
  YESTERDAY        3

 COOLING
  YESTERDAY        0
..................................................................


WIND (MPH)
  RESULTANT WIND SPEED   8   RESULTANT WIND DIRECTION   S (200)
  HIGHEST WIND SPEED    21   HIGHEST WIND DIRECTION    SW (230)
  HIGHEST GUST SPEED    27   HIGHEST GUST DIRECTION    SW (230)


SKY COVER
  POSSIBLE SUNSHINE  MM
  AVERAGE SKY COVER 0.6


WEATHER CONDITIONS
 THE FOLLOWING WEATHER WAS RECORDED YESTERDAY.
  LIGHT RAIN


RELATIVE HUMIDITY (PERCENT)
 HIGHEST   100
 LOWEST     73
 AVERAGE    87

..........................................................


THE SACRAMENTO EXEC. AIRPORT CA CLIMATE NORMALS FOR TODAY
                         NORMAL    RECORD    YEAR
 MAXIMUM TEMPERATURE (F)   75        94      2004
 MINIMUM TEMPERATURE (F)   48        33      1970


SUNRISE AND SUNSET
APRIL 27 2017.........SUNRISE   613 AM PDT   SUNSET   754 PM PDT
APRIL 28 2017.........SUNRISE   612 AM PDT   SUNSET   755 PM PDT


-  INDICATES NEGATIVE NUMBERS.
R  INDICATES RECORD WAS SET OR TIED.
MM INDICATES DATA IS MISSING.
T  INDICATES TRACE AMOUNT.


&&
....................................................................

SACRAMENTO CITY CLIMATE DATA FOR WEDNESDAY APRIL 26 2017

HIGH...   71  RECORD HIGH    98 IN 2004    NORMAL    HIGH   76
LOW....   56  RECORD LOW     39 IN 1892    NORMAL    LOW    51

RAIN SINCE MIDNIGHT....  0.00   RECORD THIS DATE....... 0.62 IN 1960
TOTAL THIS MONTH.......  3.36   NORMAL SINCE OCT 1ST.........  18.81
TOTAL SINCE OCT 1ST...  33.66   PERCENT OF NORMAL.............  179%


$$
NNNN
