000
CDUS46 KSTO 210844 RRA
CLISAC

CLIMATE REPORT
NATIONAL WEATHER SERVICE SACRAMENTO, CA
144 AM PDT SAT OCT 21 2017


...................................

...THE SACRAMENTO EXEC. AIRPORT CA CLIMATE SUMMARY FOR OCTOBER 20 2017...

CLIMATE NORMAL PERIOD 1981 TO 2010
CLIMATE RECORD PERIOD 1930 TO 2017


WEATHER ITEM   OBSERVED TIME   RECORD YEAR NORMAL DEPARTURE LAST
                VALUE   (LST)  VALUE       VALUE  FROM      YEAR
                                                  NORMAL
..................................................................
TEMPERATURE (F)
 YESTERDAY
  MAXIMUM         64    311 PM  94    1991  76    -12       81
  MINIMUM         46   1159 PM  35    1949  49     -3       47
  AVERAGE         55

PRECIPITATION (IN)
  YESTERDAY        0.05          0.37 2004   0.04   0.01     0.00
  MONTH TO DATE    0.15                      0.48  -0.33     2.01
  SINCE OCT 1      0.15                      0.48  -0.33     2.01
  SINCE JAN 1     23.78                     12.72  11.06    14.76

SNOWFALL (IN)
  YESTERDAY        0.0           0.0  2002   0.0             0.0
                                      2001
  MONTH TO DATE    0.0                       0.0             0.0
  SINCE SEP 1      0.0                       0.0             0.0
  SINCE JUL 1      0.0                       0.0             0.0

DEGREE DAYS
 HEATING
  YESTERDAY       10

 COOLING
  YESTERDAY        0
..................................................................


WIND (MPH)
  RESULTANT WIND SPEED   3   RESULTANT WIND DIRECTION  SW (220)
  HIGHEST WIND SPEED    20   HIGHEST WIND DIRECTION     W (280)
  HIGHEST GUST SPEED    26   HIGHEST GUST DIRECTION     W (280)


SKY COVER
  POSSIBLE SUNSHINE  MM
  AVERAGE SKY COVER 0.1


WEATHER CONDITIONS
 THE FOLLOWING WEATHER WAS RECORDED YESTERDAY.
  RAIN
  LIGHT RAIN
  FOG


RELATIVE HUMIDITY (PERCENT)
 HIGHEST   100
 LOWEST     52
 AVERAGE    76

..........................................................


THE SACRAMENTO EXEC. AIRPORT CA CLIMATE NORMALS FOR TODAY
                         NORMAL    RECORD    YEAR
 MAXIMUM TEMPERATURE (F)   76        92      1991
 MINIMUM TEMPERATURE (F)   49        38      1949


SUNRISE AND SUNSET
OCTOBER 21 2017.......SUNRISE   721 AM PDT   SUNSET   619 PM PDT
OCTOBER 22 2017.......SUNRISE   722 AM PDT   SUNSET   618 PM PDT


-  INDICATES NEGATIVE NUMBERS.
R  INDICATES RECORD WAS SET OR TIED.
MM INDICATES DATA IS MISSING.
T  INDICATES TRACE AMOUNT.




&&
....................................................................

SACRAMENTO CITY CLIMATE DATA FOR FRIDAY OCTOBER 20 2017

HIGH...   65  RECORD HIGH    92 IN 2003    NORMAL    HIGH   76
LOW....   50  RECORD LOW     37 IN 1949    NORMAL    LOW    52

RAIN SINCE MIDNIGHT....  0.07   RECORD THIS DATE....... 1.14 IN 1889
TOTAL THIS MONTH.......  0.14   NORMAL SINCE OCT 1ST.........  0.53
TOTAL SINCE OCT 1ST...  0.14   PERCENT OF NORMAL.............  26%


$$
NNNN
