000
CDUS46 KSTO 230043
CLISAC

CLIMATE REPORT
NATIONAL WEATHER SERVICE SACRAMENTO, CA
442 PM PST WED FEB 22 2017


...................................

...THE SACRAMENTO EXEC. AIRPORT CA CLIMATE SUMMARY FOR FEBRUARY 22 2017...
VALID TODAY AS OF 0400 PM LOCAL TIME.

CLIMATE NORMAL PERIOD 1981 TO 2010
CLIMATE RECORD PERIOD 1930 TO 2017


WEATHER ITEM   OBSERVED TIME   RECORD YEAR NORMAL DEPARTURE LAST
                VALUE   (LST)  VALUE       VALUE  FROM      YEAR
                                                  NORMAL
..................................................................
TEMPERATURE (F)
 TODAY
  MAXIMUM         56    350 PM  75    1985  62     -6       70
  MINIMUM         37    700 AM  30    1975  42     -5       40
  AVERAGE         47

PRECIPITATION (IN)
  TODAY            0.00          1.26 2009   0.12  -0.12     0.00
  MONTH TO DATE    8.25                      2.75   5.50     0.82
  SINCE OCT 1     27.62                     12.67  14.95     9.70
  SINCE JAN 1     18.17                      6.39  11.78     6.26

SNOWFALL (IN)
  TODAY            0.0          MM      MM   0.0             0.0
  MONTH TO DATE    0.0                       0.0             0.0
  SINCE DEC 1      0.0                       0.0             0.0
  SINCE JUL 1      0.0                       0.0             0.0

DEGREE DAYS
 HEATING
  TODAY           18

 COOLING
  TODAY            0
..................................................................


WIND (MPH)
  RESULTANT WIND SPEED   3   RESULTANT WIND DIRECTION   W (250)
  HIGHEST WIND SPEED    12   HIGHEST WIND DIRECTION     W (250)
  HIGHEST GUST SPEED    15   HIGHEST GUST DIRECTION    SW (220)


SKY COVER
  POSSIBLE SUNSHINE  MM
  AVERAGE SKY COVER 0.0


WEATHER CONDITIONS
 THE FOLLOWING WEATHER WAS RECORDED TODAY.
  FOG


RELATIVE HUMIDITY (PERCENT)
 HIGHEST   100
 LOWEST     51
 AVERAGE    76

..........................................................


THE SACRAMENTO EXEC. AIRPORT CA CLIMATE NORMALS FOR TOMORROW
                         NORMAL    RECORD    YEAR
 MAXIMUM TEMPERATURE (F)   62        75      1991
 MINIMUM TEMPERATURE (F)   43        33      2011
                                             1942


SUNRISE AND SUNSET
FEBRUARY 22 2017......SUNRISE   647 AM PST   SUNSET   552 PM PST
FEBRUARY 23 2017......SUNRISE   646 AM PST   SUNSET   553 PM PST


-  INDICATES NEGATIVE NUMBERS.
R  INDICATES RECORD WAS SET OR TIED.
MM INDICATES DATA IS MISSING.
T  INDICATES TRACE AMOUNT.

&&
....................................................................

SACRAMENTO CITY CLIMATE DATA FOR WEDNESDAY FEBRUARY 22 2017

HIGH...   59  RECORD HIGH    78 IN 1985    NORMAL    HIGH   63
LOW....   42  RECORD LOW     32 IN 2013    NORMAL    LOW    45

RAIN SINCE MIDNIGHT....  0.00   RECORD THIS DATE....... 1.05 IN 2000
TOTAL THIS MONTH.......  8.04   NORMAL SINCE OCT 1ST.........  13.84
TOTAL SINCE OCT 1ST...  27.40   PERCENT OF NORMAL.............  198%


$$
NNNN
