000
CDUS46 KSTO 261452
CLISAC

CLIMATE REPORT
NATIONAL WEATHER SERVICE SACRAMENTO, CA
752 AM PDT SAT JUL 26 2014


...................................

...THE SACRAMENTO EXEC. AIRPORT CA CLIMATE SUMMARY FOR JULY 25 2014...

CLIMATE NORMAL PERIOD 1981 TO 2010
CLIMATE RECORD PERIOD 1930 TO 2014


WEATHER ITEM   OBSERVED TIME   RECORD YEAR NORMAL DEPARTURE LAST
                VALUE   (LST)  VALUE       VALUE  FROM      YEAR
                                                  NORMAL
..................................................................
TEMPERATURE (F)
 YESTERDAY
  MAXIMUM        102    520 PM 112    1975  93      9       94
  MINIMUM         62    543 AM  51    1951  59      3       64
  AVERAGE         82

PRECIPITATION (IN)
  YESTERDAY        0.00          0.00 2007   0.00   0.00     0.00
                                      2006
                                      2005
  MONTH TO DATE    0.01                      0.00   0.01      T
  SINCE JUL 1      0.01                      0.00   0.01      T
  SINCE JAN 1      7.90                     11.90  -4.00     3.91

SNOWFALL (IN)
  YESTERDAY        0.0          MM      MM   0.0             0.0
  MONTH TO DATE    0.0                       0.0             0.0
  SINCE JUN 1      0.0                       0.0             0.0
  SINCE JUL 1      0.0                       0.0             0.0

DEGREE DAYS
 HEATING
  YESTERDAY        0

 COOLING
  YESTERDAY       17
..................................................................


WIND (MPH)
  RESULTANT WIND SPEED   1   RESULTANT WIND DIRECTION  SW (240)
  HIGHEST WIND SPEED    13   HIGHEST WIND DIRECTION    SW (240)
  HIGHEST GUST SPEED    15   HIGHEST GUST DIRECTION    SW (240)


SKY COVER
  POSSIBLE SUNSHINE  MM
  AVERAGE SKY COVER 0.0


WEATHER CONDITIONS
 THE FOLLOWING WEATHER WAS RECORDED YESTERDAY.
  NO SIGNIFICANT WEATHER WAS OBSERVED.


RELATIVE HUMIDITY (PERCENT)
 HIGHEST    78
 LOWEST      9
 AVERAGE    44

..........................................................


THE SACRAMENTO EXEC. AIRPORT CA CLIMATE NORMALS FOR TODAY
                         NORMAL    RECORD    YEAR
 MAXIMUM TEMPERATURE (F)   93       112      1975
 MINIMUM TEMPERATURE (F)   59        52      1982


SUNRISE AND SUNSET
JULY 26 2014..........SUNRISE   603 AM PDT   SUNSET   822 PM PDT
JULY 27 2014..........SUNRISE   604 AM PDT   SUNSET   821 PM PDT


-  INDICATES NEGATIVE NUMBERS.
R  INDICATES RECORD WAS SET OR TIED.
MM INDICATES DATA IS MISSING.
T  INDICATES TRACE AMOUNT.






&&
....................................................................

SACRAMENTO CITY CLIMATE DATA FOR FRIDAY JULY 25 2014

HIGH...  104  RECORD HIGH   109 IN 1975    NORMAL    HIGH   94
LOW....   65  RECORD LOW     52 IN 1919    NORMAL    LOW    61

RAIN SINCE MIDNIGHT....  0.00   RECORD THIS DATE....... 0.01 IN 1988
TOTAL THIS MONTH.......  0.02   NORMAL SEASON TO DATE.........  0
TOTAL SINCE JULY 1ST...  0.02   PERCENT OF NORMAL.............    0%


$$
