000
CDUS46 KSTO 240047
CLISAC

CLIMATE REPORT
NATIONAL WEATHER SERVICE SACRAMENTO, CA
545 PM PDT FRI JUN 23 2017


...................................

...THE SACRAMENTO EXEC. AIRPORT CA CLIMATE SUMMARY FOR JUNE 23 2017...
VALID TODAY AS OF 0500 PM LOCAL TIME.

CLIMATE NORMAL PERIOD 1981 TO 2010
CLIMATE RECORD PERIOD 1930 TO 2017


WEATHER ITEM   OBSERVED TIME   RECORD YEAR NORMAL DEPARTURE LAST
                VALUE   (LST)  VALUE       VALUE  FROM      YEAR
                                                  NORMAL
..................................................................
TEMPERATURE (F)
 TODAY
  MAXIMUM         98    315 PM 105    2006  89      9       91
                                      1964
  MINIMUM         67    545 AM  48    1955  57     10       57
  AVERAGE         83

PRECIPITATION (IN)
  TODAY            0.00          T    2013   0.01  -0.01     0.00
  MONTH TO DATE    0.10                      0.20  -0.10      T
  SINCE OCT 1     33.08                     18.17  14.91    16.19
  SINCE JAN 1     23.63                     11.89  11.74    12.75

SNOWFALL (IN)
  TODAY            0.0          MM      MM   0.0             0.0
  MONTH TO DATE    0.0                       0.0             0.0
  SINCE JUN 1      0.0                       0.0             0.0
  SINCE JUL 1      0.0                       0.0             0.0

DEGREE DAYS
 HEATING
  TODAY            0

 COOLING
  TODAY           18
..................................................................


WIND (MPH)
  RESULTANT WIND SPEED   6   RESULTANT WIND DIRECTION   S (200)
  HIGHEST WIND SPEED    13   HIGHEST WIND DIRECTION    SW (220)
  HIGHEST GUST SPEED    15   HIGHEST GUST DIRECTION    SW (210)


SKY COVER
  POSSIBLE SUNSHINE  MM
  AVERAGE SKY COVER 0.0


WEATHER CONDITIONS
 THE FOLLOWING WEATHER WAS RECORDED TODAY.
  NO SIGNIFICANT WEATHER WAS OBSERVED.


RELATIVE HUMIDITY (PERCENT)
 HIGHEST    73
 LOWEST     29
 AVERAGE    51

..........................................................


THE SACRAMENTO EXEC. AIRPORT CA CLIMATE NORMALS FOR TOMORROW
                         NORMAL    RECORD    YEAR
 MAXIMUM TEMPERATURE (F)   89       111      1961
 MINIMUM TEMPERATURE (F)   57        45      1950


SUNRISE AND SUNSET
JUNE 23 2017..........SUNRISE   543 AM PDT   SUNSET   834 PM PDT
JUNE 24 2017..........SUNRISE   543 AM PDT   SUNSET   834 PM PDT


-  INDICATES NEGATIVE NUMBERS.
R  INDICATES RECORD WAS SET OR TIED.
MM INDICATES DATA IS MISSING.
T  INDICATES TRACE AMOUNT.

&&
....................................................................

SACRAMENTO CITY CLIMATE DATA FOR FRIDAY JUNE 23 2017

HIGH...  101  RECORD HIGH   106 IN 1988    NORMAL    HIGH   90
LOW....   70  RECORD LOW     50 IN 1930    NORMAL    LOW    60

RAIN SINCE MIDNIGHT....  0.00   RECORD THIS DATE....... 0.44 IN 1912
TOTAL THIS MONTH.......  0.18   NORMAL SINCE OCT 1ST.........  19.88
TOTAL SINCE OCT 1ST... 33.94   PERCENT OF NORMAL.............  171%


$$
NNNN
