000
CDUS46 KSTO 220043
CLISAC

CLIMATE REPORT
NATIONAL WEATHER SERVICE SACRAMENTO, CA
430 PM PST WED FEB 21 2018

..............................................................

...THE SACRAMENTO EXEC. AIRPORT CA CLIMATE SUMMARY FOR FEBRUARY 21 2018...
VALID TODAY AS OF 0400 PM LOCAL TIME.

CLIMATE NORMAL PERIOD 1981 TO 2010
CLIMATE RECORD PERIOD 1930 TO 2018


WEATHER ITEM   OBSERVED TIME   RECORD YEAR NORMAL DEPARTURE LAST
                VALUE   (LST)  VALUE       VALUE  FROM      YEAR
                                                  NORMAL
..................................................................
TEMPERATURE (F)
 TODAY
  MAXIMUM         56    329 PM  73    1985  62     -6       59
  MINIMUM         31    159 AM  29    2006  42    -11       49
                                      1953
  AVERAGE         44

PRECIPITATION (IN)
  TODAY            0.00          1.26 1996   0.13  -0.13     0.07
  MONTH TO DATE    0.00                      2.63  -2.63     8.25
  SINCE OCT 1      7.62                     12.55  -4.93    27.62
  SINCE JAN 1      5.20                      6.27  -1.07    18.17

SNOWFALL (IN)
  TODAY            0.0          MM      MM   0.0            MM
  MONTH TO DATE    0.0                       0.0             0.0
  SINCE DEC 1      0.0                       0.0             0.0
  SINCE JUL 1      0.0                       0.0             0.0

DEGREE DAYS
 HEATING
  TODAY           21

 COOLING
  TODAY            0
..................................................................


WIND (MPH)
  RESULTANT WIND SPEED   4   RESULTANT WIND DIRECTION   N (340)
  HIGHEST WIND SPEED    13   HIGHEST WIND DIRECTION    NW (310)
  HIGHEST GUST SPEED    17   HIGHEST GUST DIRECTION     N (360)


SKY COVER
  POSSIBLE SUNSHINE  MM
  AVERAGE SKY COVER 0.1


WEATHER CONDITIONS
 THE FOLLOWING WEATHER WAS RECORDED TODAY.
  NO SIGNIFICANT WEATHER WAS OBSERVED.


RELATIVE HUMIDITY (PERCENT)
 HIGHEST    78
 LOWEST     29
 AVERAGE    54

..........................................................


THE SACRAMENTO EXEC. AIRPORT CA CLIMATE NORMALS FOR TOMORROW
                         NORMAL    RECORD    YEAR
 MAXIMUM TEMPERATURE (F)   62        75      1985
 MINIMUM TEMPERATURE (F)   42        30      1975


SUNRISE AND SUNSET
FEBRUARY 21 2018......SUNRISE   649 AM PST   SUNSET   551 PM PST
FEBRUARY 22 2018......SUNRISE   648 AM PST   SUNSET   552 PM PST


-  INDICATES NEGATIVE NUMBERS.
R  INDICATES RECORD WAS SET OR TIED.
MM INDICATES DATA IS MISSING.
T  INDICATES TRACE AMOUNT.

&&
....................................................................

SACRAMENTO CITY CLIMATE DATA FOR WEDNESDAY FEBRUARY 21 2018

HIGH...   57  RECORD HIGH    75 IN 1995    NORMAL    HIGH   63
LOW....   34  RECORD LOW     31 IN 1955    NORMAL    LOW    45

RAIN SINCE MIDNIGHT....  0.00   RECORD THIS DATE....... 1.26 IN 1917
TOTAL THIS MONTH.......  0.00   NORMAL SINCE OCT 1ST.........  13.71
TOTAL SINCE OCT 1ST...   7.79   PERCENT OF NORMAL.............   57%


$$
POWELL
