000
CDUS46 KSGX 171418
CLISAN


CLIMATE REPORT
NATIONAL WEATHER SERVICE SAN DIEGO, CA
718 AM PDT THU APR 17 2014


...................................

...THE SAN DIEGO/LINDBERGH FIELD CA CLIMATE SUMMARY FOR APRIL 16 2014...

CLIMATE NORMAL PERIOD 1981 TO 2010
CLIMATE RECORD PERIOD 1850 TO 2014


WEATHER ITEM   OBSERVED TIME   RECORD YEAR NORMAL DEPARTURE LAST
                VALUE   (LST)  VALUE       VALUE  FROM      YEAR
                                                  NORMAL
..................................................................
TEMPERATURE (F)
 YESTERDAY
  MAXIMUM         67   1248 PM  87    1948  68     -1       60
  MINIMUM         58    158 AM  45    1887  56      2       54
                                      1878
  AVERAGE         63                        62      1       57

PRECIPITATION (IN)
  YESTERDAY        0.00          0.86 1917   0.02  -0.02     0.00
  MONTH TO DATE    0.36                      0.51  -0.15     0.01
  SINCE JUL 1      4.89                      9.88  -4.99     6.24
  SINCE JAN 1      2.65                      6.57  -3.92     3.07

SNOWFALL (IN)
  YESTERDAY        0.0
  MONTH TO DATE    0.0
  SINCE JAN 1      0.0
  SINCE JUL 1      0.0
  SNOW DEPTH       0

DEGREE DAYS
 HEATING
  YESTERDAY        2                         4     -2        8
  MONTH TO DATE   33                        69    -36       67
  SINCE MAR 1     73                       247   -174      215
  SINCE JUL 1    529                      1105   -576     1048

 COOLING
  YESTERDAY        0                         0      0        0
  MONTH TO DATE   26                         0     26        0
  SINCE MAR 1     46                         5     41        3
  SINCE JAN 1     55                        10     45        4
..................................................................


WIND (MPH)
  RESULTANT WIND SPEED   6   RESULTANT WIND DIRECTION   S (200)
  HIGHEST WIND SPEED    14   HIGHEST WIND DIRECTION     S (190)
  HIGHEST GUST SPEED    17   HIGHEST GUST DIRECTION    SW (220)
  AVERAGE WIND SPEED     6.7


SKY COVER
  POSSIBLE SUNSHINE  MM
  AVERAGE SKY COVER 0.7


WEATHER CONDITIONS
 THE FOLLOWING WEATHER WAS RECORDED YESTERDAY.
  NO SIGNIFICANT WEATHER WAS OBSERVED.


RELATIVE HUMIDITY (PERCENT)
 HIGHEST    78          1100 PM
 LOWEST     63          1200 PM
 AVERAGE    71

..........................................................


THE SAN DIEGO/LINDBERGH FIELD CA CLIMATE NORMALS FOR TODAY
                         NORMAL    RECORD    YEAR
 MAXIMUM TEMPERATURE (F)   68        82      1879
 MINIMUM TEMPERATURE (F)   56        46      1967
                                             1921
                                             1894


SUNRISE AND SUNSET
APRIL 17 2014.........SUNRISE   617 AM PDT   SUNSET   720 PM PDT
APRIL 18 2014.........SUNRISE   615 AM PDT   SUNSET   721 PM PDT


-  INDICATES NEGATIVE NUMBERS.
R  INDICATES RECORD WAS SET OR TIED.
MM INDICATES DATA IS MISSING.
T  INDICATES TRACE AMOUNT.




$$
