000
CDUS46 KSGX 270017
CLISAN


CLIMATE REPORT
NATIONAL WEATHER SERVICE SAN DIEGO, CA
517 PM PDT FRI AUG 26 2016


...................................

...THE SAN DIEGO/LINDBERGH FIELD CA CLIMATE SUMMARY FOR AUGUST 26 2016...
VALID TODAY AS OF 0500 PM LOCAL TIME.

CLIMATE NORMAL PERIOD 1981 TO 2010
CLIMATE RECORD PERIOD 1874 TO 2016


WEATHER ITEM   OBSERVED TIME   RECORD YEAR NORMAL DEPARTURE LAST
                VALUE   (LST)  VALUE       VALUE  FROM      YEAR
                                                  NORMAL
..................................................................
TEMPERATURE (F)
 TODAY
  MAXIMUM         73    257 PM  92    1981  77     -4       86
  MINIMUM         66    859 AM  58    1890  67     -1       72
  AVERAGE         70                        72     -2       79

PRECIPITATION (IN)
  TODAY            0.00          0.01 1994   0.00   0.00     0.00
                                      1918
  MONTH TO DATE    0.00                      0.02  -0.02     0.01
  SINCE OCT 1      7.86                     10.19  -2.33    10.67
  SINCE JAN 1      5.01                      7.08  -2.07     5.80

DEGREE DAYS
 HEATING
  TODAY            0                         0      0        0
  MONTH TO DATE    0                         0      0        0
  SINCE JUN 1      0                        19    -19        1
  SINCE JUL 1      0                         1     -1        0

 COOLING
  TODAY            5                         7     -2       14
  MONTH TO DATE  211                       170     41      255
  SINCE JUN 1    527                       386    141      615
  SINCE JAN 1    645                       435    210      798
..................................................................


WIND (MPH)
  RESULTANT WIND SPEED   5   RESULTANT WIND DIRECTION  SW (210)
  HIGHEST WIND SPEED    14   HIGHEST WIND DIRECTION    SW (220)
  HIGHEST GUST SPEED    16   HIGHEST GUST DIRECTION    SW (240)
  AVERAGE WIND SPEED     6.4


SKY COVER
  POSSIBLE SUNSHINE  MM
  AVERAGE SKY COVER 0.7


WEATHER CONDITIONS
 THE FOLLOWING WEATHER WAS RECORDED TODAY.
  NO SIGNIFICANT WEATHER WAS OBSERVED.


RELATIVE HUMIDITY (PERCENT)
 HIGHEST    78          1200 AM
 LOWEST     57          1200 PM
 AVERAGE    68

..........................................................


THE SAN DIEGO/LINDBERGH FIELD CA CLIMATE NORMALS FOR TOMORROW
                         NORMAL    RECORD    YEAR
 MAXIMUM TEMPERATURE (F)   77        91      1915
 MINIMUM TEMPERATURE (F)   67        58      1881


SUNRISE AND SUNSET
AUGUST 26 2016........SUNRISE   620 AM PDT   SUNSET   720 PM PDT
AUGUST 27 2016........SUNRISE   620 AM PDT   SUNSET   719 PM PDT


-  INDICATES NEGATIVE NUMBERS.
R  INDICATES RECORD WAS SET OR TIED.
MM INDICATES DATA IS MISSING.
T  INDICATES TRACE AMOUNT.




$$
