000
CDUS46 KSGX 290021
CLISAN


CLIMATE REPORT
NATIONAL WEATHER SERVICE SAN DIEGO, CA
421 PM PST FRI NOV 28 2014


...................................

...THE SAN DIEGO/LINDBERGH FIELD CA CLIMATE SUMMARY FOR NOVEMBER 28 2014...
VALID TODAY AS OF 0400 PM LOCAL TIME.

CLIMATE NORMAL PERIOD 1981 TO 2010
CLIMATE RECORD PERIOD 1850 TO 2014


WEATHER ITEM   OBSERVED TIME   RECORD YEAR NORMAL DEPARTURE LAST
                VALUE   (LST)  VALUE       VALUE  FROM      YEAR
                                                  NORMAL
..................................................................
TEMPERATURE (F)
 TODAY
  MAXIMUM         76   1121 AM  82    1980  67      9       67
  MINIMUM         54    508 AM  36    1919  51      3       53
  AVERAGE         65                        58      7       60

PRECIPITATION (IN)
  TODAY            0.00          1.32 1981   0.04  -0.04      T
  MONTH TO DATE    0.37                      0.93  -0.56     1.47
  SINCE JUL 1      0.45                      1.70  -1.25     1.77
  SINCE JAN 1      3.27                      8.73  -5.46     5.10

SNOWFALL (IN)
  TODAY            0.0
  MONTH TO DATE    0.0
  SINCE JAN 1      0.0
  SINCE JUL 1      0.0
  SNOW DEPTH       0

DEGREE DAYS
 HEATING
  TODAY            0                         7     -7        5
  MONTH TO DATE   18                       112    -94       44
  SINCE SEP 1     18                       132   -114       66
  SINCE JUL 1     18                       133   -115       66

 COOLING
  TODAY            0                         0      0        0
  MONTH TO DATE   47                        11     36       23
  SINCE SEP 1    588                       250    338      282
  SINCE JAN 1   1490                       718    772      761
..................................................................


WIND (MPH)
  RESULTANT WIND SPEED   1   RESULTANT WIND DIRECTION   S (170)
  HIGHEST WIND SPEED     7   HIGHEST WIND DIRECTION     S (180)
  HIGHEST GUST SPEED    14   HIGHEST GUST DIRECTION     S (170)
  AVERAGE WIND SPEED     1.8


SKY COVER
  POSSIBLE SUNSHINE  MM
  AVERAGE SKY COVER 0.0


WEATHER CONDITIONS
 THE FOLLOWING WEATHER WAS RECORDED TODAY.
  NO SIGNIFICANT WEATHER WAS OBSERVED.


RELATIVE HUMIDITY (PERCENT)
 HIGHEST    53           300 PM
 LOWEST     17          1000 AM
 AVERAGE    35

..........................................................


THE SAN DIEGO/LINDBERGH FIELD CA CLIMATE NORMALS FOR TOMORROW
                         NORMAL    RECORD    YEAR
 MAXIMUM TEMPERATURE (F)   66        86      1907
 MINIMUM TEMPERATURE (F)   50        41      1919
                                             1906
                                             1878


SUNRISE AND SUNSET
NOVEMBER 28 2014......SUNRISE   630 AM PST   SUNSET   443 PM PST
NOVEMBER 29 2014......SUNRISE   631 AM PST   SUNSET   443 PM PST


-  INDICATES NEGATIVE NUMBERS.
R  INDICATES RECORD WAS SET OR TIED.
MM INDICATES DATA IS MISSING.
T  INDICATES TRACE AMOUNT.




$$
