000
CDUS46 KSGX 300018
CLISAN


CLIMATE REPORT
NATIONAL WEATHER SERVICE SAN DIEGO, CA
518 PM PDT FRI MAY 29 2015


...................................

...THE SAN DIEGO/LINDBERGH FIELD CA CLIMATE SUMMARY FOR MAY 29 2015...
VALID TODAY AS OF 0500 PM LOCAL TIME.

CLIMATE NORMAL PERIOD 1981 TO 2010
CLIMATE RECORD PERIOD 1874 TO 2015


WEATHER ITEM   OBSERVED TIME   RECORD YEAR NORMAL DEPARTURE LAST
                VALUE   (LST)  VALUE       VALUE  FROM      YEAR
                                                  NORMAL
..................................................................
TEMPERATURE (F)
 TODAY
  MAXIMUM         70   1250 PM  88    1978  69      1       72
  MINIMUM         61    554 AM  52    1895  61      0       64
  AVERAGE         66                        65      1       68

PRECIPITATION (IN)
  TODAY            0.00          0.20 1877   0.00   0.00     0.00
  MONTH TO DATE    2.39                      0.11   2.28      T
  SINCE OCT 1      8.91                     10.06  -1.15     5.01
  SINCE JAN 1      4.04                      6.95  -2.91     2.82

SNOWFALL (IN)
  TODAY            0.0
  MONTH TO DATE    0.0
  SINCE MAR 1      0.0
  SINCE JUL 1      0.0
  SNOW DEPTH       0

DEGREE DAYS
 HEATING
  TODAY            0                         1     -1        0
  MONTH TO DATE   37                        55    -18        8
  SINCE MAR 1     94                       346   -252       89
  SINCE JUL 1    440                      1204   -764      545

 COOLING
  TODAY            1                         1      0        3
  MONTH TO DATE   12                        29    -17      148
  SINCE MAR 1    159                        48    111      223
  SINCE JAN 1    181                        53    128      232
..................................................................


WIND (MPH)
  RESULTANT WIND SPEED   3   RESULTANT WIND DIRECTION   W (270)
  HIGHEST WIND SPEED    13   HIGHEST WIND DIRECTION     W (270)
  HIGHEST GUST SPEED    17   HIGHEST GUST DIRECTION     W (270)
  AVERAGE WIND SPEED     4.3


SKY COVER
  POSSIBLE SUNSHINE  MM
  AVERAGE SKY COVER 0.8


WEATHER CONDITIONS
 THE FOLLOWING WEATHER WAS RECORDED TODAY.
  FOG
  HAZE


RELATIVE HUMIDITY (PERCENT)
 HIGHEST    84           200 AM
 LOWEST     61          1200 PM
 AVERAGE    73

..........................................................


THE SAN DIEGO/LINDBERGH FIELD CA CLIMATE NORMALS FOR TOMORROW
                         NORMAL    RECORD    YEAR
 MAXIMUM TEMPERATURE (F)   69        88      1879
 MINIMUM TEMPERATURE (F)   61        50      1878


SUNRISE AND SUNSET
MAY 29 2015...........SUNRISE   543 AM PDT   SUNSET   750 PM PDT
MAY 30 2015...........SUNRISE   542 AM PDT   SUNSET   750 PM PDT


-  INDICATES NEGATIVE NUMBERS.
R  INDICATES RECORD WAS SET OR TIED.
MM INDICATES DATA IS MISSING.
T  INDICATES TRACE AMOUNT.




$$
