000
CDUS46 KSGX 251435
CLISAN


CLIMATE REPORT
NATIONAL WEATHER SERVICE SAN DIEGO, CA
735 AM PDT TUE APR 25 2017


...................................

...THE SAN DIEGO INTL AIRPORT CA CLIMATE SUMMARY FOR APRIL 24 2017...

CLIMATE NORMAL PERIOD 1981 TO 2010
CLIMATE RECORD PERIOD 1874 TO 2017


WEATHER ITEM   OBSERVED TIME   RECORD YEAR NORMAL DEPARTURE LAST
                VALUE   (LST)  VALUE       VALUE  FROM      YEAR
                                                  NORMAL
..................................................................
TEMPERATURE (F)
 YESTERDAY
  MAXIMUM         68    147 PM  83    1995  68      0       68
                                      1910
  MINIMUM         61    623 AM  44    1880  57      4       60
                                      1877
  AVERAGE         65                        62      3       64

PRECIPITATION (IN)
  YESTERDAY        0.00          0.28 1967   0.02  -0.02     0.00
  MONTH TO DATE    0.01                      0.68  -0.67     0.55
  SINCE OCT 1     11.71                      9.85   1.86     7.42
  SINCE JAN 1      6.81                      6.74   0.07     4.57

DEGREE DAYS
 HEATING
  YESTERDAY        0                         3     -3        1
  MONTH TO DATE   19                        95    -76       13
  SINCE MAR 1     95                       273   -178       82
  SINCE JUL 1    687                      1131   -444      622

 COOLING
  YESTERDAY        0                         1     -1        0
  MONTH TO DATE   20                         6     14       49
  SINCE MAR 1     31                        11     20       54
  SINCE JAN 1     31                        16     15       99
..................................................................


WIND (MPH)
  RESULTANT WIND SPEED   9   RESULTANT WIND DIRECTION   S (200)
  HIGHEST WIND SPEED    16   HIGHEST WIND DIRECTION     S (200)
  HIGHEST GUST SPEED    19   HIGHEST GUST DIRECTION     S (200)
  AVERAGE WIND SPEED     9.9


SKY COVER
  POSSIBLE SUNSHINE  MM
  AVERAGE SKY COVER 0.8


WEATHER CONDITIONS
 THE FOLLOWING WEATHER WAS RECORDED YESTERDAY.
  NO SIGNIFICANT WEATHER WAS OBSERVED.


RELATIVE HUMIDITY (PERCENT)
 HIGHEST    72           200 AM
 LOWEST     58           100 PM
 AVERAGE    65

..........................................................


THE SAN DIEGO INTL AIRPORT CA CLIMATE NORMALS FOR TODAY
                         NORMAL    RECORD    YEAR
 MAXIMUM TEMPERATURE (F)   68        83      1992
 MINIMUM TEMPERATURE (F)   57        44      1883
                                             1880


SUNRISE AND SUNSET
APRIL 25 2017.........SUNRISE   607 AM PDT   SUNSET   726 PM PDT
APRIL 26 2017.........SUNRISE   606 AM PDT   SUNSET   727 PM PDT


-  INDICATES NEGATIVE NUMBERS.
R  INDICATES RECORD WAS SET OR TIED.
MM INDICATES DATA IS MISSING.
T  INDICATES TRACE AMOUNT.




$$
