000
CDUS46 KSGX 221131
CLISAN


CLIMATE REPORT
NATIONAL WEATHER SERVICE SAN DIEGO, CA
431 AM PDT TUE AUG 22 2017


...................................

...THE SAN DIEGO INTL AIRPORT CA CLIMATE SUMMARY FOR AUGUST 21 2017...

CLIMATE NORMAL PERIOD 1981 TO 2010
CLIMATE RECORD PERIOD 1874 TO 2017


WEATHER ITEM   OBSERVED TIME   RECORD YEAR NORMAL DEPARTURE LAST
                VALUE   (LST)  VALUE       VALUE  FROM      YEAR
                                                  NORMAL
..................................................................
TEMPERATURE (F)
 YESTERDAY
  MAXIMUM         78   1232 PM  89    1982  77      1       78
  MINIMUM         69   1159 PM  58    1916  67      2       67
                                      1884
                                      1877
  AVERAGE         74                        72      2       73

PRECIPITATION (IN)
  YESTERDAY        0.00          1.35 1854   0.00   0.00     0.00
  MONTH TO DATE    T                         0.01  -0.01     0.00
  SINCE OCT 1     12.65                     10.18   2.47     7.86
  SINCE JAN 1      7.75                      7.07   0.68     5.01

DEGREE DAYS
 HEATING
  YESTERDAY        0                         0      0        0
  MONTH TO DATE    0                         0      0        0
  SINCE JUN 1      9                        19    -10        0
  SINCE JUL 1      0                         1     -1        0

 COOLING
  YESTERDAY        9                         7      2        8
  MONTH TO DATE  181                       135     46      183
  SINCE JUN 1    534                       351    183      499
  SINCE JAN 1    626                       400    226      617
..................................................................


WIND (MPH)
  RESULTANT WIND SPEED   6   RESULTANT WIND DIRECTION  NW (300)
  HIGHEST WIND SPEED    14   HIGHEST WIND DIRECTION     W (280)
  HIGHEST GUST SPEED    18   HIGHEST GUST DIRECTION     W (280)
  AVERAGE WIND SPEED     6.9


SKY COVER
  POSSIBLE SUNSHINE  MM
  AVERAGE SKY COVER 0.5


WEATHER CONDITIONS
 THE FOLLOWING WEATHER WAS RECORDED YESTERDAY.
  NO SIGNIFICANT WEATHER WAS OBSERVED.


RELATIVE HUMIDITY (PERCENT)
 HIGHEST    78           900 PM
 LOWEST     56           100 PM
 AVERAGE    67

..........................................................


THE SAN DIEGO INTL AIRPORT CA CLIMATE NORMALS FOR TODAY
                         NORMAL    RECORD    YEAR
 MAXIMUM TEMPERATURE (F)   77        90      1972
 MINIMUM TEMPERATURE (F)   67        59      1916
                                             1900
                                             1879


SUNRISE AND SUNSET
AUGUST 22 2017........SUNRISE   617 AM PDT   SUNSET   725 PM PDT
AUGUST 23 2017........SUNRISE   618 AM PDT   SUNSET   724 PM PDT


-  INDICATES NEGATIVE NUMBERS.
R  INDICATES RECORD WAS SET OR TIED.
MM INDICATES DATA IS MISSING.
T  INDICATES TRACE AMOUNT.




$$
