000
CDUS46 KSGX 201234
CLISAN


CLIMATE REPORT
NATIONAL WEATHER SERVICE SAN DIEGO, CA
434 AM PST TUE FEB 20 2018


...................................

...THE SAN DIEGO INTL AIRPORT CA CLIMATE SUMMARY FOR FEBRUARY 19 2018...

CLIMATE NORMAL PERIOD 1981 TO 2010
CLIMATE RECORD PERIOD 1874 TO 2018


WEATHER ITEM   OBSERVED TIME   RECORD YEAR NORMAL DEPARTURE LAST
                VALUE   (LST)  VALUE       VALUE  FROM      YEAR
                                                  NORMAL
..................................................................
TEMPERATURE (F)
 YESTERDAY
  MAXIMUM         61    156 PM  90    1995  65     -4       62
  MINIMUM         50   1159 PM  38    1955  51     -1       55
                                      1889
  AVERAGE         56                        58     -2       59

PRECIPITATION (IN)
  YESTERDAY        T             1.47 1993   0.09  -0.09     0.02
  MONTH TO DATE    T                         1.51  -1.51     1.31
  SINCE OCT 1      1.87                      6.60  -4.73     9.22
  SINCE JAN 1      1.78                      3.49  -1.71     4.32

DEGREE DAYS
 HEATING
  YESTERDAY        9                         7      2        6
  MONTH TO DATE   57                       139    -82       83
  SINCE DEC 1    316                       649   -333      481
  SINCE JUL 1    354                       794   -440      531

 COOLING
  YESTERDAY        0                         0      0        0
  MONTH TO DATE    4                         0      4        0
  SINCE DEC 1     20                         2     18        4
  SINCE JAN 1     17                         2     15        0
..................................................................


WIND (MPH)
  RESULTANT WIND SPEED  15   RESULTANT WIND DIRECTION   W (280)
  HIGHEST WIND SPEED    25   HIGHEST WIND DIRECTION     W (260)
  HIGHEST GUST SPEED    32   HIGHEST GUST DIRECTION     W (270)
  AVERAGE WIND SPEED    15.3


SKY COVER
  POSSIBLE SUNSHINE  MM
  AVERAGE SKY COVER 0.6


WEATHER CONDITIONS
 THE FOLLOWING WEATHER WAS RECORDED YESTERDAY.
  NO SIGNIFICANT WEATHER WAS OBSERVED.


RELATIVE HUMIDITY (PERCENT)
 HIGHEST    67          1200 AM
 LOWEST     32           200 PM
 AVERAGE    50

..........................................................


THE SAN DIEGO INTL AIRPORT CA CLIMATE NORMALS FOR TODAY
                         NORMAL    RECORD    YEAR
 MAXIMUM TEMPERATURE (F)   65        81      1982
 MINIMUM TEMPERATURE (F)   51        37      1882


SUNRISE AND SUNSET
FEBRUARY 20 2018......SUNRISE   626 AM PST   SUNSET   539 PM PST
FEBRUARY 21 2018......SUNRISE   625 AM PST   SUNSET   539 PM PST


-  INDICATES NEGATIVE NUMBERS.
R  INDICATES RECORD WAS SET OR TIED.
MM INDICATES DATA IS MISSING.
T  INDICATES TRACE AMOUNT.




$$
