000
CDUS44 KEWX 242222
CLISAT


CLIMATE REPORT
NATIONAL WEATHER SERVICE AUSTIN/SAN ANTONIO, TX
521 PM CDT THU APR 24 2014


...................................

...THE SAN ANTONIO CLIMATE SUMMARY FOR APRIL 24 2014...
VALID TODAY AS OF 521 PM LOCAL TIME.

CLIMATE NORMAL PERIOD 1981 TO 2010
CLIMATE RECORD PERIOD 1886 TO 2014


WEATHER ITEM   OBSERVED TIME   RECORD YEAR NORMAL DEPARTURE LAST
                VALUE   (LST)  VALUE       VALUE  FROM      YEAR
                                                  NORMAL
..................................................................
TEMPERATURE (F)
 TODAY
  MAXIMUM         89    355 PM  99    1894  82      7       64
  MINIMUM         67    430 AM  41    1995  61      6       47
  AVERAGE         78                        71      7       56

PRECIPITATION (IN)
  TODAY            0.00          2.69 1905   0.09  -0.09      T
  MONTH TO DATE    0.68                      1.58  -0.90     1.81
  SINCE MAR 1      1.74                      3.89  -2.15     2.76
  SINCE JAN 1      2.39                      7.44  -5.05     5.69

SNOWFALL (IN)
  TODAY            0.0
  MONTH TO DATE    0.0
  SINCE MAR 1      0.0
  SINCE JUL 1      0.4
  SNOW DEPTH       0

DEGREE DAYS
 HEATING
  TODAY            0                         0      0        9
  MONTH TO DATE   40                        38      2       55
  SINCE MAR 1    228                       192     36      195
  SINCE JUL 1   1562                      1493     69     1189

 COOLING
  TODAY           13                         7      6        0
  MONTH TO DATE  153                       123     30      103
  SINCE MAR 1    214                       188     26      180
  SINCE JAN 1    279                       214     65      220
..................................................................


WIND (MPH)
  HIGHEST WIND SPEED    17   HIGHEST WIND DIRECTION     S (160)
  HIGHEST GUST SPEED    21   HIGHEST GUST DIRECTION    SE (150)
  AVERAGE WIND SPEED     9.1


SKY COVER
  AVERAGE SKY COVER 0.7


WEATHER CONDITIONS
 THE FOLLOWING WEATHER WAS RECORDED TODAY.
  NO SIGNIFICANT WEATHER WAS OBSERVED.


RELATIVE HUMIDITY (PERCENT)
 HIGHEST    87           400 AM
 LOWEST     41           400 PM
 AVERAGE    64

..........................................................


THE SAN ANTONIO CLIMATE NORMALS FOR TOMORROW
                         NORMAL    RECORD    YEAR
 MAXIMUM TEMPERATURE (F)   83        98      1996
 MINIMUM TEMPERATURE (F)   61        41      1968


SUNRISE AND SUNSET
APRIL 24 2014.........SUNRISE   658 AM CDT   SUNSET   806 PM CDT
APRIL 25 2014.........SUNRISE   657 AM CDT   SUNSET   807 PM CDT


-  INDICATES NEGATIVE NUMBERS.
R  INDICATES RECORD WAS SET OR TIED.
MM INDICATES DATA IS MISSING.
T  INDICATES TRACE AMOUNT.




$$
