000
CDUS44 KEWX 292223
CLISAT


CLIMATE REPORT
NATIONAL WEATHER SERVICE AUSTIN/SAN ANTONIO, TX
522 PM CDT TUE JUL 29 2014

...................................

...THE SAN ANTONIO CLIMATE SUMMARY FOR JULY 29 2014...
VALID TODAY AS OF 0500 PM LOCAL TIME.

CLIMATE NORMAL PERIOD 1981 TO 2010
CLIMATE RECORD PERIOD 1886 TO 2014


WEATHER ITEM   OBSERVED TIME   RECORD YEAR NORMAL DEPARTURE LAST
                VALUE   (LST)  VALUE       VALUE  FROM      YEAR
                                                  NORMAL
..................................................................
TEMPERATURE (F)
 TODAY
  MAXIMUM         99    352 PM 103    1946  96      3      102
                                      1912
  MINIMUM         75    606 AM  67    1994  75      0       80
                                      1903
  AVERAGE         87                        85      2       91

PRECIPITATION (IN)
  TODAY            0.00          0.96 1893   0.06  -0.06     0.00
  MONTH TO DATE    3.24                      2.63   0.61     0.73
  SINCE JUN 1      8.62                      6.77   1.85     2.75
  SINCE JAN 1     15.98                     18.74  -2.76    22.59

SNOWFALL (IN)
  TODAY            0.0
  MONTH TO DATE    0.0
  SINCE JUN 1      0.0
  SINCE JUL 1      0.0
  SNOW DEPTH       0

DEGREE DAYS
 HEATING
  TODAY            0                         0      0        0
  MONTH TO DATE    0                         0      0        0
  SINCE JUN 1      0                         0      0        0
  SINCE JUL 1      0                         0      0        0

 COOLING
  TODAY           22                        20      2       26
  MONTH TO DATE  580                       566     14      610
  SINCE JUN 1   1131                      1089     42     1185
  SINCE JAN 1   1835                      1718    117     1802
..................................................................


WIND (MPH)
  HIGHEST WIND SPEED    12   HIGHEST WIND DIRECTION    SE (130)
  HIGHEST GUST SPEED    15   HIGHEST GUST DIRECTION     E (80)
  AVERAGE WIND SPEED     4.2


SKY COVER
  AVERAGE SKY COVER 0.3


WEATHER CONDITIONS
 THE FOLLOWING WEATHER WAS RECORDED TODAY.
  NO SIGNIFICANT WEATHER WAS OBSERVED.


RELATIVE HUMIDITY (PERCENT)
 HIGHEST    79           600 AM
 LOWEST     29           400 PM
 AVERAGE    54

..........................................................


THE SAN ANTONIO CLIMATE NORMALS FOR TOMORROW
                         NORMAL    RECORD    YEAR
 MAXIMUM TEMPERATURE (F)   96       104      1960
                                             1912
 MINIMUM TEMPERATURE (F)   75        68      1949


SUNRISE AND SUNSET
JULY 29 2014..........SUNRISE   652 AM CDT   SUNSET   828 PM CDT
JULY 30 2014..........SUNRISE   653 AM CDT   SUNSET   828 PM CDT


-  INDICATES NEGATIVE NUMBERS.
R  INDICATES RECORD WAS SET OR TIED.
MM INDICATES DATA IS MISSING.
T  INDICATES TRACE AMOUNT.


$$
