000
CDUS44 KEWX 262222
CLISAT


CLIMATE REPORT
NATIONAL WEATHER SERVICE AUSTIN/SAN ANTONIO, TX
522 PM CDT THU MAR 26 2015


...................................

...THE SAN ANTONIO CLIMATE SUMMARY FOR MARCH 26 2015...
VALID TODAY AS OF 522 PM LOCAL TIME.

CLIMATE NORMAL PERIOD 1981 TO 2010
CLIMATE RECORD PERIOD 1886 TO 2015


WEATHER ITEM   OBSERVED TIME   RECORD YEAR NORMAL DEPARTURE LAST
                VALUE   (LST)  VALUE       VALUE  FROM      YEAR
                                                  NORMAL
..................................................................
TEMPERATURE (F)
 TODAY
  MAXIMUM         71    353 PM  97    1950  76     -5       65
  MINIMUM         55    812 AM  31    1955  53      2       55
  AVERAGE         63                        64     -1       60

PRECIPITATION (IN)
  TODAY            T             1.47 1900   0.08  -0.08     0.15
  MONTH TO DATE    2.97                      1.98   0.99     1.02
  SINCE MAR 1      2.97                      1.98   0.99     1.02
  SINCE JAN 1      7.17                      5.53   1.64     1.67

SNOWFALL (IN)
  TODAY            0.0
  MONTH TO DATE    0.0
  SINCE MAR 1      0.0
  SINCE JUL 1      T
  SNOW DEPTH       0

DEGREE DAYS
 HEATING
  TODAY            2                         3     -1        5
  MONTH TO DATE  166                       138     28      188
  SINCE MAR 1    166                       138     28      188
  SINCE JUL 1   1481                      1439     42     1522

 COOLING
  TODAY            0                         3     -3        0
  MONTH TO DATE   36                        51    -15       23
  SINCE MAR 1     36                        51    -15       23
  SINCE JAN 1     49                        77    -28       88
..................................................................


WIND (MPH)
  HIGHEST WIND SPEED    29   HIGHEST WIND DIRECTION     N (350)
  HIGHEST GUST SPEED    41   HIGHEST GUST DIRECTION     N (340)
  AVERAGE WIND SPEED    15.7


SKY COVER
  AVERAGE SKY COVER 0.8


WEATHER CONDITIONS
 THE FOLLOWING WEATHER WAS RECORDED TODAY.
  LIGHT RAIN
  FOG


RELATIVE HUMIDITY (PERCENT)
 HIGHEST    90           100 AM
 LOWEST     35           400 PM
 AVERAGE    63

..........................................................


THE SAN ANTONIO CLIMATE NORMALS FOR TOMORROW
                         NORMAL    RECORD    YEAR
 MAXIMUM TEMPERATURE (F)   76        96      1984
 MINIMUM TEMPERATURE (F)   53        31      1913


SUNRISE AND SUNSET
MARCH 26 2015.........SUNRISE   731 AM CDT   SUNSET   749 PM CDT
MARCH 27 2015.........SUNRISE   730 AM CDT   SUNSET   749 PM CDT


-  INDICATES NEGATIVE NUMBERS.
R  INDICATES RECORD WAS SET OR TIED.
MM INDICATES DATA IS MISSING.
T  INDICATES TRACE AMOUNT.




$$
