000
CDUS44 KEWX 310743
CLISAT


CLIMATE REPORT
NATIONAL WEATHER SERVICE AUSTIN/SAN ANTONIO, TX
243 AM CDT FRI JUL 31 2015


...................................

...THE SAN ANTONIO CLIMATE SUMMARY FOR JULY 30 2015...

CLIMATE NORMAL PERIOD 1981 TO 2010
CLIMATE RECORD PERIOD 1886 TO 2015


WEATHER ITEM   OBSERVED TIME   RECORD YEAR NORMAL DEPARTURE LAST
                VALUE   (LST)  VALUE       VALUE  FROM      YEAR
                                                  NORMAL
..................................................................
TEMPERATURE (F)
 YESTERDAY
  MAXIMUM         99    328 PM 104    1960  96      3       97
                                      1912
  MINIMUM         75    411 AM  68    1949  75      0       75
  AVERAGE         87                        85      2       86

PRECIPITATION (IN)
  YESTERDAY        0.00          1.27 1933   0.06  -0.06     0.00
  MONTH TO DATE    0.07                      2.69  -2.62     3.24
  SINCE JUN 1      6.49                      6.83  -0.34     8.62
  SINCE JAN 1     29.77                     18.80  10.97    15.98

SNOWFALL (IN)
  YESTERDAY        0.0
  MONTH TO DATE    0.0
  SINCE JUN 1      0.0
  SINCE JUL 1      0.0
  SNOW DEPTH       0

DEGREE DAYS
 HEATING
  YESTERDAY        0                         0      0        0
  MONTH TO DATE    0                         0      0        0
  SINCE JUN 1      0                         0      0        0
  SINCE JUL 1      0                         0      0        0

 COOLING
  YESTERDAY       22                        20      2       21
  MONTH TO DATE  622                       586     36      601
  SINCE JUN 1   1128                      1109     19     1152
  SINCE JAN 1   1773                      1738     35     1856
..................................................................


WIND (MPH)
  HIGHEST WIND SPEED    14   HIGHEST WIND DIRECTION     E (110)
  HIGHEST GUST SPEED    18   HIGHEST GUST DIRECTION    SE (120)
  AVERAGE WIND SPEED     5.9


SKY COVER
  AVERAGE SKY COVER 0.4


WEATHER CONDITIONS
 THE FOLLOWING WEATHER WAS RECORDED YESTERDAY.
  NO SIGNIFICANT WEATHER WAS OBSERVED.


RELATIVE HUMIDITY (PERCENT)
 HIGHEST    87           600 AM
 LOWEST     31           400 PM
 AVERAGE    59

..........................................................


THE SAN ANTONIO CLIMATE NORMALS FOR TODAY
                         NORMAL    RECORD    YEAR
 MAXIMUM TEMPERATURE (F)   96       103      2013
                                             1991
                                             1948
 MINIMUM TEMPERATURE (F)   75        65      1965


SUNRISE AND SUNSET
JULY 31 2015..........SUNRISE   653 AM CDT   SUNSET   827 PM CDT
AUGUST  1 2015........SUNRISE   654 AM CDT   SUNSET   826 PM CDT


-  INDICATES NEGATIVE NUMBERS.
R  INDICATES RECORD WAS SET OR TIED.
MM INDICATES DATA IS MISSING.
T  INDICATES TRACE AMOUNT.




$$
