000
CDUS44 KEWX 192329
CLISAT


CLIMATE REPORT
NATIONAL WEATHER SERVICE AUSTIN/SAN ANTONIO, TX
527 PM CST FRI DEC 19 2014


...................................

...THE SAN ANTONIO CLIMATE SUMMARY FOR DECEMBER 19 2014...
VALID TODAY AS OF 0527 PM LOCAL TIME.

CLIMATE NORMAL PERIOD 1981 TO 2010
CLIMATE RECORD PERIOD 1886 TO 2014


WEATHER ITEM   OBSERVED TIME   RECORD YEAR NORMAL DEPARTURE LAST
                VALUE   (LST)  VALUE       VALUE  FROM      YEAR
                                                  NORMAL
..................................................................
TEMPERATURE (F)
 TODAY
  MAXIMUM         65    247 PM  82    2012  63      2       77
  MINIMUM         51    855 AM  18    1996  41     10       61
  AVERAGE         58                        52      6       69

PRECIPITATION (IN)
  TODAY            0.16          5.97 1991   0.06   0.10     0.00
  MONTH TO DATE    0.95                      1.14  -0.19     0.06
  SINCE DEC 1      0.95                      1.14  -0.19     0.06
  SINCE JAN 1     27.91                     31.50  -3.59    31.51

SNOWFALL (IN)
  TODAY            0.0
  MONTH TO DATE    0.0
  SINCE DEC 1      0.0
  SINCE JUL 1      0.0
  SNOW DEPTH       0

DEGREE DAYS
 HEATING
  TODAY            7                        13     -6        0
  MONTH TO DATE   89                       225   -136      253
  SINCE DEC 1     89                       225   -136      253
  SINCE JUL 1    336                       436   -100      481

 COOLING
  TODAY            0                         0      0        4
  MONTH TO DATE    7                         7      0       12
  SINCE DEC 1      7                         7      0       12
  SINCE JAN 1   3506                      3124    382     3518
..................................................................


WIND (MPH)
  HIGHEST WIND SPEED    18   HIGHEST WIND DIRECTION     N (10)
  HIGHEST GUST SPEED    24   HIGHEST GUST DIRECTION    NE (40)
  AVERAGE WIND SPEED    11.8


SKY COVER
  AVERAGE SKY COVER 0.8


WEATHER CONDITIONS
 THE FOLLOWING WEATHER WAS RECORDED TODAY.
  RAIN
  LIGHT RAIN
  FOG


RELATIVE HUMIDITY (PERCENT)
 HIGHEST    96           500 AM
 LOWEST     60           200 PM
 AVERAGE    78

..........................................................


THE SAN ANTONIO CLIMATE NORMALS FOR TOMORROW
                         NORMAL    RECORD    YEAR
 MAXIMUM TEMPERATURE (F)   63        85      1951
 MINIMUM TEMPERATURE (F)   41        21      1924


SUNRISE AND SUNSET
DECEMBER 19 2014......SUNRISE   723 AM CST   SUNSET   539 PM CST
DECEMBER 20 2014......SUNRISE   724 AM CST   SUNSET   539 PM CST


-  INDICATES NEGATIVE NUMBERS.
R  INDICATES RECORD WAS SET OR TIED.
MM INDICATES DATA IS MISSING.
T  INDICATES TRACE AMOUNT.




$$
