000
CDUS44 KEWX 282252
CLISAT


CLIMATE REPORT
NATIONAL WEATHER SERVICE AUSTIN/SAN ANTONIO, TX
551 PM CDT TUE MAR 28 2017


...................................

...THE SAN ANTONIO CLIMATE SUMMARY FOR MARCH 28 2017...
VALID TODAY AS OF 550 PM LOCAL TIME.

CLIMATE NORMAL PERIOD 1981 TO 2010
CLIMATE RECORD PERIOD 1886 TO 2017


WEATHER ITEM   OBSERVED TIME   RECORD YEAR NORMAL DEPARTURE LAST
                VALUE   (LST)  VALUE       VALUE  FROM      YEAR
                                                  NORMAL
..................................................................
TEMPERATURE (F)
 TODAY
  MAXIMUM         83    357 PM 100    1971  76      7       73
  MINIMUM         70    710 AM  29    1955  53     17       50
  AVERAGE         77                        65     12       62

PRECIPITATION (IN)
  TODAY            0.00          0.98 1898   0.07  -0.07     0.00
  MONTH TO DATE    1.22                      2.12  -0.90     3.42
  SINCE MAR 1      1.22                      2.12  -0.90     3.42
  SINCE JAN 1      7.55                      5.67   1.88     6.35

SNOWFALL (IN)
  TODAY            0.0
  MONTH TO DATE    0.0
  SINCE MAR 1      0.0
  SINCE JUL 1      0.0
  SNOW DEPTH       0

DEGREE DAYS
 HEATING
  TODAY            0                         3     -3        3
  MONTH TO DATE   51                       144    -93       69
  SINCE MAR 1     51                       144    -93       69
  SINCE JUL 1    769                      1445   -676     1018

 COOLING
  TODAY           12                         3      9        0
  MONTH TO DATE  123                        57     66       87
  SINCE MAR 1    123                        57     66       87
  SINCE JAN 1    223                        83    140      116
..................................................................


WIND (MPH)
  HIGHEST WIND SPEED    32   HIGHEST WIND DIRECTION    SE (140)
  HIGHEST GUST SPEED    40   HIGHEST GUST DIRECTION    SE (140)
  AVERAGE WIND SPEED    15.2


SKY COVER
  AVERAGE SKY COVER 0.9


WEATHER CONDITIONS
 THE FOLLOWING WEATHER WAS RECORDED TODAY.
  FOG
  HAZE


RELATIVE HUMIDITY (PERCENT)
 HIGHEST    90           300 AM
 LOWEST     47           400 PM
 AVERAGE    69

..........................................................


THE SAN ANTONIO CLIMATE NORMALS FOR TOMORROW
                         NORMAL    RECORD    YEAR
 MAXIMUM TEMPERATURE (F)   77        94      2000
 MINIMUM TEMPERATURE (F)   54        35      1987


SUNRISE AND SUNSET
MARCH 28 2017.........SUNRISE   728 AM CDT   SUNSET   750 PM CDT
MARCH 29 2017.........SUNRISE   727 AM CDT   SUNSET   751 PM CDT


-  INDICATES NEGATIVE NUMBERS.
R  INDICATES RECORD WAS SET OR TIED.
MM INDICATES DATA IS MISSING.
T  INDICATES TRACE AMOUNT.




$$
