000
CDUS44 KEWX 240718
CLISAT


CLIMATE REPORT
NATIONAL WEATHER SERVICE AUSTIN/SAN ANTONIO, TX
217 AM CDT TUE OCT 24 2017


...................................

...THE SAN ANTONIO CLIMATE SUMMARY FOR OCTOBER 23 2017...

CLIMATE NORMAL PERIOD 1981 TO 2010
CLIMATE RECORD PERIOD 1886 TO 2017


WEATHER ITEM   OBSERVED TIME   RECORD YEAR NORMAL DEPARTURE LAST
                VALUE   (LST)  VALUE       VALUE  FROM      YEAR
                                                  NORMAL
..................................................................
TEMPERATURE (F)
 YESTERDAY
  MAXIMUM         82    405 PM  93    1988  80      2       82
  MINIMUM         51    653 AM  36    1996  58     -7       54
  AVERAGE         67                        69     -2       68

PRECIPITATION (IN)
  YESTERDAY        0.00          4.62 1914   0.14  -0.14      T
  MONTH TO DATE    0.27                      3.18  -2.91     0.16
  SINCE SEP 1      3.07                      6.21  -3.14     6.46
  SINCE JAN 1     22.57                     27.15  -4.58    35.91

SNOWFALL (IN)
  YESTERDAY        0.0
  MONTH TO DATE    0.0
  SINCE SEP 1      0.0
  SINCE JUL 1      0.0
  SNOW DEPTH       0

DEGREE DAYS
 HEATING
  YESTERDAY        0                         1     -1        0
  MONTH TO DATE    3                        12     -9        3
  SINCE SEP 1      3                        14    -11        3
  SINCE JUL 1      3                        14    -11        3

 COOLING
  YESTERDAY        2                         6     -4        3
  MONTH TO DATE  219                       181     38      233
  SINCE SEP 1    659                       624     35      746
  SINCE JAN 1   3308                      3015    293     3172
..................................................................


WIND (MPH)
  HIGHEST WIND SPEED    10   HIGHEST WIND DIRECTION     S (170)
  HIGHEST GUST SPEED    18   HIGHEST GUST DIRECTION     S (200)
  AVERAGE WIND SPEED     4.1


SKY COVER
  AVERAGE SKY COVER 0.1


WEATHER CONDITIONS
 THE FOLLOWING WEATHER WAS RECORDED YESTERDAY.
  NO SIGNIFICANT WEATHER WAS OBSERVED.


RELATIVE HUMIDITY (PERCENT)
 HIGHEST    83           500 AM
 LOWEST     30           200 PM
 AVERAGE    57

..........................................................


THE SAN ANTONIO CLIMATE NORMALS FOR TODAY
                         NORMAL    RECORD    YEAR
 MAXIMUM TEMPERATURE (F)   80        94      1933
 MINIMUM TEMPERATURE (F)   58        38      1908


SUNRISE AND SUNSET
OCTOBER 24 2017.......SUNRISE   742 AM CDT   SUNSET   654 PM CDT
OCTOBER 25 2017.......SUNRISE   742 AM CDT   SUNSET   653 PM CDT


-  INDICATES NEGATIVE NUMBERS.
R  INDICATES RECORD WAS SET OR TIED.
MM INDICATES DATA IS MISSING.
T  INDICATES TRACE AMOUNT.




$$
