000
CDUS44 KEWX 022232
CLISAT


CLIMATE REPORT
NATIONAL WEATHER SERVICE AUSTIN/SAN ANTONIO, TX
531 PM CDT WED SEP 2 2015


...................................

...THE SAN ANTONIO CLIMATE SUMMARY FOR SEPTEMBER 2 2015...
VALID TODAY AS OF 0531 PM LOCAL TIME.

CLIMATE NORMAL PERIOD 1981 TO 2010
CLIMATE RECORD PERIOD 1886 TO 2015


WEATHER ITEM   OBSERVED TIME   RECORD YEAR NORMAL DEPARTURE LAST
                VALUE   (LST)  VALUE       VALUE  FROM      YEAR
                                                  NORMAL
..................................................................
TEMPERATURE (F)
 TODAY
  MAXIMUM         94    427 PM 104    2000  94      0       99
  MINIMUM         73    428 AM  61    1915  73      0       79
  AVERAGE         84                        83      1       89

PRECIPITATION (IN)
  TODAY            0.00          1.83 2001   0.10  -0.10     0.01
  MONTH TO DATE    T                         0.21  -0.21     0.01
  SINCE SEP 1      T                         0.21  -0.21     0.01
  SINCE JAN 1     30.06                     21.15   8.91    16.08

SNOWFALL (IN)
  TODAY            0.0
  MONTH TO DATE    0.0
  SINCE SEP 1      0.0
  SINCE JUL 1      0.0
  SNOW DEPTH       0

DEGREE DAYS
 HEATING
  TODAY            0                         0      0        0
  MONTH TO DATE    0                         0      0        0
  SINCE SEP 1      0                         0      0        0
  SINCE JUL 1      0                         0      0        0

 COOLING
  TODAY           19                        18      1       24
  MONTH TO DATE   39                        37      2       48
  SINCE SEP 1     39                        37      2       48
  SINCE JAN 1   2537                      2428    109     2648
..................................................................


WIND (MPH)
  HIGHEST WIND SPEED    15   HIGHEST WIND DIRECTION     E (100)
  HIGHEST GUST SPEED    17   HIGHEST GUST DIRECTION     E (100)
  AVERAGE WIND SPEED     5.2


SKY COVER
  AVERAGE SKY COVER 0.5


WEATHER CONDITIONS
 THE FOLLOWING WEATHER WAS RECORDED TODAY.
  NO SIGNIFICANT WEATHER WAS OBSERVED.


RELATIVE HUMIDITY (PERCENT)
 HIGHEST    87           500 AM
 LOWEST     36           400 PM
 AVERAGE    62

..........................................................


THE SAN ANTONIO CLIMATE NORMALS FOR TOMORROW
                         NORMAL    RECORD    YEAR
 MAXIMUM TEMPERATURE (F)   94       104      2000
 MINIMUM TEMPERATURE (F)   73        61      1974
                                             1893


SUNRISE AND SUNSET
SEPTEMBER  2 2015.....SUNRISE   712 AM CDT   SUNSET   755 PM CDT
SEPTEMBER  3 2015.....SUNRISE   712 AM CDT   SUNSET   754 PM CDT


-  INDICATES NEGATIVE NUMBERS.
R  INDICATES RECORD WAS SET OR TIED.
MM INDICATES DATA IS MISSING.
T  INDICATES TRACE AMOUNT.




$$
