000
CDUS42 KCHS 220529
CLISAV


CLIMATE REPORT
NATIONAL WEATHER SERVICE CHARLESTON SC
1229 AM EST SAT NOV 22 2014


...................................

...THE SAVANNAH GA CLIMATE SUMMARY FOR NOVEMBER 21 2014...

CLIMATE NORMAL PERIOD 1981 TO 2010
CLIMATE RECORD PERIOD 1871 TO 2014


WEATHER ITEM   OBSERVED TIME   RECORD YEAR NORMAL DEPARTURE LAST
                VALUE   (LST)  VALUE       VALUE  FROM      YEAR
                                                  NORMAL
..................................................................
TEMPERATURE (F)
 YESTERDAY
  MAXIMUM         72    253 PM  82    2011  69      3       71
                                      1942
                                      1900
  MINIMUM         36    716 AM  24    1951  46    -10       54
                                      1937
  AVERAGE         54                        58     -4       63

PRECIPITATION (IN)
  YESTERDAY        0.00          1.93 2005   0.08  -0.08      T
  MONTH TO DATE    0.14                      1.66  -1.52     1.16
  SINCE SEP 1      6.98                      9.93  -2.95     3.17
  SINCE JAN 1     42.04                     44.30  -2.26    50.34

SNOWFALL (IN)
  YESTERDAY        0.0                       0.0    0.0
  SINCE SEP 1      0.0                       0.0    0.0
  SINCE JUL 1      0.0                       0.0    0.0

DEGREE DAYS
 HEATING
  YESTERDAY       11                         8      3        2
  MONTH TO DATE  196                       125     71      112
  SINCE SEP 1    215                       182     33      146
  SINCE JUL 1    215                       182     33      146

 COOLING
  YESTERDAY        0                         1     -1        0
  MONTH TO DATE   12                        31    -19       35
  SINCE SEP 1    602                       536     66      597
  SINCE JAN 1   2715                      2443    272     2446
..................................................................


WIND (MPH)
  HIGHEST WIND SPEED    12   HIGHEST WIND DIRECTION     E (100)
  HIGHEST GUST SPEED    18   HIGHEST GUST DIRECTION    NE (30)
  AVERAGE WIND SPEED     4.6


SKY COVER
  POSSIBLE SUNSHINE  MM
  AVERAGE SKY COVER 0.0


WEATHER CONDITIONS
 THE FOLLOWING WEATHER WAS RECORDED YESTERDAY.
  FOG
  HAZE


RELATIVE HUMIDITY (PERCENT)
 HIGHEST    79           400 AM
 LOWEST     19           100 PM
 AVERAGE    49

..........................................................


THE SAVANNAH GA CLIMATE NORMALS FOR TODAY
                         NORMAL    RECORD    YEAR
 MAXIMUM TEMPERATURE (F)   69        82      1997
                                             1900
 MINIMUM TEMPERATURE (F)   46        23      2000


SUNRISE AND SUNSET
NOVEMBER 22 2014......SUNRISE   700 AM EST   SUNSET   522 PM EST
NOVEMBER 23 2014......SUNRISE   701 AM EST   SUNSET   521 PM EST


-  INDICATES NEGATIVE NUMBERS.
R  INDICATES RECORD WAS SET OR TIED.
MM INDICATES DATA IS MISSING.
T  INDICATES TRACE AMOUNT.




$$
