018
CDUS42 KCHS 292117
CLISAV


CLIMATE REPORT
NATIONAL WEATHER SERVICE CHARLESTON SC
507 PM EDT FRI APR 29 2016


...................................

...THE SAVANNAH GA CLIMATE SUMMARY FOR APRIL 29 2016...
VALID TODAY AS OF 0500 PM LOCAL TIME.

CLIMATE NORMAL PERIOD 1981 TO 2010
CLIMATE RECORD PERIOD 1871 TO 2016


WEATHER ITEM   OBSERVED TIME   RECORD YEAR NORMAL DEPARTURE LAST
                VALUE   (LST)  VALUE       VALUE  FROM      YEAR
                                                  NORMAL
..................................................................
TEMPERATURE (F)
 TODAY
  MAXIMUM         93R   254 PM  93    2002  81     12       65
  MINIMUM         68    623 AM  39    1967  57     11       56
  AVERAGE         81                        69     12       61

PRECIPITATION (IN)
  TODAY            0.00          2.98 1873   0.09  -0.09     0.82
  MONTH TO DATE    2.26                      2.98  -0.72     6.52
  SINCE MAR 1      7.27                      6.71   0.56     8.54
  SINCE JAN 1     13.68                     13.19   0.49    16.10

SNOWFALL (IN)
  TODAY            0.0                       0.0    0.0
  SINCE MAR 1      0.0                       T      0.0
  SINCE JUL 1      T                         0.3   -0.3

DEGREE DAYS
 HEATING
  TODAY            0                         1     -1        4
  MONTH TO DATE   42                        75    -33       12
  SINCE MAR 1    142                       285   -143      156
  SINCE JUL 1   1211                      1802   -591     1691

 COOLING
  TODAY           16                         5     11        0
  MONTH TO DATE   97                        89      8      178
  SINCE MAR 1    203                       121     82      236
  SINCE JAN 1    224                       131     93      241
..................................................................


WIND (MPH)
  HIGHEST WIND SPEED    17   HIGHEST WIND DIRECTION     E (90)
  HIGHEST GUST SPEED    20   HIGHEST GUST DIRECTION     E (80)
  AVERAGE WIND SPEED     5.5


SKY COVER
  POSSIBLE SUNSHINE  MM
  AVERAGE SKY COVER 0.2


WEATHER CONDITIONS
 THE FOLLOWING WEATHER WAS RECORDED TODAY.
  NO SIGNIFICANT WEATHER WAS OBSERVED.


RELATIVE HUMIDITY (PERCENT)
 HIGHEST    90           200 AM
 LOWEST     30           300 PM
 AVERAGE    60

..........................................................


THE SAVANNAH GA CLIMATE NORMALS FOR TOMORROW
                         NORMAL    RECORD    YEAR
 MAXIMUM TEMPERATURE (F)   81        93      1990
                                             1987
 MINIMUM TEMPERATURE (F)   57        43      2008
                                             1993


SUNRISE AND SUNSET
APRIL 29 2016.........SUNRISE   640 AM EDT   SUNSET   804 PM EDT
APRIL 30 2016.........SUNRISE   639 AM EDT   SUNSET   805 PM EDT


-  INDICATES NEGATIVE NUMBERS.
R  INDICATES RECORD WAS SET OR TIED.
MM INDICATES DATA IS MISSING.
T  INDICATES TRACE AMOUNT.




$$
