000
CDUS42 KCHS 270618
CLISAV


CLIMATE REPORT
NATIONAL WEATHER SERVICE CHARLESTON SC
217 AM EDT THU JUL 27 2017


...................................

...THE SAVANNAH GA CLIMATE SUMMARY FOR JULY 26 2017...

CLIMATE NORMAL PERIOD 1981 TO 2010
CLIMATE RECORD PERIOD 1871 TO 2017


WEATHER ITEM   OBSERVED TIME   RECORD YEAR NORMAL DEPARTURE LAST
                VALUE   (LST)  VALUE       VALUE  FROM      YEAR
                                                  NORMAL
..................................................................
TEMPERATURE (F)
 YESTERDAY
  MAXIMUM         84    339 PM 102    2010  92     -8       96
  MINIMUM         75    850 AM  65    1911  73      2       75
  AVERAGE         80                        83     -3       86

PRECIPITATION (IN)
  YESTERDAY        0.17          2.48 1946   0.20  -0.03     0.00
  MONTH TO DATE    5.47                      4.57   0.90     1.21
  SINCE JUN 1     12.12                     10.52   1.60     8.17
  SINCE JAN 1     35.87                     26.78   9.09    30.84

DEGREE DAYS
 HEATING
  YESTERDAY        0                         0      0        0
  MONTH TO DATE    0                         0      0        0
  SINCE JUN 1      0                         0      0        0
  SINCE JUL 1      0                         0      0        0

 COOLING
  YESTERDAY       15                        18     -3       21
  MONTH TO DATE  490                       460     30      546
  SINCE JUN 1    944                       906     38     1062
  SINCE JAN 1   1618                      1309    309     1590
..................................................................


WIND (MPH)
  HIGHEST WIND SPEED    15   HIGHEST WIND DIRECTION     E (80)
  HIGHEST GUST SPEED    18   HIGHEST GUST DIRECTION     E (70)
  AVERAGE WIND SPEED     5.2


SKY COVER
  POSSIBLE SUNSHINE  MM
  AVERAGE SKY COVER 0.7


WEATHER CONDITIONS
 THE FOLLOWING WEATHER WAS RECORDED YESTERDAY.
  HEAVY RAIN
  RAIN
  LIGHT RAIN
  FOG


RELATIVE HUMIDITY (PERCENT)
 HIGHEST    94           500 AM
 LOWEST     65           600 PM
 AVERAGE    80

..........................................................


THE SAVANNAH GA CLIMATE NORMALS FOR TODAY
                         NORMAL    RECORD    YEAR
 MAXIMUM TEMPERATURE (F)   92       100      2010
                                             1936
 MINIMUM TEMPERATURE (F)   73        66      1911


SUNRISE AND SUNSET
JULY 27 2017..........SUNRISE   637 AM EDT   SUNSET   825 PM EDT
JULY 28 2017..........SUNRISE   637 AM EDT   SUNSET   825 PM EDT


-  INDICATES NEGATIVE NUMBERS.
R  INDICATES RECORD WAS SET OR TIED.
MM INDICATES DATA IS MISSING.
T  INDICATES TRACE AMOUNT.




$$
