000
CDUS42 KCHS 210532
CLISAV


CLIMATE REPORT
NATIONAL WEATHER SERVICE CHARLESTON SC
1232 AM EST SUN DEC 21 2014


...................................

...THE SAVANNAH GA CLIMATE SUMMARY FOR DECEMBER 20 2014...

CLIMATE NORMAL PERIOD 1981 TO 2010
CLIMATE RECORD PERIOD 1871 TO 2014


WEATHER ITEM   OBSERVED TIME   RECORD YEAR NORMAL DEPARTURE LAST
                VALUE   (LST)  VALUE       VALUE  FROM      YEAR
                                                  NORMAL
..................................................................
TEMPERATURE (F)
 YESTERDAY
  MAXIMUM         56    443 PM  83    1967  61     -5       77
  MINIMUM         50    836 AM  18    1981  40     10       45
  AVERAGE         53                        51      2       61

PRECIPITATION (IN)
  YESTERDAY        0.09          2.14 1911   0.10  -0.01     0.00
  MONTH TO DATE    0.11                      1.84  -1.73     1.26
  SINCE DEC 1      0.11                      1.84  -1.73     1.26
  SINCE JAN 1     46.65                     46.85  -0.20    52.95

SNOWFALL (IN)
  YESTERDAY        0.0                       0.0    0.0
  SINCE DEC 1      0.0                       0.1   -0.1
  SINCE JUL 1      0.0                       0.1   -0.1

DEGREE DAYS
 HEATING
  YESTERDAY       12                        15     -3        4
  MONTH TO DATE  179                       254    -75      167
  SINCE DEC 1    179                       254    -75      167
  SINCE JUL 1    471                       521    -50      423

 COOLING
  YESTERDAY        0                         0      0        0
  MONTH TO DATE    5                         3      2       20
  SINCE DEC 1      5                         3      2       20
  SINCE JAN 1   2731                      2452    279     2473
..................................................................


WIND (MPH)
  HIGHEST WIND SPEED    13   HIGHEST WIND DIRECTION    NE (30)
  HIGHEST GUST SPEED    15   HIGHEST GUST DIRECTION    NE (30)
  AVERAGE WIND SPEED     5.0


SKY COVER
  POSSIBLE SUNSHINE  MM
  AVERAGE SKY COVER 1.0


WEATHER CONDITIONS
 THE FOLLOWING WEATHER WAS RECORDED YESTERDAY.
  LIGHT RAIN
  FOG


RELATIVE HUMIDITY (PERCENT)
 HIGHEST    93          1000 PM
 LOWEST     77           200 PM
 AVERAGE    85

..........................................................


THE SAVANNAH GA CLIMATE NORMALS FOR TODAY
                         NORMAL    RECORD    YEAR
 MAXIMUM TEMPERATURE (F)   61        81      2013
 MINIMUM TEMPERATURE (F)   40        18      1901


SUNRISE AND SUNSET
DECEMBER 21 2014......SUNRISE   722 AM EST   SUNSET   524 PM EST
DECEMBER 22 2014......SUNRISE   722 AM EST   SUNSET   525 PM EST


-  INDICATES NEGATIVE NUMBERS.
R  INDICATES RECORD WAS SET OR TIED.
MM INDICATES DATA IS MISSING.
T  INDICATES TRACE AMOUNT.




$$
