000
CDUS42 KCHS 230538
CLISAV


CLIMATE REPORT
NATIONAL WEATHER SERVICE CHARLESTON SC
134 AM EDT SAT AUG 23 2014


...................................

...THE SAVANNAH GA CLIMATE SUMMARY FOR AUGUST 22 2014...

CLIMATE NORMAL PERIOD 1981 TO 2010
CLIMATE RECORD PERIOD 1871 TO 2014


WEATHER ITEM   OBSERVED TIME   RECORD YEAR NORMAL DEPARTURE LAST
                VALUE   (LST)  VALUE       VALUE  FROM      YEAR
                                                  NORMAL
..................................................................
TEMPERATURE (F)
 YESTERDAY
  MAXIMUM        100R   358 PM 100    1983  90     10       89
  MINIMUM         75    530 AM  62    1930  72      3       71
  AVERAGE         88                        81      7       80

PRECIPITATION (IN)
  YESTERDAY        0.00          3.21 2010   0.22  -0.22     1.09
  MONTH TO DATE    3.41                      4.70  -1.29     7.03
  SINCE JUN 1     19.27                     16.25   3.02    27.63
  SINCE JAN 1     35.06                     32.51   2.55    47.17

DEGREE DAYS
 HEATING
  YESTERDAY        0                         0      0        0
  MONTH TO DATE    0                         0      0        0
  SINCE JUN 1      0                         0      0        0
  SINCE JUL 1      0                         0      0        0

 COOLING
  YESTERDAY       23                        16      7       15
  MONTH TO DATE  415                       370     45      378
  SINCE JUN 1   1469                      1362    107     1352
  SINCE JAN 1   1958                      1765    193     1710
..................................................................


WIND (MPH)
  HIGHEST WIND SPEED    13   HIGHEST WIND DIRECTION    NW (310)
  HIGHEST GUST SPEED    18   HIGHEST GUST DIRECTION    NW (310)
  AVERAGE WIND SPEED     4.5


SKY COVER
  POSSIBLE SUNSHINE  MM
  AVERAGE SKY COVER 0.3


WEATHER CONDITIONS
 THE FOLLOWING WEATHER WAS RECORDED YESTERDAY.
  NO SIGNIFICANT WEATHER WAS OBSERVED.


RELATIVE HUMIDITY (PERCENT)
 HIGHEST    87           600 AM
 LOWEST     35           500 PM
 AVERAGE    61

..........................................................


THE SAVANNAH GA CLIMATE NORMALS FOR TODAY
                         NORMAL    RECORD    YEAR
 MAXIMUM TEMPERATURE (F)   90        99      1987
                                             1968
 MINIMUM TEMPERATURE (F)   72        60      1930


SUNRISE AND SUNSET
AUGUST 23 2014........SUNRISE   654 AM EDT   SUNSET   800 PM EDT
AUGUST 24 2014........SUNRISE   655 AM EDT   SUNSET   759 PM EDT


-  INDICATES NEGATIVE NUMBERS.
R  INDICATES RECORD WAS SET OR TIED.
MM INDICATES DATA IS MISSING.
T  INDICATES TRACE AMOUNT.




$$
