000
CDUS42 KCHS 220605
CLISAV


CLIMATE REPORT
NATIONAL WEATHER SERVICE CHARLESTON SC
205 AM EDT THU JUN 22 2017


...................................

...THE SAVANNAH GA CLIMATE SUMMARY FOR JUNE 21 2017...

CLIMATE NORMAL PERIOD 1981 TO 2010
CLIMATE RECORD PERIOD 1871 TO 2017


WEATHER ITEM   OBSERVED TIME   RECORD YEAR NORMAL DEPARTURE LAST
                VALUE   (LST)  VALUE       VALUE  FROM      YEAR
                                                  NORMAL
..................................................................
TEMPERATURE (F)
 YESTERDAY
  MAXIMUM         89    155 PM 102    1990  91     -2       89
                                      1981
  MINIMUM         75    629 AM  59    1965  71      4       65
  AVERAGE         82                        81      1       77

PRECIPITATION (IN)
  YESTERDAY        0.54          1.79 1947   0.21   0.33     0.00
  MONTH TO DATE    2.30                      4.13  -1.83     6.28
  SINCE JUN 1      2.30                      4.13  -1.83     6.28
  SINCE JAN 1     26.05                     20.39   5.66    28.95

DEGREE DAYS
 HEATING
  YESTERDAY        0                         0      0        0
  MONTH TO DATE    0                         0      0        0
  SINCE JUN 1      0                         0      0        0
  SINCE JUL 1   1023                      1812   -789     1215

 COOLING
  YESTERDAY       17                        16      1       12
  MONTH TO DATE  296                       299     -3      348
  SINCE JUN 1    296                       299     -3      348
  SINCE JAN 1    970                       702    268      876
..................................................................


WIND (MPH)
  HIGHEST WIND SPEED    15   HIGHEST WIND DIRECTION    SE (150)
  HIGHEST GUST SPEED    25   HIGHEST GUST DIRECTION     W (290)
  AVERAGE WIND SPEED     4.9


SKY COVER
  POSSIBLE SUNSHINE  MM
  AVERAGE SKY COVER 0.9


WEATHER CONDITIONS
 THE FOLLOWING WEATHER WAS RECORDED YESTERDAY.
  THUNDERSTORM
  HEAVY RAIN
  RAIN
  LIGHT RAIN
  FOG


RELATIVE HUMIDITY (PERCENT)
 HIGHEST    94          1200 AM
 LOWEST     63           100 PM
 AVERAGE    79

..........................................................


THE SAVANNAH GA CLIMATE NORMALS FOR TODAY
                         NORMAL    RECORD    YEAR
 MAXIMUM TEMPERATURE (F)   91       101      1981
 MINIMUM TEMPERATURE (F)   71        59      1966


SUNRISE AND SUNSET
JUNE 22 2017..........SUNRISE   619 AM EDT   SUNSET   835 PM EDT
JUNE 23 2017..........SUNRISE   619 AM EDT   SUNSET   835 PM EDT


-  INDICATES NEGATIVE NUMBERS.
R  INDICATES RECORD WAS SET OR TIED.
MM INDICATES DATA IS MISSING.
T  INDICATES TRACE AMOUNT.




$$
