000
CDUS42 KCHS 310601
CLISAV


CLIMATE REPORT
NATIONAL WEATHER SERVICE CHARLESTON SC
201 AM EDT SUN JUL 31 2016


...................................

...THE SAVANNAH GA CLIMATE SUMMARY FOR JULY 30 2016...

CLIMATE NORMAL PERIOD 1981 TO 2010
CLIMATE RECORD PERIOD 1871 TO 2016


WEATHER ITEM   OBSERVED TIME   RECORD YEAR NORMAL DEPARTURE LAST
                VALUE   (LST)  VALUE       VALUE  FROM      YEAR
                                                  NORMAL
..................................................................
TEMPERATURE (F)
 YESTERDAY
  MAXIMUM        100    317 PM 101    1896  92      8       95
  MINIMUM         77    608 AM  66    1954  73      4       75
  AVERAGE         89                        83      6       85

PRECIPITATION (IN)
  YESTERDAY        0.00          3.14 1991   0.21  -0.21     0.01
  MONTH TO DATE    1.21                      5.39  -4.18     5.30
  SINCE JUN 1      8.17                     11.34  -3.17    10.93
  SINCE JAN 1     30.84                     27.60   3.24    28.26

DEGREE DAYS
 HEATING
  YESTERDAY        0                         0      0        0
  MONTH TO DATE    0                         0      0        0
  SINCE JUN 1      0                         0      0        0
  SINCE JUL 1      0                         0      0        0

 COOLING
  YESTERDAY       24                        18      6       20
  MONTH TO DATE  639                       532    107      569
  SINCE JUN 1   1155                       978    177     1075
  SINCE JAN 1   1683                      1381    302     1610
..................................................................


WIND (MPH)
  HIGHEST WIND SPEED    23   HIGHEST WIND DIRECTION     S (170)
  HIGHEST GUST SPEED    25   HIGHEST GUST DIRECTION     S (160)
  AVERAGE WIND SPEED     8.5


SKY COVER
  POSSIBLE SUNSHINE  MM
  AVERAGE SKY COVER 0.2


WEATHER CONDITIONS
 THE FOLLOWING WEATHER WAS RECORDED YESTERDAY.
  THUNDERSTORM


RELATIVE HUMIDITY (PERCENT)
 HIGHEST    79           600 AM
 LOWEST     38           200 PM
 AVERAGE    59

..........................................................


THE SAVANNAH GA CLIMATE NORMALS FOR TODAY
                         NORMAL    RECORD    YEAR
 MAXIMUM TEMPERATURE (F)   92       101      1999
                                             1990
                                             1942
 MINIMUM TEMPERATURE (F)   73        64      1997
                                             1936


SUNRISE AND SUNSET
JULY 31 2016..........SUNRISE   640 AM EDT   SUNSET   822 PM EDT
AUGUST  1 2016........SUNRISE   640 AM EDT   SUNSET   822 PM EDT


-  INDICATES NEGATIVE NUMBERS.
R  INDICATES RECORD WAS SET OR TIED.
MM INDICATES DATA IS MISSING.
T  INDICATES TRACE AMOUNT.




$$
