000
CDUS42 KCHS 280620
CLISAV


CLIMATE REPORT
NATIONAL WEATHER SERVICE CHARLESTON SC
120 AM EST FRI NOV 28 2014


...................................

...THE SAVANNAH GA CLIMATE SUMMARY FOR NOVEMBER 27 2014...

CLIMATE NORMAL PERIOD 1981 TO 2010
CLIMATE RECORD PERIOD 1871 TO 2014


WEATHER ITEM   OBSERVED TIME   RECORD YEAR NORMAL DEPARTURE LAST
                VALUE   (LST)  VALUE       VALUE  FROM      YEAR
                                                  NORMAL
..................................................................
TEMPERATURE (F)
 YESTERDAY
  MAXIMUM         58    355 PM  82    1973  67     -9       72
  MINIMUM         42   1159 PM  28    1903  45     -3       36
  AVERAGE         50                        56     -6       54

PRECIPITATION (IN)
  YESTERDAY        0.00          1.95 1873   0.07  -0.07     0.04
  MONTH TO DATE    4.64                      2.12   2.52     2.51
  SINCE SEP 1     11.48                     10.39   1.09     4.52
  SINCE JAN 1     46.54                     44.76   1.78    51.69

SNOWFALL (IN)
  YESTERDAY        0.0                       0.0    0.0
  SINCE SEP 1      0.0                       0.0    0.0
  SINCE JUL 1      0.0                       0.0    0.0

DEGREE DAYS
 HEATING
  YESTERDAY       15                        10      5       11
  MONTH TO DATE  230                       179     51      166
  SINCE SEP 1    249                       236     13      200
  SINCE JUL 1    249                       236     13      200

 COOLING
  YESTERDAY        0                         1     -1        0
  MONTH TO DATE   23                        37    -14       42
  SINCE SEP 1    613                       542     71      604
  SINCE JAN 1   2726                      2449    277     2453
..................................................................


WIND (MPH)
  HIGHEST WIND SPEED    25   HIGHEST WIND DIRECTION    NW (310)
  HIGHEST GUST SPEED    36   HIGHEST GUST DIRECTION     W (280)
  AVERAGE WIND SPEED    10.4


SKY COVER
  POSSIBLE SUNSHINE  MM
  AVERAGE SKY COVER 0.1


WEATHER CONDITIONS
 THE FOLLOWING WEATHER WAS RECORDED YESTERDAY.
  NO SIGNIFICANT WEATHER WAS OBSERVED.


RELATIVE HUMIDITY (PERCENT)
 HIGHEST    76           700 AM
 LOWEST     33           200 PM
 AVERAGE    55

..........................................................


THE SAVANNAH GA CLIMATE NORMALS FOR TODAY
                         NORMAL    RECORD    YEAR
 MAXIMUM TEMPERATURE (F)   67        83      1990
 MINIMUM TEMPERATURE (F)   45        24      1956


SUNRISE AND SUNSET
NOVEMBER 28 2014......SUNRISE   705 AM EST   SUNSET   520 PM EST
NOVEMBER 29 2014......SUNRISE   706 AM EST   SUNSET   520 PM EST


-  INDICATES NEGATIVE NUMBERS.
R  INDICATES RECORD WAS SET OR TIED.
MM INDICATES DATA IS MISSING.
T  INDICATES TRACE AMOUNT.




$$
