000
CDUS42 KCHS 290522
CLISAV


CLIMATE REPORT
NATIONAL WEATHER SERVICE CHARLESTON SC
121 AM EDT TUE JUL 29 2014


...................................

...THE SAVANNAH GA CLIMATE SUMMARY FOR JULY 28 2014...

CLIMATE NORMAL PERIOD 1981 TO 2010
CLIMATE RECORD PERIOD 1871 TO 2014


WEATHER ITEM   OBSERVED TIME   RECORD YEAR NORMAL DEPARTURE LAST
                VALUE   (LST)  VALUE       VALUE  FROM      YEAR
                                                  NORMAL
..................................................................
TEMPERATURE (F)
 YESTERDAY
  MAXIMUM         98    320 PM 102    1949  92      6       89
  MINIMUM         78   1155 PM  64    1920  73      5       74
  AVERAGE         88                        83      5       82

PRECIPITATION (IN)
  YESTERDAY        0.00          5.32 1926   0.20  -0.20     0.00
  MONTH TO DATE    1.90                      4.97  -3.07     8.75
  SINCE JUN 1     13.54                     10.92   2.62    17.03
  SINCE JAN 1     29.33                     27.18   2.15    36.57

DEGREE DAYS
 HEATING
  YESTERDAY        0                         0      0        0
  MONTH TO DATE    0                         0      0        0
  SINCE JUN 1      0                         0      0        0
  SINCE JUL 1      0                         0      0        0

 COOLING
  YESTERDAY       23                        18      5       17
  MONTH TO DATE  512                       496     16      453
  SINCE JUN 1   1003                       942     61      921
  SINCE JAN 1   1492                      1345    147     1279
..................................................................


WIND (MPH)
  HIGHEST WIND SPEED    23   HIGHEST WIND DIRECTION     W (250)
  HIGHEST GUST SPEED    32   HIGHEST GUST DIRECTION     W (250)
  AVERAGE WIND SPEED    10.0


SKY COVER
  POSSIBLE SUNSHINE  MM
  AVERAGE SKY COVER 0.5


WEATHER CONDITIONS
 THE FOLLOWING WEATHER WAS RECORDED YESTERDAY.
  THUNDERSTORM


RELATIVE HUMIDITY (PERCENT)
 HIGHEST    85           700 AM
 LOWEST     42           100 PM
 AVERAGE    64

..........................................................


THE SAVANNAH GA CLIMATE NORMALS FOR TODAY
                         NORMAL    RECORD    YEAR
 MAXIMUM TEMPERATURE (F)   92       103      1993
 MINIMUM TEMPERATURE (F)   73        64      1920


SUNRISE AND SUNSET
JULY 29 2014..........SUNRISE   638 AM EDT   SUNSET   824 PM EDT
JULY 30 2014..........SUNRISE   639 AM EDT   SUNSET   823 PM EDT


-  INDICATES NEGATIVE NUMBERS.
R  INDICATES RECORD WAS SET OR TIED.
MM INDICATES DATA IS MISSING.
T  INDICATES TRACE AMOUNT.




$$
