000
CDUS42 KCHS 250610
CLISAV


CLIMATE REPORT
NATIONAL WEATHER SERVICE CHARLESTON SC
209 AM EDT SUN SEP 25 2016


...................................

...THE SAVANNAH GA CLIMATE SUMMARY FOR SEPTEMBER 24 2016...

CLIMATE NORMAL PERIOD 1981 TO 2010
CLIMATE RECORD PERIOD 1871 TO 2016


WEATHER ITEM   OBSERVED TIME   RECORD YEAR NORMAL DEPARTURE LAST
                VALUE   (LST)  VALUE       VALUE  FROM      YEAR
                                                  NORMAL
..................................................................
TEMPERATURE (F)
 YESTERDAY
  MAXIMUM         91    230 PM  96    1986  84      7       73
  MINIMUM         71    427 AM  47    1967  66      5       64
  AVERAGE         81                        75      6       69

PRECIPITATION (IN)
  YESTERDAY        0.00          2.50 1947   0.13  -0.13     0.51
  MONTH TO DATE    3.61                      3.74  -0.13     1.86
  SINCE SEP 1      3.61                      3.74  -0.13     1.86
  SINCE JAN 1     37.98                     38.11  -0.13    38.02

DEGREE DAYS
 HEATING
  YESTERDAY        0                         0      0        0
  MONTH TO DATE    0                         0      0        0
  SINCE SEP 1      0                         0      0        0
  SINCE JUL 1      0                         0      0        0

 COOLING
  YESTERDAY       16                        10      6        4
  MONTH TO DATE  357                       305     52      305
  SINCE SEP 1    357                       305     52      305
  SINCE JAN 1   2667                      2212    455     2459
..................................................................


WIND (MPH)
  HIGHEST WIND SPEED    12   HIGHEST WIND DIRECTION     N (340)
  HIGHEST GUST SPEED    15   HIGHEST GUST DIRECTION     N (350)
  AVERAGE WIND SPEED     3.8


SKY COVER
  POSSIBLE SUNSHINE  MM
  AVERAGE SKY COVER 0.6


WEATHER CONDITIONS
 THE FOLLOWING WEATHER WAS RECORDED YESTERDAY.
  NO SIGNIFICANT WEATHER WAS OBSERVED.


RELATIVE HUMIDITY (PERCENT)
 HIGHEST    93           100 AM
 LOWEST     50           300 PM
 AVERAGE    72

..........................................................


THE SAVANNAH GA CLIMATE NORMALS FOR TODAY
                         NORMAL    RECORD    YEAR
 MAXIMUM TEMPERATURE (F)   84        95      1986
 MINIMUM TEMPERATURE (F)   65        50      1990
                                             1887


SUNRISE AND SUNSET
SEPTEMBER 25 2016.....SUNRISE   715 AM EDT   SUNSET   717 PM EDT
SEPTEMBER 26 2016.....SUNRISE   716 AM EDT   SUNSET   715 PM EDT


-  INDICATES NEGATIVE NUMBERS.
R  INDICATES RECORD WAS SET OR TIED.
MM INDICATES DATA IS MISSING.
T  INDICATES TRACE AMOUNT.




$$
