000
CDUS42 KCHS 210631
CLISAV


CLIMATE REPORT
NATIONAL WEATHER SERVICE CHARLESTON SC
131 AM EST TUE FEB 21 2017


...................................

...THE SAVANNAH GA CLIMATE SUMMARY FOR FEBRUARY 20 2017...

CLIMATE NORMAL PERIOD 1981 TO 2010
CLIMATE RECORD PERIOD 1871 TO 2017


WEATHER ITEM   OBSERVED TIME   RECORD YEAR NORMAL DEPARTURE LAST
                VALUE   (LST)  VALUE       VALUE  FROM      YEAR
                                                  NORMAL
..................................................................
TEMPERATURE (F)
 YESTERDAY
  MAXIMUM         77    303 PM  84    1991  65     12       75
  MINIMUM         48    609 AM  21    2015  43      5       42
  AVERAGE         63                        54      9       59

PRECIPITATION (IN)
  YESTERDAY        0.00          2.15 1914   0.10  -0.10     0.00
  MONTH TO DATE    0.14                      1.97  -1.83     3.17
  SINCE DEC 1     11.04                      8.61   2.43     9.65
  SINCE JAN 1      6.75                      5.66   1.09     6.30

SNOWFALL (IN)
  YESTERDAY        0.0                       0.0    0.0
  SINCE DEC 1      0.0                       0.3   -0.3
  SINCE JUL 1      0.0                       0.3   -0.3

DEGREE DAYS
 HEATING
  YESTERDAY        2                        11     -9        6
  MONTH TO DATE  113                       259   -146      266
  SINCE DEC 1    614                      1166   -552      881
  SINCE JUL 1    795                      1433   -638     1006

 COOLING
  YESTERDAY        0                         0      0        0
  MONTH TO DATE   12                         0     12        9
  SINCE DEC 1     45                        12     33      115
  SINCE JAN 1     35                         3     32        9
..................................................................


WIND (MPH)
  HIGHEST WIND SPEED    14   HIGHEST WIND DIRECTION     E (100)
  HIGHEST GUST SPEED    16   HIGHEST GUST DIRECTION     E (100)
  AVERAGE WIND SPEED     4.0


SKY COVER
  POSSIBLE SUNSHINE  MM
  AVERAGE SKY COVER 0.6


WEATHER CONDITIONS
 THE FOLLOWING WEATHER WAS RECORDED YESTERDAY.
  NO SIGNIFICANT WEATHER WAS OBSERVED.


RELATIVE HUMIDITY (PERCENT)
 HIGHEST    93           400 AM
 LOWEST     33          1200 PM
 AVERAGE    63

..........................................................


THE SAVANNAH GA CLIMATE NORMALS FOR TODAY
                         NORMAL    RECORD    YEAR
 MAXIMUM TEMPERATURE (F)   66        83      1991
 MINIMUM TEMPERATURE (F)   43        21      1896


SUNRISE AND SUNSET
FEBRUARY 21 2017......SUNRISE   701 AM EST   SUNSET   616 PM EST
FEBRUARY 22 2017......SUNRISE   700 AM EST   SUNSET   617 PM EST


-  INDICATES NEGATIVE NUMBERS.
R  INDICATES RECORD WAS SET OR TIED.
MM INDICATES DATA IS MISSING.
T  INDICATES TRACE AMOUNT.




$$
