000
CDUS42 KCHS 220546
CLISAV


CLIMATE REPORT
NATIONAL WEATHER SERVICE CHARLESTON SC
146 AM EDT WED OCT 22 2014


...................................

...THE SAVANNAH GA CLIMATE SUMMARY FOR OCTOBER 21 2014...

CLIMATE NORMAL PERIOD 1981 TO 2010
CLIMATE RECORD PERIOD 1871 TO 2014


WEATHER ITEM   OBSERVED TIME   RECORD YEAR NORMAL DEPARTURE LAST
                VALUE   (LST)  VALUE       VALUE  FROM      YEAR
                                                  NORMAL
..................................................................
TEMPERATURE (F)
 YESTERDAY
  MAXIMUM         81    325 PM  90    1943  77      4       73
  MINIMUM         59    623 AM  36    1913  56      3       63
  AVERAGE         70                        66      4       68

PRECIPITATION (IN)
  YESTERDAY        0.40          2.73 1933   0.11   0.29      T
  MONTH TO DATE    1.72                      2.82  -1.10     0.20
  SINCE SEP 1      6.84                      7.40  -0.56     1.98
  SINCE JAN 1     41.90                     41.77   0.13    49.15

SNOWFALL (IN)
  YESTERDAY        0.0                       0.0    0.0
  SINCE SEP 1      0.0                       0.0    0.0
  SINCE JUL 1      0.0                       0.0    0.0

DEGREE DAYS
 HEATING
  YESTERDAY        0                         2     -2        0
  MONTH TO DATE    6                        26    -20        0
  SINCE SEP 1      7                        28    -21        0
  SINCE JUL 1      7                        28    -21        0

 COOLING
  YESTERDAY        5                         4      1        3
  MONTH TO DATE  147                       120     27      164
  SINCE SEP 1    556                       479     77      549
  SINCE JAN 1   2669                      2386    283     2398
..................................................................


WIND (MPH)
  HIGHEST WIND SPEED    14   HIGHEST WIND DIRECTION     W (270)
  HIGHEST GUST SPEED    25   HIGHEST GUST DIRECTION    SW (240)
  AVERAGE WIND SPEED     4.8


SKY COVER
  POSSIBLE SUNSHINE  MM
  AVERAGE SKY COVER 0.2


WEATHER CONDITIONS
 THE FOLLOWING WEATHER WAS RECORDED YESTERDAY.
  HEAVY RAIN
  LIGHT RAIN
  FOG


RELATIVE HUMIDITY (PERCENT)
 HIGHEST    90           600 AM
 LOWEST     36           300 PM
 AVERAGE    63

..........................................................


THE SAVANNAH GA CLIMATE NORMALS FOR TODAY
                         NORMAL    RECORD    YEAR
 MAXIMUM TEMPERATURE (F)   77        88      1943
                                             1939
 MINIMUM TEMPERATURE (F)   55        38      1976


SUNRISE AND SUNSET
OCTOBER 22 2014.......SUNRISE   734 AM EDT   SUNSET   644 PM EDT
OCTOBER 23 2014.......SUNRISE   734 AM EDT   SUNSET   643 PM EDT


-  INDICATES NEGATIVE NUMBERS.
R  INDICATES RECORD WAS SET OR TIED.
MM INDICATES DATA IS MISSING.
T  INDICATES TRACE AMOUNT.




$$
