465
CDUS42 KCHS 220611
CLISAV


CLIMATE REPORT
NATIONAL WEATHER SERVICE CHARLESTON SC
210 AM EDT FRI MAY 22 2015


...................................

...THE SAVANNAH GA CLIMATE SUMMARY FOR MAY 21 2015...

CLIMATE NORMAL PERIOD 1981 TO 2010
CLIMATE RECORD PERIOD 1871 TO 2015


WEATHER ITEM   OBSERVED TIME   RECORD YEAR NORMAL DEPARTURE LAST
                VALUE   (LST)  VALUE       VALUE  FROM      YEAR
                                                  NORMAL
..................................................................
TEMPERATURE (F)
 YESTERDAY
  MAXIMUM         92    440 PM  98    1962  86      6       90
                                      1938
  MINIMUM         71    618 AM  46    2002  64      7       61
  AVERAGE         82                        75      7       76

PRECIPITATION (IN)
  YESTERDAY        0.00          1.80 1991   0.10  -0.10     0.00
  MONTH TO DATE    1.17                      1.79  -0.62     2.73
  SINCE MAR 1      9.71                      8.59   1.12    10.93
  SINCE JAN 1     17.27                     15.07   2.20    15.04

DEGREE DAYS
 HEATING
  YESTERDAY        0                         0      0        0
  MONTH TO DATE    2                         6     -4        0
  SINCE MAR 1    158                       292   -134      301
  SINCE JUL 1   1693                      1809   -116     1682

 COOLING
  YESTERDAY       17                        10      7       11
  MONTH TO DATE  188                       156     32      180
  SINCE MAR 1    425                       282    143      330
  SINCE JAN 1    430                       292    138      348
..................................................................


WIND (MPH)
  HIGHEST WIND SPEED    23   HIGHEST WIND DIRECTION     W (260)
  HIGHEST GUST SPEED    30   HIGHEST GUST DIRECTION     W (270)
  AVERAGE WIND SPEED    10.7


SKY COVER
  POSSIBLE SUNSHINE  MM
  AVERAGE SKY COVER 0.3


WEATHER CONDITIONS
 THE FOLLOWING WEATHER WAS RECORDED YESTERDAY.
  NO SIGNIFICANT WEATHER WAS OBSERVED.


RELATIVE HUMIDITY (PERCENT)
 HIGHEST    90           400 AM
 LOWEST     30           300 PM
 AVERAGE    60

..........................................................


THE SAVANNAH GA CLIMATE NORMALS FOR TODAY
                         NORMAL    RECORD    YEAR
 MAXIMUM TEMPERATURE (F)   86        99      1938
 MINIMUM TEMPERATURE (F)   64        49      1981


SUNRISE AND SUNSET
MAY 22 2015...........SUNRISE   623 AM EDT   SUNSET   820 PM EDT
MAY 23 2015...........SUNRISE   623 AM EDT   SUNSET   821 PM EDT


-  INDICATES NEGATIVE NUMBERS.
R  INDICATES RECORD WAS SET OR TIED.
MM INDICATES DATA IS MISSING.
T  INDICATES TRACE AMOUNT.




$$
