000
CDUS42 KCHS 190610
CLISAV


CLIMATE REPORT
NATIONAL WEATHER SERVICE CHARLESTON SC
110 AM EST SUN FEB 19 2017


...................................

...THE SAVANNAH GA CLIMATE SUMMARY FOR FEBRUARY 18 2017...

CLIMATE NORMAL PERIOD 1981 TO 2010
CLIMATE RECORD PERIOD 1871 TO 2017


WEATHER ITEM   OBSERVED TIME   RECORD YEAR NORMAL DEPARTURE LAST
                VALUE   (LST)  VALUE       VALUE  FROM      YEAR
                                                  NORMAL
..................................................................
TEMPERATURE (F)
 YESTERDAY
  MAXIMUM         69    458 PM  83    1975  65      4       65
  MINIMUM         50   1159 PM  14    1958  42      8       39
  AVERAGE         60                        54      6       52

PRECIPITATION (IN)
  YESTERDAY        T             3.46 1964   0.10  -0.10     0.00
  MONTH TO DATE    0.14                      1.77  -1.63     3.17
  SINCE DEC 1     11.04                      8.41   2.63     9.65
  SINCE JAN 1      6.75                      5.46   1.29     6.30

SNOWFALL (IN)
  YESTERDAY        0.0                       0.0    0.0
  SINCE DEC 1      0.0                       0.3   -0.3
  SINCE JUL 1      0.0                       0.3   -0.3

DEGREE DAYS
 HEATING
  YESTERDAY        5                        12     -7       13
  MONTH TO DATE  109                       236   -127      246
  SINCE DEC 1    610                      1143   -533      861
  SINCE JUL 1    791                      1410   -619      986

 COOLING
  YESTERDAY        0                         0      0        0
  MONTH TO DATE   12                         0     12        9
  SINCE DEC 1     45                        12     33      115
  SINCE JAN 1     35                         3     32        9
..................................................................


WIND (MPH)
  HIGHEST WIND SPEED    12   HIGHEST WIND DIRECTION    SE (130)
  HIGHEST GUST SPEED    14   HIGHEST GUST DIRECTION     S (200)
  AVERAGE WIND SPEED     3.4


SKY COVER
  POSSIBLE SUNSHINE  MM
  AVERAGE SKY COVER 0.5


WEATHER CONDITIONS
 THE FOLLOWING WEATHER WAS RECORDED YESTERDAY.
  LIGHT RAIN


RELATIVE HUMIDITY (PERCENT)
 HIGHEST    77           700 AM
 LOWEST     40           300 PM
 AVERAGE    59

..........................................................


THE SAVANNAH GA CLIMATE NORMALS FOR TODAY
                         NORMAL    RECORD    YEAR
 MAXIMUM TEMPERATURE (F)   65        84      1891
 MINIMUM TEMPERATURE (F)   42        19      1958


SUNRISE AND SUNSET
FEBRUARY 19 2017......SUNRISE   703 AM EST   SUNSET   615 PM EST
FEBRUARY 20 2017......SUNRISE   702 AM EST   SUNSET   616 PM EST


-  INDICATES NEGATIVE NUMBERS.
R  INDICATES RECORD WAS SET OR TIED.
MM INDICATES DATA IS MISSING.
T  INDICATES TRACE AMOUNT.




$$
