000
CDUS42 KCHS 200536
CLISAV


CLIMATE REPORT
NATIONAL WEATHER SERVICE CHARLESTON SC
1236 AM EST SAT DEC 20 2014


...................................

...THE SAVANNAH GA CLIMATE SUMMARY FOR DECEMBER 19 2014...

CLIMATE NORMAL PERIOD 1981 TO 2010
CLIMATE RECORD PERIOD 1871 TO 2014


WEATHER ITEM   OBSERVED TIME   RECORD YEAR NORMAL DEPARTURE LAST
                VALUE   (LST)  VALUE       VALUE  FROM      YEAR
                                                  NORMAL
..................................................................
TEMPERATURE (F)
 YESTERDAY
  MAXIMUM         64    337 PM  78    2008  62      2       69
                                      2006
                                      1984
  MINIMUM         41    733 AM  17    1953  40      1       32
  AVERAGE         53                        51      2       51

PRECIPITATION (IN)
  YESTERDAY        0.00          1.59 1990   0.10  -0.10     0.00
  MONTH TO DATE    0.02                      1.74  -1.72     1.26
  SINCE DEC 1      0.02                      1.74  -1.72     1.26
  SINCE JAN 1     46.56                     46.75  -0.19    52.95

SNOWFALL (IN)
  YESTERDAY        0.0                       0.0    0.0
  SINCE DEC 1      0.0                       0.1   -0.1
  SINCE JUL 1      0.0                       0.1   -0.1

DEGREE DAYS
 HEATING
  YESTERDAY       12                        14     -2       14
  MONTH TO DATE  167                       239    -72      163
  SINCE DEC 1    167                       239    -72      163
  SINCE JUL 1    459                       506    -47      419

 COOLING
  YESTERDAY        0                         0      0        0
  MONTH TO DATE    5                         3      2       20
  SINCE DEC 1      5                         3      2       20
  SINCE JAN 1   2731                      2452    279     2473
..................................................................


WIND (MPH)
  HIGHEST WIND SPEED     7   HIGHEST WIND DIRECTION     E (90)
  HIGHEST GUST SPEED    10   HIGHEST GUST DIRECTION    NW (330)
  AVERAGE WIND SPEED     2.5


SKY COVER
  POSSIBLE SUNSHINE  MM
  AVERAGE SKY COVER 0.6


WEATHER CONDITIONS
 THE FOLLOWING WEATHER WAS RECORDED YESTERDAY.
  NO SIGNIFICANT WEATHER WAS OBSERVED.


RELATIVE HUMIDITY (PERCENT)
 HIGHEST    86          1000 PM
 LOWEST     39           300 PM
 AVERAGE    63

..........................................................


THE SAVANNAH GA CLIMATE NORMALS FOR TODAY
                         NORMAL    RECORD    YEAR
 MAXIMUM TEMPERATURE (F)   61        83      1967
 MINIMUM TEMPERATURE (F)   40        18      1981


SUNRISE AND SUNSET
DECEMBER 20 2014......SUNRISE   721 AM EST   SUNSET   524 PM EST
DECEMBER 21 2014......SUNRISE   722 AM EST   SUNSET   524 PM EST


-  INDICATES NEGATIVE NUMBERS.
R  INDICATES RECORD WAS SET OR TIED.
MM INDICATES DATA IS MISSING.
T  INDICATES TRACE AMOUNT.




$$
