000
CDUS42 KCHS 230605
CLISAV


CLIMATE REPORT
NATIONAL WEATHER SERVICE CHARLESTON SC
104 AM EST MON JAN 23 2017


...................................

...THE SAVANNAH GA CLIMATE SUMMARY FOR JANUARY 22 2017...

CLIMATE NORMAL PERIOD 1981 TO 2010
CLIMATE RECORD PERIOD 1871 TO 2017


WEATHER ITEM   OBSERVED TIME   RECORD YEAR NORMAL DEPARTURE LAST
                VALUE   (LST)  VALUE       VALUE  FROM      YEAR
                                                  NORMAL
..................................................................
TEMPERATURE (F)
 YESTERDAY
  MAXIMUM         67    148 AM  80    1937  61      6       55
                                      1923
  MINIMUM         58   1159 PM  17    1985  39     19       40
                                      1961
  AVERAGE         63                        50     13       48

PRECIPITATION (IN)
  YESTERDAY        4.19R         1.33 1966   0.12   4.07     0.65
  MONTH TO DATE    6.54                      2.56   3.98     3.02
  SINCE DEC 1     10.83                      5.51   5.32     6.37
  SINCE JAN 1      6.54                      2.56   3.98     3.02

SNOWFALL (IN)
  YESTERDAY        0.0                       0.0    0.0
  SINCE DEC 1      0.0                       0.2   -0.2
  SINCE JUL 1      0.0                       0.2   -0.2

DEGREE DAYS
 HEATING
  YESTERDAY        2                        15    -13       17
  MONTH TO DATE  139                       351   -212      356
  SINCE DEC 1    411                       774   -363      480
  SINCE JUL 1    592                      1041   -449      605

 COOLING
  YESTERDAY        0                         0      0        0
  MONTH TO DATE   23                         0     23        0
  SINCE DEC 1     33                         9     24      106
  SINCE JAN 1     23                         0     23        0
..................................................................


WIND (MPH)
  HIGHEST WIND SPEED    30   HIGHEST WIND DIRECTION     S (200)
  HIGHEST GUST SPEED    36   HIGHEST GUST DIRECTION     S (200)
  AVERAGE WIND SPEED    10.2


SKY COVER
  POSSIBLE SUNSHINE  MM
  AVERAGE SKY COVER 0.5


WEATHER CONDITIONS
 THE FOLLOWING WEATHER WAS RECORDED YESTERDAY.
  THUNDERSTORM
  HEAVY RAIN
  RAIN
  LIGHT RAIN
  FOG


RELATIVE HUMIDITY (PERCENT)
 HIGHEST    93           300 PM
 LOWEST     72          1100 PM
 AVERAGE    83

..........................................................


THE SAVANNAH GA CLIMATE NORMALS FOR TODAY
                         NORMAL    RECORD    YEAR
 MAXIMUM TEMPERATURE (F)   61        82      2002
                                             1937
 MINIMUM TEMPERATURE (F)   39        19      1960


SUNRISE AND SUNSET
JANUARY 23 2017.......SUNRISE   723 AM EST   SUNSET   550 PM EST
JANUARY 24 2017.......SUNRISE   723 AM EST   SUNSET   551 PM EST


-  INDICATES NEGATIVE NUMBERS.
R  INDICATES RECORD WAS SET OR TIED.
MM INDICATES DATA IS MISSING.
T  INDICATES TRACE AMOUNT.




$$
