000
CDUS42 KCHS 020520
CLISAV


CLIMATE REPORT
NATIONAL WEATHER SERVICE CHARLESTON SC
1219 AM EST MON MAR 2 2015


...................................

...THE SAVANNAH GA CLIMATE SUMMARY FOR MARCH 1 2015...

CLIMATE NORMAL PERIOD 1981 TO 2010
CLIMATE RECORD PERIOD 1871 TO 2015


WEATHER ITEM   OBSERVED TIME   RECORD YEAR NORMAL DEPARTURE LAST
                VALUE   (LST)  VALUE       VALUE  FROM      YEAR
                                                  NORMAL
..................................................................
TEMPERATURE (F)
 YESTERDAY
  MAXIMUM         51    512 PM  86    1918  68    -17       70
  MINIMUM         41    800 AM  23    2002  45     -4       46
  AVERAGE         46                        56    -10       58

PRECIPITATION (IN)
  YESTERDAY        0.06          3.28 1872   0.11  -0.05     0.00
  MONTH TO DATE    0.06                      0.11  -0.05     0.00
  SINCE MAR 1      0.06                      0.11  -0.05     0.00
  SINCE JAN 1      7.62                      6.59   1.03     4.11

SNOWFALL (IN)
  YESTERDAY       MM                         0.0   MM
  SINCE MAR 1     MM                         0.0   MM
  SINCE JUL 1      0.0                       0.3   -0.3

DEGREE DAYS
 HEATING
  YESTERDAY       19                        10      9        7
  MONTH TO DATE   19                        10      9        7
  SINCE MAR 1     19                        10      9        7
  SINCE JUL 1   1554                      1527     27     1388

 COOLING
  YESTERDAY        0                         1     -1        0
  MONTH TO DATE    0                         1     -1        0
  SINCE MAR 1      0                         1     -1        0
  SINCE JAN 1      5                        11     -6       18
..................................................................


WIND (MPH)
  HIGHEST WIND SPEED    13   HIGHEST WIND DIRECTION    NE (40)
  HIGHEST GUST SPEED    17   HIGHEST GUST DIRECTION    NE (50)
  AVERAGE WIND SPEED     6.6


SKY COVER
  POSSIBLE SUNSHINE  MM
  AVERAGE SKY COVER 1.0


WEATHER CONDITIONS
 THE FOLLOWING WEATHER WAS RECORDED YESTERDAY.
  LIGHT RAIN
  FOG
  HAZE


RELATIVE HUMIDITY (PERCENT)
 HIGHEST    93           800 AM
 LOWEST     80           400 PM
 AVERAGE    87

..........................................................


THE SAVANNAH GA CLIMATE NORMALS FOR TODAY
                         NORMAL    RECORD    YEAR
 MAXIMUM TEMPERATURE (F)   68        86      1951
 MINIMUM TEMPERATURE (F)   45        24      1980
                                             1914


SUNRISE AND SUNSET
MARCH  2 2015.........SUNRISE   651 AM EST   SUNSET   623 PM EST
MARCH  3 2015.........SUNRISE   650 AM EST   SUNSET   624 PM EST


-  INDICATES NEGATIVE NUMBERS.
R  INDICATES RECORD WAS SET OR TIED.
MM INDICATES DATA IS MISSING.
T  INDICATES TRACE AMOUNT.




$$
