000
CDUS42 KCHS 250605
CLISAV


CLIMATE REPORT
NATIONAL WEATHER SERVICE CHARLESTON SC
205 AM EDT SAT JUN 25 2016


...................................

...THE SAVANNAH GA CLIMATE SUMMARY FOR JUNE 24 2016...

CLIMATE NORMAL PERIOD 1981 TO 2010
CLIMATE RECORD PERIOD 1871 TO 2016


WEATHER ITEM   OBSERVED TIME   RECORD YEAR NORMAL DEPARTURE LAST
                VALUE   (LST)  VALUE       VALUE  FROM      YEAR
                                                  NORMAL
..................................................................
TEMPERATURE (F)
 YESTERDAY
  MAXIMUM         97    236 PM 103    1944  91      6       95
  MINIMUM         75    614 AM  59    1947  71      4       74
  AVERAGE         86                        81      5       85

PRECIPITATION (IN)
  YESTERDAY        0.00          2.48 1945   0.21  -0.21     0.00
  MONTH TO DATE    6.28                      4.75   1.53     5.34
  SINCE JUN 1      6.28                      4.75   1.53     5.34
  SINCE JAN 1     28.95                     21.01   7.94    22.67

DEGREE DAYS
 HEATING
  YESTERDAY        0                         0      0        0
  MONTH TO DATE    0                         0      0        0
  SINCE JUN 1      0                         0      0        0
  SINCE JUL 1   1215                      1812   -597     1693

 COOLING
  YESTERDAY       21                        16      5       20
  MONTH TO DATE  404                       347     57      403
  SINCE JUN 1    404                       347     57      403
  SINCE JAN 1    932                       750    182      938
..................................................................


WIND (MPH)
  HIGHEST WIND SPEED    20   HIGHEST WIND DIRECTION     W (270)
  HIGHEST GUST SPEED    25   HIGHEST GUST DIRECTION     W (250)
  AVERAGE WIND SPEED     9.8


SKY COVER
  POSSIBLE SUNSHINE  MM
  AVERAGE SKY COVER 0.5


WEATHER CONDITIONS
 THE FOLLOWING WEATHER WAS RECORDED YESTERDAY.
  NO SIGNIFICANT WEATHER WAS OBSERVED.


RELATIVE HUMIDITY (PERCENT)
 HIGHEST    79           400 AM
 LOWEST     33           400 PM
 AVERAGE    56

..........................................................


THE SAVANNAH GA CLIMATE NORMALS FOR TODAY
                         NORMAL    RECORD    YEAR
 MAXIMUM TEMPERATURE (F)   91       102      1948
 MINIMUM TEMPERATURE (F)   71        59      1889


SUNRISE AND SUNSET
JUNE 25 2016..........SUNRISE   620 AM EDT   SUNSET   835 PM EDT
JUNE 26 2016..........SUNRISE   620 AM EDT   SUNSET   835 PM EDT


-  INDICATES NEGATIVE NUMBERS.
R  INDICATES RECORD WAS SET OR TIED.
MM INDICATES DATA IS MISSING.
T  INDICATES TRACE AMOUNT.




$$
