000
CDUS42 KCHS 050630
CLISAV


CLIMATE REPORT
NATIONAL WEATHER SERVICE CHARLESTON SC
230 AM EDT SUN JUL 5 2015


...................................

...THE SAVANNAH GA CLIMATE SUMMARY FOR JULY 4 2015...

CLIMATE NORMAL PERIOD 1981 TO 2010
CLIMATE RECORD PERIOD 1871 TO 2015


WEATHER ITEM   OBSERVED TIME   RECORD YEAR NORMAL DEPARTURE LAST
                VALUE   (LST)  VALUE       VALUE  FROM      YEAR
                                                  NORMAL
..................................................................
TEMPERATURE (F)
 YESTERDAY
  MAXIMUM         92    411 PM  99    1997  92      0       92
                                      1979
                                      1954
  MINIMUM         73   1159 PM  61    1933  72      1       73
  AVERAGE         83                        82      1       83

PRECIPITATION (IN)
  YESTERDAY        T             2.09 1907   0.17  -0.17     0.00
  MONTH TO DATE    0.08                      0.66  -0.58      T
  SINCE JUN 1      5.71                      6.61  -0.90    11.64
  SINCE JAN 1     23.04                     22.87   0.17    27.43

DEGREE DAYS
 HEATING
  YESTERDAY        0                         0      0        0
  MONTH TO DATE    0                         0      0        0
  SINCE JUN 1      0                         0      0        0
  SINCE JUL 1      0                         0      0        0

 COOLING
  YESTERDAY       18                        17      1       18
  MONTH TO DATE   70                        68      2       76
  SINCE JUN 1    576                       514     62      567
  SINCE JAN 1   1111                       917    194     1056
..................................................................


WIND (MPH)
  HIGHEST WIND SPEED    28   HIGHEST WIND DIRECTION    NW (310)
  HIGHEST GUST SPEED    40   HIGHEST GUST DIRECTION     W (270)
  AVERAGE WIND SPEED     5.8


SKY COVER
  POSSIBLE SUNSHINE  MM
  AVERAGE SKY COVER 0.6


WEATHER CONDITIONS
 THE FOLLOWING WEATHER WAS RECORDED YESTERDAY.
  THUNDERSTORM
  LIGHT RAIN


RELATIVE HUMIDITY (PERCENT)
 HIGHEST    93          1000 PM
 LOWEST     47           400 PM
 AVERAGE    70

..........................................................


THE SAVANNAH GA CLIMATE NORMALS FOR TODAY
                         NORMAL    RECORD    YEAR
 MAXIMUM TEMPERATURE (F)   92       100      1902
 MINIMUM TEMPERATURE (F)   72        63      1947
                                             1933


SUNRISE AND SUNSET
JULY  5 2015..........SUNRISE   624 AM EDT   SUNSET   835 PM EDT
JULY  6 2015..........SUNRISE   624 AM EDT   SUNSET   835 PM EDT


-  INDICATES NEGATIVE NUMBERS.
R  INDICATES RECORD WAS SET OR TIED.
MM INDICATES DATA IS MISSING.
T  INDICATES TRACE AMOUNT.




$$
