000
CDUS46 KLOX 250902
CLISBA


CLIMATE REPORT
NATIONAL WEATHER SERVICE LOS ANGELES/OXNARD CA
201 AM PDT THU AUG 25 2016


...................................

...THE SANTA BARBARA AIRPORT CA CLIMATE SUMMARY FOR AUGUST 24 2016...

CLIMATE NORMAL PERIOD 1981 TO 2010
CLIMATE RECORD PERIOD 1940 TO 2016


WEATHER ITEM   OBSERVED TIME   RECORD YEAR NORMAL DEPARTURE LAST
                VALUE   (LST)  VALUE       VALUE  FROM      YEAR
                                                  NORMAL
..................................................................
TEMPERATURE (F)
 YESTERDAY
  MAXIMUM         75   1215 PM  86    1997  75      0       81
  MINIMUM         56    558 AM  48    1944  57     -1       62
  AVERAGE         66                        66      0       72

PRECIPITATION (IN)
  YESTERDAY        0.00          0.01 2000   0.01  -0.01     0.00
  MONTH TO DATE    0.00                      0.09  -0.09      T
  SINCE OCT 1     10.21                     17.47  -7.26     9.63
  SINCE JAN 1      9.33                     12.17  -2.84     3.34

SNOWFALL (IN)
  YESTERDAY        0.0
  MONTH TO DATE    0.0
  SINCE JUN 1      0.0
  SINCE JUL 1      0.0

DEGREE DAYS
 HEATING
  YESTERDAY        0                         1     -1        0
  MONTH TO DATE    5                        24    -19        0
  SINCE JUN 1     92                       141    -49       30
  SINCE JUL 1     20                        51    -31        0

 COOLING
  YESTERDAY        1                         2     -1        7
  MONTH TO DATE   32                        48    -16      125
  SINCE JUN 1    121                       106     15      269
  SINCE JAN 1    131                       120     11      307
..................................................................


WIND (MPH)
  HIGHEST WIND SPEED    12   HIGHEST WIND DIRECTION    SE (150)
  HIGHEST GUST SPEED    16   HIGHEST GUST DIRECTION    SE (140)
  AVERAGE WIND SPEED     5.0


SKY COVER
  POSSIBLE SUNSHINE  MM
  AVERAGE SKY COVER 0.0


WEATHER CONDITIONS
 THE FOLLOWING WEATHER WAS RECORDED YESTERDAY.
  HAZE


RELATIVE HUMIDITY (PERCENT)
 HIGHEST   100           600 AM
 LOWEST     57           100 PM
 AVERAGE    79

..........................................................


THE SANTA BARBARA AIRPORT CA CLIMATE NORMALS FOR TODAY
                         NORMAL    RECORD    YEAR
 MAXIMUM TEMPERATURE (F)   75        85      1985
 MINIMUM TEMPERATURE (F)   57        48      1944


SUNRISE AND SUNSET
AUGUST 25 2016........SUNRISE   628 AM PDT   SUNSET   734 PM PDT
AUGUST 26 2016........SUNRISE   629 AM PDT   SUNSET   733 PM PDT


-  INDICATES NEGATIVE NUMBERS.
R  INDICATES RECORD WAS SET OR TIED.
MM INDICATES DATA IS MISSING.
T  INDICATES TRACE AMOUNT.




$$
