000
CDUS46 KLOX 250116
CLISBA


CLIMATE REPORT
NATIONAL WEATHER SERVICE LOS ANGELES/OXNARD CA
613 PM PDT THU JUL 24 2014


...................................

...THE SANTA BARBARA AIRPORT CA CLIMATE SUMMARY FOR JULY 24 2014...
VALID TODAY AS OF 600 PM LOCAL TIME.

CLIMATE NORMAL PERIOD 1981 TO 2010
CLIMATE RECORD PERIOD 1940 TO 2014


WEATHER ITEM   OBSERVED TIME   RECORD YEAR NORMAL DEPARTURE LAST
                VALUE   (LST)  VALUE       VALUE  FROM      YEAR
                                                  NORMAL
..................................................................
TEMPERATURE (F)
 TODAY
  MAXIMUM         81    422 PM  82    2006  74      7       70
                                      1960
  MINIMUM         61    518 AM  49    1948  58      3       60
  AVERAGE         71                        66      5       65

PRECIPITATION (IN)
  TODAY            0.00          0.01 1998   0.00   0.00     0.00
  MONTH TO DATE    0.01                      0.03  -0.02     0.07
  SINCE JUL 1      0.01                      0.03  -0.02     0.07
  SINCE JAN 1      5.21                     12.08  -6.87     3.42

SNOWFALL (IN)
  TODAY            0.0
  MONTH TO DATE    0.0
  SINCE JUN 1      0.0
  SINCE JUL 1      0.0

DEGREE DAYS
 HEATING
  TODAY            0                         1     -1        0
  MONTH TO DATE    0                        24    -24        1
  SINCE JUN 1     52                       114    -62       44
  SINCE JUL 1      0                        24    -24        1

 COOLING
  TODAY            6                         2      4        0
  MONTH TO DATE  107                        36     71       55
  SINCE JUN 1    129                        50     79       90
  SINCE JAN 1    197                        64    133      147
..................................................................


WIND (MPH)
  HIGHEST WIND SPEED    12   HIGHEST WIND DIRECTION    SE (140)
  HIGHEST GUST SPEED    MM   HIGHEST GUST DIRECTION    MM
  AVERAGE WIND SPEED     4.2


SKY COVER
  POSSIBLE SUNSHINE  MM
  AVERAGE SKY COVER 0.0


WEATHER CONDITIONS
 THE FOLLOWING WEATHER WAS RECORDED TODAY.
  NO SIGNIFICANT WEATHER WAS OBSERVED.


RELATIVE HUMIDITY (PERCENT)
 HIGHEST    78           200 AM
 LOWEST     52           400 PM
 AVERAGE    65

..........................................................


THE SANTA BARBARA AIRPORT CA CLIMATE NORMALS FOR TOMORROW
                         NORMAL    RECORD    YEAR
 MAXIMUM TEMPERATURE (F)   74        89      1977
 MINIMUM TEMPERATURE (F)   58        52      1986


SUNRISE AND SUNSET
JULY 24 2014..........SUNRISE   604 AM PDT   SUNSET   807 PM PDT
JULY 25 2014..........SUNRISE   605 AM PDT   SUNSET   806 PM PDT


-  INDICATES NEGATIVE NUMBERS.
R  INDICATES RECORD WAS SET OR TIED.
MM INDICATES DATA IS MISSING.
T  INDICATES TRACE AMOUNT.




$$
