000
CDUS46 KLOX 190948
CLISBA


CLIMATE REPORT
NATIONAL WEATHER SERVICE LOS ANGELES/OXNARD CA
147 AM PST SUN FEB 19 2017


...................................

...THE SANTA BARBARA AIRPORT CA CLIMATE SUMMARY FOR FEBRUARY 18 2017...

CLIMATE NORMAL PERIOD 1981 TO 2010
CLIMATE RECORD PERIOD 1940 TO 2017


WEATHER ITEM   OBSERVED TIME   RECORD YEAR NORMAL DEPARTURE LAST
                VALUE   (LST)  VALUE       VALUE  FROM      YEAR
                                                  NORMAL
..................................................................
TEMPERATURE (F)
 YESTERDAY
  MAXIMUM         61    134 PM  79    1981  64     -3       67
  MINIMUM         50   1152 PM  32    1944  44      6       46
  AVERAGE         56                        54      2       57

PRECIPITATION (IN)
  YESTERDAY        0.03          1.80 1993   0.15  -0.12     0.37
  MONTH TO DATE    7.83                      2.48   5.35     0.47
  SINCE OCT 1     21.60                     11.28  10.32     7.14
  SINCE JAN 1     16.79                      5.98  10.81     6.26

SNOWFALL (IN)
  YESTERDAY        0.0
  MONTH TO DATE    0.0
  SINCE DEC 1      0.0
  SINCE JUL 1      0.0

DEGREE DAYS
 HEATING
  YESTERDAY        9                        11     -2        8
  MONTH TO DATE  150                       210    -60      115
  SINCE DEC 1    914                      1016   -102      755
  SINCE JUL 1   1243                      1494   -251      997

 COOLING
  YESTERDAY        0                         0      0        0
  MONTH TO DATE    0                         0      0        2
  SINCE DEC 1      0                         0      0        2
  SINCE JAN 1      0                         0      0        2
..................................................................


WIND (MPH)
  HIGHEST WIND SPEED    23   HIGHEST WIND DIRECTION    NW (300)
  HIGHEST GUST SPEED    MM   HIGHEST GUST DIRECTION    MM
  AVERAGE WIND SPEED     7.6


SKY COVER
  POSSIBLE SUNSHINE  MM
  AVERAGE SKY COVER 0.6


WEATHER CONDITIONS
 THE FOLLOWING WEATHER WAS RECORDED YESTERDAY.
  RAIN
  LIGHT RAIN
  FOG


RELATIVE HUMIDITY (PERCENT)
 HIGHEST   100           300 AM
 LOWEST     72           100 PM
 AVERAGE    86

..........................................................


THE SANTA BARBARA AIRPORT CA CLIMATE NORMALS FOR TODAY
                         NORMAL    RECORD    YEAR
 MAXIMUM TEMPERATURE (F)   64        83      1995
 MINIMUM TEMPERATURE (F)   44        34      1990


SUNRISE AND SUNSET
FEBRUARY 19 2017......SUNRISE   640 AM PST   SUNSET   547 PM PST
FEBRUARY 20 2017......SUNRISE   639 AM PST   SUNSET   548 PM PST


-  INDICATES NEGATIVE NUMBERS.
R  INDICATES RECORD WAS SET OR TIED.
MM INDICATES DATA IS MISSING.
T  INDICATES TRACE AMOUNT.




$$
