000
CDUS46 KLOX 240902
CLISBA


CLIMATE REPORT
NATIONAL WEATHER SERVICE LOS ANGELES/OXNARD CA
202 AM PDT SUN SEP 24 2017


...................................

...THE SANTA BARBARA AIRPORT CA CLIMATE SUMMARY FOR SEPTEMBER 23 2017...

CLIMATE NORMAL PERIOD 1981 TO 2010
CLIMATE RECORD PERIOD 1940 TO 2017


WEATHER ITEM   OBSERVED TIME   RECORD YEAR NORMAL DEPARTURE LAST
                VALUE   (LST)  VALUE       VALUE  FROM      YEAR
                                                  NORMAL
..................................................................
TEMPERATURE (F)
 YESTERDAY
  MAXIMUM         73    157 PM  97    1944  74     -1       89
  MINIMUM         47    614 AM  42    1941  55     -8       58
  AVERAGE         60                        64     -4       74

PRECIPITATION (IN)
  YESTERDAY        0.00          0.06 1958   0.01  -0.01     0.00
  MONTH TO DATE    0.22                      0.16   0.06     0.01
  SINCE OCT 1     24.50                     17.66   6.84    10.22
  SINCE JAN 1     19.69                     12.36   7.33     9.34

SNOWFALL (IN)
  YESTERDAY        0.0
  MONTH TO DATE    0.0
  SINCE SEP 1      0.0
  SINCE JUL 1      0.0

DEGREE DAYS
 HEATING
  YESTERDAY        5                         2      3        0
  MONTH TO DATE   14                        27    -13       36
  SINCE SEP 1     14                        27    -13       36
  SINCE JUL 1     25                        78    -53       58

 COOLING
  YESTERDAY        0                         1     -1        9
  MONTH TO DATE   91                        38     53       28
  SINCE SEP 1     91                        38     53       28
  SINCE JAN 1    316                       165    151      176
..................................................................


WIND (MPH)
  HIGHEST WIND SPEED    13   HIGHEST WIND DIRECTION     S (170)
  HIGHEST GUST SPEED    14   HIGHEST GUST DIRECTION    SE (150)
  AVERAGE WIND SPEED     3.9


SKY COVER
  POSSIBLE SUNSHINE  MM
  AVERAGE SKY COVER 0.0


WEATHER CONDITIONS
 THE FOLLOWING WEATHER WAS RECORDED YESTERDAY.
  NO SIGNIFICANT WEATHER WAS OBSERVED.


RELATIVE HUMIDITY (PERCENT)
 HIGHEST   100           600 AM
 LOWEST     41           200 PM
 AVERAGE    71

..........................................................


THE SANTA BARBARA AIRPORT CA CLIMATE NORMALS FOR TODAY
                         NORMAL    RECORD    YEAR
 MAXIMUM TEMPERATURE (F)   74       100      1978
 MINIMUM TEMPERATURE (F)   55        46      2005


SUNRISE AND SUNSET
SEPTEMBER 24 2017.....SUNRISE   649 AM PDT   SUNSET   653 PM PDT
SEPTEMBER 25 2017.....SUNRISE   650 AM PDT   SUNSET   651 PM PDT


-  INDICATES NEGATIVE NUMBERS.
R  INDICATES RECORD WAS SET OR TIED.
MM INDICATES DATA IS MISSING.
T  INDICATES TRACE AMOUNT.




$$
