000
CDUS46 KLOX 300118
CLISBA


CLIMATE REPORT
NATIONAL WEATHER SERVICE LOS ANGELES/OXNARD CA
617 PM PDT FRI APR 29 2016


...................................

...THE SANTA BARBARA AIRPORT CA CLIMATE SUMMARY FOR APRIL 29 2016...
VALID TODAY AS OF 0600 PM LOCAL TIME.

CLIMATE NORMAL PERIOD 1981 TO 2010
CLIMATE RECORD PERIOD 1940 TO 2016


WEATHER ITEM   OBSERVED TIME   RECORD YEAR NORMAL DEPARTURE LAST
                VALUE   (LST)  VALUE       VALUE  FROM      YEAR
                                                  NORMAL
..................................................................
TEMPERATURE (F)
 TODAY
  MAXIMUM         66    135 PM  85    2014  68     -2       77
  MINIMUM         51    502 AM  39    2002  50      1       55
  AVERAGE         59                        59      0       66

PRECIPITATION (IN)
  TODAY            0.00          0.46 1983   0.02  -0.02     0.00
  MONTH TO DATE    0.54                      0.98  -0.44     0.18
  SINCE OCT 1     10.19                     16.92  -6.73     9.00
  SINCE JAN 1      9.31                     11.62  -2.31     2.71

SNOWFALL (IN)
  TODAY            0.0
  MONTH TO DATE    0.0
  SINCE MAR 1      0.0
  SINCE JUL 1      0.0

DEGREE DAYS
 HEATING
  TODAY            6                         6      0        0
  MONTH TO DATE  115                       223   -108      140
  SINCE MAR 1    308                       519   -211      262
  SINCE JUL 1   1371                      2120   -749     1087

 COOLING
  TODAY            0                         0      0        1
  MONTH TO DATE    2                         0      2        4
  SINCE MAR 1      8                         2      6       38
  SINCE JAN 1     10                         2      8       38
..................................................................


WIND (MPH)
  HIGHEST WIND SPEED    12   HIGHEST WIND DIRECTION    SE (140)
  HIGHEST GUST SPEED    15   HIGHEST GUST DIRECTION    SW (240)
  AVERAGE WIND SPEED     6.7


SKY COVER
  POSSIBLE SUNSHINE  MM
  AVERAGE SKY COVER 0.2


WEATHER CONDITIONS
 THE FOLLOWING WEATHER WAS RECORDED TODAY.
  NO SIGNIFICANT WEATHER WAS OBSERVED.


RELATIVE HUMIDITY (PERCENT)
 HIGHEST    89           300 AM
 LOWEST     56           200 PM
 AVERAGE    73

..........................................................


THE SANTA BARBARA AIRPORT CA CLIMATE NORMALS FOR TOMORROW
                         NORMAL    RECORD    YEAR
 MAXIMUM TEMPERATURE (F)   68        90      2014
 MINIMUM TEMPERATURE (F)   50        40      1990


SUNRISE AND SUNSET
APRIL 29 2016.........SUNRISE   611 AM PDT   SUNSET   743 PM PDT
APRIL 30 2016.........SUNRISE   610 AM PDT   SUNSET   744 PM PDT


-  INDICATES NEGATIVE NUMBERS.
R  INDICATES RECORD WAS SET OR TIED.
MM INDICATES DATA IS MISSING.
T  INDICATES TRACE AMOUNT.




$$
