000
CDUS43 KIWX 090539
CLISBN


CLIMATE REPORT
NATIONAL WEATHER SERVICE NORTHERN INDIANA
1238 AM EST FRI DEC 9 2016


...................................

...THE SOUTH BEND CLIMATE SUMMARY FOR DECEMBER 8 2016...

CLIMATE NORMAL PERIOD 1981 TO 2010
CLIMATE RECORD PERIOD 1893 TO 2016


WEATHER ITEM   OBSERVED TIME   RECORD YEAR NORMAL DEPARTURE LAST
                VALUE   (LST)  VALUE       VALUE  FROM      YEAR
                                                  NORMAL
..................................................................
TEMPERATURE (F)
 YESTERDAY
  MAXIMUM         25   1216 AM  65    1966  37    -12       46
  MINIMUM         19    717 PM  -4    1927  25     -6       35
                                      1909
  AVERAGE         22                        31     -9       41

PRECIPITATION (IN)
  YESTERDAY        0.04          1.34 1924   0.09  -0.05     0.00
  MONTH TO DATE    0.49                      0.73  -0.24     0.13
  SINCE DEC 1      0.49                      0.73  -0.24     0.13
  SINCE JAN 1     45.10                     36.12   8.98    32.31

SNOWFALL (IN)
  YESTERDAY        1.6           7.7  2005   0.4    1.2      0.0
  MONTH TO DATE    3.1                       3.3   -0.2      0.1
  SINCE DEC 1      3.1                       3.3   -0.2      0.1
  SINCE JUL 1      3.6                       8.5   -4.9      9.2
  SNOW DEPTH       0

DEGREE DAYS
 HEATING
  YESTERDAY       43                        34      9       24
  MONTH TO DATE  264                       262      2      232
  SINCE DEC 1    264                       262      2      232
  SINCE JUL 1   1165                      1531   -366     1299

 COOLING
  YESTERDAY        0                         0      0        0
  MONTH TO DATE    0                         0      0        0
  SINCE DEC 1      0                         0      0        0
  SINCE JAN 1    950                       773    177      784
..................................................................


WIND (MPH)
  HIGHEST WIND SPEED    22   HIGHEST WIND DIRECTION     W (260)
  HIGHEST GUST SPEED    29   HIGHEST GUST DIRECTION    SW (240)
  AVERAGE WIND SPEED    14.7


SKY COVER
  AVERAGE SKY COVER 1.0


WEATHER CONDITIONS
 THE FOLLOWING WEATHER WAS RECORDED YESTERDAY.
  LIGHT SNOW
  FOG


RELATIVE HUMIDITY (PERCENT)
 HIGHEST    92          1100 PM
 LOWEST     73           100 PM
 AVERAGE    83

..........................................................


THE SOUTH BEND CLIMATE NORMALS FOR TODAY
                         NORMAL    RECORD    YEAR
 MAXIMUM TEMPERATURE (F)   37        58      1946
 MINIMUM TEMPERATURE (F)   24        -9      1958


SUNRISE AND SUNSET
DECEMBER  9 2016......SUNRISE   801 AM EST   SUNSET   515 PM EST
DECEMBER 10 2016......SUNRISE   802 AM EST   SUNSET   515 PM EST


-  INDICATES NEGATIVE NUMBERS.
R  INDICATES RECORD WAS SET OR TIED.
MM INDICATES DATA IS MISSING.
T  INDICATES TRACE AMOUNT.




$$
