000
CDUS43 KIWX 310020
CLISBN


CLIMATE REPORT
NATIONAL WEATHER SERVICE NORTHERN INDIANA
820 PM EDT SAT AUG 30 2014


...................................

...THE SOUTH BEND CLIMATE SUMMARY FOR AUGUST 30 2014...
VALID AS OF 0800 PM LOCAL TIME.

CLIMATE NORMAL PERIOD 1981 TO 2010
CLIMATE RECORD PERIOD 1893 TO 2014


WEATHER ITEM   OBSERVED TIME   RECORD YEAR NORMAL DEPARTURE LAST
                VALUE   (LST)  VALUE       VALUE  FROM      YEAR
                                                  NORMAL
..................................................................
TEMPERATURE (F)
 TODAY
  MAXIMUM         83    238 PM  97    1925  79      4       93
  MINIMUM         71   1206 AM  41    1946  60     11       66
  AVERAGE         77                        70      7       80

PRECIPITATION (IN)
  TODAY            0.13          1.90 1928   0.12   0.01      T
  MONTH TO DATE    2.06                      3.63  -1.57     2.99
  SINCE JUN 1     12.99                     11.42   1.57     9.58
  SINCE JAN 1     28.07                     25.14   2.93    26.88

DEGREE DAYS
 HEATING
  TODAY            0                         1     -1        0
  MONTH TO DATE   10                         7      3       15
  SINCE JUN 1     45                        56    -11       66
  SINCE JUL 1     28                        12     16       29

 COOLING
  TODAY           12                         5      7       15
  MONTH TO DATE  240                       201     39      180
  SINCE JUN 1    596                       619    -23      574
  SINCE JAN 1    681                       675      6      670
..................................................................


WIND (MPH)
  RESULTANT WIND SPEED  11   RESULTANT WIND DIRECTION   S (200)
  HIGHEST WIND SPEED    23   HIGHEST WIND DIRECTION    SW (210)
  HIGHEST GUST SPEED    30   HIGHEST GUST DIRECTION    SW (220)
  AVERAGE WIND SPEED    11.6


SKY COVER
  POSSIBLE SUNSHINE  MM
  AVERAGE SKY COVER 0.4


WEATHER CONDITIONS
 THE FOLLOWING WEATHER WAS RECORDED TODAY.
  THUNDERSTORM
  RAIN
  LIGHT RAIN
  FOG
  HAZE


RELATIVE HUMIDITY (PERCENT)
 HIGHEST    93           600 AM
 LOWEST     69          1200 PM
 AVERAGE    81

..........................................................


THE SOUTH BEND CLIMATE NORMALS FOR TOMORROW
                         NORMAL    RECORD    YEAR
 MAXIMUM TEMPERATURE (F)   79        96      1953
 MINIMUM TEMPERATURE (F)   60        40      1911


SUNRISE AND SUNSET
AUGUST 30 2014........SUNRISE   709 AM EDT   SUNSET   822 PM EDT
AUGUST 31 2014........SUNRISE   710 AM EDT   SUNSET   820 PM EDT


-  INDICATES NEGATIVE NUMBERS.
R  INDICATES RECORD WAS SET OR TIED.
MM INDICATES DATA IS MISSING.
T  INDICATES TRACE AMOUNT.




$$
