000
CDUS43 KIWX 200537
CLISBN


CLIMATE REPORT
NATIONAL WEATHER SERVICE NORTHERN INDIANA
137 AM EDT SAT SEP 20 2014


...................................

...THE SOUTH BEND CLIMATE SUMMARY FOR SEPTEMBER 19 2014...

CLIMATE NORMAL PERIOD 1981 TO 2010
CLIMATE RECORD PERIOD 1893 TO 2014


WEATHER ITEM   OBSERVED TIME   RECORD YEAR NORMAL DEPARTURE LAST
                VALUE   (LST)  VALUE       VALUE  FROM      YEAR
                                                  NORMAL
..................................................................
TEMPERATURE (F)
 YESTERDAY
  MAXIMUM         73    346 PM  95    1906  73      0       75
  MINIMUM         51    658 AM  34    1929  52     -1       66
  AVERAGE         62                        63     -1       71

PRECIPITATION (IN)
  YESTERDAY        0.00          3.44 2013   0.12  -0.12     3.44
  MONTH TO DATE    2.35                      2.22   0.13     3.87
  SINCE SEP 1      2.35                      2.22   0.13     3.87
  SINCE JAN 1     30.56                     27.49   3.07    30.79

DEGREE DAYS
 HEATING
  YESTERDAY        3                         4     -1        0
  MONTH TO DATE   85                        45     40       38
  SINCE SEP 1     85                        45     40       38
  SINCE JUL 1    113                        63     50       67

 COOLING
  YESTERDAY        0                         2     -2        6
  MONTH TO DATE   64                        66     -2      113
  SINCE SEP 1     64                        66     -2      113
  SINCE JAN 1    757                       748      9      793
..................................................................


WIND (MPH)
  HIGHEST WIND SPEED    18   HIGHEST WIND DIRECTION     S (170)
  HIGHEST GUST SPEED    23   HIGHEST GUST DIRECTION    SE (150)
  AVERAGE WIND SPEED     8.8


SKY COVER
  AVERAGE SKY COVER 0.0


WEATHER CONDITIONS
 THE FOLLOWING WEATHER WAS RECORDED YESTERDAY.
  FOG


RELATIVE HUMIDITY (PERCENT)
 HIGHEST    96           500 AM
 LOWEST     38           300 PM
 AVERAGE    67

..........................................................


THE SOUTH BEND CLIMATE NORMALS FOR TODAY
                         NORMAL    RECORD    YEAR
 MAXIMUM TEMPERATURE (F)   72        95      1908
 MINIMUM TEMPERATURE (F)   52        34      1937
                                             1897


SUNRISE AND SUNSET
SEPTEMBER 20 2014.....SUNRISE   731 AM EDT   SUNSET   746 PM EDT
SEPTEMBER 21 2014.....SUNRISE   732 AM EDT   SUNSET   744 PM EDT


-  INDICATES NEGATIVE NUMBERS.
R  INDICATES RECORD WAS SET OR TIED.
MM INDICATES DATA IS MISSING.
T  INDICATES TRACE AMOUNT.




$$
