000
CDUS43 KIWX 020527
CLISBN


CLIMATE REPORT
NATIONAL WEATHER SERVICE NORTHERN INDIANA
127 AM EDT TUE SEP 2 2014


...................................

...THE SOUTH BEND CLIMATE SUMMARY FOR SEPTEMBER 1 2014...

CLIMATE NORMAL PERIOD 1981 TO 2010
CLIMATE RECORD PERIOD 1893 TO 2014


WEATHER ITEM   OBSERVED TIME   RECORD YEAR NORMAL DEPARTURE LAST
                VALUE   (LST)  VALUE       VALUE  FROM      YEAR
                                                  NORMAL
..................................................................
TEMPERATURE (F)
 YESTERDAY
  MAXIMUM         84    507 PM  99    1953  79      5       84
  MINIMUM         71   1159 PM  41    1909  59     12       68
  AVERAGE         78                        69      9       76

PRECIPITATION (IN)
  YESTERDAY        0.03          3.00 1977   0.12  -0.09      T
  MONTH TO DATE    0.03                      0.12  -0.09      T
  SINCE SEP 1      0.03                      0.12  -0.09      T
  SINCE JAN 1     28.24                     25.39   2.85    26.92

DEGREE DAYS
 HEATING
  YESTERDAY        0                         1     -1        0
  MONTH TO DATE    0                         1     -1        0
  SINCE SEP 1      0                         1     -1        0
  SINCE JUL 1     28                        19      9       29

 COOLING
  YESTERDAY       13                         5      8       11
  MONTH TO DATE   13                         5      8       11
  SINCE SEP 1     13                         5      8       11
  SINCE JAN 1    706                       687     19      691
..................................................................


WIND (MPH)
  HIGHEST WIND SPEED    23   HIGHEST WIND DIRECTION    SW (220)
  HIGHEST GUST SPEED    31   HIGHEST GUST DIRECTION    SW (220)
  AVERAGE WIND SPEED    11.3


SKY COVER
  AVERAGE SKY COVER 0.5


WEATHER CONDITIONS
 THE FOLLOWING WEATHER WAS RECORDED YESTERDAY.
  LIGHT RAIN
  FOG


RELATIVE HUMIDITY (PERCENT)
 HIGHEST    93           500 AM
 LOWEST     58           600 PM
 AVERAGE    76

..........................................................


THE SOUTH BEND CLIMATE NORMALS FOR TODAY
                         NORMAL    RECORD    YEAR
 MAXIMUM TEMPERATURE (F)   79        99      1929
                                             1913
 MINIMUM TEMPERATURE (F)   59        41      1909


SUNRISE AND SUNSET
SEPTEMBER  2 2014.....SUNRISE   712 AM EDT   SUNSET   817 PM EDT
SEPTEMBER  3 2014.....SUNRISE   713 AM EDT   SUNSET   815 PM EDT


-  INDICATES NEGATIVE NUMBERS.
R  INDICATES RECORD WAS SET OR TIED.
MM INDICATES DATA IS MISSING.
T  INDICATES TRACE AMOUNT.




$$
