000
CDUS41 KAKQ 010545
CLISBY


CLIMATE REPORT
NATIONAL WEATHER SERVICE WAKEFIELD, VA
145 AM EDT MON MAY 1 2017


...................................

...THE SALISBURY MD CLIMATE SUMMARY FOR APRIL 30 2017...

CLIMATE NORMAL PERIOD 1981 TO 2010
CLIMATE RECORD PERIOD 1900 TO 2017


WEATHER ITEM   OBSERVED TIME   RECORD YEAR NORMAL DEPARTURE LAST
                VALUE   (LST)  VALUE       VALUE  FROM      YEAR
                                                  NORMAL
..................................................................
TEMPERATURE (F)
 YESTERDAY
  MAXIMUM         86R   101 PM  86    1974  69     17       60
  MINIMUM         67   1139 PM  31    1909  47     20       48
  AVERAGE         77                        58     19       54

PRECIPITATION (IN)
  YESTERDAY        0.00          2.05 1924   0.09  -0.09      T
  MONTH TO DATE    2.02                      3.55  -1.53     3.67
  SINCE MAR 1      6.65                      7.97  -1.32     5.45
  SINCE JAN 1     11.45                     14.93  -3.48    12.30

SNOWFALL (IN)
  YESTERDAY        0.0           0.0  2002   0.0    0.0
                                      2001
  MONTH TO DATE    0.0                       0.2   -0.2
  SINCE NOV 1      9.6                       9.3    0.3
  SINCE JUL 1      9.6                       9.3    0.3
  SNOW DEPTH       0

DEGREE DAYS
 HEATING
  YESTERDAY        0                         8     -8       11
  MONTH TO DATE  180                       346   -166      362
  SINCE MAR 1    804                       975   -171      806
  SINCE JUL 1   3555                      4280   -725     3477

 COOLING
  YESTERDAY       12                         1     11        0
  MONTH TO DATE   68                        15     53       21
  SINCE MAR 1     70                        17     53       24
  SINCE JAN 1     70                        17     53       24
..................................................................


WIND (MPH)
  HIGHEST WIND SPEED    16   HIGHEST WIND DIRECTION     S (200)
  HIGHEST GUST SPEED    21   HIGHEST GUST DIRECTION    SW (210)
  AVERAGE WIND SPEED     6.5


SKY COVER
  POSSIBLE SUNSHINE  MM
  AVERAGE SKY COVER 0.2


WEATHER CONDITIONS
 THE FOLLOWING WEATHER WAS RECORDED YESTERDAY.
  FOG


RELATIVE HUMIDITY (PERCENT)
 HIGHEST   100           400 AM
 LOWEST     55           500 PM
 AVERAGE    78

..........................................................


THE SALISBURY MD CLIMATE NORMALS FOR TODAY
                         NORMAL    RECORD    YEAR
 MAXIMUM TEMPERATURE (F)   70        88      2010
                                             1930
 MINIMUM TEMPERATURE (F)   47        34      2006


SUNRISE AND SUNSET
MAY  1 2017...........SUNRISE   605 AM EDT   SUNSET   754 PM EDT
MAY  2 2017...........SUNRISE   604 AM EDT   SUNSET   755 PM EDT


-  INDICATES NEGATIVE NUMBERS.
R  INDICATES RECORD WAS SET OR TIED.
MM INDICATES DATA IS MISSING.
T  INDICATES TRACE AMOUNT.




$$
