000
CDUS41 KAKQ 270545
CLISBY


CLIMATE REPORT
NATIONAL WEATHER SERVICE WAKEFIELD, VA
145 AM EDT TUE JUN 27 2017


...................................

...THE SALISBURY MD CLIMATE SUMMARY FOR JUNE 26 2017...

CLIMATE NORMAL PERIOD 1981 TO 2010
CLIMATE RECORD PERIOD 1900 TO 2017


WEATHER ITEM   OBSERVED TIME   RECORD YEAR NORMAL DEPARTURE LAST
                VALUE   (LST)  VALUE       VALUE  FROM      YEAR
                                                  NORMAL
..................................................................
TEMPERATURE (F)
 YESTERDAY
  MAXIMUM         83    322 PM 100    1952  85     -2       81
  MINIMUM         59    515 AM  49    1979  65     -6       57
  AVERAGE         71                        75     -4       69

PRECIPITATION (IN)
  YESTERDAY        0.00          2.23 1958   0.12  -0.12     0.00
  MONTH TO DATE    1.93                      3.24  -1.31     3.42
  SINCE JUN 1      1.93                      3.24  -1.31     3.42
  SINCE JAN 1     18.46                     21.79  -3.33    22.15

SNOWFALL (IN)
  YESTERDAY        0.0           0.0  2002   0.0    0.0
                                      2001
  MONTH TO DATE    0.0                       0.0    0.0
  SINCE NOV 1      9.6                       9.3    0.3
  SINCE JUL 1      9.6                       9.3    0.3
  SNOW DEPTH       0

DEGREE DAYS
 HEATING
  YESTERDAY        0                         0      0        0
  MONTH TO DATE   15                        18     -3        1
  SINCE JUN 1     15                        18     -3        1
  SINCE JUL 1   3703                      4440   -737     3637

 COOLING
  YESTERDAY        6                        10     -4        4
  MONTH TO DATE  247                       185     62      179
  SINCE JUN 1    247                       185     62      179
  SINCE JAN 1    385                       269    116      264
..................................................................


WIND (MPH)
  HIGHEST WIND SPEED    16   HIGHEST WIND DIRECTION     W (260)
  HIGHEST GUST SPEED    20   HIGHEST GUST DIRECTION    SW (220)
  AVERAGE WIND SPEED     5.3


SKY COVER
  POSSIBLE SUNSHINE  MM
  AVERAGE SKY COVER 0.1


WEATHER CONDITIONS
 THE FOLLOWING WEATHER WAS RECORDED YESTERDAY.
  NO SIGNIFICANT WEATHER WAS OBSERVED.


RELATIVE HUMIDITY (PERCENT)
 HIGHEST   100           200 AM
 LOWEST     34           100 PM
 AVERAGE    67

..........................................................


THE SALISBURY MD CLIMATE NORMALS FOR TODAY
                         NORMAL    RECORD    YEAR
 MAXIMUM TEMPERATURE (F)   85        99      1952
 MINIMUM TEMPERATURE (F)   65        48      1965


SUNRISE AND SUNSET
JUNE 27 2017..........SUNRISE   541 AM EDT   SUNSET   830 PM EDT
JUNE 28 2017..........SUNRISE   541 AM EDT   SUNSET   830 PM EDT


-  INDICATES NEGATIVE NUMBERS.
R  INDICATES RECORD WAS SET OR TIED.
MM INDICATES DATA IS MISSING.
T  INDICATES TRACE AMOUNT.




$$
