000
CDUS41 KAKQ 310838
CLISBY


CLIMATE REPORT
NATIONAL WEATHER SERVICE WAKEFIELD, VA
338 AM EST SAT JAN 31 2015


...................................

...THE SALISBURY MD CLIMATE SUMMARY FOR JANUARY 30 2015...

CLIMATE NORMAL PERIOD 1981 TO 2010
CLIMATE RECORD PERIOD 1900 TO 2015


WEATHER ITEM   OBSERVED TIME   RECORD YEAR NORMAL DEPARTURE LAST
                VALUE   (LST)  VALUE       VALUE  FROM      YEAR
                                                  NORMAL
..................................................................
TEMPERATURE (F)
 YESTERDAY
  MAXIMUM         47   1223 PM  77    2002  45      2       33
  MINIMUM         26   1159 PM  -6    2014  27     -1       -6
  AVERAGE         37                        36      1       14

PRECIPITATION (IN)
  YESTERDAY        0.01          1.37 2005   0.13  -0.12     0.00
  MONTH TO DATE    4.56                      3.49   1.07     2.13
  SINCE DEC 1      6.25                      7.20  -0.95     5.31
  SINCE JAN 1      4.56                      3.49   1.07     2.13

SNOWFALL (IN)
  YESTERDAY       MM             6.0  1918   0.2   MM
  MONTH TO DATE    T                         3.1   -3.1
  SINCE NOV 1      T                         4.9   -4.9
  SINCE JUL 1      T                         4.9   -4.9
  SNOW DEPTH       0

DEGREE DAYS
 HEATING
  YESTERDAY       28                        29     -1       51
  MONTH TO DATE  850                       891    -41      973
  SINCE DEC 1   1494                      1697   -203     1643
  SINCE JUL 1   2166                      2515   -349     2348

 COOLING
  YESTERDAY        0                         0      0        0
  MONTH TO DATE    0                         0      0        0
  SINCE DEC 1      0                         0      0        5
  SINCE JAN 1      0                         0      0        0
..................................................................


WIND (MPH)
  HIGHEST WIND SPEED    29   HIGHEST WIND DIRECTION    NW (320)
  HIGHEST GUST SPEED    40   HIGHEST GUST DIRECTION    NW (330)
  AVERAGE WIND SPEED    16.1


SKY COVER
  POSSIBLE SUNSHINE  MM
  AVERAGE SKY COVER 0.6


WEATHER CONDITIONS
 THE FOLLOWING WEATHER WAS RECORDED YESTERDAY.
  LIGHT RAIN


RELATIVE HUMIDITY (PERCENT)
 HIGHEST    70           600 AM
 LOWEST     31           100 PM
 AVERAGE    51

..........................................................


THE SALISBURY MD CLIMATE NORMALS FOR TODAY
                         NORMAL    RECORD    YEAR
 MAXIMUM TEMPERATURE (F)   45        70      1914
 MINIMUM TEMPERATURE (F)   27         4      1948


SUNRISE AND SUNSET
JANUARY 31 2015.......SUNRISE   708 AM EST   SUNSET   523 PM EST
FEBRUARY  1 2015......SUNRISE   707 AM EST   SUNSET   524 PM EST


-  INDICATES NEGATIVE NUMBERS.
R  INDICATES RECORD WAS SET OR TIED.
MM INDICATES DATA IS MISSING.
T  INDICATES TRACE AMOUNT.




$$
