000
CDUS41 KAKQ 200828
CLISBY


CLIMATE REPORT
NATIONAL WEATHER SERVICE WAKEFIELD, VA
328 AM EST SAT DEC 20 2014


...................................

...THE SALISBURY MD CLIMATE SUMMARY FOR DECEMBER 19 2014...

CLIMATE NORMAL PERIOD 1981 TO 2010
CLIMATE RECORD PERIOD 1900 TO 2014


WEATHER ITEM   OBSERVED TIME   RECORD YEAR NORMAL DEPARTURE LAST
                VALUE   (LST)  VALUE       VALUE  FROM      YEAR
                                                  NORMAL
..................................................................
TEMPERATURE (F)
 YESTERDAY
  MAXIMUM         42   1256 PM  75    1924  47     -5       57
  MINIMUM         29   1104 PM   7    1926  29      0       26
  AVERAGE         36                        38     -2       42

PRECIPITATION (IN)
  YESTERDAY        0.00          1.15 1977   0.12  -0.12     0.00
  MONTH TO DATE    0.83                      2.37  -1.54     2.06
  SINCE DEC 1      0.83                      2.37  -1.54     2.06
  SINCE JAN 1     29.04                     44.34 -15.30    47.67

SNOWFALL (IN)
  YESTERDAY        0.0           6.0  1945   0.1   -0.1
  MONTH TO DATE    0.0                       1.0   -1.0
  SINCE NOV 1      0.0                       1.2   -1.2
  SINCE JUL 1      0.0                       1.2   -1.2
  SNOW DEPTH       0

DEGREE DAYS
 HEATING
  YESTERDAY       29                        27      2       23
  MONTH TO DATE  393                       467    -74      447
  SINCE DEC 1    393                       467    -74      447
  SINCE JUL 1   1065                      1285   -220     1152

 COOLING
  YESTERDAY        0                         0      0        0
  MONTH TO DATE    0                         0      0        0
  SINCE DEC 1      0                         0      0        0
  SINCE JAN 1   1379                      1153    226     1628
..................................................................


WIND (MPH)
  HIGHEST WIND SPEED    17   HIGHEST WIND DIRECTION    NW (320)
  HIGHEST GUST SPEED    23   HIGHEST GUST DIRECTION    NW (330)
  AVERAGE WIND SPEED     8.1


SKY COVER
  POSSIBLE SUNSHINE  MM
  AVERAGE SKY COVER 0.7


WEATHER CONDITIONS
 THE FOLLOWING WEATHER WAS RECORDED YESTERDAY.
  NO SIGNIFICANT WEATHER WAS OBSERVED.


RELATIVE HUMIDITY (PERCENT)
 HIGHEST    72          1100 PM
 LOWEST     53           100 PM
 AVERAGE    63

..........................................................


THE SALISBURY MD CLIMATE NORMALS FOR TODAY
                         NORMAL    RECORD    YEAR
 MAXIMUM TEMPERATURE (F)   47        65      2002
                                             1957
 MINIMUM TEMPERATURE (F)   29         0      1916


SUNRISE AND SUNSET
DECEMBER 20 2014......SUNRISE   715 AM EST   SUNSET   445 PM EST
DECEMBER 21 2014......SUNRISE   715 AM EST   SUNSET   445 PM EST


-  INDICATES NEGATIVE NUMBERS.
R  INDICATES RECORD WAS SET OR TIED.
MM INDICATES DATA IS MISSING.
T  INDICATES TRACE AMOUNT.




$$
