000
CDUS41 KAKQ 220845
CLISBY


CLIMATE REPORT
NATIONAL WEATHER SERVICE WAKEFIELD, VA
445 AM EDT FRI AUG 22 2014


...................................

...THE SALISBURY MD CLIMATE SUMMARY FOR AUGUST 21 2014...

CLIMATE NORMAL PERIOD 1981 TO 2010
CLIMATE RECORD PERIOD 1900 TO 2014


WEATHER ITEM   OBSERVED TIME   RECORD YEAR NORMAL DEPARTURE LAST
                VALUE   (LST)  VALUE       VALUE  FROM      YEAR
                                                  NORMAL
..................................................................
TEMPERATURE (F)
 YESTERDAY
  MAXIMUM         86    233 PM 100    1962  84      2       89
  MINIMUM         68   1206 AM  46    2008  65      3       68
  AVERAGE         77                        74      3       79

PRECIPITATION (IN)
  YESTERDAY        0.13          3.50 1933   0.14  -0.01      T
  MONTH TO DATE    4.28                      3.17   1.11     6.36
  SINCE JUN 1      8.40                     11.26  -2.86    20.09
  SINCE JAN 1     20.22                     29.81  -9.59    38.74

SNOWFALL (IN)
  YESTERDAY        0.0           0.0  2002   0.0    0.0
                                      2001
  MONTH TO DATE    0.0                       0.0    0.0
  SINCE NOV 1     22.5                       9.3   13.2
  SINCE JUL 1      0.0                       0.0    0.0
  SNOW DEPTH       0

DEGREE DAYS
 HEATING
  YESTERDAY        0                         0      0        0
  MONTH TO DATE    0                         0      0        0
  SINCE JUN 1      5                        20    -15        0
  SINCE JUL 1      0                         1     -1        0

 COOLING
  YESTERDAY       12                        10      2       14
  MONTH TO DATE  212                       221     -9      218
  SINCE JUN 1    895                       812     83     1057
  SINCE JAN 1   1030                       896    134     1248
..................................................................


WIND (MPH)
  HIGHEST WIND SPEED    15   HIGHEST WIND DIRECTION    SE (140)
  HIGHEST GUST SPEED    20   HIGHEST GUST DIRECTION    SE (120)
  AVERAGE WIND SPEED     3.1


SKY COVER
  POSSIBLE SUNSHINE  MM
  AVERAGE SKY COVER 0.7


WEATHER CONDITIONS
 THE FOLLOWING WEATHER WAS RECORDED YESTERDAY.
  RAIN
  LIGHT RAIN


RELATIVE HUMIDITY (PERCENT)
 HIGHEST    90           200 AM
 LOWEST     65          1100 AM
 AVERAGE    78

..........................................................


THE SALISBURY MD CLIMATE NORMALS FOR TODAY
                         NORMAL    RECORD    YEAR
 MAXIMUM TEMPERATURE (F)   84        97      1916
 MINIMUM TEMPERATURE (F)   65        49      2000


SUNRISE AND SUNSET
AUGUST 22 2014........SUNRISE   623 AM EDT   SUNSET   746 PM EDT
AUGUST 23 2014........SUNRISE   624 AM EDT   SUNSET   745 PM EDT


-  INDICATES NEGATIVE NUMBERS.
R  INDICATES RECORD WAS SET OR TIED.
MM INDICATES DATA IS MISSING.
T  INDICATES TRACE AMOUNT.




$$
