000
CDUS41 KAKQ 270645
CLISBY


CLIMATE REPORT
NATIONAL WEATHER SERVICE WAKEFIELD, VA
245 AM EDT FRI MAR 27 2015


...................................

...THE SALISBURY MD CLIMATE SUMMARY FOR MARCH 26 2015...

CLIMATE NORMAL PERIOD 1981 TO 2010
CLIMATE RECORD PERIOD 1900 TO 2015


WEATHER ITEM   OBSERVED TIME   RECORD YEAR NORMAL DEPARTURE LAST
                VALUE   (LST)  VALUE       VALUE  FROM      YEAR
                                                  NORMAL
..................................................................
TEMPERATURE (F)
 YESTERDAY
  MAXIMUM         MM        MM  84    1921  58     MM       36
  MINIMUM         MM        MM  20    1974  37     MM       29
  AVERAGE         MM                        48     MM       33

PRECIPITATION (IN)
  YESTERDAY        0.62          2.24 1988   0.15   0.47     0.35
  MONTH TO DATE    3.66                      3.68  -0.02     2.53
  SINCE MAR 1      3.66                      3.68  -0.02     2.53
  SINCE JAN 1     11.38                     10.64   0.74     9.75

SNOWFALL (IN)
  YESTERDAY       MM             4.5  1926   0.1   MM
  MONTH TO DATE    5.2                       0.8    4.4
  SINCE NOV 1     15.7                       9.1    6.6
  SINCE JUL 1     15.7                       9.1    6.6
  SNOW DEPTH       0

DEGREE DAYS
 HEATING
  YESTERDAY       MM                        17     MM       32
  MONTH TO DATE  549                       548      1      619
  SINCE MAR 1    549                       548      1      619
  SINCE JUL 1   3762                      3853    -91     3759

 COOLING
  YESTERDAY       MM                         0     MM        0
  MONTH TO DATE    0                         0      0        0
  SINCE MAR 1      0                         0      0        0
  SINCE JAN 1      0                         0      0        0
..................................................................


WIND (MPH)
  HIGHEST WIND SPEED    27   HIGHEST WIND DIRECTION     S (190)
  HIGHEST GUST SPEED    37   HIGHEST GUST DIRECTION     S (190)
  AVERAGE WIND SPEED    11.3


SKY COVER
  POSSIBLE SUNSHINE  MM
  AVERAGE SKY COVER 0.8


WEATHER CONDITIONS
 THE FOLLOWING WEATHER WAS RECORDED YESTERDAY.
  HEAVY RAIN
  RAIN
  LIGHT RAIN
  FOG
  HAZE


RELATIVE HUMIDITY (PERCENT)
 HIGHEST   100           700 PM
 LOWEST     84           800 AM
 AVERAGE    92

..........................................................


THE SALISBURY MD CLIMATE NORMALS FOR TODAY
                         NORMAL    RECORD    YEAR
 MAXIMUM TEMPERATURE (F)   59        85      1921
 MINIMUM TEMPERATURE (F)   38        20      2014
                                             1951


SUNRISE AND SUNSET
MARCH 27 2015.........SUNRISE   655 AM EDT   SUNSET   720 PM EDT
MARCH 28 2015.........SUNRISE   654 AM EDT   SUNSET   721 PM EDT


-  INDICATES NEGATIVE NUMBERS.
R  INDICATES RECORD WAS SET OR TIED.
MM INDICATES DATA IS MISSING.
T  INDICATES TRACE AMOUNT.




$$
