000
CDUS41 KAKQ 300537
CLISBY


CLIMATE REPORT
NATIONAL WEATHER SERVICE WAKEFIELD, VA
136 AM EDT MON MAY 30 2016


...................................

...THE SALISBURY MD CLIMATE SUMMARY FOR MAY 29 2016...

CLIMATE NORMAL PERIOD 1981 TO 2010
CLIMATE RECORD PERIOD 1900 TO 2016


WEATHER ITEM   OBSERVED TIME   RECORD YEAR NORMAL DEPARTURE LAST
                VALUE   (LST)  VALUE       VALUE  FROM      YEAR
                                                  NORMAL
..................................................................
TEMPERATURE (F)
 YESTERDAY
  MAXIMUM         83   1230 PM  96    1941  77      6       86
  MINIMUM         58    408 AM  35    1935  56      2       62
  AVERAGE         71                        66      5       74

PRECIPITATION (IN)
  YESTERDAY        0.04          2.21 1990   0.13  -0.09     0.00
  MONTH TO DATE    4.54                      3.36   1.18     1.75
  SINCE MAR 1      9.99                     11.33  -1.34     9.49
  SINCE JAN 1     16.84                     18.29  -1.45    17.21

SNOWFALL (IN)
  YESTERDAY        0.0           0.0  2002   0.0    0.0
                                      2001
  MONTH TO DATE    0.0                       0.0    0.0
  SINCE NOV 1     19.8                       9.3   10.5
  SINCE JUL 1     19.8                       9.3   10.5
  SNOW DEPTH       0

DEGREE DAYS
 HEATING
  YESTERDAY        0                         2     -2        0
  MONTH TO DATE  159                       138     21       75
  SINCE MAR 1    965                      1113   -148     1059
  SINCE JUL 1   3636                      4418   -782     4272

 COOLING
  YESTERDAY        6                         4      2        9
  MONTH TO DATE   46                        59    -13      128
  SINCE MAR 1     70                        76     -6      135
  SINCE JAN 1     70                        76     -6      135
..................................................................


WIND (MPH)
  HIGHEST WIND SPEED    16   HIGHEST WIND DIRECTION    SE (130)
  HIGHEST GUST SPEED    21   HIGHEST GUST DIRECTION    SE (120)
  AVERAGE WIND SPEED     5.6


SKY COVER
  POSSIBLE SUNSHINE  MM
  AVERAGE SKY COVER 0.7


WEATHER CONDITIONS
 THE FOLLOWING WEATHER WAS RECORDED YESTERDAY.
  RAIN
  LIGHT RAIN
  FOG


RELATIVE HUMIDITY (PERCENT)
 HIGHEST   100           200 AM
 LOWEST     65          1200 PM
 AVERAGE    83

..........................................................


THE SALISBURY MD CLIMATE NORMALS FOR TODAY
                         NORMAL    RECORD    YEAR
 MAXIMUM TEMPERATURE (F)   77        95      2011
                                             1987
 MINIMUM TEMPERATURE (F)   56        40      1925


SUNRISE AND SUNSET
MAY 30 2016...........SUNRISE   541 AM EDT   SUNSET   819 PM EDT
MAY 31 2016...........SUNRISE   540 AM EDT   SUNSET   820 PM EDT


-  INDICATES NEGATIVE NUMBERS.
R  INDICATES RECORD WAS SET OR TIED.
MM INDICATES DATA IS MISSING.
T  INDICATES TRACE AMOUNT.




$$
