000
CDUS41 KAKQ 300533
CLISBY


CLIMATE REPORT
NATIONAL WEATHER SERVICE WAKEFIELD, VA
133 AM EDT SAT MAY 30 2015


...................................

...THE SALISBURY MD CLIMATE SUMMARY FOR MAY 29 2015...

CLIMATE NORMAL PERIOD 1981 TO 2010
CLIMATE RECORD PERIOD 1900 TO 2015


WEATHER ITEM   OBSERVED TIME   RECORD YEAR NORMAL DEPARTURE LAST
                VALUE   (LST)  VALUE       VALUE  FROM      YEAR
                                                  NORMAL
..................................................................
TEMPERATURE (F)
 YESTERDAY
  MAXIMUM         86   1251 PM  96    1941  77      9       59
  MINIMUM         62   1156 PM  35    1935  56      6       57
  AVERAGE         74                        66      8       58

PRECIPITATION (IN)
  YESTERDAY        0.00          2.21 1990   0.13  -0.13     0.55
  MONTH TO DATE    1.75                      3.36  -1.61     3.31
  SINCE MAR 1      9.49                     11.33  -1.84    12.29
  SINCE JAN 1     17.21                     18.29  -1.08    19.51

SNOWFALL (IN)
  YESTERDAY        0.0           0.0  2002   0.0    0.0
                                      2001
  MONTH TO DATE    0.0                       0.0    0.0
  SINCE NOV 1     15.7                       9.3    6.4
  SINCE JUL 1     15.7                       9.3    6.4
  SNOW DEPTH       0

DEGREE DAYS
 HEATING
  YESTERDAY        0                         2     -2        7
  MONTH TO DATE   75                       138    -63       48
  SINCE MAR 1   1059                      1113    -54     1029
  SINCE JUL 1   4272                      4418   -146     4169

 COOLING
  YESTERDAY        9                         4      5        0
  MONTH TO DATE  128                        59     69      120
  SINCE MAR 1    135                        76     59      134
  SINCE JAN 1    135                        76     59      134
..................................................................


WIND (MPH)
  HIGHEST WIND SPEED    15   HIGHEST WIND DIRECTION    SE (150)
  HIGHEST GUST SPEED    20   HIGHEST GUST DIRECTION     E (110)
  AVERAGE WIND SPEED     3.8


SKY COVER
  POSSIBLE SUNSHINE  MM
  AVERAGE SKY COVER 0.3


WEATHER CONDITIONS
 THE FOLLOWING WEATHER WAS RECORDED YESTERDAY.
  THUNDERSTORM


RELATIVE HUMIDITY (PERCENT)
 HIGHEST   100          1100 PM
 LOWEST     58          1200 PM
 AVERAGE    79

..........................................................


THE SALISBURY MD CLIMATE NORMALS FOR TODAY
                         NORMAL    RECORD    YEAR
 MAXIMUM TEMPERATURE (F)   77        95      2011
                                             1987
 MINIMUM TEMPERATURE (F)   56        40      1925


SUNRISE AND SUNSET
MAY 30 2015...........SUNRISE   541 AM EDT   SUNSET   818 PM EDT
MAY 31 2015...........SUNRISE   541 AM EDT   SUNSET   819 PM EDT


-  INDICATES NEGATIVE NUMBERS.
R  INDICATES RECORD WAS SET OR TIED.
MM INDICATES DATA IS MISSING.
T  INDICATES TRACE AMOUNT.




$$
