272
CDUS41 KAKQ 260541
CLISBY


CLIMATE REPORT
NATIONAL WEATHER SERVICE WAKEFIELD, VA
140 AM EDT FRI AUG 26 2016


...................................

...THE SALISBURY MD CLIMATE SUMMARY FOR AUGUST 25 2016...

CLIMATE NORMAL PERIOD 1981 TO 2010
CLIMATE RECORD PERIOD 1900 TO 2016


WEATHER ITEM   OBSERVED TIME   RECORD YEAR NORMAL DEPARTURE LAST
                VALUE   (LST)  VALUE       VALUE  FROM      YEAR
                                                  NORMAL
..................................................................
TEMPERATURE (F)
 YESTERDAY
  MAXIMUM         86    317 PM  98    1968  84      2       85
  MINIMUM         59    318 AM  48    1952  64     -5       66
  AVERAGE         73                        74     -1       76

PRECIPITATION (IN)
  YESTERDAY        0.00          3.17 1985   0.13  -0.13     0.00
  MONTH TO DATE    2.70                      3.71  -1.01     5.66
  SINCE JUN 1     15.33                     11.80   3.53    20.18
  SINCE JAN 1     34.06                     30.35   3.71    37.39

SNOWFALL (IN)
  YESTERDAY        0.0           0.0  2002   0.0    0.0
                                      2001
  MONTH TO DATE    0.0                       0.0    0.0
  SINCE NOV 1     19.8                       9.3   10.5
  SINCE JUL 1      0.0                       0.0    0.0
  SNOW DEPTH       0

DEGREE DAYS
 HEATING
  YESTERDAY        0                         0      0        0
  MONTH TO DATE    0                         0      0        0
  SINCE JUN 1      1                        20    -19       15
  SINCE JUL 1      0                         1     -1        0

 COOLING
  YESTERDAY        8                         9     -1       11
  MONTH TO DATE  350                       257     93      258
  SINCE JUN 1   1019                       848    171      903
  SINCE JAN 1   1104                       932    172     1059
..................................................................


WIND (MPH)
  HIGHEST WIND SPEED    16   HIGHEST WIND DIRECTION    SW (220)
  HIGHEST GUST SPEED    21   HIGHEST GUST DIRECTION     S (180)
  AVERAGE WIND SPEED     6.5


SKY COVER
  POSSIBLE SUNSHINE  MM
  AVERAGE SKY COVER 0.2


WEATHER CONDITIONS
 THE FOLLOWING WEATHER WAS RECORDED YESTERDAY.
  NO SIGNIFICANT WEATHER WAS OBSERVED.


RELATIVE HUMIDITY (PERCENT)
 HIGHEST    97           100 AM
 LOWEST     57           200 PM
 AVERAGE    77

..........................................................


THE SALISBURY MD CLIMATE NORMALS FOR TODAY
                         NORMAL    RECORD    YEAR
 MAXIMUM TEMPERATURE (F)   83        98      1948
 MINIMUM TEMPERATURE (F)   64        46      1944


SUNRISE AND SUNSET
AUGUST 26 2016........SUNRISE   627 AM EDT   SUNSET   740 PM EDT
AUGUST 27 2016........SUNRISE   628 AM EDT   SUNSET   738 PM EDT


-  INDICATES NEGATIVE NUMBERS.
R  INDICATES RECORD WAS SET OR TIED.
MM INDICATES DATA IS MISSING.
T  INDICATES TRACE AMOUNT.




$$
