000
CDUS46 KSTO 161439
CLISCK


CLIMATE REPORT
NATIONAL WEATHER SERVICE SACRAMENTO, CA
739 AM PDT WED APR 16 2014


...................................

...THE STOCKTON AIRPORT CA CLIMATE SUMMARY FOR APRIL 15 2014...

CLIMATE NORMAL PERIOD 1981 TO 2010
CLIMATE RECORD PERIOD 1948 TO 2014


WEATHER ITEM   OBSERVED TIME   RECORD YEAR NORMAL DEPARTURE LAST
                VALUE   (LST)  VALUE       VALUE  FROM      YEAR
                                                  NORMAL
..................................................................
TEMPERATURE (F)
 YESTERDAY
  MAXIMUM         81    358 PM  92    1964  72      9       65
  MINIMUM         52    617 AM  34    1970  46      6       46
  AVERAGE         67

PRECIPITATION (IN)
  YESTERDAY        0.00          0.24 1956   0.03  -0.03     0.01
  MONTH TO DATE    0.40                      0.57  -0.17     0.41
  SINCE JUL 1      7.08                     13.04  -5.96     9.89
  SINCE JAN 1      5.37                      8.01  -2.64     2.77

SNOWFALL (IN)
  YESTERDAY        0.0          MM      MM
  MONTH TO DATE    0.0
  SINCE MAR 1      0.0
  SINCE JUL 1      0.0
  SNOW DEPTH       0

DEGREE DAYS
 HEATING
  YESTERDAY        0                         6     -6        9
  MONTH TO DATE   69                       115    -46       55
  SINCE MAR 1    268                       439   -171      276
  SINCE JUL 1   2101                      2501   -400     2279

 COOLING
  YESTERDAY        2                         0      2        0
  MONTH TO DATE   11                         0     11        2
  SINCE MAR 1     11                         0     11        2
  SINCE JAN 1     11                         0     11        2
..................................................................


WIND (MPH)
  RESULTANT WIND SPEED   6   RESULTANT WIND DIRECTION  NW (310)
  HIGHEST WIND SPEED    13   HIGHEST WIND DIRECTION    NW (300)
  HIGHEST GUST SPEED    20   HIGHEST GUST DIRECTION     W (290)


SKY COVER
  POSSIBLE SUNSHINE  MM
  AVERAGE SKY COVER 0.0


WEATHER CONDITIONS
 THE FOLLOWING WEATHER WAS RECORDED YESTERDAY.
  NO SIGNIFICANT WEATHER WAS OBSERVED.


RELATIVE HUMIDITY (PERCENT)
 HIGHEST    83           500 AM
 LOWEST     28           400 PM
 AVERAGE    56

..........................................................


THE STOCKTON AIRPORT CA CLIMATE NORMALS FOR TODAY
                         NORMAL    RECORD    YEAR
 MAXIMUM TEMPERATURE (F)   73        91      1954
 MINIMUM TEMPERATURE (F)   46        35      1967


SUNRISE AND SUNSET
APRIL 16 2014.........SUNRISE   628 AM PDT   SUNSET   742 PM PDT
APRIL 17 2014.........SUNRISE   627 AM PDT   SUNSET   743 PM PDT


-  INDICATES NEGATIVE NUMBERS.
R  INDICATES RECORD WAS SET OR TIED.
MM INDICATES DATA IS MISSING.
T  INDICATES TRACE AMOUNT.




$$
