000
CDUS46 KSTO 230848
CLISCK


CLIMATE REPORT
NATIONAL WEATHER SERVICE SACRAMENTO, CA
147 AM PDT THU OCT 23 2014


...................................

...THE STOCKTON AIRPORT CA CLIMATE SUMMARY FOR OCTOBER 22 2014...

CLIMATE NORMAL PERIOD 1981 TO 2010
CLIMATE RECORD PERIOD 1948 TO 2014


WEATHER ITEM   OBSERVED TIME   RECORD YEAR NORMAL DEPARTURE LAST
                VALUE   (LST)  VALUE       VALUE  FROM      YEAR
                                                  NORMAL
..................................................................
TEMPERATURE (F)
 YESTERDAY
  MAXIMUM         77    404 PM  88    1964  75      2       82
  MINIMUM         49    626 AM  36    1949  48      1       46
  AVERAGE         63

PRECIPITATION (IN)
  YESTERDAY        0.00          0.63 1973   0.03  -0.03     0.00
  MONTH TO DATE    T                         0.46  -0.46     0.00
  SINCE JUL 1      0.60                      0.76  -0.16     0.28
  SINCE JAN 1      6.40                      9.79  -3.39     3.16

SNOWFALL (IN)
  YESTERDAY        0.0           0.0  2002
                                      2001
  MONTH TO DATE    0.0
  SINCE SEP 1      0.0
  SINCE JUL 1      0.0
  SNOW DEPTH       0

DEGREE DAYS
 HEATING
  YESTERDAY        2                         4     -2        1
  MONTH TO DATE    5                        44    -39       28
  SINCE SEP 1      5                        50    -45       34
  SINCE JUL 1      5                        50    -45       34

 COOLING
  YESTERDAY        0                         1     -1        0
  MONTH TO DATE  119                        51     68        2
  SINCE SEP 1    408                       273    135      206
  SINCE JAN 1   1654                      1317    337     1375
..................................................................


WIND (MPH)
  RESULTANT WIND SPEED   3   RESULTANT WIND DIRECTION  NW (330)
  HIGHEST WIND SPEED    10   HIGHEST WIND DIRECTION    NW (330)
  HIGHEST GUST SPEED    18   HIGHEST GUST DIRECTION    NW (300)


SKY COVER
  POSSIBLE SUNSHINE  MM
  AVERAGE SKY COVER 0.0


WEATHER CONDITIONS
 THE FOLLOWING WEATHER WAS RECORDED YESTERDAY.
  NO SIGNIFICANT WEATHER WAS OBSERVED.


RELATIVE HUMIDITY (PERCENT)
 HIGHEST    89           400 AM
 LOWEST     29           400 PM
 AVERAGE    59

..........................................................


THE STOCKTON AIRPORT CA CLIMATE NORMALS FOR TODAY
                         NORMAL    RECORD    YEAR
 MAXIMUM TEMPERATURE (F)   75        88      1965
                                             1959
 MINIMUM TEMPERATURE (F)   48        38      2000


SUNRISE AND SUNSET
OCTOBER 23 2014.......SUNRISE   721 AM PDT   SUNSET   617 PM PDT
OCTOBER 24 2014.......SUNRISE   722 AM PDT   SUNSET   615 PM PDT


-  INDICATES NEGATIVE NUMBERS.
R  INDICATES RECORD WAS SET OR TIED.
MM INDICATES DATA IS MISSING.
T  INDICATES TRACE AMOUNT.




$$
