000
CDUS46 KSTO 300840
CLISCK


CLIMATE REPORT
NATIONAL WEATHER SERVICE SACRAMENTO, CA
139 AM PDT MON MAR 30 2015


...................................

...THE STOCKTON AIRPORT CA CLIMATE SUMMARY FOR MARCH 29 2015...

CLIMATE NORMAL PERIOD 1981 TO 2010
CLIMATE RECORD PERIOD 1948 TO 2015


WEATHER ITEM   OBSERVED TIME   RECORD YEAR NORMAL DEPARTURE LAST
                VALUE   (LST)  VALUE       VALUE  FROM      YEAR
                                                  NORMAL
..................................................................
TEMPERATURE (F)
 YESTERDAY
  MAXIMUM         86R   407 PM  83    2004  68     18       65
  MINIMUM         46    558 AM  35    1975  44      2       50
  AVERAGE         66

PRECIPITATION (IN)
  YESTERDAY        0.00          0.78 1982   0.05  -0.05     0.41
  MONTH TO DATE    0.17                      2.05  -1.88     1.75
  SINCE OCT 1      9.47                     12.06  -2.59     6.26
  SINCE JAN 1      1.63                      7.33  -5.70     4.83

SNOWFALL (IN)
  YESTERDAY        0.0          MM      MM
  MONTH TO DATE    0.0
  SINCE MAR 1      0.0
  SINCE JUL 1      0.0
  SNOW DEPTH       0

DEGREE DAYS
 HEATING
  YESTERDAY        0                         9     -9        7
  MONTH TO DATE  124                       306   -182      172
  SINCE MAR 1    124                       306   -182      172
  SINCE JUL 1   1563                      2368   -805     2005

 COOLING
  YESTERDAY        1                         0      1        0
  MONTH TO DATE   16                         0     16        0
  SINCE MAR 1     16                         0     16        0
  SINCE JAN 1     16                         0     16        0
..................................................................


WIND (MPH)
  RESULTANT WIND SPEED   5   RESULTANT WIND DIRECTION  NW (310)
  HIGHEST WIND SPEED    16   HIGHEST WIND DIRECTION     W (290)
  HIGHEST GUST SPEED    22   HIGHEST GUST DIRECTION    NW (300)


SKY COVER
  POSSIBLE SUNSHINE  MM
  AVERAGE SKY COVER 0.0


WEATHER CONDITIONS
 THE FOLLOWING WEATHER WAS RECORDED YESTERDAY.
  NO SIGNIFICANT WEATHER WAS OBSERVED.


RELATIVE HUMIDITY (PERCENT)
 HIGHEST    86           600 AM
 LOWEST     15           400 PM
 AVERAGE    51

..........................................................


THE STOCKTON AIRPORT CA CLIMATE NORMALS FOR TODAY
                         NORMAL    RECORD    YEAR
 MAXIMUM TEMPERATURE (F)   69        82      1966
 MINIMUM TEMPERATURE (F)   44        34      1985


SUNRISE AND SUNSET
MARCH 30 2015.........SUNRISE   653 AM PDT   SUNSET   726 PM PDT
MARCH 31 2015.........SUNRISE   652 AM PDT   SUNSET   727 PM PDT


-  INDICATES NEGATIVE NUMBERS.
R  INDICATES RECORD WAS SET OR TIED.
MM INDICATES DATA IS MISSING.
T  INDICATES TRACE AMOUNT.




$$
