000
CDUS46 KSTO 030838
CLISCK


CLIMATE REPORT
NATIONAL WEATHER SERVICE SACRAMENTO, CA
1236 AM PST TUE MAR 3 2015


...................................

...THE STOCKTON AIRPORT CA CLIMATE SUMMARY FOR MARCH 2 2015...

CLIMATE NORMAL PERIOD 1981 TO 2010
CLIMATE RECORD PERIOD 1948 TO 2015


WEATHER ITEM   OBSERVED TIME   RECORD YEAR NORMAL DEPARTURE LAST
                VALUE   (LST)  VALUE       VALUE  FROM      YEAR
                                                  NORMAL
..................................................................
TEMPERATURE (F)
 YESTERDAY
  MAXIMUM         64    207 PM  77    1994  64      0       64
  MINIMUM         42   1135 PM  27    1971  42      0       47
  AVERAGE         53

PRECIPITATION (IN)
  YESTERDAY        0.01          0.78 1949   0.08  -0.07     0.05
  MONTH TO DATE    0.01                      0.17  -0.16     0.05
  SINCE OCT 1      9.31                     10.18  -0.87     4.56
  SINCE JAN 1      1.47                      5.45  -3.98     3.13

SNOWFALL (IN)
  YESTERDAY       MM            MM      MM
  MONTH TO DATE    0.0
  SINCE MAR 1      0.0
  SINCE JUL 1      0.0
  SNOW DEPTH       0

DEGREE DAYS
 HEATING
  YESTERDAY       12                        12      0        9
  MONTH TO DATE   27                        24      3       16
  SINCE MAR 1     27                        24      3       16
  SINCE JUL 1   1466                      2086   -620     1849

 COOLING
  YESTERDAY        0                         0      0        0
  MONTH TO DATE    0                         0      0        0
  SINCE MAR 1      0                         0      0        0
  SINCE JAN 1      0                         0      0        0
..................................................................


WIND (MPH)
  RESULTANT WIND SPEED   3   RESULTANT WIND DIRECTION  SE (120)
  HIGHEST WIND SPEED    14   HIGHEST WIND DIRECTION    SE (140)
  HIGHEST GUST SPEED    20   HIGHEST GUST DIRECTION     W (270)


SKY COVER
  POSSIBLE SUNSHINE  MM
  AVERAGE SKY COVER 0.3


WEATHER CONDITIONS
 THE FOLLOWING WEATHER WAS RECORDED YESTERDAY.
  LIGHT RAIN


RELATIVE HUMIDITY (PERCENT)
 HIGHEST    89           300 AM
 LOWEST     55          1200 PM
 AVERAGE    72

..........................................................


THE STOCKTON AIRPORT CA CLIMATE NORMALS FOR TODAY
                         NORMAL    RECORD    YEAR
 MAXIMUM TEMPERATURE (F)   64        75      1959
 MINIMUM TEMPERATURE (F)   42        28      1953
                                             1951


SUNRISE AND SUNSET
MARCH  3 2015.........SUNRISE   634 AM PST   SUNSET   600 PM PST
MARCH  4 2015.........SUNRISE   633 AM PST   SUNSET   601 PM PST


-  INDICATES NEGATIVE NUMBERS.
R  INDICATES RECORD WAS SET OR TIED.
MM INDICATES DATA IS MISSING.
T  INDICATES TRACE AMOUNT.




$$
