000
CDUS46 KSTO 010050
CLISCK


CLIMATE REPORT
NATIONAL WEATHER SERVICE SACRAMENTO, CA
549 PM PDT TUE MAY 31 2016


...................................

...THE STOCKTON AIRPORT CA CLIMATE SUMMARY FOR MAY 31 2016...
VALID TODAY AS OF 0500 PM LOCAL TIME.

CLIMATE NORMAL PERIOD 1981 TO 2010
CLIMATE RECORD PERIOD 1948 TO 2016


WEATHER ITEM   OBSERVED TIME   RECORD YEAR NORMAL DEPARTURE LAST
                VALUE   (LST)  VALUE       VALUE  FROM      YEAR
                                                  NORMAL
..................................................................
TEMPERATURE (F)
 TODAY
  MAXIMUM        100    346 PM 107    2001  85     15       80
  MINIMUM         59    453 AM  47    1971  54      5       53
                                      1955
  AVERAGE         80

PRECIPITATION (IN)
  TODAY            0.00          0.41 1993   0.01  -0.01     0.00
  MONTH TO DATE    0.35                      0.53  -0.18     0.02
  SINCE OCT 1     16.69                     13.68   3.01    10.62
  SINCE JAN 1     12.12                      8.95   3.17     2.78

SNOWFALL (IN)
  TODAY            0.0          MM      MM
  MONTH TO DATE    0.0
  SINCE MAR 1      0.0
  SINCE JUL 1      0.0

DEGREE DAYS
 HEATING
  TODAY            0                         1     -1        0
  MONTH TO DATE   37                        59    -22       42
  SINCE MAR 1    348                       574   -226      274
  SINCE JUL 1   2066                      2636   -570     1713

 COOLING
  TODAY           15                         5     10        2
  MONTH TO DATE  120                       102     18       47
  SINCE MAR 1    146                       119     27       96
  SINCE JAN 1    146                       119     27       96
..................................................................


WIND (MPH)
  RESULTANT WIND SPEED   5   RESULTANT WIND DIRECTION  NW (310)
  HIGHEST WIND SPEED    15   HIGHEST WIND DIRECTION    NW (320)
  HIGHEST GUST SPEED    21   HIGHEST GUST DIRECTION     N (340)


SKY COVER
  POSSIBLE SUNSHINE  MM
  AVERAGE SKY COVER 0.0


WEATHER CONDITIONS
 THE FOLLOWING WEATHER WAS RECORDED TODAY.
  NO SIGNIFICANT WEATHER WAS OBSERVED.


RELATIVE HUMIDITY (PERCENT)
 HIGHEST    67           200 AM
 LOWEST     18           400 PM
 AVERAGE    43

..........................................................


THE STOCKTON AIRPORT CA CLIMATE NORMALS FOR TOMORROW
                         NORMAL    RECORD    YEAR
 MAXIMUM TEMPERATURE (F)   85       107      1960
 MINIMUM TEMPERATURE (F)   54        45      1971
                                             1955


SUNRISE AND SUNSET
MAY 31 2016...........SUNRISE   545 AM PDT   SUNSET   821 PM PDT
JUNE  1 2016..........SUNRISE   544 AM PDT   SUNSET   822 PM PDT


-  INDICATES NEGATIVE NUMBERS.
R  INDICATES RECORD WAS SET OR TIED.
MM INDICATES DATA IS MISSING.
T  INDICATES TRACE AMOUNT.




$$
