000
CDUS46 KSTO 230838
CLISCK


CLIMATE REPORT
NATIONAL WEATHER SERVICE SACRAMENTO, CA
1237 AM PST MON JAN 23 2017


...................................

...THE STOCKTON AIRPORT CA CLIMATE SUMMARY FOR JANUARY 22 2017...

CLIMATE NORMAL PERIOD 1981 TO 2010
CLIMATE RECORD PERIOD 1948 TO 2017


WEATHER ITEM   OBSERVED TIME   RECORD YEAR NORMAL DEPARTURE LAST
                VALUE   (LST)  VALUE       VALUE  FROM      YEAR
                                                  NORMAL
..................................................................
TEMPERATURE (F)
 YESTERDAY
  MAXIMUM         57    103 PM  67    1970  55      2       57
  MINIMUM         45   1115 PM  26    1963  38      7       53
                                      1962
  AVERAGE         51

PRECIPITATION (IN)
  YESTERDAY        0.46          1.70 1983   0.08   0.38     0.30
  MONTH TO DATE    6.23                      1.91   4.32     4.38
  SINCE OCT 1     12.39                      6.64   5.75     8.95
  SINCE JAN 1      6.23                      1.91   4.32     4.38

SNOWFALL (IN)
  YESTERDAY        0.0           0.0  2002
  MONTH TO DATE    0.0
  SINCE DEC 1      0.0
  SINCE JUL 1      0.0
  SNOW DEPTH       0

DEGREE DAYS
 HEATING
  YESTERDAY       14                        19     -5       10
  MONTH TO DATE  383                       433    -50      337
  SINCE DEC 1    954                      1036    -82      889
  SINCE JUL 1   1223                      1493   -270     1294

 COOLING
  YESTERDAY        0                         0      0        0
  MONTH TO DATE    0                         0      0        0
  SINCE DEC 1      0                         0      0        0
  SINCE JAN 1      0                         0      0        0
..................................................................


WIND (MPH)
  RESULTANT WIND SPEED  14   RESULTANT WIND DIRECTION   S (160)
  HIGHEST WIND SPEED    43   HIGHEST WIND DIRECTION    SE (150)
  HIGHEST GUST SPEED    55   HIGHEST GUST DIRECTION     S (160)


SKY COVER
  POSSIBLE SUNSHINE  MM
  AVERAGE SKY COVER 0.9


WEATHER CONDITIONS
 THE FOLLOWING WEATHER WAS RECORDED YESTERDAY.
  HEAVY RAIN
  RAIN
  LIGHT RAIN
  FOG


RELATIVE HUMIDITY (PERCENT)
 HIGHEST   100          1000 AM
 LOWEST     77           100 PM
 AVERAGE    89

..........................................................


THE STOCKTON AIRPORT CA CLIMATE NORMALS FOR TODAY
                         NORMAL    RECORD    YEAR
 MAXIMUM TEMPERATURE (F)   55        64      2014
                                             1991
                                             1977
 MINIMUM TEMPERATURE (F)   38        27      2007


SUNRISE AND SUNSET
JANUARY 23 2017.......SUNRISE   716 AM PST   SUNSET   519 PM PST
JANUARY 24 2017.......SUNRISE   715 AM PST   SUNSET   520 PM PST


-  INDICATES NEGATIVE NUMBERS.
R  INDICATES RECORD WAS SET OR TIED.
MM INDICATES DATA IS MISSING.
T  INDICATES TRACE AMOUNT.




$$
