000
CDUS46 KSTO 220843
CLISCK


CLIMATE REPORT
NATIONAL WEATHER SERVICE SACRAMENTO, CA
1243 AM PST WED FEB 22 2017


...................................

...THE STOCKTON AIRPORT CA CLIMATE SUMMARY FOR FEBRUARY 21 2017...

CLIMATE NORMAL PERIOD 1981 TO 2010
CLIMATE RECORD PERIOD 1948 TO 2017


WEATHER ITEM   OBSERVED TIME   RECORD YEAR NORMAL DEPARTURE LAST
                VALUE   (LST)  VALUE       VALUE  FROM      YEAR
                                                  NORMAL
..................................................................
TEMPERATURE (F)
 YESTERDAY
  MAXIMUM         63    159 PM  73    1995  62      1       65
                                      1985
  MINIMUM         49   1159 PM  27    1953  41      8       38
  AVERAGE         56

PRECIPITATION (IN)
  YESTERDAY        0.58          0.68 1959   0.09   0.49     0.00
  MONTH TO DATE    5.15                      1.94   3.21     0.48
  SINCE OCT 1     17.64                      9.41   8.23     9.96
  SINCE JAN 1     11.48                      4.68   6.80     5.39

SNOWFALL (IN)
  YESTERDAY       MM            MM      MM
  MONTH TO DATE    0.0
  SINCE DEC 1      0.0
  SINCE JUL 1      0.0
  SNOW DEPTH       0

DEGREE DAYS
 HEATING
  YESTERDAY        9                        13     -4       13
  MONTH TO DATE  189                       319   -130      235
  SINCE DEC 1   1312                      1517   -205     1248
  SINCE JUL 1   1581                      1974   -393     1653

 COOLING
  YESTERDAY        0                         0      0        0
  MONTH TO DATE    0                         0      0        0
  SINCE DEC 1      0                         0      0        0
  SINCE JAN 1      0                         0      0        0
..................................................................


WIND (MPH)
  RESULTANT WIND SPEED   9   RESULTANT WIND DIRECTION   S (170)
  HIGHEST WIND SPEED    21   HIGHEST WIND DIRECTION    SE (150)
  HIGHEST GUST SPEED    24   HIGHEST GUST DIRECTION    SE (140)


SKY COVER
  POSSIBLE SUNSHINE  MM
  AVERAGE SKY COVER 0.9


WEATHER CONDITIONS
 THE FOLLOWING WEATHER WAS RECORDED YESTERDAY.
  HEAVY RAIN
  RAIN
  LIGHT RAIN
  FOG


RELATIVE HUMIDITY (PERCENT)
 HIGHEST    93          1200 AM
 LOWEST     69          1200 PM
 AVERAGE    81

..........................................................


THE STOCKTON AIRPORT CA CLIMATE NORMALS FOR TODAY
                         NORMAL    RECORD    YEAR
 MAXIMUM TEMPERATURE (F)   63        74      1985
 MINIMUM TEMPERATURE (F)   41        28      1951


SUNRISE AND SUNSET
FEBRUARY 22 2017......SUNRISE   646 AM PST   SUNSET   552 PM PST
FEBRUARY 23 2017......SUNRISE   644 AM PST   SUNSET   553 PM PST


-  INDICATES NEGATIVE NUMBERS.
R  INDICATES RECORD WAS SET OR TIED.
MM INDICATES DATA IS MISSING.
T  INDICATES TRACE AMOUNT.




$$
