000
CDUS46 KLOX 300905
CLISDB


CLIMATE REPORT
NATIONAL WEATHER SERVICE LOS ANGELES/OXNARD CA
205 AM PDT SAT AUG 30 2014


...................................

...THE SANDBERG CA CLIMATE SUMMARY FOR AUGUST 29 2014...

CLIMATE NORMAL PERIOD 1981 TO 2010
CLIMATE RECORD PERIOD 1948 TO 2014


WEATHER ITEM   OBSERVED TIME   RECORD YEAR NORMAL DEPARTURE LAST
                VALUE   (LST)  VALUE       VALUE  FROM      YEAR
                                                  NORMAL
..................................................................
TEMPERATURE (F)
 YESTERDAY
  MAXIMUM         95    103 PM  97    2007  83     12       96
  MINIMUM         69    448 AM  43    1953  63      6       71
  AVERAGE         82                        73      9       84

PRECIPITATION (IN)
  YESTERDAY        0.00          0.05 2000   0.00   0.00     0.00
  MONTH TO DATE    0.16                      0.03   0.13     0.00
  SINCE JUL 1      0.17                      0.05   0.12     0.06
  SINCE JAN 1      3.75                      8.53  -4.78     2.97

DEGREE DAYS
 HEATING
  YESTERDAY        0                         1     -1        0
  MONTH TO DATE    0                         3     -3        0
  SINCE JUN 1      7                        95    -88       16
  SINCE JUL 1      0                        11    -11        0

 COOLING
  YESTERDAY       17                         9      8       19
  MONTH TO DATE  334                       277     57      362
  SINCE JUN 1   1004                       695    309     1071
  SINCE JAN 1   1154                       740    414     1201
..................................................................


WIND (MPH)
  HIGHEST WIND SPEED    28   HIGHEST WIND DIRECTION    NW (330)
  HIGHEST GUST SPEED    39   HIGHEST GUST DIRECTION     N (340)
  AVERAGE WIND SPEED    15.0


SKY COVER
  POSSIBLE SUNSHINE  MM
  AVERAGE SKY COVER 0.0


WEATHER CONDITIONS
 THE FOLLOWING WEATHER WAS RECORDED YESTERDAY.
  NO SIGNIFICANT WEATHER WAS OBSERVED.


RELATIVE HUMIDITY (PERCENT)
 HIGHEST    31          1200 AM
 LOWEST     11          1100 AM
 AVERAGE    21

..........................................................


THE SANDBERG CA CLIMATE NORMALS FOR TODAY
                         NORMAL    RECORD    YEAR
 MAXIMUM TEMPERATURE (F)   83        96      1998
 MINIMUM TEMPERATURE (F)   63        42      1957


SUNRISE AND SUNSET
AUGUST 30 2014........SUNRISE   626 AM PDT   SUNSET   724 PM PDT
AUGUST 31 2014........SUNRISE   627 AM PDT   SUNSET   723 PM PDT


-  INDICATES NEGATIVE NUMBERS.
R  INDICATES RECORD WAS SET OR TIED.
MM INDICATES DATA IS MISSING.
T  INDICATES TRACE AMOUNT.




$$
