000
CDUS46 KLOX 300120
CLISDB


CLIMATE REPORT
NATIONAL WEATHER SERVICE LOS ANGELES/OXNARD CA
620 PM PDT SUN MAR 29 2015


...................................

...THE SANDBERG CA CLIMATE SUMMARY FOR MARCH 29 2015...
VALID TODAY AS OF 0600 PM LOCAL TIME.

CLIMATE NORMAL PERIOD 1981 TO 2010
CLIMATE RECORD PERIOD 1934 TO 2015


WEATHER ITEM   OBSERVED TIME   RECORD YEAR NORMAL DEPARTURE LAST
                VALUE   (LST)  VALUE       VALUE  FROM      YEAR
                                                  NORMAL
..................................................................
TEMPERATURE (F)
 TODAY
  MAXIMUM         82R   104 PM  76    1969  56     26       72
  MINIMUM         55    427 AM  23    1967  40     15       45
  AVERAGE         69                        48     21       59

PRECIPITATION (IN)
  TODAY            0.00          1.26 1946   0.05  -0.05     0.00
  MONTH TO DATE    0.27                      1.65  -1.38     0.24
  SINCE OCT 1      6.81                     10.93  -4.12     3.85
  SINCE JAN 1      1.91                      7.30  -5.39     3.15

DEGREE DAYS
 HEATING
  TODAY            0                        17    -17        6
  MONTH TO DATE  214                       536   -322      302
  SINCE MAR 1    214                       536   -322      302
  SINCE JUL 1   1845                      3295  -1450     2087

 COOLING
  TODAY            4                         0      4        0
  MONTH TO DATE   27                         0     27        3
  SINCE MAR 1     27                         0     27        3
  SINCE JAN 1     30                         0     30       10
..................................................................


WIND (MPH)
  HIGHEST WIND SPEED    18   HIGHEST WIND DIRECTION     N (340)
  HIGHEST GUST SPEED    24   HIGHEST GUST DIRECTION     N (340)
  AVERAGE WIND SPEED    11.1


SKY COVER
  POSSIBLE SUNSHINE  MM
  AVERAGE SKY COVER 0.0


WEATHER CONDITIONS
 THE FOLLOWING WEATHER WAS RECORDED TODAY.
  NO SIGNIFICANT WEATHER WAS OBSERVED.


RELATIVE HUMIDITY (PERCENT)
 HIGHEST    55           500 AM
 LOWEST      7           100 PM
 AVERAGE    31

..........................................................


THE SANDBERG CA CLIMATE NORMALS FOR TOMORROW
                         NORMAL    RECORD    YEAR
 MAXIMUM TEMPERATURE (F)   56        77      2002
 MINIMUM TEMPERATURE (F)   40        21      1967


SUNRISE AND SUNSET
MARCH 29 2015.........SUNRISE   646 AM PDT   SUNSET   714 PM PDT
MARCH 30 2015.........SUNRISE   645 AM PDT   SUNSET   714 PM PDT


-  INDICATES NEGATIVE NUMBERS.
R  INDICATES RECORD WAS SET OR TIED.
MM INDICATES DATA IS MISSING.
T  INDICATES TRACE AMOUNT.




$$
