000
CDUS46 KLOX 070910
CLISDB


CLIMATE REPORT
NATIONAL WEATHER SERVICE LOS ANGELES/OXNARD CA
109 AM PST WED DEC 7 2016


...................................

...THE SANDBERG CA CLIMATE SUMMARY FOR DECEMBER 6 2016...

CLIMATE NORMAL PERIOD 1981 TO 2010
CLIMATE RECORD PERIOD 1934 TO 2016


WEATHER ITEM   OBSERVED TIME   RECORD YEAR NORMAL DEPARTURE LAST
                VALUE   (LST)  VALUE       VALUE  FROM      YEAR
                                                  NORMAL
..................................................................
TEMPERATURE (F)
 YESTERDAY
  MAXIMUM         50    237 AM  74    1977  49      1       64
  MINIMUM         33   1153 PM  21    1960  37     -4       44
  AVERAGE         42                        43     -1       54

PRECIPITATION (IN)
  YESTERDAY        0.00          2.70 1992   0.06  -0.06     0.00
  MONTH TO DATE    T                         0.29  -0.29     0.00
  SINCE OCT 1      1.41                      1.67  -0.26     1.08
  SINCE JAN 1      6.64                     10.37  -3.73     5.65

DEGREE DAYS
 HEATING
  YESTERDAY       23                        22      1       11
  MONTH TO DATE  114                       129    -15       97
  SINCE DEC 1    114                       129    -15       97
  SINCE JUL 1    563                       908   -345      713

 COOLING
  YESTERDAY        0                         0      0        0
  MONTH TO DATE    0                         0      0        0
  SINCE DEC 1      0                         0      0        0
  SINCE JAN 1   1673                       998    675     1499
..................................................................


WIND (MPH)
  HIGHEST WIND SPEED    28   HIGHEST WIND DIRECTION     N (340)
  HIGHEST GUST SPEED    33   HIGHEST GUST DIRECTION     N (340)
  AVERAGE WIND SPEED    13.0


SKY COVER
  POSSIBLE SUNSHINE  MM
  AVERAGE SKY COVER 0.2


WEATHER CONDITIONS
 THE FOLLOWING WEATHER WAS RECORDED YESTERDAY.
  FOG
  FOG W/VISIBILITY <= 1/4 MILE
  HAZE


RELATIVE HUMIDITY (PERCENT)
 HIGHEST    89           700 PM
 LOWEST     11           300 AM
 AVERAGE    50

..........................................................


THE SANDBERG CA CLIMATE NORMALS FOR TODAY
                         NORMAL    RECORD    YEAR
 MAXIMUM TEMPERATURE (F)   49        72      1937
 MINIMUM TEMPERATURE (F)   37        20      1951


SUNRISE AND SUNSET
DECEMBER  7 2016......SUNRISE   649 AM PST   SUNSET   444 PM PST
DECEMBER  8 2016......SUNRISE   650 AM PST   SUNSET   444 PM PST


-  INDICATES NEGATIVE NUMBERS.
R  INDICATES RECORD WAS SET OR TIED.
MM INDICATES DATA IS MISSING.
T  INDICATES TRACE AMOUNT.




$$
