000
CDUS46 KLOX 310905
CLISDB


CLIMATE REPORT
NATIONAL WEATHER SERVICE LOS ANGELES/OXNARD CA
105 AM PST SAT JAN 31 2015


...................................

...THE SANDBERG CA CLIMATE SUMMARY FOR JANUARY 30 2015...

CLIMATE NORMAL PERIOD 1981 TO 2010
CLIMATE RECORD PERIOD 1934 TO 2015


WEATHER ITEM   OBSERVED TIME   RECORD YEAR NORMAL DEPARTURE LAST
                VALUE   (LST)  VALUE       VALUE  FROM      YEAR
                                                  NORMAL
..................................................................
TEMPERATURE (F)
 YESTERDAY
  MAXIMUM         57   1123 AM  66    1971  49      8       55
  MINIMUM         45   1159 PM  20    2002  37      8       43
  AVERAGE         51                        43      8       49

PRECIPITATION (IN)
  YESTERDAY        0.04          1.12 1944   0.06  -0.02      T
  MONTH TO DATE    1.50                      2.36  -0.86      T
  SINCE OCT 1      6.40                      5.99   0.41     0.70
  SINCE JAN 1      1.50                      2.36  -0.86      T

DEGREE DAYS
 HEATING
  YESTERDAY       14                        22     -8       16
  MONTH TO DATE  403                       663   -260      307
  SINCE DEC 1    976                      1365   -389      829
  SINCE JUL 1   1366                      2144   -778     1383

 COOLING
  YESTERDAY        0                         0      0        0
  MONTH TO DATE    0                         0      0        0
  SINCE DEC 1      0                         0      0        0
  SINCE JAN 1      0                         0      0        0
..................................................................


WIND (MPH)
  HIGHEST WIND SPEED    29   HIGHEST WIND DIRECTION    NW (330)
  HIGHEST GUST SPEED    31   HIGHEST GUST DIRECTION    NW (330)
  AVERAGE WIND SPEED    10.0


SKY COVER
  POSSIBLE SUNSHINE  MM
  AVERAGE SKY COVER 0.7


WEATHER CONDITIONS
 THE FOLLOWING WEATHER WAS RECORDED YESTERDAY.
  LIGHT RAIN
  FOG
  FOG W/VISIBILITY <= 1/4 MILE
  HAZE


RELATIVE HUMIDITY (PERCENT)
 HIGHEST    89           400 AM
 LOWEST     59          1100 AM
 AVERAGE    74

..........................................................


THE SANDBERG CA CLIMATE NORMALS FOR TODAY
                         NORMAL    RECORD    YEAR
 MAXIMUM TEMPERATURE (F)   49        69      2003
 MINIMUM TEMPERATURE (F)   37        20      1969


SUNRISE AND SUNSET
JANUARY 31 2015.......SUNRISE   654 AM PST   SUNSET   523 PM PST
FEBRUARY  1 2015......SUNRISE   653 AM PST   SUNSET   524 PM PST


-  INDICATES NEGATIVE NUMBERS.
R  INDICATES RECORD WAS SET OR TIED.
MM INDICATES DATA IS MISSING.
T  INDICATES TRACE AMOUNT.




$$
