000
CDUS46 KLOX 040907
CLISDB


CLIMATE REPORT
NATIONAL WEATHER SERVICE LOS ANGELES/OXNARD CA
206 AM PDT TUE AUG 4 2015


...................................

...THE SANDBERG CA CLIMATE SUMMARY FOR AUGUST 3 2015...

CLIMATE NORMAL PERIOD 1981 TO 2010
CLIMATE RECORD PERIOD 1934 TO 2015


WEATHER ITEM   OBSERVED TIME   RECORD YEAR NORMAL DEPARTURE LAST
                VALUE   (LST)  VALUE       VALUE  FROM      YEAR
                                                  NORMAL
..................................................................
TEMPERATURE (F)
 YESTERDAY
  MAXIMUM         91    111 PM  97    1998  86      5       74
  MINIMUM         65    422 AM  48    1976  65      0       62
  AVERAGE         78                        75      3       68

PRECIPITATION (IN)
  YESTERDAY        0.00          0.16 2014   0.00   0.00     0.16
  MONTH TO DATE    0.00                      0.00   0.00     0.16
  SINCE OCT 1      8.65                     12.13  -3.48     4.45
  SINCE JAN 1      3.75                      8.50  -4.75     3.75

DEGREE DAYS
 HEATING
  YESTERDAY        0                         0      0        0
  MONTH TO DATE    0                         0      0        0
  SINCE JUN 1     29                        92    -63        7
  SINCE JUL 1     10                         8      2        0

 COOLING
  YESTERDAY       13                        10      3        3
  MONTH TO DATE   45                        30     15       40
  SINCE JUN 1    631                       448    183      710
  SINCE JAN 1    744                       493    251      860
..................................................................


WIND (MPH)
  HIGHEST WIND SPEED    22   HIGHEST WIND DIRECTION    NW (330)
  HIGHEST GUST SPEED    27   HIGHEST GUST DIRECTION    NW (330)
  AVERAGE WIND SPEED    12.2


SKY COVER
  POSSIBLE SUNSHINE  MM
  AVERAGE SKY COVER 0.0


WEATHER CONDITIONS
 THE FOLLOWING WEATHER WAS RECORDED YESTERDAY.
  NO SIGNIFICANT WEATHER WAS OBSERVED.


RELATIVE HUMIDITY (PERCENT)
 HIGHEST    56           200 AM
 LOWEST     19           100 PM
 AVERAGE    38

..........................................................


THE SANDBERG CA CLIMATE NORMALS FOR TODAY
                         NORMAL    RECORD    YEAR
 MAXIMUM TEMPERATURE (F)   86       100      1998
 MINIMUM TEMPERATURE (F)   64        47      1976


SUNRISE AND SUNSET
AUGUST  4 2015........SUNRISE   607 AM PDT   SUNSET   755 PM PDT
AUGUST  5 2015........SUNRISE   608 AM PDT   SUNSET   754 PM PDT


-  INDICATES NEGATIVE NUMBERS.
R  INDICATES RECORD WAS SET OR TIED.
MM INDICATES DATA IS MISSING.
T  INDICATES TRACE AMOUNT.




$$
