000
CDUS46 KLOX 030908
CLISDB


CLIMATE REPORT
NATIONAL WEATHER SERVICE LOS ANGELES/OXNARD CA
208 AM PDT TUE MAY 3 2016


...................................

...THE SANDBERG CA CLIMATE SUMMARY FOR MAY 2 2016...

CLIMATE NORMAL PERIOD 1981 TO 2010
CLIMATE RECORD PERIOD 1934 TO 2016


WEATHER ITEM   OBSERVED TIME   RECORD YEAR NORMAL DEPARTURE LAST
                VALUE   (LST)  VALUE       VALUE  FROM      YEAR
                                                  NORMAL
..................................................................
TEMPERATURE (F)
 YESTERDAY
  MAXIMUM         73    241 PM  87    1947  63     10       79
  MINIMUM         53    451 AM  26    1964  46      7       58
  AVERAGE         63                        54      9       69

PRECIPITATION (IN)
  YESTERDAY        0.00          0.49 1998   0.02  -0.02     0.00
  MONTH TO DATE    0.05                      0.05   0.00     0.00
  SINCE OCT 1      6.69                     11.69  -5.00     7.02
  SINCE JAN 1      4.99                      8.06  -3.07     2.12

DEGREE DAYS
 HEATING
  YESTERDAY        2                        11     -9        0
  MONTH TO DATE    4                        22    -18        0
  SINCE MAR 1    613                      1038   -425      506
  SINCE JUL 1   2873                      3797   -924     2137

 COOLING
  YESTERDAY        0                         0      0        4
  MONTH TO DATE    0                         0      0        8
  SINCE MAR 1     19                         8     11       63
  SINCE JAN 1     19                         8     11       66
..................................................................


WIND (MPH)
  HIGHEST WIND SPEED    22   HIGHEST WIND DIRECTION     E (110)
  HIGHEST GUST SPEED    31   HIGHEST GUST DIRECTION     E (80)
  AVERAGE WIND SPEED     9.5


SKY COVER
  POSSIBLE SUNSHINE  MM
  AVERAGE SKY COVER 0.3


WEATHER CONDITIONS
 THE FOLLOWING WEATHER WAS RECORDED YESTERDAY.
  NO SIGNIFICANT WEATHER WAS OBSERVED.


RELATIVE HUMIDITY (PERCENT)
 HIGHEST    66          1200 AM
 LOWEST     27          1100 AM
 AVERAGE    47

..........................................................


THE SANDBERG CA CLIMATE NORMALS FOR TODAY
                         NORMAL    RECORD    YEAR
 MAXIMUM TEMPERATURE (F)   63        99      2014
 MINIMUM TEMPERATURE (F)   46        29      1964


SUNRISE AND SUNSET
MAY  3 2016...........SUNRISE   602 AM PDT   SUNSET   742 PM PDT
MAY  4 2016...........SUNRISE   601 AM PDT   SUNSET   743 PM PDT


-  INDICATES NEGATIVE NUMBERS.
R  INDICATES RECORD WAS SET OR TIED.
MM INDICATES DATA IS MISSING.
T  INDICATES TRACE AMOUNT.




$$
