000
CDUS43 KLMK 270630
CLISDF

CLIMATE REPORT
NATIONAL WEATHER SERVICE LOUISVILLE KY
128 AM EST FRI FEB 27 2015
...................................

...THE LOUISVILLE KY CLIMATE SUMMARY FOR FEBRUARY 26 2015...

CLIMATE NORMAL PERIOD 1981 TO 2010
CLIMATE RECORD PERIOD 1871 TO 2015


WEATHER ITEM   OBSERVED TIME   RECORD YEAR NORMAL DEPARTURE LAST
                VALUE   (LST)  VALUE       VALUE  FROM      YEAR
                                                  NORMAL
..................................................................
TEMPERATURE (F)
 YESTERDAY
  MAXIMUM         34    140 PM  76    2000  51    -17       29
  MINIMUM         18   1159 PM   5    1967  33    -15       17
                                      1934
  AVERAGE         26                        42    -16       23

PRECIPITATION (IN)
  YESTERDAY        T             2.85 1945   0.11  -0.11     0.01
  MONTH TO DATE    2.23                      2.95  -0.72     3.75
  SINCE DEC 1      6.67                     10.02  -3.35    11.59
  SINCE JAN 1      3.10                      6.19  -3.09     6.16

SNOWFALL (IN)
  YESTERDAY        T             5.5  1906   0.1   -0.1      0.2
  MONTH TO DATE   10.9                       4.3    6.6      7.7
  SINCE DEC 1     12.0                      10.6    1.4     21.3
  SINCE JUL 1     15.7                      10.8    4.9     21.8
  SNOW DEPTH       2

DEGREE DAYS
 HEATING
  YESTERDAY       39                        23     16       42
  MONTH TO DATE  955                       686    269      822
  SINCE DEC 1   2651                      2460    191     2752
  SINCE JUL 1   3537                      3195    342     3582

 COOLING
  YESTERDAY        0                         0      0        0
  MONTH TO DATE    0                         0      0        0
  SINCE DEC 1      0                         1     -1        0
  SINCE JAN 1      0                         0      0        0
..................................................................


WIND (MPH)
  HIGHEST WIND SPEED    20   HIGHEST WIND DIRECTION     N (360)
  HIGHEST GUST SPEED    26   HIGHEST GUST DIRECTION     N (350)
  AVERAGE WIND SPEED    11.2


SKY COVER
  POSSIBLE SUNSHINE  MM
  AVERAGE SKY COVER 0.7


WEATHER CONDITIONS
 THE FOLLOWING WEATHER WAS RECORDED YESTERDAY.
  LIGHT SNOW
  HAZE


RELATIVE HUMIDITY (PERCENT)
 HIGHEST    74           600 AM
 LOWEST     53          1200 PM
 AVERAGE    64

..........................................................


THE LOUISVILLE KY CLIMATE NORMALS FOR TODAY
                         NORMAL    RECORD    YEAR
 MAXIMUM TEMPERATURE (F)   52        73      1948
                                             1896
 MINIMUM TEMPERATURE (F)   33         1      1934


SUNRISE AND SUNSET
FEBRUARY 27 2015......SUNRISE   718 AM EST   SUNSET   634 PM EST
FEBRUARY 28 2015......SUNRISE   717 AM EST   SUNSET   635 PM EST


-  INDICATES NEGATIVE NUMBERS.
R  INDICATES RECORD WAS SET OR TIED.
MM INDICATES DATA IS MISSING.
T  INDICATES TRACE AMOUNT.

$$
04
