607
CDUS43 KLMK 132130
CLISDF


CLIMATE REPORT
NATIONAL WEATHER SERVICE LOUISVILLE KY
430 PM EST SAT FEB 13 2016


...................................

...THE LOUISVILLE KY CLIMATE SUMMARY FOR FEBRUARY 13 2016...
VALID TODAY AS OF 0400 PM LOCAL TIME.

CLIMATE NORMAL PERIOD 1981 TO 2010
CLIMATE RECORD PERIOD 1871 TO 2016


WEATHER ITEM   OBSERVED TIME   RECORD YEAR NORMAL DEPARTURE LAST
                VALUE   (LST)  VALUE       VALUE  FROM      YEAR
                                                  NORMAL
..................................................................
TEMPERATURE (F)
 TODAY
  MAXIMUM         28    324 PM  77    1962  47    -19       36
  MINIMUM         15    757 AM -10    1899  29    -14       16
  AVERAGE         22                        38    -16       26

PRECIPITATION (IN)
  TODAY            T             2.68 1989   0.11  -0.11     0.00
  MONTH TO DATE    1.86                      1.47   0.39     0.48
  SINCE DEC 1      9.45                      8.54   0.91     4.92
  SINCE JAN 1      2.87                      4.71  -1.84     1.35

SNOWFALL (IN)
  TODAY            T             8.8  1940   0.2   -0.2      0.0
  MONTH TO DATE    3.2                       2.4    0.8      0.3
  SINCE DEC 1     11.4                       8.7    2.7      1.4
  SINCE JUL 1     11.4                       8.9    2.5      5.1
  SNOW DEPTH       0

DEGREE DAYS
 HEATING
  TODAY           43                        27     16       39
  MONTH TO DATE  372                       364      8      366
  SINCE DEC 1   1764                      2138   -374     2062
  SINCE JUL 1   2288                      2873   -585     2948

 COOLING
  TODAY            0                         0      0        0
  MONTH TO DATE    0                         0      0        0
  SINCE DEC 1      3                         1      2        0
  SINCE JAN 1      0                         0      0        0
..................................................................


WIND (MPH)
  HIGHEST WIND SPEED    25   HIGHEST WIND DIRECTION    NW (320)
  HIGHEST GUST SPEED    29   HIGHEST GUST DIRECTION    NW (330)
  AVERAGE WIND SPEED     9.9


SKY COVER
  POSSIBLE SUNSHINE  MM
  AVERAGE SKY COVER 0.3


WEATHER CONDITIONS
 THE FOLLOWING WEATHER WAS RECORDED TODAY.
  LIGHT SNOW


RELATIVE HUMIDITY (PERCENT)
 HIGHEST    51           700 AM
 LOWEST     29           300 PM
 AVERAGE    40

..........................................................


THE LOUISVILLE KY CLIMATE NORMALS FOR TOMORROW
                         NORMAL    RECORD    YEAR
 MAXIMUM TEMPERATURE (F)   47        69      1949
                                             1921
 MINIMUM TEMPERATURE (F)   30         0      1905


SUNRISE AND SUNSET
FEBRUARY 13 2016......SUNRISE   736 AM EST   SUNSET   619 PM EST
FEBRUARY 14 2016......SUNRISE   735 AM EST   SUNSET   620 PM EST


-  INDICATES NEGATIVE NUMBERS.
R  INDICATES RECORD WAS SET OR TIED.
MM INDICATES DATA IS MISSING.
T  INDICATES TRACE AMOUNT.




$$
