000
CDUS43 KLMK 250632
CLISDF


CLIMATE REPORT
NATIONAL WEATHER SERVICE LOUISVILLE KY
230 AM EDT FRI APR 25 2014


...................................

...THE LOUISVILLE KY CLIMATE SUMMARY FOR APRIL 24 2014...

CLIMATE NORMAL PERIOD 1981 TO 2010
CLIMATE RECORD PERIOD 1871 TO 2014


WEATHER ITEM   OBSERVED TIME   RECORD YEAR NORMAL DEPARTURE LAST
                VALUE   (LST)  VALUE       VALUE  FROM      YEAR
                                                  NORMAL
..................................................................
TEMPERATURE (F)
 YESTERDAY
  MAXIMUM         75    556 PM  91    1960  72      3       69
                                      1925
  MINIMUM         51    626 AM  33    2005  50      1       41
                                      1927
                                      1919
  AVERAGE         63                        61      2       55

PRECIPITATION (IN)
  YESTERDAY        T             2.34 1966   0.15  -0.15     0.72
  MONTH TO DATE    4.62                      3.11   1.51     3.56
  SINCE MAR 1      6.92                      7.28  -0.36     7.81
  SINCE JAN 1     13.08                     13.70  -0.62    14.83

SNOWFALL (IN)
  YESTERDAY        0.0           T    1910   0.0    0.0      0.0
  MONTH TO DATE    0.1                       0.1    0.0      0.0
  SINCE MAR 1      4.2                       1.5    2.7      1.7
  SINCE JUL 1     26.0                      12.5   13.5      9.8
  SNOW DEPTH       0

DEGREE DAYS
 HEATING
  YESTERDAY        2                         6     -4       10
  MONTH TO DATE  172                       215    -43      198
  SINCE MAR 1    820                       753     67      933
  SINCE JUL 1   4474                      3994    480     4015

 COOLING
  YESTERDAY        0                         2     -2        0
  MONTH TO DATE   24                        29     -5       47
  SINCE MAR 1     24                        35    -11       47
  SINCE JAN 1     24                        35    -11       47
..................................................................


WIND (MPH)
  HIGHEST WIND SPEED    18   HIGHEST WIND DIRECTION    SE (130)
  HIGHEST GUST SPEED    24   HIGHEST GUST DIRECTION     N (340)
  AVERAGE WIND SPEED     9.3


SKY COVER
  POSSIBLE SUNSHINE  MM
  AVERAGE SKY COVER 0.8


WEATHER CONDITIONS
 THE FOLLOWING WEATHER WAS RECORDED YESTERDAY.
  LIGHT RAIN


RELATIVE HUMIDITY (PERCENT)
 HIGHEST    54           600 AM
 LOWEST     28           100 PM
 AVERAGE    41

..........................................................


THE LOUISVILLE KY CLIMATE NORMALS FOR TODAY
                         NORMAL    RECORD    YEAR
 MAXIMUM TEMPERATURE (F)   72        88      1990
                                             1989
                                             1915
 MINIMUM TEMPERATURE (F)   50        29      1919


SUNRISE AND SUNSET
APRIL 25 2014.........SUNRISE   654 AM EDT   SUNSET   828 PM EDT
APRIL 26 2014.........SUNRISE   653 AM EDT   SUNSET   829 PM EDT


-  INDICATES NEGATIVE NUMBERS.
R  INDICATES RECORD WAS SET OR TIED.
MM INDICATES DATA IS MISSING.
T  INDICATES TRACE AMOUNT.




$$
