000
CDUS43 KLMK 030626
CLISDF


CLIMATE REPORT
NATIONAL WEATHER SERVICE LOUISVILLE KY
226 AM EDT TUE MAY 3 2016


...................................

...THE LOUISVILLE KY CLIMATE SUMMARY FOR MAY 2 2016...

CLIMATE NORMAL PERIOD 1981 TO 2010
CLIMATE RECORD PERIOD 1871 TO 2016


WEATHER ITEM   OBSERVED TIME   RECORD YEAR NORMAL DEPARTURE LAST
                VALUE   (LST)  VALUE       VALUE  FROM      YEAR
                                                  NORMAL
..................................................................
TEMPERATURE (F)
 YESTERDAY
  MAXIMUM         70   1202 AM  94    1959  74     -4       79
  MINIMUM         58   1159 PM  32    1963  53      5       52
  AVERAGE         64                        63      1       66

PRECIPITATION (IN)
  YESTERDAY        T             3.44 2010   0.17  -0.17     0.00
  MONTH TO DATE    0.33                      0.34  -0.01     0.00
  SINCE MAR 1      9.01                      8.52   0.49    18.64
  SINCE JAN 1     14.83                     14.94  -0.11    21.74

SNOWFALL (IN)
  YESTERDAY        0.0           T    1940   0.0    0.0      0.0
  MONTH TO DATE    0.0                       0.0    0.0      0.0
  SINCE MAR 1      0.5                       1.5   -1.0     11.9
  SINCE JUL 1     14.9                      12.5    2.4     27.6
  SNOW DEPTH       0

DEGREE DAYS
 HEATING
  YESTERDAY        1                         4     -3        0
  MONTH TO DATE    1                         8     -7        6
  SINCE MAR 1    540                       792   -252      749
  SINCE JUL 1   3162                      4033   -871     4369

 COOLING
  YESTERDAY        0                         2     -2        1
  MONTH TO DATE    9                         4      5        1
  SINCE MAR 1     72                        47     25       43
  SINCE JAN 1     72                        47     25       43
..................................................................


WIND (MPH)
  HIGHEST WIND SPEED    15   HIGHEST WIND DIRECTION     W (270)
  HIGHEST GUST SPEED    20   HIGHEST GUST DIRECTION     N (340)
  AVERAGE WIND SPEED     9.3


SKY COVER
  POSSIBLE SUNSHINE  MM
  AVERAGE SKY COVER 0.9


WEATHER CONDITIONS
 THE FOLLOWING WEATHER WAS RECORDED YESTERDAY.
  LIGHT RAIN
  HAZE


RELATIVE HUMIDITY (PERCENT)
 HIGHEST    84           600 AM
 LOWEST     60           600 PM
 AVERAGE    72

..........................................................


THE LOUISVILLE KY CLIMATE NORMALS FOR TODAY
                         NORMAL    RECORD    YEAR
 MAXIMUM TEMPERATURE (F)   74        93      1959
 MINIMUM TEMPERATURE (F)   53        34      2005


SUNRISE AND SUNSET
MAY  3 2016...........SUNRISE   644 AM EDT   SUNSET   836 PM EDT
MAY  4 2016...........SUNRISE   642 AM EDT   SUNSET   837 PM EDT


-  INDICATES NEGATIVE NUMBERS.
R  INDICATES RECORD WAS SET OR TIED.
MM INDICATES DATA IS MISSING.
T  INDICATES TRACE AMOUNT.




$$
