000
CDUS46 KSEW 210828
CLISEA


CLIMATE REPORT
NATIONAL WEATHER SERVICE SEATTLE WA
1227 AM PST FRI NOV 21 2014


...................................

...THE SEATTLE-TACOMA WA AIRPORT CLIMATE SUMMARY FOR NOVEMBER 20 2014...

CLIMATE NORMAL PERIOD 1981 TO 2010
CLIMATE RECORD PERIOD 1945 TO 2014


WEATHER ITEM   OBSERVED TIME   RECORD YEAR NORMAL DEPARTURE LAST
                VALUE   (LST)  VALUE       VALUE  FROM      YEAR
                                                  NORMAL
..................................................................
TEMPERATURE (F)
 YESTERDAY
  MAXIMUM         52    300 PM  64    1987  50      2       46
  MINIMUM         42    804 AM  25    1985  39      3       35
  AVERAGE         47                        44      3       41

PRECIPITATION (IN)
  YESTERDAY        0.14          3.41 1959   0.23  -0.09     0.00
  MONTH TO DATE    1.35                      4.35  -3.00     3.68
  SINCE OCT 1      8.10                      7.83   0.27     5.22
  SINCE JAN 1     40.22                     29.92  10.30    30.79

SNOWFALL (IN)
  YESTERDAY        0.0           5.2  1960                   0.0
  MONTH TO DATE    0.0                                       0.0
  SINCE OCT 1      0.0                                       0.0
  SINCE JUL 1      0.0                                       0.0
  SNOW DEPTH       0

DEGREE DAYS
 HEATING
  YESTERDAY       18                        21     -3       24
  MONTH TO DATE  381                       369     12      303
  SINCE SEP 1    635                       881   -246      804
  SINCE JUL 1    658                       966   -308      819

 COOLING
  YESTERDAY        0                         0      0        0
  MONTH TO DATE    0                         0      0        0
  SINCE SEP 1     46                        21     25       55
  SINCE JAN 1    369                       189    180      385
..................................................................


WIND (MPH)
  RESULTANT WIND SPEED   4   RESULTANT WIND DIRECTION  SE (150)
  HIGHEST WIND SPEED    12   HIGHEST WIND DIRECTION     E (100)
  HIGHEST GUST SPEED    15   HIGHEST GUST DIRECTION    SE (140)
  AVERAGE WIND SPEED     4.6


SKY COVER
  AVERAGE SKY COVER 0.9


WEATHER CONDITIONS
 THE FOLLOWING WEATHER WAS RECORDED YESTERDAY.
  LIGHT RAIN
  FOG


RELATIVE HUMIDITY (PERCENT)
 HIGHEST    92           600 AM
 LOWEST     77          1200 PM
 AVERAGE    85

..........................................................


THE SEATTLE-TACOMA WA AIRPORT CLIMATE NORMALS FOR TODAY
                         NORMAL    RECORD    YEAR
 MAXIMUM TEMPERATURE (F)   50        62      1954
 MINIMUM TEMPERATURE (F)   39        21      1985
                                             1977


SUNRISE AND SUNSET
NOVEMBER 21 2014......SUNRISE   723 AM PST   SUNSET   427 PM PST
NOVEMBER 22 2014......SUNRISE   724 AM PST   SUNSET   426 PM PST


-  INDICATES NEGATIVE NUMBERS.
R  INDICATES RECORD WAS SET OR TIED.
MM INDICATES DATA IS MISSING.
T  INDICATES TRACE AMOUNT.




$$
