694
CDUS46 KSEW 100830
CLISEA


CLIMATE REPORT
NATIONAL WEATHER SERVICE SEATTLE WA
1230 AM PST WED FEB 10 2016


...................................

...THE SEATTLE-TACOMA WA AIRPORT CLIMATE SUMMARY FOR FEBRUARY 9 2016...

CLIMATE NORMAL PERIOD 1981 TO 2010
CLIMATE RECORD PERIOD 1945 TO 2016


WEATHER ITEM   OBSERVED TIME   RECORD YEAR NORMAL DEPARTURE LAST
                VALUE   (LST)  VALUE       VALUE  FROM      YEAR
                                                  NORMAL
..................................................................
TEMPERATURE (F)
 YESTERDAY
  MAXIMUM         63R   255 PM  62    1968  49     14       56
  MINIMUM         38    640 AM  26    1989  37      1       47
  AVERAGE         51                        43      8       52

PRECIPITATION (IN)
  YESTERDAY        0.00          2.98 1951   0.13  -0.13     0.24
  MONTH TO DATE    1.02                      1.20  -0.18     3.75
  SINCE OCT 1     32.86                     22.17  10.69    23.79
  SINCE JAN 1      8.47                      6.77   1.70     7.41

SNOWFALL (IN)
  YESTERDAY        0.0           2.0  1985                   0.0
  MONTH TO DATE    0.0                                       0.0
  SINCE OCT 1      T                                         0.8
  SINCE JUL 1      T                                         0.8
  SNOW DEPTH       0

DEGREE DAYS
 HEATING
  YESTERDAY       14                        22     -8       13
  MONTH TO DATE  178                       198    -20      138
  SINCE DEC 1   1509                      1664   -155     1353
  SINCE JUL 1   2520                      2847   -327     2193

 COOLING
  YESTERDAY        0                         0      0        0
  MONTH TO DATE    0                         0      0        0
  SINCE DEC 1      0                         0      0        0
  SINCE JAN 1      0                         0      0        0
..................................................................


WIND (MPH)
  RESULTANT WIND SPEED   2   RESULTANT WIND DIRECTION  SE (120)
  HIGHEST WIND SPEED    13   HIGHEST WIND DIRECTION    SE (120)
  HIGHEST GUST SPEED    24   HIGHEST GUST DIRECTION    SE (150)
  AVERAGE WIND SPEED     5.5


SKY COVER
  AVERAGE SKY COVER 0.5


WEATHER CONDITIONS
 THE FOLLOWING WEATHER WAS RECORDED YESTERDAY.
  FOG
  FOG W/VISIBILITY <= 1/4 MILE


RELATIVE HUMIDITY (PERCENT)
 HIGHEST   100           800 AM
 LOWEST     48           200 PM
 AVERAGE    74

..........................................................


THE SEATTLE-TACOMA WA AIRPORT CLIMATE NORMALS FOR TODAY
                         NORMAL    RECORD    YEAR
 MAXIMUM TEMPERATURE (F)   49        65      1963
 MINIMUM TEMPERATURE (F)   37        24      1982


SUNRISE AND SUNSET
FEBRUARY 10 2016......SUNRISE   723 AM PST   SUNSET   524 PM PST
FEBRUARY 11 2016......SUNRISE   721 AM PST   SUNSET   526 PM PST


-  INDICATES NEGATIVE NUMBERS.
R  INDICATES RECORD WAS SET OR TIED.
MM INDICATES DATA IS MISSING.
T  INDICATES TRACE AMOUNT.




$$
