000
CDUS46 KSEW 220834
CLISEW


CLIMATE REPORT
NATIONAL WEATHER SERVICE SEATTLE WA
134 AM PDT WED OCT 22 2014


...................................

...THE SEATTLE WA WFO CLIMATE SUMMARY FOR OCTOBER 21 2014...

CLIMATE NORMAL PERIOD 1981 TO 2010
CLIMATE RECORD PERIOD 1986 TO 2014


WEATHER ITEM   OBSERVED TIME   RECORD YEAR     LAST
                VALUE   (LST)  VALUE           YEAR
....................................................
TEMPERATURE (F)
 YESTERDAY
  MAXIMUM         63        MM  69    2005    52
  MINIMUM         54        MM  39    1997    46
  AVERAGE         59                          49

PRECIPITATION (IN)
  YESTERDAY        0.06          0.69 2003     0.00
  MONTH TO DATE    1.90                        0.98
  SINCE OCT 1      1.90                        0.98
  SINCE JAN 1     32.11                       24.89

SNOWFALL (IN)
  YESTERDAY        0.0                         0.0
  MONTH TO DATE    0.0                         0.0
  SINCE OCT 1      0.0                         0.0
  SINCE JUL 1      0.0                         0.0
  SNOW DEPTH       0

DEGREE DAYS
 HEATING
  YESTERDAY        6                          16
  MONTH TO DATE   84                         266
  SINCE SEP 1    125                         362
  SINCE JUL 1    144                         383

 COOLING
  YESTERDAY        0                           0
  MONTH TO DATE    2                           0
  SINCE SEP 1     42                          47
  SINCE JAN 1    366                         314
....................................................


WIND (MPH)
  HIGHEST WIND SPEED    MM   HIGHEST WIND DIRECTION    MM
  HIGHEST GUST SPEED    MM   HIGHEST GUST DIRECTION    MM
  AVERAGE WIND SPEED    MM



WEATHER CONDITIONS
 THE FOLLOWING WEATHER WAS RECORDED YESTERDAY.
  LIGHT RAIN






-  INDICATES NEGATIVE NUMBERS.
R  INDICATES RECORD WAS SET OR TIED.
MM INDICATES DATA IS MISSING.
T  INDICATES TRACE AMOUNT.




$$
