000
CDUS46 KSEW 250126
CLISEW


CLIMATE REPORT
NATIONAL WEATHER SERVICE SEATTLE WA
526 PM PST SAT FEB 24 2018


...................................

...THE SEATTLE WA WFO CLIMATE SUMMARY FOR FEBRUARY 24 2018...
VALID TODAY AS OF 0500 PM LOCAL TIME.

CLIMATE NORMAL PERIOD 1981 TO 2010
CLIMATE RECORD PERIOD 1986 TO 2018


WEATHER ITEM   OBSERVED TIME   RECORD YEAR     LAST
                VALUE   (LST)  VALUE           YEAR
....................................................
TEMPERATURE (F)
 TODAY
  MAXIMUM         45        MM  62    2005    48
  MINIMUM         35        MM  28    2011    36
                                      2006
                                      2003
  AVERAGE         40                          42

PRECIPITATION (IN)
  TODAY            0.08          0.81 1999      T
  MONTH TO DATE    2.52                        7.38
  SINCE OCT 1     27.81                       32.80
  SINCE JAN 1     10.94                       11.08

SNOWFALL (IN)
  TODAY            0.0                          T
  MONTH TO DATE    0.8                         1.0
  SINCE OCT 1      4.0                         2.4
  SINCE JUL 1      4.0                         2.4
  SNOW DEPTH       0

DEGREE DAYS
 HEATING
  TODAY           25                          23
  MONTH TO DATE  558                         541
  SINCE DEC 1   1924                        2163
  SINCE JUL 1   2899                        2974

 COOLING
  TODAY            0                           0
  MONTH TO DATE    0                           0
  SINCE DEC 1      0                           0
  SINCE JAN 1      0                           0
....................................................


WIND (MPH)
  HIGHEST WIND SPEED    MM   HIGHEST WIND DIRECTION    MM
  HIGHEST GUST SPEED    MM   HIGHEST GUST DIRECTION    MM
  AVERAGE WIND SPEED    MM



WEATHER CONDITIONS
 THE FOLLOWING WEATHER WAS RECORDED TODAY.
  NO SIGNIFICANT WEATHER WAS OBSERVED.






-  INDICATES NEGATIVE NUMBERS.
R  INDICATES RECORD WAS SET OR TIED.
MM INDICATES DATA IS MISSING.
T  INDICATES TRACE AMOUNT.




$$
