000
CDUS46 KMTR 260845
CLISFD


CLIMATE REPORT
NATIONAL WEATHER SERVICE SAN FRANCISCO BAY AREA
145 AM PDT TUE JUL 26 2016


...................................

...THE SAN FRANCISCO DWTN CA CLIMATE SUMMARY FOR JULY 25 2016...

CLIMATE NORMAL PERIOD 1981 TO 2010
CLIMATE RECORD PERIOD 1850 TO 2016


WEATHER ITEM   OBSERVED TIME   RECORD YEAR NORMAL DEPARTURE LAST
                VALUE   (LST)  VALUE       VALUE  FROM      YEAR
                                                  NORMAL
..................................................................
TEMPERATURE (F)
 YESTERDAY
  MAXIMUM         68    143 PM  85    2014  66      2       65
  MINIMUM         53   1143 PM  49    1933  54     -1       58
  AVERAGE         61                        60      1       62

PRECIPITATION (IN)
  YESTERDAY        0.00          0.06 1946   0.00   0.00     0.00
  MONTH TO DATE    0.02                      0.00   0.02     0.09
  SINCE OCT 1     23.08                     23.38  -0.30    17.64
  SINCE JAN 1     16.47                     14.54   1.93     3.19

DEGREE DAYS
 HEATING
  YESTERDAY        4                        MM     MM        3
  MONTH TO DATE  135                        MM     MM       37
  SINCE JUN 1    275                        MM     MM      173
  SINCE JUL 1    135                        MM     MM       37

 COOLING
  YESTERDAY        0                        MM     MM        0
  MONTH TO DATE    0                         0      0       14
  SINCE JUN 1      5                         0      5       16
  SINCE JAN 1     31                         0     31       30
..................................................................







THE SAN FRANCISCO DWTN CA CLIMATE NORMALS FOR TODAY
                         NORMAL    RECORD    YEAR
 MAXIMUM TEMPERATURE (F)   66        88      1963
 MINIMUM TEMPERATURE (F)   55        49      1893


SUNRISE AND SUNSET
JULY 26 2016..........SUNRISE   609 AM PDT   SUNSET   823 PM PDT
JULY 27 2016..........SUNRISE   610 AM PDT   SUNSET   822 PM PDT


-  INDICATES NEGATIVE NUMBERS.
R  INDICATES RECORD WAS SET OR TIED.
MM INDICATES DATA IS MISSING.
T  INDICATES TRACE AMOUNT.




$$
