000
CDUS46 KMTR 030837
CLISFD


CLIMATE REPORT
NATIONAL WEATHER SERVICE SAN FRANCISCO BAY AREA
137 AM PDT THU SEP 3 2015


...................................

...THE SAN FRANCISCO DWTN CA CLIMATE SUMMARY FOR SEPTEMBER 2 2015...

CLIMATE NORMAL PERIOD 1981 TO 2010
CLIMATE RECORD PERIOD 1850 TO 2015


WEATHER ITEM   OBSERVED TIME   RECORD YEAR NORMAL DEPARTURE LAST
                VALUE   (LST)  VALUE       VALUE  FROM      YEAR
                                                  NORMAL
..................................................................
TEMPERATURE (F)
 YESTERDAY
  MAXIMUM         67        MM  94    1991  70     -3       65
  MINIMUM         60        MM  49    1910  55      5       58
  AVERAGE         64                        63      1       62

PRECIPITATION (IN)
  YESTERDAY        0.00          0.02 1861   0.01  -0.01     0.00
  MONTH TO DATE    0.00                      0.01  -0.01     0.00
  SINCE OCT 1     17.66                     23.45  -5.79    12.20
  SINCE JAN 1      3.21                     14.61 -11.40    10.55

DEGREE DAYS
 HEATING
  YESTERDAY        1                        MM     MM        3
  MONTH TO DATE    1                        MM     MM        3
  SINCE SEP 1      1                        MM     MM        3
  SINCE JUL 1     60                        MM     MM      133

 COOLING
  YESTERDAY        0                        MM     MM        0
  MONTH TO DATE    1                         0      1        2
  SINCE SEP 1      1                         0      1        2
  SINCE JAN 1     92                         0     92       69
..................................................................







THE SAN FRANCISCO DWTN CA CLIMATE NORMALS FOR TODAY
                         NORMAL    RECORD    YEAR
 MAXIMUM TEMPERATURE (F)   70        92      1961
 MINIMUM TEMPERATURE (F)   55        50      1909


SUNRISE AND SUNSET
SEPTEMBER  3 2015.....SUNRISE   641 AM PDT   SUNSET   736 PM PDT
SEPTEMBER  4 2015.....SUNRISE   642 AM PDT   SUNSET   735 PM PDT


-  INDICATES NEGATIVE NUMBERS.
R  INDICATES RECORD WAS SET OR TIED.
MM INDICATES DATA IS MISSING.
T  INDICATES TRACE AMOUNT.




$$
