000
CDUS46 KMTR 130026
CLISFD


CLIMATE REPORT
NATIONAL WEATHER SERVICE SAN FRANCISCO BAY AREA
525 PM PDT SAT JUL 12 2014


...................................

...THE SAN FRANCISCO DWTN CA CLIMATE SUMMARY FOR JULY 12 2014...
VALID TODAY AS OF 0500 PM LOCAL TIME.

CLIMATE NORMAL PERIOD 1981 TO 2010
CLIMATE RECORD PERIOD 1850 TO 2014


WEATHER ITEM   OBSERVED TIME   RECORD YEAR NORMAL DEPARTURE LAST
                VALUE   (LST)  VALUE       VALUE  FROM      YEAR
                                                  NORMAL
..................................................................
TEMPERATURE (F)
 TODAY
  MAXIMUM         64    143 PM  86    1983  67     -3       63
  MINIMUM         59    743 AM  48    1903  54      5       54
  AVERAGE         62                        60      2       59

PRECIPITATION (IN)
  TODAY            0.00          0.03 1966   0.00   0.00     0.00
  MONTH TO DATE    0.00                      0.00   0.00     0.00
  SINCE JUL 1      0.00                      0.00   0.00     0.00
  SINCE JAN 1     10.46                     14.54  -4.08     3.51

DEGREE DAYS
 HEATING
  TODAY            3                        MM     MM        6
  MONTH TO DATE   50                        MM     MM       47
  SINCE JUN 1    201                        MM     MM      186
  SINCE JUL 1     50                        MM     MM       47

 COOLING
  TODAY            0                        MM     MM        0
  MONTH TO DATE    0                         0      0        5
  SINCE JUN 1      1                         0      1       12
  SINCE JAN 1     50                         0     50       25
..................................................................







THE SAN FRANCISCO DWTN CA CLIMATE NORMALS FOR TOMORROW
                         NORMAL    RECORD    YEAR
 MAXIMUM TEMPERATURE (F)   67        88      1972
 MINIMUM TEMPERATURE (F)   54        48      1901


SUNRISE AND SUNSET
JULY 12 2014..........SUNRISE   558 AM PDT   SUNSET   833 PM PDT
JULY 13 2014..........SUNRISE   559 AM PDT   SUNSET   832 PM PDT


-  INDICATES NEGATIVE NUMBERS.
R  INDICATES RECORD WAS SET OR TIED.
MM INDICATES DATA IS MISSING.
T  INDICATES TRACE AMOUNT.




$$
