000
CDUS46 KMTR 010826
CLISFD


CLIMATE REPORT
NATIONAL WEATHER SERVICE SAN FRANCISCO BAY AREA
126 AM PDT SAT OCT 1 2016


...................................

...THE SAN FRANCISCO DWTN CA CLIMATE SUMMARY FOR SEPTEMBER 30 2016...

CLIMATE NORMAL PERIOD 1981 TO 2010
CLIMATE RECORD PERIOD 1850 TO 2016


WEATHER ITEM   OBSERVED TIME   RECORD YEAR NORMAL DEPARTURE LAST
                VALUE   (LST)  VALUE       VALUE  FROM      YEAR
                                                  NORMAL
..................................................................
TEMPERATURE (F)
 YESTERDAY
  MAXIMUM         60   1143 AM  96    2001  70    -10       67
  MINIMUM         51    343 AM  47    1900  55     -4       58
  AVERAGE         56                        63     -7       63

PRECIPITATION (IN)
  YESTERDAY        0.00          0.72 1916   0.02  -0.02     0.05
  MONTH TO DATE    0.00                      0.21  -0.21     0.09
  SINCE OCT 1     23.10                     23.65  -0.55    17.75
  SINCE JAN 1     16.49                     14.81   1.68     3.30

DEGREE DAYS
 HEATING
  YESTERDAY        9                        MM     MM        2
  MONTH TO DATE  121                        MM     MM       46
  SINCE SEP 1    121                        MM     MM       46
  SINCE JUL 1    429                       375     54      105

 COOLING
  YESTERDAY        0                        MM     MM        0
  MONTH TO DATE   44                        30     14       85
  SINCE SEP 1     44                        30     14       85
  SINCE JAN 1     75                        84     -9      176
..................................................................







THE SAN FRANCISCO DWTN CA CLIMATE NORMALS FOR TODAY
                         NORMAL    RECORD    YEAR
 MAXIMUM TEMPERATURE (F)   70        97      1980
 MINIMUM TEMPERATURE (F)   55        49      1950


SUNRISE AND SUNSET
OCTOBER  1 2016.......SUNRISE   706 AM PDT   SUNSET   652 PM PDT
OCTOBER  2 2016.......SUNRISE   707 AM PDT   SUNSET   650 PM PDT


-  INDICATES NEGATIVE NUMBERS.
R  INDICATES RECORD WAS SET OR TIED.
MM INDICATES DATA IS MISSING.
T  INDICATES TRACE AMOUNT.




$$
