000
CDUS46 KMTR 290027
CLISFD


CLIMATE REPORT
NATIONAL WEATHER SERVICE SAN FRANCISCO BAY AREA
526 PM PDT SUN AUG 28 2016


...................................

...THE SAN FRANCISCO DWTN CA CLIMATE SUMMARY FOR AUGUST 28 2016...
VALID TODAY AS OF 0500 PM LOCAL TIME.

CLIMATE NORMAL PERIOD 1981 TO 2010
CLIMATE RECORD PERIOD 1850 TO 2016


WEATHER ITEM   OBSERVED TIME   RECORD YEAR NORMAL DEPARTURE LAST
                VALUE   (LST)  VALUE       VALUE  FROM      YEAR
                                                  NORMAL
..................................................................
TEMPERATURE (F)
 TODAY
  MAXIMUM         66   1043 AM  96    2009  69     -3       87
  MINIMUM         58    443 AM  49    1955  55      3       64
  AVERAGE         62                        62      0       76

PRECIPITATION (IN)
  TODAY            0.00          0.07 1916   0.00   0.00     0.00
  MONTH TO DATE    0.02                      0.05  -0.03     0.02
  SINCE OCT 1     23.10                     23.43  -0.33    17.66
  SINCE JAN 1     16.49                     14.59   1.90     3.21

DEGREE DAYS
 HEATING
  TODAY            3                        MM     MM        0
  MONTH TO DATE  132                        MM     MM       16
  SINCE JUN 1    440                        MM     MM      195
  SINCE JUL 1    300                        MM     MM       59

 COOLING
  TODAY            0                        MM     MM       11
  MONTH TO DATE    0                         0      0       48
  SINCE JUN 1      5                         0      5       69
  SINCE JAN 1     31                         0     31       83
..................................................................







THE SAN FRANCISCO DWTN CA CLIMATE NORMALS FOR TOMORROW
                         NORMAL    RECORD    YEAR
 MAXIMUM TEMPERATURE (F)   69        96      1968
 MINIMUM TEMPERATURE (F)   55        48      1955


SUNRISE AND SUNSET
AUGUST 28 2016........SUNRISE   637 AM PDT   SUNSET   744 PM PDT
AUGUST 29 2016........SUNRISE   638 AM PDT   SUNSET   742 PM PDT


-  INDICATES NEGATIVE NUMBERS.
R  INDICATES RECORD WAS SET OR TIED.
MM INDICATES DATA IS MISSING.
T  INDICATES TRACE AMOUNT.




$$
