000
CDUS46 KOTX 240825
CLISFF


CLIMATE REPORT
NATIONAL WEATHER SERVICE SPOKANE, WA
125 AM PDT WED MAY 24 2017


...................................

...THE SPOKANE WA FELTS AIRPORT CLIMATE SUMMARY FOR MAY 23 2017...

CLIMATE NORMAL PERIOD 1981 TO 2010
CLIMATE RECORD PERIOD 9999 TO 9999


WEATHER ITEM   OBSERVED TIME   RECORD YEAR NORMAL DEPARTURE LAST
                VALUE   (LST)  VALUE       VALUE  FROM      YEAR
                                                  NORMAL
..................................................................
TEMPERATURE (F)
 YESTERDAY
  MAXIMUM         85    249 PM  MM      MM  69     16       56
  MINIMUM         52    438 AM  MM      MM  44      8       48
  AVERAGE         69                        57     12       52

PRECIPITATION (IN)
  YESTERDAY        0.00         MM      MM   0.06  -0.06     0.11
  MONTH TO DATE    1.40                      1.22   0.18     1.59
  SINCE OCT 1     21.00                     13.56   7.44    14.12
  SINCE JAN 1     11.91                      7.36   4.55     8.58

SNOWFALL (IN)
  YESTERDAY       MM

DEGREE DAYS
 HEATING
  YESTERDAY        0                         8     -8       13
  MONTH TO DATE  229                       260    -31      117
  SINCE MAR 1   1424                      1544   -120     1048
  SINCE JUL 1   6020                      6115    -95     4953

 COOLING
  YESTERDAY        4                         0      4        0
  MONTH TO DATE    7                         0      7       10
  SINCE MAR 1      7                         0      7       15
  SINCE JAN 1      7                         0      7       15
..................................................................


WIND (MPH)
  HIGHEST WIND SPEED    22   HIGHEST WIND DIRECTION    SW (240)
  HIGHEST GUST SPEED    29   HIGHEST GUST DIRECTION    SW (230)
  AVERAGE WIND SPEED     7.8


SKY COVER
  POSSIBLE SUNSHINE  MM
  AVERAGE SKY COVER 0.0


WEATHER CONDITIONS
 THE FOLLOWING WEATHER WAS RECORDED YESTERDAY.
  NO SIGNIFICANT WEATHER WAS OBSERVED.


RELATIVE HUMIDITY (PERCENT)
 HIGHEST    83           400 AM
 LOWEST     26           600 PM
 AVERAGE    55

..........................................................


THE SPOKANE WA FELTS AIRPORT CLIMATE NORMALS FOR TODAY
                         NORMAL    RECORD    YEAR
 MAXIMUM TEMPERATURE (F)   70        MM        MM
 MINIMUM TEMPERATURE (F)   45        MM        MM


SUNRISE AND SUNSET
MAY 24 2017...........SUNRISE   501 AM PDT   SUNSET   832 PM PDT
MAY 25 2017...........SUNRISE   501 AM PDT   SUNSET   833 PM PDT


-  INDICATES NEGATIVE NUMBERS.
R  INDICATES RECORD WAS SET OR TIED.
MM INDICATES DATA IS MISSING.
T  INDICATES TRACE AMOUNT.




$$
