000
CDUS46 KOTX 200825
CLISFF


CLIMATE REPORT
NATIONAL WEATHER SERVICE SPOKANE, WA
1225 AM PST THU NOV 20 2014


...................................

...THE SPOKANE WA FELTS AIRPORT CLIMATE SUMMARY FOR NOVEMBER 19 2014...

CLIMATE NORMAL PERIOD 1981 TO 2010
CLIMATE RECORD PERIOD 9999 TO 9999


WEATHER ITEM   OBSERVED TIME   RECORD YEAR NORMAL DEPARTURE LAST
                VALUE   (LST)  VALUE       VALUE  FROM      YEAR
                                                  NORMAL
..................................................................
TEMPERATURE (F)
 YESTERDAY
  MAXIMUM         39    201 PM  MM      MM  42     -3       56
  MINIMUM         21    706 AM  MM      MM  30     -9       39
  AVERAGE         30                        36     -6       48

PRECIPITATION (IN)
  YESTERDAY        0.00         MM      MM   0.08  -0.08     0.02
  MONTH TO DATE    0.88                      1.36  -0.48     1.34
  SINCE OCT 1      2.14                      2.73  -0.59     1.52
  SINCE JAN 1     13.55                     14.31  -0.76    13.20

SNOWFALL (IN)
  YESTERDAY       MM

DEGREE DAYS
 HEATING
  YESTERDAY       35                        29      6       17
  MONTH TO DATE  539                       494     45      453
  SINCE SEP 1    945                      1185   -240     1142
  SINCE JUL 1    951                      1231   -280     1147

 COOLING
  YESTERDAY        0                         0      0        0
  MONTH TO DATE    0                         0      0        0
  SINCE SEP 1     34                        30      4      101
  SINCE JAN 1    639                       406    233      704
..................................................................


WIND (MPH)
  HIGHEST WIND SPEED     9   HIGHEST WIND DIRECTION    SE (120)
  HIGHEST GUST SPEED    11   HIGHEST GUST DIRECTION    SE (130)
  AVERAGE WIND SPEED     0.8


SKY COVER
  POSSIBLE SUNSHINE  MM
  AVERAGE SKY COVER 0.2


WEATHER CONDITIONS
 THE FOLLOWING WEATHER WAS RECORDED YESTERDAY.
  HAZE


RELATIVE HUMIDITY (PERCENT)
 HIGHEST    92           700 AM
 LOWEST     52           100 PM
 AVERAGE    72

..........................................................


THE SPOKANE WA FELTS AIRPORT CLIMATE NORMALS FOR TODAY
                         NORMAL    RECORD    YEAR
 MAXIMUM TEMPERATURE (F)   42        MM        MM
 MINIMUM TEMPERATURE (F)   30        MM        MM


SUNRISE AND SUNSET
NOVEMBER 20 2014......SUNRISE   702 AM PST   SUNSET   407 PM PST
NOVEMBER 21 2014......SUNRISE   704 AM PST   SUNSET   407 PM PST


-  INDICATES NEGATIVE NUMBERS.
R  INDICATES RECORD WAS SET OR TIED.
MM INDICATES DATA IS MISSING.
T  INDICATES TRACE AMOUNT.




$$
