000
CDUS43 KSGF 062327
CLISGF


CLIMATE REPORT
NATIONAL WEATHER SERVICE SPRINGFIELD MO
527 PM CST FRI MAR 6 2015


...................................

...THE SPRINGFIELD MO CLIMATE SUMMARY FOR MARCH 6 2015...
VALID TODAY AS OF 0500 PM LOCAL TIME.

CLIMATE NORMAL PERIOD 1981 TO 2010
CLIMATE RECORD PERIOD 1888 TO 2015


WEATHER ITEM   OBSERVED TIME   RECORD YEAR NORMAL DEPARTURE LAST
                VALUE   (LST)  VALUE       VALUE  FROM      YEAR
                                                  NORMAL
..................................................................
TEMPERATURE (F)
 TODAY
  MAXIMUM         51    444 PM  83    1974  54     -3       53
                                      1956
  MINIMUM         20    335 AM   0    1943  32    -12       26
  AVERAGE         36                        43     -7       40

PRECIPITATION (IN)
  TODAY            0.00          1.39 1973   0.11  -0.11     0.00
  MONTH TO DATE    0.12                      0.63  -0.51     0.21
  SINCE MAR 1      0.12                      0.63  -0.51     0.21
  SINCE JAN 1      2.72                      5.62  -2.90     2.00

SNOWFALL (IN)
  TODAY            0.0
  MONTH TO DATE    1.2
  SINCE MAR 1      1.2
  SINCE JUL 1     15.8
  SNOW DEPTH       T

DEGREE DAYS
 HEATING
  TODAY           29                        22      7       25
  MONTH TO DATE  201                       135     66      221
  SINCE MAR 1    201                       135     66      221
  SINCE JUL 1   3908                      3728    180     4176

 COOLING
  TODAY            0                         0      0        0
  MONTH TO DATE    0                         0      0        0
  SINCE MAR 1      0                         0      0        0
  SINCE JAN 1      0                         0      0        0
..................................................................


WIND (MPH)
  HIGHEST WIND SPEED    22   HIGHEST WIND DIRECTION    SW (230)
  HIGHEST GUST SPEED    27   HIGHEST GUST DIRECTION    SW (210)


SKY COVER
  AVERAGE SKY COVER 0.0


WEATHER CONDITIONS
 THE FOLLOWING WEATHER WAS RECORDED TODAY.
  NO SIGNIFICANT WEATHER WAS OBSERVED.


RELATIVE HUMIDITY (PERCENT)
 HIGHEST    73          1200 AM
 LOWEST     38           400 PM
 AVERAGE    56

..........................................................


THE SPRINGFIELD MO CLIMATE NORMALS FOR TOMORROW
                         NORMAL    RECORD    YEAR
 MAXIMUM TEMPERATURE (F)   55        82      1974
 MINIMUM TEMPERATURE (F)   33        -8      1943


SUNRISE AND SUNSET
MARCH  6 2015.........SUNRISE   638 AM CST   SUNSET   612 PM CST
MARCH  7 2015.........SUNRISE   637 AM CST   SUNSET   613 PM CST


-  INDICATES NEGATIVE NUMBERS.
R  INDICATES RECORD WAS SET OR TIED.
MM INDICATES DATA IS MISSING.
T  INDICATES TRACE AMOUNT.




$$
