000
CDUS43 KSGF 210626
CLISGF


CLIMATE REPORT
NATIONAL WEATHER SERVICE SPRINGFIELD MO
126 AM CDT MON APR 21 2014


...................................

...THE SPRINGFIELD MO CLIMATE SUMMARY FOR APRIL 20 2014...

CLIMATE NORMAL PERIOD 1981 TO 2010
CLIMATE RECORD PERIOD 1888 TO 2014


WEATHER ITEM   OBSERVED TIME   RECORD YEAR NORMAL DEPARTURE LAST
                VALUE   (LST)  VALUE       VALUE  FROM      YEAR
                                                  NORMAL
..................................................................
TEMPERATURE (F)
 YESTERDAY
  MAXIMUM         77    339 PM  89    1987  69      8       65
  MINIMUM         55    604 AM  26    1953  46      9       33
  AVERAGE         66                        57      9       49

PRECIPITATION (IN)
  YESTERDAY        0.00          1.82 1984   0.15  -0.15     0.00
  MONTH TO DATE    0.84                      2.68  -1.84     3.20
  SINCE MAR 1      3.17                      6.30  -3.13     7.97
  SINCE JAN 1      4.96                     11.29  -6.33    13.31

SNOWFALL (IN)
  YESTERDAY        0.0
  MONTH TO DATE    T
  SINCE MAR 1      4.8
  SINCE JUL 1     32.2
  SNOW DEPTH       0

DEGREE DAYS
 HEATING
  YESTERDAY        0                         9     -9       16
  MONTH TO DATE  214                       229    -15      237
  SINCE MAR 1    895                       810     85      954
  SINCE JUL 1   4850                      4403    447     4252

 COOLING
  YESTERDAY        1                         1      0        0
  MONTH TO DATE    8                        13     -5        9
  SINCE MAR 1      8                        16     -8        9
  SINCE JAN 1      8                        16     -8        9
..................................................................


WIND (MPH)
  HIGHEST WIND SPEED    17   HIGHEST WIND DIRECTION     S (200)
  HIGHEST GUST SPEED    23   HIGHEST GUST DIRECTION     S (190)
  AVERAGE WIND SPEED     8.1


SKY COVER
  AVERAGE SKY COVER 0.1


WEATHER CONDITIONS
 THE FOLLOWING WEATHER WAS RECORDED YESTERDAY.
  NO SIGNIFICANT WEATHER WAS OBSERVED.


RELATIVE HUMIDITY (PERCENT)
 HIGHEST    72           400 AM
 LOWEST     41           100 PM
 AVERAGE    57

..........................................................


THE SPRINGFIELD MO CLIMATE NORMALS FOR TODAY
                         NORMAL    RECORD    YEAR
 MAXIMUM TEMPERATURE (F)   69        93      1963
 MINIMUM TEMPERATURE (F)   46        28      1978
                                             1966


SUNRISE AND SUNSET
APRIL 21 2014.........SUNRISE   631 AM CDT   SUNSET   754 PM CDT
APRIL 22 2014.........SUNRISE   630 AM CDT   SUNSET   755 PM CDT


-  INDICATES NEGATIVE NUMBERS.
R  INDICATES RECORD WAS SET OR TIED.
MM INDICATES DATA IS MISSING.
T  INDICATES TRACE AMOUNT.




$$
