000
CDUS43 KSGF 020633
CLISGF


CLIMATE REPORT
NATIONAL WEATHER SERVICE SPRINGFIELD MO
130 AM CDT WED SEP 2 2015


...................................

...THE SPRINGFIELD MO CLIMATE SUMMARY FOR SEPTEMBER 1 2015...

CLIMATE NORMAL PERIOD 1981 TO 2010
CLIMATE RECORD PERIOD 1888 TO 2015


WEATHER ITEM   OBSERVED TIME   RECORD YEAR NORMAL DEPARTURE LAST
                VALUE   (LST)  VALUE       VALUE  FROM      YEAR
                                                  NORMAL
..................................................................
TEMPERATURE (F)
 YESTERDAY
  MAXIMUM         88    426 PM 102    2000  86      2       86
  MINIMUM         69    611 AM  43    1967  64      5       64
  AVERAGE         79                        75      4       75

PRECIPITATION (IN)
  YESTERDAY        0.00          4.62 2010   0.16  -0.16     0.96
  MONTH TO DATE    0.00                      0.16  -0.16     0.96
  SINCE SEP 1      0.00                      0.16  -0.16     0.96
  SINCE JAN 1     35.52                     30.27   5.25    22.93

SNOWFALL (IN)
  YESTERDAY        0.0
  MONTH TO DATE    0.0
  SINCE SEP 1      0.0
  SINCE JUL 1      0.0
  SNOW DEPTH       0

DEGREE DAYS
 HEATING
  YESTERDAY        0                         0      0        0
  MONTH TO DATE    0                         0      0        0
  SINCE SEP 1      0                         0      0        0
  SINCE JUL 1      3                         2      1        0

 COOLING
  YESTERDAY       14                        10      4       10
  MONTH TO DATE   14                        10      4       10
  SINCE SEP 1     14                        10      4       10
  SINCE JAN 1   1283                      1196     87     1256
..................................................................


WIND (MPH)
  HIGHEST WIND SPEED    14   HIGHEST WIND DIRECTION     S (190)
  HIGHEST GUST SPEED    22   HIGHEST GUST DIRECTION     S (180)
  AVERAGE WIND SPEED     8.9


SKY COVER
  AVERAGE SKY COVER 0.0


WEATHER CONDITIONS
 THE FOLLOWING WEATHER WAS RECORDED YESTERDAY.
  NO SIGNIFICANT WEATHER WAS OBSERVED.


RELATIVE HUMIDITY (PERCENT)
 HIGHEST    90           500 AM
 LOWEST     46           300 PM
 AVERAGE    68

..........................................................


THE SPRINGFIELD MO CLIMATE NORMALS FOR TODAY
                         NORMAL    RECORD    YEAR
 MAXIMUM TEMPERATURE (F)   86       101      2000
 MINIMUM TEMPERATURE (F)   63        49      1974
                                             1952


SUNRISE AND SUNSET
SEPTEMBER  2 2015.....SUNRISE   645 AM CDT   SUNSET   741 PM CDT
SEPTEMBER  3 2015.....SUNRISE   646 AM CDT   SUNSET   740 PM CDT


-  INDICATES NEGATIVE NUMBERS.
R  INDICATES RECORD WAS SET OR TIED.
MM INDICATES DATA IS MISSING.
T  INDICATES TRACE AMOUNT.




$$
