000
CDUS45 KBYZ 270933
CLISHR


CLIMATE REPORT
NATIONAL WEATHER SERVICE BILLINGS MT
333 AM MDT THU APR 27 2017


...................................

...THE SHERIDAN WY CLIMATE SUMMARY FOR APRIL 26 2017...

CLIMATE NORMAL PERIOD 1981 TO 2010
CLIMATE RECORD PERIOD 1907 TO 2017


WEATHER ITEM   OBSERVED TIME   RECORD YEAR NORMAL DEPARTURE LAST
                VALUE   (LST)  VALUE       VALUE  FROM      YEAR
                                                  NORMAL
..................................................................
TEMPERATURE (F)
 YESTERDAY
  MAXIMUM         38    633 PM  87    1946  61    -23       38
  MINIMUM         27    503 AM  11    1988  32     -5       33
  AVERAGE         33                        46    -13       36

PRECIPITATION (IN)
  YESTERDAY        0.00          1.02 1984   0.07  -0.07     0.20
  MONTH TO DATE    3.23                      1.31   1.92     3.17
  SINCE OCT 1     12.09                      6.07   6.02     8.36
  SINCE JAN 1      8.36                      3.39   4.97     6.21

DEGREE DAYS
 HEATING
  YESTERDAY       32                        19     13       29
  MONTH TO DATE  495                       571    -76      449
  SINCE MAR 1   1230                      1495   -265     1219
  SINCE JUL 1   6752                      7030   -278     5965

 COOLING
  YESTERDAY        0                         0      0        0
  MONTH TO DATE    0                         0      0        0
  SINCE MAR 1      0                         0      0        0
  SINCE JAN 1      0                         0      0        0
..................................................................


WIND (MPH)
  HIGHEST WIND SPEED     9   HIGHEST WIND DIRECTION     W (280)
  HIGHEST GUST SPEED    13   HIGHEST GUST DIRECTION    SE (120)
  AVERAGE WIND SPEED     3.1


SKY COVER
  POSSIBLE SUNSHINE  MM
  AVERAGE SKY COVER 0.7


WEATHER CONDITIONS
 THE FOLLOWING WEATHER WAS RECORDED YESTERDAY.
  NO SIGNIFICANT WEATHER WAS OBSERVED.


RELATIVE HUMIDITY (PERCENT)
 HIGHEST    92           600 AM
 LOWEST     75          1100 AM
 AVERAGE    84

..........................................................


THE SHERIDAN WY CLIMATE NORMALS FOR TODAY
                         NORMAL    RECORD    YEAR
 MAXIMUM TEMPERATURE (F)   61        83      1987
                                             1910
 MINIMUM TEMPERATURE (F)   33        12      1918


SUNRISE AND SUNSET
APRIL 27 2017.........SUNRISE   603 AM MDT   SUNSET   808 PM MDT
APRIL 28 2017.........SUNRISE   602 AM MDT   SUNSET   810 PM MDT


-  INDICATES NEGATIVE NUMBERS.
R  INDICATES RECORD WAS SET OR TIED.
MM INDICATES DATA IS MISSING.
T  INDICATES TRACE AMOUNT.




$$
