000
CDUS45 KBYZ 220932
CLISHR


CLIMATE REPORT
NATIONAL WEATHER SERVICE BILLINGS MT
331 AM MDT MON SEP 22 2014


...................................

...THE SHERIDAN WY CLIMATE SUMMARY FOR SEPTEMBER 21 2014...

CLIMATE NORMAL PERIOD 1981 TO 2010
CLIMATE RECORD PERIOD 1907 TO 2014


WEATHER ITEM   OBSERVED TIME   RECORD YEAR NORMAL DEPARTURE LAST
                VALUE   (LST)  VALUE       VALUE  FROM      YEAR
                                                  NORMAL
..................................................................
TEMPERATURE (F)
 YESTERDAY
  MAXIMUM         80    315 PM  92    1938  71      9       86
  MINIMUM         38    542 AM  23    1983  39     -1       37
  AVERAGE         59                        55      4       62

PRECIPITATION (IN)
  YESTERDAY        0.00          0.80 1931   0.06  -0.06     0.00
  MONTH TO DATE    1.54                      0.94   0.60     2.76
  SINCE OCT 1     16.37                     13.67   2.70    15.29
  SINCE JAN 1     12.61                     10.99   1.62    12.75

SNOWFALL (IN)
  YESTERDAY       MM             1.5  2000   0.1   MM       MM
  MONTH TO DATE   MM                         1.4   MM       MM
  SINCE SEP 1     MM                         1.4   MM       MM
  SINCE JUL 1     MM                         1.4   MM       MM
  SNOW DEPTH      MM

DEGREE DAYS
 HEATING
  YESTERDAY        6                        10     -4        3
  MONTH TO DATE  195                       133     62       37
  SINCE SEP 1    195                       133     62       37
  SINCE JUL 1    245                       195     50       38

 COOLING
  YESTERDAY        0                         0      0        0
  MONTH TO DATE   15                        26    -11       82
  SINCE SEP 1     15                        26    -11       82
  SINCE JAN 1    333                       416    -83      592
..................................................................


WIND (MPH)
  HIGHEST WIND SPEED    20   HIGHEST WIND DIRECTION    SE (150)
  HIGHEST GUST SPEED    24   HIGHEST GUST DIRECTION    SE (130)
  AVERAGE WIND SPEED     6.3


SKY COVER
  POSSIBLE SUNSHINE  MM
  AVERAGE SKY COVER 0.0


WEATHER CONDITIONS
 THE FOLLOWING WEATHER WAS RECORDED YESTERDAY.
  NO SIGNIFICANT WEATHER WAS OBSERVED.


RELATIVE HUMIDITY (PERCENT)
 HIGHEST    92           400 AM
 LOWEST     25           100 PM
 AVERAGE    59

..........................................................


THE SHERIDAN WY CLIMATE NORMALS FOR TODAY
                         NORMAL    RECORD    YEAR
 MAXIMUM TEMPERATURE (F)   71        92      1936
 MINIMUM TEMPERATURE (F)   39        24      1995


SUNRISE AND SUNSET
SEPTEMBER 22 2014.....SUNRISE   655 AM MDT   SUNSET   705 PM MDT
SEPTEMBER 23 2014.....SUNRISE   656 AM MDT   SUNSET   703 PM MDT


-  INDICATES NEGATIVE NUMBERS.
R  INDICATES RECORD WAS SET OR TIED.
MM INDICATES DATA IS MISSING.
T  INDICATES TRACE AMOUNT.




$$
