000
CDUS45 KBYZ 022223
CLISHR


CLIMATE REPORT
NATIONAL WEATHER SERVICE BILLINGS MT
422 PM MDT WED SEP 2 2015


...................................

...THE SHERIDAN WY CLIMATE SUMMARY FOR SEPTEMBER 2 2015...
VALID TODAY AS OF 0400 PM LOCAL TIME.

CLIMATE NORMAL PERIOD 1981 TO 2010
CLIMATE RECORD PERIOD 1907 TO 2015


WEATHER ITEM   OBSERVED TIME   RECORD YEAR NORMAL DEPARTURE LAST
                VALUE   (LST)  VALUE       VALUE  FROM      YEAR
                                                  NORMAL
..................................................................
TEMPERATURE (F)
 TODAY
  MAXIMUM         98    236 PM 100    1940  81     17       81
  MINIMUM         54    211 AM  30    1914  47      7       43
  AVERAGE         76                        64     12       62

PRECIPITATION (IN)
  TODAY            0.00          1.20 1968   0.04  -0.04     0.00
  MONTH TO DATE    0.00                      0.07  -0.07     0.16
  SINCE OCT 1     15.86                     12.80   3.06    14.99
  SINCE JAN 1     13.47                     10.12   3.35    11.23

DEGREE DAYS
 HEATING
  TODAY            0                         3     -3        3
  MONTH TO DATE    0                         6     -6       11
  SINCE SEP 1      0                         6     -6       11
  SINCE JUL 1     64                        68     -4       61

 COOLING
  TODAY           11                         2      9        0
  MONTH TO DATE   17                         5     12        0
  SINCE SEP 1     17                         5     12        0
  SINCE JAN 1    426                       395     31      318
..................................................................


WIND (MPH)
  HIGHEST WIND SPEED    18   HIGHEST WIND DIRECTION    SW (230)
  HIGHEST GUST SPEED    25   HIGHEST GUST DIRECTION    SW (210)
  AVERAGE WIND SPEED     5.8


SKY COVER
  POSSIBLE SUNSHINE  MM
  AVERAGE SKY COVER 0.0


WEATHER CONDITIONS
 THE FOLLOWING WEATHER WAS RECORDED TODAY.
  NO SIGNIFICANT WEATHER WAS OBSERVED.


RELATIVE HUMIDITY (PERCENT)
 HIGHEST    51           100 AM
 LOWEST      9           200 PM
 AVERAGE    30

..........................................................


THE SHERIDAN WY CLIMATE NORMALS FOR TOMORROW
                         NORMAL    RECORD    YEAR
 MAXIMUM TEMPERATURE (F)   81        99      1950
 MINIMUM TEMPERATURE (F)   46        33      1974
                                             1961


SUNRISE AND SUNSET
SEPTEMBER  2 2015.....SUNRISE   631 AM MDT   SUNSET   743 PM MDT
SEPTEMBER  3 2015.....SUNRISE   632 AM MDT   SUNSET   741 PM MDT


-  INDICATES NEGATIVE NUMBERS.
R  INDICATES RECORD WAS SET OR TIED.
MM INDICATES DATA IS MISSING.
T  INDICATES TRACE AMOUNT.




$$
