000
CDUS45 KBYZ 250932
CLISHR


CLIMATE REPORT
NATIONAL WEATHER SERVICE BILLINGS MT
331 AM MDT FRI JUL 25 2014


...................................

...THE SHERIDAN WY CLIMATE SUMMARY FOR JULY 24 2014...

CLIMATE NORMAL PERIOD 1981 TO 2010
CLIMATE RECORD PERIOD 1907 TO 2014


WEATHER ITEM   OBSERVED TIME   RECORD YEAR NORMAL DEPARTURE LAST
                VALUE   (LST)  VALUE       VALUE  FROM      YEAR
                                                  NORMAL
..................................................................
TEMPERATURE (F)
 YESTERDAY
  MAXIMUM        100    258 PM 104    2007  89     11       91
                                      1959
  MINIMUM         59    516 AM  36    1911  54      5       53
  AVERAGE         80                        72      8       72

PRECIPITATION (IN)
  YESTERDAY        0.00          0.70 1981   0.03  -0.03     0.00
  MONTH TO DATE    1.01                      0.94   0.07     0.37
  SINCE OCT 1     13.78                     11.77   2.01    12.42
  SINCE JAN 1     10.02                      9.09   0.93     9.88

SNOWFALL (IN)
  YESTERDAY       MM             T    1995   0.0   MM       MM
  MONTH TO DATE   MM                         0.0   MM       MM
  SINCE JUN 1     MM                         T     MM       MM
  SINCE JUL 1     MM                         0.0   MM       MM
  SNOW DEPTH      MM

DEGREE DAYS
 HEATING
  YESTERDAY        0                         0      0        0
  MONTH TO DATE    9                        24    -15        0
  SINCE JUN 1    191                       173     18      120
  SINCE JUL 1      9                        24    -15        0

 COOLING
  YESTERDAY       15                         7      8        7
  MONTH TO DATE  148                       135     13      193
  SINCE JUN 1    156                       181    -25      241
  SINCE JAN 1    164                       185    -21      249
..................................................................


WIND (MPH)
  HIGHEST WIND SPEED    29   HIGHEST WIND DIRECTION    NW (310)
  HIGHEST GUST SPEED    36   HIGHEST GUST DIRECTION    NW (320)
  AVERAGE WIND SPEED    10.1


SKY COVER
  POSSIBLE SUNSHINE  MM
  AVERAGE SKY COVER 0.0


WEATHER CONDITIONS
 THE FOLLOWING WEATHER WAS RECORDED YESTERDAY.
  THUNDERSTORM


RELATIVE HUMIDITY (PERCENT)
 HIGHEST    84           600 AM
 LOWEST     13           600 PM
 AVERAGE    49

..........................................................


THE SHERIDAN WY CLIMATE NORMALS FOR TODAY
                         NORMAL    RECORD    YEAR
 MAXIMUM TEMPERATURE (F)   89       102      1933
 MINIMUM TEMPERATURE (F)   54        37      1911


SUNRISE AND SUNSET
JULY 25 2014..........SUNRISE   546 AM MDT   SUNSET   842 PM MDT
JULY 26 2014..........SUNRISE   547 AM MDT   SUNSET   841 PM MDT


-  INDICATES NEGATIVE NUMBERS.
R  INDICATES RECORD WAS SET OR TIED.
MM INDICATES DATA IS MISSING.
T  INDICATES TRACE AMOUNT.




$$
