000
CDUS45 KBYZ 050939
CLISHR


CLIMATE REPORT
NATIONAL WEATHER SERVICE BILLINGS MT
334 AM MDT THU MAY 5 2016


...................................

...THE SHERIDAN WY CLIMATE SUMMARY FOR MAY 4 2016...

CLIMATE NORMAL PERIOD 1981 TO 2010
CLIMATE RECORD PERIOD 1907 TO 2016


WEATHER ITEM   OBSERVED TIME   RECORD YEAR NORMAL DEPARTURE LAST
                VALUE   (LST)  VALUE       VALUE  FROM      YEAR
                                                  NORMAL
..................................................................
TEMPERATURE (F)
 YESTERDAY
  MAXIMUM         82    248 PM  88    1936  63     19       72
  MINIMUM         37    511 AM  17    1967  35      2       43
  AVERAGE         60                        49     11       58

PRECIPITATION (IN)
  YESTERDAY        0.00          0.64 1942   0.08  -0.08     0.00
  MONTH TO DATE    0.00                      0.30  -0.30     0.02
  SINCE OCT 1      8.55                      6.66   1.89     5.97
  SINCE JAN 1      6.40                      3.98   2.42     3.58

DEGREE DAYS
 HEATING
  YESTERDAY        5                        16    -11        7
  MONTH TO DATE   49                        66    -17       38
  SINCE MAR 1   1366                      1632   -266     1357
  SINCE JUL 1   6112                      7167  -1055     6587

 COOLING
  YESTERDAY        0                         0      0        0
  MONTH TO DATE    0                         0      0        0
  SINCE MAR 1      0                         0      0        0
  SINCE JAN 1      0                         0      0        0
..................................................................


WIND (MPH)
  HIGHEST WIND SPEED    12   HIGHEST WIND DIRECTION    SE (120)
  HIGHEST GUST SPEED    16   HIGHEST GUST DIRECTION    SE (120)
  AVERAGE WIND SPEED     3.6


SKY COVER
  POSSIBLE SUNSHINE  MM
  AVERAGE SKY COVER 0.0


WEATHER CONDITIONS
 THE FOLLOWING WEATHER WAS RECORDED YESTERDAY.
  NO SIGNIFICANT WEATHER WAS OBSERVED.


RELATIVE HUMIDITY (PERCENT)
 HIGHEST    85           400 AM
 LOWEST     19           200 PM
 AVERAGE    52

..........................................................


THE SHERIDAN WY CLIMATE NORMALS FOR TODAY
                         NORMAL    RECORD    YEAR
 MAXIMUM TEMPERATURE (F)   64        88      1934
 MINIMUM TEMPERATURE (F)   35        24      2006
                                             1996


SUNRISE AND SUNSET
MAY  5 2016...........SUNRISE   551 AM MDT   SUNSET   818 PM MDT
MAY  6 2016...........SUNRISE   550 AM MDT   SUNSET   820 PM MDT


-  INDICATES NEGATIVE NUMBERS.
R  INDICATES RECORD WAS SET OR TIED.
MM INDICATES DATA IS MISSING.
T  INDICATES TRACE AMOUNT.




$$
