000
CDUS45 KBYZ 302226
CLISHR


CLIMATE REPORT
NATIONAL WEATHER SERVICE BILLINGS MT
425 PM MDT MON MAY 30 2016


...................................

...THE SHERIDAN WY CLIMATE SUMMARY FOR MAY 30 2016...
VALID TODAY AS OF 0400 PM LOCAL TIME.

CLIMATE NORMAL PERIOD 1981 TO 2010
CLIMATE RECORD PERIOD 1907 TO 2016


WEATHER ITEM   OBSERVED TIME   RECORD YEAR NORMAL DEPARTURE LAST
                VALUE   (LST)  VALUE       VALUE  FROM      YEAR
                                                  NORMAL
..................................................................
TEMPERATURE (F)
 TODAY
  MAXIMUM         63   1216 PM  91    1984  71     -8       77
  MINIMUM         50    138 AM  30    1914  42      8       37
  AVERAGE         57                        56      1       57

PRECIPITATION (IN)
  TODAY            0.09          1.28 1937   0.08   0.01     0.13
  MONTH TO DATE    1.06                      2.27  -1.21     5.42
  SINCE OCT 1      9.61                      8.63   0.98    11.37
  SINCE JAN 1      7.46                      5.95   1.51     8.98

DEGREE DAYS
 HEATING
  TODAY            8                         9     -1        8
  MONTH TO DATE  358                       384    -26      449
  SINCE MAR 1   1675                      1950   -275     1768
  SINCE JUL 1   6421                      7485  -1064     6998

 COOLING
  TODAY            0                         0      0        0
  MONTH TO DATE    2                         0      2        0
  SINCE MAR 1      2                         0      2        0
  SINCE JAN 1      2                         0      2        0
..................................................................


WIND (MPH)
  HIGHEST WIND SPEED    25   HIGHEST WIND DIRECTION    NW (320)
  HIGHEST GUST SPEED    34   HIGHEST GUST DIRECTION    NW (320)
  AVERAGE WIND SPEED     7.0


SKY COVER
  POSSIBLE SUNSHINE  MM
  AVERAGE SKY COVER 0.3


WEATHER CONDITIONS
 THE FOLLOWING WEATHER WAS RECORDED TODAY.
  RAIN
  LIGHT RAIN
  FOG


RELATIVE HUMIDITY (PERCENT)
 HIGHEST    83          1200 AM
 LOWEST     55          1000 AM
 AVERAGE    69

..........................................................


THE SHERIDAN WY CLIMATE NORMALS FOR TOMORROW
                         NORMAL    RECORD    YEAR
 MAXIMUM TEMPERATURE (F)   71        92      1940
 MINIMUM TEMPERATURE (F)   42        27      1982


SUNRISE AND SUNSET
MAY 30 2016...........SUNRISE   526 AM MDT   SUNSET   845 PM MDT
MAY 31 2016...........SUNRISE   526 AM MDT   SUNSET   846 PM MDT


-  INDICATES NEGATIVE NUMBERS.
R  INDICATES RECORD WAS SET OR TIED.
MM INDICATES DATA IS MISSING.
T  INDICATES TRACE AMOUNT.




$$
