000
CDUS45 KBYZ 300936
CLISHR


CLIMATE REPORT
NATIONAL WEATHER SERVICE BILLINGS MT
335 AM MDT WED JUL 30 2014


...................................

...THE SHERIDAN WY CLIMATE SUMMARY FOR JULY 29 2014...

CLIMATE NORMAL PERIOD 1981 TO 2010
CLIMATE RECORD PERIOD 1907 TO 2014


WEATHER ITEM   OBSERVED TIME   RECORD YEAR NORMAL DEPARTURE LAST
                VALUE   (LST)  VALUE       VALUE  FROM      YEAR
                                                  NORMAL
..................................................................
TEMPERATURE (F)
 YESTERDAY
  MAXIMUM         85    136 PM 105    2006  89     -4       77
  MINIMUM         53   1145 PM  35    1971  54     -1       50
  AVERAGE         69                        72     -3       64

PRECIPITATION (IN)
  YESTERDAY        T             0.48 1931   0.03  -0.03     0.01
  MONTH TO DATE    1.01                      1.11  -0.10     0.38
  SINCE OCT 1     13.78                     11.94   1.84    12.43
  SINCE JAN 1     10.02                      9.26   0.76     9.89

SNOWFALL (IN)
  YESTERDAY       MM             0.0  2001   0.0   MM       MM
  MONTH TO DATE   MM                         0.0   MM       MM
  SINCE JUN 1     MM                         T     MM       MM
  SINCE JUL 1     MM                         0.0   MM       MM
  SNOW DEPTH      MM

DEGREE DAYS
 HEATING
  YESTERDAY        0                         0      0        1
  MONTH TO DATE    9                        24    -15        1
  SINCE JUN 1    191                       173     18      121
  SINCE JUL 1      9                        24    -15        1

 COOLING
  YESTERDAY        4                         7     -3        0
  MONTH TO DATE  167                       170     -3      216
  SINCE JUN 1    175                       216    -41      264
  SINCE JAN 1    183                       220    -37      272
..................................................................


WIND (MPH)
  HIGHEST WIND SPEED    15   HIGHEST WIND DIRECTION    SE (130)
  HIGHEST GUST SPEED    21   HIGHEST GUST DIRECTION    SE (130)
  AVERAGE WIND SPEED     4.9


SKY COVER
  POSSIBLE SUNSHINE  MM
  AVERAGE SKY COVER 0.5


WEATHER CONDITIONS
 THE FOLLOWING WEATHER WAS RECORDED YESTERDAY.
  NO SIGNIFICANT WEATHER WAS OBSERVED.


RELATIVE HUMIDITY (PERCENT)
 HIGHEST    83          1000 PM
 LOWEST     24           200 PM
 AVERAGE    54

..........................................................


THE SHERIDAN WY CLIMATE NORMALS FOR TODAY
                         NORMAL    RECORD    YEAR
 MAXIMUM TEMPERATURE (F)   89       103      1988
 MINIMUM TEMPERATURE (F)   54        36      1971


SUNRISE AND SUNSET
JULY 30 2014..........SUNRISE   552 AM MDT   SUNSET   836 PM MDT
JULY 31 2014..........SUNRISE   553 AM MDT   SUNSET   835 PM MDT


-  INDICATES NEGATIVE NUMBERS.
R  INDICATES RECORD WAS SET OR TIED.
MM INDICATES DATA IS MISSING.
T  INDICATES TRACE AMOUNT.




$$
