000
CDUS45 KBYZ 052323
CLISHR


CLIMATE REPORT
NATIONAL WEATHER SERVICE BILLINGS MT
421 PM MST THU MAR 5 2015


...................................

...THE SHERIDAN WY CLIMATE SUMMARY FOR MARCH 5 2015...
VALID TODAY AS OF 0400 PM LOCAL TIME.

CLIMATE NORMAL PERIOD 1981 TO 2010
CLIMATE RECORD PERIOD 1907 TO 2015


WEATHER ITEM   OBSERVED TIME   RECORD YEAR NORMAL DEPARTURE LAST
                VALUE   (LST)  VALUE       VALUE  FROM      YEAR
                                                  NORMAL
..................................................................
TEMPERATURE (F)
 TODAY
  MAXIMUM         43   1252 PM  73    1987  45     -2       50
  MINIMUM         -1    224 AM -20    1955  19    -20       21
  AVERAGE         21                        32    -11       36

PRECIPITATION (IN)
  TODAY            0.00          0.52        0.02  -0.02     0.00
  MONTH TO DATE    0.17                      0.11   0.06     0.13
  SINCE OCT 1      4.29                      3.89   0.40     5.74
  SINCE JAN 1      1.90                      1.21   0.69     1.98

DEGREE DAYS
 HEATING
  TODAY           44                        33     11       29
  MONTH TO DATE  255                       170     85      240
  SINCE MAR 1    255                       170     85      240
  SINCE JUL 1   5485                      5705   -220     5990

 COOLING
  TODAY            0                         0      0        0
  MONTH TO DATE    0                         0      0        0
  SINCE MAR 1      0                         0      0        0
  SINCE JAN 1      0                         0      0        0
..................................................................


WIND (MPH)
  HIGHEST WIND SPEED    10   HIGHEST WIND DIRECTION    NW (320)
  HIGHEST GUST SPEED    12   HIGHEST GUST DIRECTION    NW (300)
  AVERAGE WIND SPEED     2.5


SKY COVER
  POSSIBLE SUNSHINE  MM
  AVERAGE SKY COVER 0.0


WEATHER CONDITIONS
 THE FOLLOWING WEATHER WAS RECORDED TODAY.
  NO SIGNIFICANT WEATHER WAS OBSERVED.


RELATIVE HUMIDITY (PERCENT)
 HIGHEST    72          1200 AM
 LOWEST     33           100 PM
 AVERAGE    53

..........................................................


THE SHERIDAN WY CLIMATE NORMALS FOR TOMORROW
                         NORMAL    RECORD    YEAR
 MAXIMUM TEMPERATURE (F)   45        71      1987
 MINIMUM TEMPERATURE (F)   19       -17      1920


SUNRISE AND SUNSET
MARCH  5 2015.........SUNRISE   639 AM MST   SUNSET   601 PM MST
MARCH  6 2015.........SUNRISE   637 AM MST   SUNSET   602 PM MST


-  INDICATES NEGATIVE NUMBERS.
R  INDICATES RECORD WAS SET OR TIED.
MM INDICATES DATA IS MISSING.
T  INDICATES TRACE AMOUNT.




$$
