000
CDUS45 KBYZ 132323
CLISHR


CLIMATE REPORT
NATIONAL WEATHER SERVICE BILLINGS MT
423 PM MST WED DEC 13 2017


...................................

...THE SHERIDAN WY CLIMATE SUMMARY FOR DECEMBER 13 2017...
VALID TODAY AS OF 0400 PM LOCAL TIME.

CLIMATE NORMAL PERIOD 1981 TO 2010
CLIMATE RECORD PERIOD 1907 TO 2017


WEATHER ITEM   OBSERVED TIME   RECORD YEAR NORMAL DEPARTURE LAST
                VALUE   (LST)  VALUE       VALUE  FROM      YEAR
                                                  NORMAL
..................................................................
TEMPERATURE (F)
 TODAY
  MAXIMUM         50   1042 AM  62    1921  35     15       17
  MINIMUM         27    725 AM -26    1919  10     17       -3
  AVERAGE         39                        22     17        7

PRECIPITATION (IN)
  TODAY            0.00          0.41 1989   0.02  -0.02     0.02
  MONTH TO DATE    0.02                      0.25  -0.23     0.28
  SINCE OCT 1      1.90                      2.37  -0.47     3.01
  SINCE JAN 1     17.68                     13.85   3.83    16.23

DEGREE DAYS
 HEATING
  TODAY           26                        42    -16       58
  MONTH TO DATE  365                       536   -171      633
  SINCE DEC 1    365                       536   -171      633
  SINCE JUL 1   2155                      2414   -259     2110

 COOLING
  TODAY            0                         0      0        0
  MONTH TO DATE    0                         0      0        0
  SINCE DEC 1      0                         0      0        0
  SINCE JAN 1    481                       419     62      549
..................................................................


WIND (MPH)
  HIGHEST WIND SPEED    22   HIGHEST WIND DIRECTION    NW (310)
  HIGHEST GUST SPEED    29   HIGHEST GUST DIRECTION    NW (310)
  AVERAGE WIND SPEED    13.7


SKY COVER
  POSSIBLE SUNSHINE  MM
  AVERAGE SKY COVER 0.4


WEATHER CONDITIONS
 THE FOLLOWING WEATHER WAS RECORDED TODAY.
  NO SIGNIFICANT WEATHER WAS OBSERVED.


RELATIVE HUMIDITY (PERCENT)
 HIGHEST    45           400 PM
 LOWEST     27          1200 AM
 AVERAGE    36

..........................................................


THE SHERIDAN WY CLIMATE NORMALS FOR TOMORROW
                         NORMAL    RECORD    YEAR
 MAXIMUM TEMPERATURE (F)   35        66      1924
 MINIMUM TEMPERATURE (F)   10       -17      1926


SUNRISE AND SUNSET
DECEMBER 13 2017......SUNRISE   737 AM MST   SUNSET   427 PM MST
DECEMBER 14 2017......SUNRISE   738 AM MST   SUNSET   428 PM MST


-  INDICATES NEGATIVE NUMBERS.
R  INDICATES RECORD WAS SET OR TIED.
MM INDICATES DATA IS MISSING.
T  INDICATES TRACE AMOUNT.




$$
