000
CDUS45 KBYZ 200955
CLISHR


CLIMATE REPORT
NATIONAL WEATHER SERVICE BILLINGS MT
350 AM MDT WED AUG 20 2014


...................................

...THE SHERIDAN WY CLIMATE SUMMARY FOR AUGUST 19 2014...

CLIMATE NORMAL PERIOD 1981 TO 2010
CLIMATE RECORD PERIOD 1907 TO 2014


WEATHER ITEM   OBSERVED TIME   RECORD YEAR NORMAL DEPARTURE LAST
                VALUE   (LST)  VALUE       VALUE  FROM      YEAR
                                                  NORMAL
..................................................................
TEMPERATURE (F)
 YESTERDAY
  MAXIMUM         94    238 PM  99    1999  86      8       95
  MINIMUM         48    521 AM  39    2002  51     -3       53
  AVERAGE         71                        69      2       74

PRECIPITATION (IN)
  YESTERDAY        0.00          0.71 1939   0.02  -0.02     0.00
  MONTH TO DATE    0.14                      0.43  -0.29     0.04
  SINCE OCT 1     13.92                     12.44   1.48    12.52
  SINCE JAN 1     10.16                      9.76   0.40     9.98

SNOWFALL (IN)
  YESTERDAY       MM             0.0  2000   0.0   MM       MM
  MONTH TO DATE   MM                         0.0   MM       MM
  SINCE JUN 1     MM                         T     MM       MM
  SINCE JUL 1     MM                         0.0   MM       MM
  SNOW DEPTH      MM

DEGREE DAYS
 HEATING
  YESTERDAY        0                         1     -1        0
  MONTH TO DATE    0                        13    -13        0
  SINCE JUN 1    191                       188      3      121
  SINCE JUL 1      9                        39    -30        1

 COOLING
  YESTERDAY        6                         5      1        9
  MONTH TO DATE  118                       116      2      107
  SINCE JUN 1    301                       344    -43      377
  SINCE JAN 1    309                       348    -39      385
..................................................................


WIND (MPH)
  HIGHEST WIND SPEED    18   HIGHEST WIND DIRECTION    NW (310)
  HIGHEST GUST SPEED    24   HIGHEST GUST DIRECTION    NW (320)
  AVERAGE WIND SPEED     2.9


SKY COVER
  POSSIBLE SUNSHINE  MM
  AVERAGE SKY COVER 0.1


WEATHER CONDITIONS
 THE FOLLOWING WEATHER WAS RECORDED YESTERDAY.
  NO SIGNIFICANT WEATHER WAS OBSERVED.


RELATIVE HUMIDITY (PERCENT)
 HIGHEST    83           100 AM
 LOWEST     12           100 PM
 AVERAGE    48

..........................................................


THE SHERIDAN WY CLIMATE NORMALS FOR TODAY
                         NORMAL    RECORD    YEAR
 MAXIMUM TEMPERATURE (F)   86       100      1988
 MINIMUM TEMPERATURE (F)   51        35      1939


SUNRISE AND SUNSET
AUGUST 20 2014........SUNRISE   616 AM MDT   SUNSET   805 PM MDT
AUGUST 21 2014........SUNRISE   617 AM MDT   SUNSET   804 PM MDT


-  INDICATES NEGATIVE NUMBERS.
R  INDICATES RECORD WAS SET OR TIED.
MM INDICATES DATA IS MISSING.
T  INDICATES TRACE AMOUNT.




$$
