000
CDUS44 KSHV 270836
CLISHV


CLIMATE REPORT
NATIONAL WEATHER SERVICE SHREVEPORT, LA
236 AM CST SAT DEC 27 2014


...................................

...THE SHREVEPORT CLIMATE SUMMARY FOR DECEMBER 26 2014...

CLIMATE NORMAL PERIOD 1981 TO 2010
CLIMATE RECORD PERIOD 1874 TO 2014


WEATHER ITEM   OBSERVED TIME   RECORD YEAR NORMAL DEPARTURE LAST
                VALUE   (LST)  VALUE       VALUE  FROM      YEAR
                                                  NORMAL
..................................................................
TEMPERATURE (F)
 YESTERDAY
  MAXIMUM         59   1159 PM  79    1942  57      2       59
  MINIMUM         46   1237 AM  14    1983  36     10       38
  AVERAGE         53                        47      6       49

PRECIPITATION (IN)
  YESTERDAY        T             6.87 1904   0.15  -0.15     0.00
  MONTH TO DATE    2.92                      4.11  -1.19     4.98
  SINCE DEC 1      2.92                      4.11  -1.19     4.98
  SINCE JAN 1     40.39                     50.75 -10.36    53.45

SNOWFALL (IN)
  YESTERDAY        0.0
  MONTH TO DATE    0.0
  SINCE DEC 1      0.0
  SINCE JUL 1      T
  SNOW DEPTH       0

DEGREE DAYS
 HEATING
  YESTERDAY       12                        19     -7       16
  MONTH TO DATE  337                       436    -99      453
  SINCE DEC 1    337                       436    -99      453
  SINCE JUL 1    741                       807    -66      864

 COOLING
  YESTERDAY        0                         0      0        0
  MONTH TO DATE    2                         0      2       11
  SINCE DEC 1      2                         0      2       11
  SINCE JAN 1   2498                      2474     24     2717
..................................................................


WIND (MPH)
  HIGHEST WIND SPEED    18   HIGHEST WIND DIRECTION    SE (140)
  HIGHEST GUST SPEED    22   HIGHEST GUST DIRECTION    SE (150)
  AVERAGE WIND SPEED    10.1


SKY COVER
  POSSIBLE SUNSHINE  MM
  AVERAGE SKY COVER 1.0


WEATHER CONDITIONS
 THE FOLLOWING WEATHER WAS RECORDED YESTERDAY.
  LIGHT RAIN
  FOG


RELATIVE HUMIDITY (PERCENT)
 HIGHEST    93           600 PM
 LOWEST     77          1100 AM
 AVERAGE    85

..........................................................


THE SHREVEPORT CLIMATE NORMALS FOR TODAY
                         NORMAL    RECORD    YEAR
 MAXIMUM TEMPERATURE (F)   57        77      2005
                                             1971
                                             1874
 MINIMUM TEMPERATURE (F)   36        18      1892


SUNRISE AND SUNSET
DECEMBER 27 2014......SUNRISE   715 AM CST   SUNSET   517 PM CST
DECEMBER 28 2014......SUNRISE   716 AM CST   SUNSET   518 PM CST


-  INDICATES NEGATIVE NUMBERS.
R  INDICATES RECORD WAS SET OR TIED.
MM INDICATES DATA IS MISSING.
T  INDICATES TRACE AMOUNT.




$$
