000
CDUS44 KSHV 292200
CLISHV


CLIMATE REPORT
NATIONAL WEATHER SERVICE SHREVEPORT, LA
500 PM CDT MON MAY 29 2017


...................................

...THE SHREVEPORT CLIMATE SUMMARY FOR MAY 29 2017...
VALID TODAY AS OF 0500 PM LOCAL TIME.

CLIMATE NORMAL PERIOD 1981 TO 2010
CLIMATE RECORD PERIOD 1874 TO 2017


WEATHER ITEM   OBSERVED TIME   RECORD YEAR NORMAL DEPARTURE LAST
                VALUE   (LST)  VALUE       VALUE  FROM      YEAR
                                                  NORMAL
..................................................................
TEMPERATURE (F)
 TODAY
  MAXIMUM         81    259 PM 100    1886  87     -6       92
  MINIMUM         68    648 AM  53    1976  66      2       70
  AVERAGE         75                        76     -1       81

PRECIPITATION (IN)
  TODAY            T             2.09 1941   0.16  -0.16     0.00
  MONTH TO DATE    7.39                      4.63   2.76     3.08
  SINCE DEC 1     20.38                     26.68  -6.30    37.12
  SINCE JAN 1     17.24                     21.91  -4.67    34.23

DEGREE DAYS
 HEATING
  TODAY            0                         0      0        0
  MONTH TO DATE    6                         5      1        2
  SINCE MAR 1    170                       342   -172      148
  SINCE JUL 1   1201                      2224  -1023     1451

 COOLING
  TODAY           10                        11     -1       16
  MONTH TO DATE  192                       239    -47      234
  SINCE MAR 1    448                       364     84      415
  SINCE JAN 1    518                       374    144      433
..................................................................


WIND (MPH)
  HIGHEST WIND SPEED    10   HIGHEST WIND DIRECTION    SW (210)
  HIGHEST GUST SPEED    12   HIGHEST GUST DIRECTION     S (200)
  AVERAGE WIND SPEED     4.8


SKY COVER
  POSSIBLE SUNSHINE  MM
  AVERAGE SKY COVER 0.9


WEATHER CONDITIONS
 THE FOLLOWING WEATHER WAS RECORDED TODAY.
  LIGHT RAIN
  FOG


RELATIVE HUMIDITY (PERCENT)
 HIGHEST    97           800 AM
 LOWEST     67           200 PM
 AVERAGE    82

..........................................................


THE SHREVEPORT CLIMATE NORMALS FOR TOMORROW
                         NORMAL    RECORD    YEAR
 MAXIMUM TEMPERATURE (F)   87       100      1886
 MINIMUM TEMPERATURE (F)   66        49      1984


SUNRISE AND SUNSET
MAY 29 2017...........SUNRISE   610 AM CDT   SUNSET   816 PM CDT
MAY 30 2017...........SUNRISE   609 AM CDT   SUNSET   817 PM CDT


-  INDICATES NEGATIVE NUMBERS.
R  INDICATES RECORD WAS SET OR TIED.
MM INDICATES DATA IS MISSING.
T  INDICATES TRACE AMOUNT.




$$
