000
CDUS44 KSHV 282144
CLISHV


CLIMATE REPORT
NATIONAL WEATHER SERVICE SHREVEPORT, LA
442 PM CDT TUE MAR 28 2017


...................................

...THE SHREVEPORT CLIMATE SUMMARY FOR MARCH 28 2017...
VALID TODAY AS OF 0400 PM LOCAL TIME.

CLIMATE NORMAL PERIOD 1981 TO 2010
CLIMATE RECORD PERIOD 1874 TO 2017


WEATHER ITEM   OBSERVED TIME   RECORD YEAR NORMAL DEPARTURE LAST
                VALUE   (LST)  VALUE       VALUE  FROM      YEAR
                                                  NORMAL
..................................................................
TEMPERATURE (F)
 TODAY
  MAXIMUM         85    258 PM  88    1879  73     12       73
  MINIMUM         69    504 AM  31    1955  49     20       46
  AVERAGE         77                        61     16       60

PRECIPITATION (IN)
  TODAY            0.00          4.37 1944   0.13  -0.13     0.00
  MONTH TO DATE    1.24                      3.70  -2.46    12.46
  SINCE DEC 1      8.52                     17.42  -8.90    20.37
  SINCE JAN 1      5.38                     12.65  -7.27    17.48

SNOWFALL (IN)
  TODAY            0.0
  MONTH TO DATE    0.0
  SINCE MAR 1      0.0
  SINCE JUL 1      0.0
  SNOW DEPTH       0

DEGREE DAYS
 HEATING
  TODAY            0                         6     -6        5
  MONTH TO DATE  134                       235   -101      108
  SINCE MAR 1    134                       235   -101      108
  SINCE JUL 1   1165                      2117   -952     1411

 COOLING
  TODAY           12                         1     11        0
  MONTH TO DATE   91                        26     65       37
  SINCE MAR 1     91                        26     65       37
  SINCE JAN 1    161                        36    125       55
..................................................................


WIND (MPH)
  HIGHEST WIND SPEED    16   HIGHEST WIND DIRECTION    SE (150)
  HIGHEST GUST SPEED    24   HIGHEST GUST DIRECTION    SE (120)
  AVERAGE WIND SPEED     5.2


SKY COVER
  POSSIBLE SUNSHINE  MM
  AVERAGE SKY COVER 0.9


WEATHER CONDITIONS
 THE FOLLOWING WEATHER WAS RECORDED TODAY.
  NO SIGNIFICANT WEATHER WAS OBSERVED.


RELATIVE HUMIDITY (PERCENT)
 HIGHEST    90           600 AM
 LOWEST     55          1200 PM
 AVERAGE    73

..........................................................


THE SHREVEPORT CLIMATE NORMALS FOR TOMORROW
                         NORMAL    RECORD    YEAR
 MAXIMUM TEMPERATURE (F)   73        89      1875
 MINIMUM TEMPERATURE (F)   49        32      1994
                                             1894


SUNRISE AND SUNSET
MARCH 28 2017.........SUNRISE   708 AM CDT   SUNSET   733 PM CDT
MARCH 29 2017.........SUNRISE   707 AM CDT   SUNSET   733 PM CDT


-  INDICATES NEGATIVE NUMBERS.
R  INDICATES RECORD WAS SET OR TIED.
MM INDICATES DATA IS MISSING.
T  INDICATES TRACE AMOUNT.




$$
