000
CDUS44 KSHV 030853
CLISHV


CLIMATE REPORT
NATIONAL WEATHER SERVICE SHREVEPORT, LA
253 AM CST TUE MAR 3 2015


...................................

...THE SHREVEPORT CLIMATE SUMMARY FOR MARCH 2 2015...

CLIMATE NORMAL PERIOD 1981 TO 2010
CLIMATE RECORD PERIOD 1874 TO 2015


WEATHER ITEM   OBSERVED TIME   RECORD YEAR NORMAL DEPARTURE LAST
                VALUE   (LST)  VALUE       VALUE  FROM      YEAR
                                                  NORMAL
..................................................................
TEMPERATURE (F)
 YESTERDAY
  MAXIMUM         44    145 PM  85    2012  66    -22       71
                                      1983
  MINIMUM         42   1159 PM  20    1980  43     -1       34
  AVERAGE         43                        54    -11       53

PRECIPITATION (IN)
  YESTERDAY        0.05          3.10 1934   0.14  -0.09     0.40
  MONTH TO DATE    0.58                      0.29   0.29     0.41
  SINCE DEC 1     16.06                     14.01   2.05     8.83
  SINCE JAN 1     12.31                      9.24   3.07     3.85

SNOWFALL (IN)
  YESTERDAY        0.0
  MONTH TO DATE    0.0
  SINCE MAR 1      0.0
  SINCE JUL 1      4.1
  SNOW DEPTH       0

DEGREE DAYS
 HEATING
  YESTERDAY       22                        11     11       12
  MONTH TO DATE   44                        22     22       12
  SINCE MAR 1     44                        22     22       12
  SINCE JUL 1   2044                      1904    140     2123

 COOLING
  YESTERDAY        0                         0      0        0
  MONTH TO DATE    0                         0      0        1
  SINCE MAR 1      0                         0      0        1
  SINCE JAN 1      0                        10    -10        7
..................................................................


WIND (MPH)
  HIGHEST WIND SPEED    15   HIGHEST WIND DIRECTION    NE (50)
  HIGHEST GUST SPEED    19   HIGHEST GUST DIRECTION    NE (50)
  AVERAGE WIND SPEED     7.8


SKY COVER
  POSSIBLE SUNSHINE  MM
  AVERAGE SKY COVER 0.8


WEATHER CONDITIONS
 THE FOLLOWING WEATHER WAS RECORDED YESTERDAY.
  LIGHT RAIN
  FOG


RELATIVE HUMIDITY (PERCENT)
 HIGHEST   100           400 AM
 LOWEST     92          1200 PM
 AVERAGE    96

..........................................................


THE SHREVEPORT CLIMATE NORMALS FOR TODAY
                         NORMAL    RECORD    YEAR
 MAXIMUM TEMPERATURE (F)   66        82      1976
                                             1974
                                             1899
 MINIMUM TEMPERATURE (F)   44        15      1943


SUNRISE AND SUNSET
MARCH  3 2015.........SUNRISE   641 AM CST   SUNSET   614 PM CST
MARCH  4 2015.........SUNRISE   640 AM CST   SUNSET   615 PM CST


-  INDICATES NEGATIVE NUMBERS.
R  INDICATES RECORD WAS SET OR TIED.
MM INDICATES DATA IS MISSING.
T  INDICATES TRACE AMOUNT.




$$
