000
CDUS44 KSHV 280739
CLISHV


CLIMATE REPORT
NATIONAL WEATHER SERVICE SHREVEPORT, LA
237 AM CDT SAT MAY 28 2016


...................................

...THE SHREVEPORT CLIMATE SUMMARY FOR MAY 27 2016...

CLIMATE NORMAL PERIOD 1981 TO 2010
CLIMATE RECORD PERIOD 1874 TO 2016


WEATHER ITEM   OBSERVED TIME   RECORD YEAR NORMAL DEPARTURE LAST
                VALUE   (LST)  VALUE       VALUE  FROM      YEAR
                                                  NORMAL
..................................................................
TEMPERATURE (F)
 YESTERDAY
  MAXIMUM         74   1012 AM  97    1886  86    -12       88
  MINIMUM         66   1155 PM  47    1961  66      0       65
  AVERAGE         70                        76     -6       77

PRECIPITATION (IN)
  YESTERDAY        1.23          2.38 2000   0.17   1.06     0.31
  MONTH TO DATE    3.08                      4.32  -1.24     9.70
  SINCE DEC 1     37.12                     26.37  10.75    38.65
  SINCE JAN 1     34.23                     21.60  12.63    34.90

SNOWFALL (IN)
  YESTERDAY        0.0
  MONTH TO DATE    0.0
  SINCE MAR 1      T
  SINCE JUL 1      T
  SNOW DEPTH       0

DEGREE DAYS
 HEATING
  YESTERDAY        0                         0      0        0
  MONTH TO DATE    2                         5     -3        0
  SINCE MAR 1    148                       342   -194      291
  SINCE JUL 1   1451                      2224   -773     2291

 COOLING
  YESTERDAY        5                        11     -6       12
  MONTH TO DATE  207                       217    -10      256
  SINCE MAR 1    388                       342     46      423
  SINCE JAN 1    406                       352     54      423
..................................................................


WIND (MPH)
  HIGHEST WIND SPEED    32   HIGHEST WIND DIRECTION    SE (130)
  HIGHEST GUST SPEED    47   HIGHEST GUST DIRECTION    SE (130)
  AVERAGE WIND SPEED     9.6


SKY COVER
  POSSIBLE SUNSHINE  MM
  AVERAGE SKY COVER 1.0


WEATHER CONDITIONS
 THE FOLLOWING WEATHER WAS RECORDED YESTERDAY.
  THUNDERSTORM
  HEAVY RAIN
  RAIN
  LIGHT RAIN
  FOG


RELATIVE HUMIDITY (PERCENT)
 HIGHEST    97           100 PM
 LOWEST     84          1200 AM
 AVERAGE    91

..........................................................


THE SHREVEPORT CLIMATE NORMALS FOR TODAY
                         NORMAL    RECORD    YEAR
 MAXIMUM TEMPERATURE (F)   87        97      1886
 MINIMUM TEMPERATURE (F)   66        46      1961


SUNRISE AND SUNSET
MAY 28 2016...........SUNRISE   610 AM CDT   SUNSET   816 PM CDT
MAY 29 2016...........SUNRISE   610 AM CDT   SUNSET   816 PM CDT


-  INDICATES NEGATIVE NUMBERS.
R  INDICATES RECORD WAS SET OR TIED.
MM INDICATES DATA IS MISSING.
T  INDICATES TRACE AMOUNT.




$$
