000
CDUS44 KSHV 230843
CLISHV


CLIMATE REPORT
NATIONAL WEATHER SERVICE SHREVEPORT, LA
243 AM CST TUE JAN 23 2018


...................................

...THE SHREVEPORT CLIMATE SUMMARY FOR JANUARY 22 2018...

CLIMATE NORMAL PERIOD 1981 TO 2010
CLIMATE RECORD PERIOD 1874 TO 2018


WEATHER ITEM   OBSERVED TIME   RECORD YEAR NORMAL DEPARTURE LAST
                VALUE   (LST)  VALUE       VALUE  FROM      YEAR
                                                  NORMAL
..................................................................
TEMPERATURE (F)
 YESTERDAY
  MAXIMUM         67    214 AM  80    2012  58      9       68
                                      1943
  MINIMUM         45   1159 PM   8    1930  36      9       52
  AVERAGE         56                        47      9       60

PRECIPITATION (IN)
  YESTERDAY        0.03          2.82 2006   0.14  -0.11     0.02
  MONTH TO DATE    1.38                      2.87  -1.49     2.53
  SINCE DEC 1      5.50                      7.64  -2.14     5.67
  SINCE JAN 1      1.38                      2.87  -1.49     2.53

SNOWFALL (IN)
  YESTERDAY        0.0
  MONTH TO DATE    1.8
  SINCE DEC 1      1.8
  SINCE JUL 1      1.8
  SNOW DEPTH       0

DEGREE DAYS
 HEATING
  YESTERDAY        9                        18     -9        5
  MONTH TO DATE  525                       413    112      220
  SINCE DEC 1   1033                       944     89      620
  SINCE JUL 1   1306                      1315     -9      774

 COOLING
  YESTERDAY        0                         0      0        0
  MONTH TO DATE    3                         0      3       21
  SINCE DEC 1      6                         7     -1       46
  SINCE JAN 1      3                         0      3       21
..................................................................


WIND (MPH)
  HIGHEST WIND SPEED    30   HIGHEST WIND DIRECTION     W (280)
  HIGHEST GUST SPEED    39   HIGHEST GUST DIRECTION     W (260)
  AVERAGE WIND SPEED    13.8


SKY COVER
  POSSIBLE SUNSHINE  MM
  AVERAGE SKY COVER 0.1


WEATHER CONDITIONS
 THE FOLLOWING WEATHER WAS RECORDED YESTERDAY.
  LIGHT RAIN
  FOG


RELATIVE HUMIDITY (PERCENT)
 HIGHEST    83           600 AM
 LOWEST     20           300 PM
 AVERAGE    52

..........................................................


THE SHREVEPORT CLIMATE NORMALS FOR TODAY
                         NORMAL    RECORD    YEAR
 MAXIMUM TEMPERATURE (F)   58        84      1943
 MINIMUM TEMPERATURE (F)   36        14      1963
                                             1940
                                             1930


SUNRISE AND SUNSET
JANUARY 23 2018.......SUNRISE   715 AM CST   SUNSET   540 PM CST
JANUARY 24 2018.......SUNRISE   714 AM CST   SUNSET   541 PM CST


-  INDICATES NEGATIVE NUMBERS.
R  INDICATES RECORD WAS SET OR TIED.
MM INDICATES DATA IS MISSING.
T  INDICATES TRACE AMOUNT.




$$
