805
CDUS44 KSHV 300740
CLISHV


CLIMATE REPORT
NATIONAL WEATHER SERVICE SHREVEPORT, LA
237 AM CDT TUE AUG 30 2016


...................................

...THE SHREVEPORT CLIMATE SUMMARY FOR AUGUST 29 2016...

CLIMATE NORMAL PERIOD 1981 TO 2010
CLIMATE RECORD PERIOD 1874 TO 2016


WEATHER ITEM   OBSERVED TIME   RECORD YEAR NORMAL DEPARTURE LAST
                VALUE   (LST)  VALUE       VALUE  FROM      YEAR
                                                  NORMAL
..................................................................
TEMPERATURE (F)
 YESTERDAY
  MAXIMUM         94    254 PM 104    1884  93      1       94
  MINIMUM         75    511 AM  56    1986  71      4       68
  AVERAGE         85                        82      3       81

PRECIPITATION (IN)
  YESTERDAY        0.00          3.67 1911   0.08  -0.08     0.00
  MONTH TO DATE    7.81                      2.56   5.25     2.12
  SINCE DEC 1     53.26                     38.59  14.67    48.61
  SINCE JAN 1     50.37                     33.82  16.55    44.86

SNOWFALL (IN)
  YESTERDAY        0.0
  MONTH TO DATE    0.0
  SINCE JUN 1      0.0
  SINCE JUL 1      0.0
  SNOW DEPTH       0

DEGREE DAYS
 HEATING
  YESTERDAY        0                         0      0        0
  MONTH TO DATE    0                         0      0        0
  SINCE JUN 1      0                         0      0        0
  SINCE JUL 1      0                         0      0        0

 COOLING
  YESTERDAY       20                        17      3       16
  MONTH TO DATE  562                       531     31      591
  SINCE JUN 1   1739                      1534    205     1769
  SINCE JAN 1   2199                      1932    267     2241
..................................................................


WIND (MPH)
  HIGHEST WIND SPEED    14   HIGHEST WIND DIRECTION     E (90)
  HIGHEST GUST SPEED    18   HIGHEST GUST DIRECTION     E (90)
  AVERAGE WIND SPEED     5.3


SKY COVER
  POSSIBLE SUNSHINE  MM
  AVERAGE SKY COVER 0.6


WEATHER CONDITIONS
 THE FOLLOWING WEATHER WAS RECORDED YESTERDAY.
  THUNDERSTORM


RELATIVE HUMIDITY (PERCENT)
 HIGHEST   100           600 AM
 LOWEST     52           100 PM
 AVERAGE    76

..........................................................


THE SHREVEPORT CLIMATE NORMALS FOR TODAY
                         NORMAL    RECORD    YEAR
 MAXIMUM TEMPERATURE (F)   93       107      2000
 MINIMUM TEMPERATURE (F)   71        54      1986


SUNRISE AND SUNSET
AUGUST 30 2016........SUNRISE   649 AM CDT   SUNSET   742 PM CDT
AUGUST 31 2016........SUNRISE   650 AM CDT   SUNSET   740 PM CDT


-  INDICATES NEGATIVE NUMBERS.
R  INDICATES RECORD WAS SET OR TIED.
MM INDICATES DATA IS MISSING.
T  INDICATES TRACE AMOUNT.




$$
