000
CDUS44 KSHV 282133
CLISHV


CLIMATE REPORT
NATIONAL WEATHER SERVICE SHREVEPORT, LA
431 PM CDT THU AUG 28 2014


...................................

...THE SHREVEPORT CLIMATE SUMMARY FOR AUGUST 28 2014...
VALID TODAY AS OF 0400 PM LOCAL TIME.

CLIMATE NORMAL PERIOD 1981 TO 2010
CLIMATE RECORD PERIOD 1874 TO 2014


WEATHER ITEM   OBSERVED TIME   RECORD YEAR NORMAL DEPARTURE LAST
                VALUE   (LST)  VALUE       VALUE  FROM      YEAR
                                                  NORMAL
..................................................................
TEMPERATURE (F)
 TODAY
  MAXIMUM         96    241 PM 105    2011  93      3      102
  MINIMUM         72    552 AM  60    1906  71      1       71
  AVERAGE         84                        82      2       87

PRECIPITATION (IN)
  TODAY            0.00          3.41 1940   0.08  -0.08     0.00
  MONTH TO DATE    0.18                      2.48  -2.30     0.18
  SINCE DEC 1     30.59                     38.51  -7.92    32.62
  SINCE JAN 1     25.61                     33.74  -8.13    26.96

DEGREE DAYS
 HEATING
  TODAY            0                         0      0        0
  MONTH TO DATE    0                         0      0        0
  SINCE JUN 1      0                         0      0        0
  SINCE JUL 1      0                         0      0        0

 COOLING
  TODAY           19                        17      2       22
  MONTH TO DATE  511                       514     -3      563
  SINCE JUN 1   1466                      1517    -51     1592
  SINCE JAN 1   1836                      1915    -79     1979
..................................................................


WIND (MPH)
  HIGHEST WIND SPEED    15   HIGHEST WIND DIRECTION    SE (130)
  HIGHEST GUST SPEED    21   HIGHEST GUST DIRECTION     S (170)
  AVERAGE WIND SPEED     2.0


SKY COVER
  POSSIBLE SUNSHINE  MM
  AVERAGE SKY COVER 0.4


WEATHER CONDITIONS
 THE FOLLOWING WEATHER WAS RECORDED TODAY.
  HAZE


RELATIVE HUMIDITY (PERCENT)
 HIGHEST    84           500 AM
 LOWEST     44           200 PM
 AVERAGE    64

..........................................................


THE SHREVEPORT CLIMATE NORMALS FOR TOMORROW
                         NORMAL    RECORD    YEAR
 MAXIMUM TEMPERATURE (F)   93       104      1884
 MINIMUM TEMPERATURE (F)   71        56      1986


SUNRISE AND SUNSET
AUGUST 28 2014........SUNRISE   648 AM CDT   SUNSET   745 PM CDT
AUGUST 29 2014........SUNRISE   648 AM CDT   SUNSET   743 PM CDT


-  INDICATES NEGATIVE NUMBERS.
R  INDICATES RECORD WAS SET OR TIED.
MM INDICATES DATA IS MISSING.
T  INDICATES TRACE AMOUNT.




$$
