000
CDUS44 KSHV 130846
CLISHV


CLIMATE REPORT
NATIONAL WEATHER SERVICE SHREVEPORT, LA
238 AM CST SAT FEB 13 2016


...................................

...THE SHREVEPORT CLIMATE SUMMARY FOR FEBRUARY 12 2016...

CLIMATE NORMAL PERIOD 1981 TO 2010
CLIMATE RECORD PERIOD 1874 TO 2016


WEATHER ITEM   OBSERVED TIME   RECORD YEAR NORMAL DEPARTURE LAST
                VALUE   (LST)  VALUE       VALUE  FROM      YEAR
                                                  NORMAL
..................................................................
TEMPERATURE (F)
 YESTERDAY
  MAXIMUM         71    426 PM  82    1962  61     10       59
  MINIMUM         42    725 AM  -5    1899  39      3       38
  AVERAGE         57                        50      7       49

PRECIPITATION (IN)
  YESTERDAY        0.00          2.97 1984   0.18  -0.18     0.00
  MONTH TO DATE    T                         2.03  -2.03     0.38
  SINCE DEC 1      5.76                     11.00  -5.24    11.58
  SINCE JAN 1      2.87                      6.23  -3.36     7.83

SNOWFALL (IN)
  YESTERDAY        0.0
  MONTH TO DATE    0.0
  SINCE DEC 1      T
  SINCE JUL 1      T
  SNOW DEPTH       0

DEGREE DAYS
 HEATING
  YESTERDAY        8                        15     -7       16
  MONTH TO DATE  157                       196    -39      182
  SINCE DEC 1    984                      1297   -313     1231
  SINCE JUL 1   1161                      1668   -507     1635

 COOLING
  YESTERDAY        0                         0      0        0
  MONTH TO DATE    3                         0      3        0
  SINCE DEC 1     45                        11     34        2
  SINCE JAN 1      9                         4      5        0
..................................................................


WIND (MPH)
  HIGHEST WIND SPEED    13   HIGHEST WIND DIRECTION     N (360)
  HIGHEST GUST SPEED    15   HIGHEST GUST DIRECTION    NE (30)
  AVERAGE WIND SPEED     4.6


SKY COVER
  POSSIBLE SUNSHINE  MM
  AVERAGE SKY COVER 0.0


WEATHER CONDITIONS
 THE FOLLOWING WEATHER WAS RECORDED YESTERDAY.
  NO SIGNIFICANT WEATHER WAS OBSERVED.


RELATIVE HUMIDITY (PERCENT)
 HIGHEST    76           500 AM
 LOWEST     27           400 PM
 AVERAGE    52

..........................................................


THE SHREVEPORT CLIMATE NORMALS FOR TODAY
                         NORMAL    RECORD    YEAR
 MAXIMUM TEMPERATURE (F)   61        82      1962
                                             1949
 MINIMUM TEMPERATURE (F)   39        -3      1899


SUNRISE AND SUNSET
FEBRUARY 13 2016......SUNRISE   700 AM CST   SUNSET   559 PM CST
FEBRUARY 14 2016......SUNRISE   659 AM CST   SUNSET   600 PM CST


-  INDICATES NEGATIVE NUMBERS.
R  INDICATES RECORD WAS SET OR TIED.
MM INDICATES DATA IS MISSING.
T  INDICATES TRACE AMOUNT.




$$
