382
CDUS44 KSHV 262145
CLISHV


CLIMATE REPORT
NATIONAL WEATHER SERVICE SHREVEPORT, LA
445 PM CDT TUE SEP 26 2017


...................................

...THE SHREVEPORT CLIMATE SUMMARY FOR SEPTEMBER 26 2017...
VALID TODAY AS OF 0400 PM LOCAL TIME.

CLIMATE NORMAL PERIOD 1981 TO 2010
CLIMATE RECORD PERIOD 1874 TO 2017


WEATHER ITEM   OBSERVED TIME   RECORD YEAR NORMAL DEPARTURE LAST
                VALUE   (LST)  VALUE       VALUE  FROM      YEAR
                                                  NORMAL
..................................................................
TEMPERATURE (F)
 TODAY
  MAXIMUM         91    242 PM 101    2005  85      6       83
  MINIMUM         67    615 AM  46    1975  62      5       68
                                      1942
  AVERAGE         79                        73      6       76

PRECIPITATION (IN)
  TODAY            0.00          3.58 1913   0.12  -0.12     0.00
  MONTH TO DATE    T                         2.68  -2.68     0.16
  SINCE DEC 1     33.24                     41.44  -8.20    53.42
  SINCE JAN 1     30.10                     36.67  -6.57    50.53

DEGREE DAYS
 HEATING
  TODAY            0                         0      0        0
  MONTH TO DATE    0                         0      0        0
  SINCE SEP 1      0                         0      0        0
  SINCE JUL 1      0                         0      0        0

 COOLING
  TODAY           14                         9      5       11
  MONTH TO DATE  317                       331    -14      457
  SINCE SEP 1    317                       331    -14      457
  SINCE JAN 1   2424                      2293    131     2698
..................................................................


WIND (MPH)
  HIGHEST WIND SPEED    12   HIGHEST WIND DIRECTION     N (360)
  HIGHEST GUST SPEED    14   HIGHEST GUST DIRECTION     E (100)
  AVERAGE WIND SPEED     2.7


SKY COVER
  POSSIBLE SUNSHINE  MM
  AVERAGE SKY COVER 0.3


WEATHER CONDITIONS
 THE FOLLOWING WEATHER WAS RECORDED TODAY.
  FOG


RELATIVE HUMIDITY (PERCENT)
 HIGHEST   100           500 AM
 LOWEST     44           200 PM
 AVERAGE    72

..........................................................


THE SHREVEPORT CLIMATE NORMALS FOR TOMORROW
                         NORMAL    RECORD    YEAR
 MAXIMUM TEMPERATURE (F)   84       100      1953
 MINIMUM TEMPERATURE (F)   61        43      1942


SUNRISE AND SUNSET
SEPTEMBER 26 2017.....SUNRISE   706 AM CDT   SUNSET   706 PM CDT
SEPTEMBER 27 2017.....SUNRISE   707 AM CDT   SUNSET   705 PM CDT


-  INDICATES NEGATIVE NUMBERS.
R  INDICATES RECORD WAS SET OR TIED.
MM INDICATES DATA IS MISSING.
T  INDICATES TRACE AMOUNT.




$$
