000
CDUS46 KMFR 030835
CLISIY


CLIMATE REPORT
NATIONAL WEATHER SERVICE MEDFORD, OR
135 AM PDT FRI JUL 3 2015


...................................

...THE MONTAGUE CA CLIMATE SUMMARY FOR JULY 2 2015...

CLIMATE NORMAL PERIOD 1981 TO 2010
CLIMATE RECORD PERIOD 1948 TO 2015


WEATHER ITEM   OBSERVED TIME   RECORD YEAR NORMAL DEPARTURE LAST
                VALUE   (LST)  VALUE       VALUE  FROM      YEAR
                                                  NORMAL
..................................................................
TEMPERATURE (F)
 YESTERDAY
  MAXIMUM        106R   334 PM 105    2013  87     19       98
  MINIMUM         65    445 AM  39    1989  52     13       63
  AVERAGE         86                        70     16       81

PRECIPITATION (IN)
  YESTERDAY        0.00          0.34 1987   0.01  -0.01     0.02
  MONTH TO DATE    T                         0.02  -0.02     0.02
  SINCE OCT 1     12.32                     17.06  -4.74     6.69
  SINCE JAN 1      6.41                     10.23  -3.82     6.05

SNOWFALL (IN)
  YESTERDAY       MM                        MM     MM       MM
  MONTH TO DATE   MM                        MM     MM       MM
  SINCE JUL 1     MM                        MM     MM       MM
  SNOW DEPTH      MM

DEGREE DAYS
 HEATING
  YESTERDAY        0                         0      0        0
  MONTH TO DATE    0                         1     -1        0
  SINCE JUN 1     17                        94    -77       46
  SINCE JUL 1      0                         1     -1        0

 COOLING
  YESTERDAY       21                         5     16       16
  MONTH TO DATE   41                        10     31       33
  SINCE JUN 1    275                        68    207      116
  SINCE JAN 1    290                        81    209      123
..................................................................


WIND (MPH)
  HIGHEST WIND SPEED    20   HIGHEST WIND DIRECTION     N (10)
  HIGHEST GUST SPEED    25   HIGHEST GUST DIRECTION     N (10)
  AVERAGE WIND SPEED     5.3


SKY COVER
  POSSIBLE SUNSHINE  MM
  AVERAGE SKY COVER 0.0


WEATHER CONDITIONS
 THE FOLLOWING WEATHER WAS RECORDED YESTERDAY.
  NO SIGNIFICANT WEATHER WAS OBSERVED.


RELATIVE HUMIDITY (PERCENT)
 HIGHEST    48           500 AM
 LOWEST     14           300 PM

..........................................................


THE MONTAGUE CA CLIMATE NORMALS FOR TODAY
                         NORMAL    RECORD    YEAR
 MAXIMUM TEMPERATURE (F)   88       105      1991
 MINIMUM TEMPERATURE (F)   52        38      1993


SUNRISE AND SUNSET
JULY  3 2015..........SUNRISE   540 AM PDT   SUNSET   848 PM PDT
JULY  4 2015..........SUNRISE   540 AM PDT   SUNSET   848 PM PDT


-  INDICATES NEGATIVE NUMBERS.
R  INDICATES RECORD WAS SET OR TIED.
MM INDICATES DATA IS MISSING.
T  INDICATES TRACE AMOUNT.




$$
