000
CDUS46 KMFR 280038
CLISIY


CLIMATE REPORT
NATIONAL WEATHER SERVICE MEDFORD, OR
438 PM PST MON FEB 27 2017


...................................

...THE MONTAGUE CA CLIMATE SUMMARY FOR FEBRUARY 27 2017...
VALID TODAY AS OF 0400 PM LOCAL TIME.

CLIMATE NORMAL PERIOD 1981 TO 2010
CLIMATE RECORD PERIOD 1948 TO 2017


WEATHER ITEM   OBSERVED TIME   RECORD YEAR NORMAL DEPARTURE LAST
                VALUE   (LST)  VALUE       VALUE  FROM      YEAR
                                                  NORMAL
..................................................................
TEMPERATURE (F)
 TODAY
  MAXIMUM         44    154 PM  71    1992  54    -10       51
  MINIMUM         22    547 AM  10    1962  29     -7       32
  AVERAGE         33                        42     -9       42

PRECIPITATION (IN)
  TODAY            T             0.66 2006   0.08  -0.08     0.00
  MONTH TO DATE    2.68                      1.94   0.74     1.23
  SINCE OCT 1     12.52                     10.97   1.55     9.89
  SINCE JAN 1      4.31                      4.14   0.17     4.80

SNOWFALL (IN)
  TODAY           MM                        MM     MM       MM
  MONTH TO DATE   MM                        MM     MM       MM
  SINCE JUL 1     MM                        MM     MM       MM
  SNOW DEPTH      MM

DEGREE DAYS
 HEATING
  TODAY           32                        23      9       23
  MONTH TO DATE  662                       701    -39      596
  SINCE DEC 1   2739                      2547    192     2289
  SINCE JUL 1   3869                      3853     16     3372

 COOLING
  TODAY            0                         0      0        0
  MONTH TO DATE    0                         0      0        0
  SINCE DEC 1      0                         0      0        0
  SINCE JAN 1      0                         0      0        0
..................................................................


WIND (MPH)
  HIGHEST WIND SPEED    21   HIGHEST WIND DIRECTION     W (290)
  HIGHEST GUST SPEED    24   HIGHEST GUST DIRECTION    SW (220)
  AVERAGE WIND SPEED     4.0


SKY COVER
  POSSIBLE SUNSHINE  MM
  AVERAGE SKY COVER 0.8


WEATHER CONDITIONS
 THE FOLLOWING WEATHER WAS RECORDED TODAY.
  LIGHT RAIN


RELATIVE HUMIDITY (PERCENT)
 HIGHEST    96           600 AM
 LOWEST     45           200 PM

..........................................................


THE MONTAGUE CA CLIMATE NORMALS FOR TOMORROW
                         NORMAL    RECORD    YEAR
 MAXIMUM TEMPERATURE (F)   55        69      1968
 MINIMUM TEMPERATURE (F)   29        12      1962


SUNRISE AND SUNSET
FEBRUARY 27 2017......SUNRISE   647 AM PST   SUNSET   558 PM PST
FEBRUARY 28 2017......SUNRISE   646 AM PST   SUNSET   600 PM PST


-  INDICATES NEGATIVE NUMBERS.
R  INDICATES RECORD WAS SET OR TIED.
MM INDICATES DATA IS MISSING.
T  INDICATES TRACE AMOUNT.




$$
