000
CDUS46 KMFR 310838
CLISIY


CLIMATE REPORT
NATIONAL WEATHER SERVICE MEDFORD, OR
137 AM PDT THU JUL 31 2014


...................................

...THE MONTAGUE CA CLIMATE SUMMARY FOR JULY 30 2014...

CLIMATE NORMAL PERIOD 1981 TO 2010
CLIMATE RECORD PERIOD 1948 TO 2014


WEATHER ITEM   OBSERVED TIME   RECORD YEAR NORMAL DEPARTURE LAST
                VALUE   (LST)  VALUE       VALUE  FROM      YEAR
                                                  NORMAL
..................................................................
TEMPERATURE (F)
 YESTERDAY
  MAXIMUM        100    239 PM 107    2003  93      7       92
                                      1988
  MINIMUM         57    418 AM  41    1995  55      2       54
  AVERAGE         79                        74      5       73

PRECIPITATION (IN)
  YESTERDAY        0.01          0.40 1990   0.02  -0.01     0.00
  MONTH TO DATE    0.14                      0.43  -0.29      T
  SINCE SEP 1      7.55                     18.11 -10.56     8.62
  SINCE JAN 1      6.17                     10.64  -4.47     3.80

SNOWFALL (IN)
  YESTERDAY       MM                        MM     MM       MM
  MONTH TO DATE   MM                        MM     MM       MM
  SINCE JUL 1     MM                        MM     MM       MM
  SNOW DEPTH      MM

DEGREE DAYS
 HEATING
  YESTERDAY        0                         0      0        0
  MONTH TO DATE    0                         1     -1        0
  SINCE JUN 1     46                        94    -48       70
  SINCE JUL 1      0                         1     -1        0

 COOLING
  YESTERDAY       14                         9      5        8
  MONTH TO DATE  416                       233    183      351
  SINCE JUN 1    499                       291    208      478
  SINCE JAN 1    506                       304    202      490
..................................................................


WIND (MPH)
  HIGHEST WIND SPEED    25   HIGHEST WIND DIRECTION    SW (230)
  HIGHEST GUST SPEED    34   HIGHEST GUST DIRECTION    SW (230)
  AVERAGE WIND SPEED     6.4


SKY COVER
  POSSIBLE SUNSHINE  MM
  AVERAGE SKY COVER 0.0


WEATHER CONDITIONS
 THE FOLLOWING WEATHER WAS RECORDED YESTERDAY.
  THUNDERSTORM
  LIGHT RAIN


RELATIVE HUMIDITY (PERCENT)
 HIGHEST    53          1100 PM
 LOWEST     13           300 PM

..........................................................


THE MONTAGUE CA CLIMATE NORMALS FOR TODAY
                         NORMAL    RECORD    YEAR
 MAXIMUM TEMPERATURE (F)   93       101      2009
                                             1973
 MINIMUM TEMPERATURE (F)   55        42      1989


SUNRISE AND SUNSET
JULY 31 2014..........SUNRISE   603 AM PDT   SUNSET   829 PM PDT
AUGUST  1 2014........SUNRISE   604 AM PDT   SUNSET   828 PM PDT


-  INDICATES NEGATIVE NUMBERS.
R  INDICATES RECORD WAS SET OR TIED.
MM INDICATES DATA IS MISSING.
T  INDICATES TRACE AMOUNT.




$$
