000
CDUS46 KMFR 160837
CLISIY


CLIMATE REPORT
NATIONAL WEATHER SERVICE MEDFORD, OR
137 AM PDT TUE SEP 16 2014


...................................

...THE MONTAGUE CA CLIMATE SUMMARY FOR SEPTEMBER 15 2014...

CLIMATE NORMAL PERIOD 1981 TO 2010
CLIMATE RECORD PERIOD 1948 TO 2014


WEATHER ITEM   OBSERVED TIME   RECORD YEAR NORMAL DEPARTURE LAST
                VALUE   (LST)  VALUE       VALUE  FROM      YEAR
                                                  NORMAL
..................................................................
TEMPERATURE (F)
 YESTERDAY
  MAXIMUM         93    247 PM  98    1981  82     11       87
  MINIMUM         50    601 AM  33    1970  43      7       52
  AVERAGE         72                        62     10       70

PRECIPITATION (IN)
  YESTERDAY        0.00          0.56 1996   0.02  -0.02     0.00
  MONTH TO DATE    0.00                      0.18  -0.18     0.02
  SINCE SEP 1      0.00                      0.18  -0.18     0.02
  SINCE JAN 1      6.17                     11.18  -5.01     4.35

SNOWFALL (IN)
  YESTERDAY       MM                        MM     MM       MM
  MONTH TO DATE   MM                        MM     MM       MM
  SINCE JUL 1     MM                        MM     MM       MM
  SNOW DEPTH      MM

DEGREE DAYS
 HEATING
  YESTERDAY        0                         4     -4        0
  MONTH TO DATE    0                        39    -39        4
  SINCE SEP 1      0                        39    -39        4
  SINCE JUL 1      0                        56    -56        4

 COOLING
  YESTERDAY        7                         1      6        5
  MONTH TO DATE   67                        31     36       86
  SINCE SEP 1     67                        31     36       86
  SINCE JAN 1    868                       532    336      775
..................................................................


WIND (MPH)
  HIGHEST WIND SPEED    32   HIGHEST WIND DIRECTION    SE (150)
  HIGHEST GUST SPEED    41   HIGHEST GUST DIRECTION     S (160)
  AVERAGE WIND SPEED    10.7


SKY COVER
  POSSIBLE SUNSHINE  MM
  AVERAGE SKY COVER 0.0


WEATHER CONDITIONS
 THE FOLLOWING WEATHER WAS RECORDED YESTERDAY.
  HAZE


RELATIVE HUMIDITY (PERCENT)
 HIGHEST    45           600 AM
 LOWEST     12           300 PM

..........................................................


THE MONTAGUE CA CLIMATE NORMALS FOR TODAY
                         NORMAL    RECORD    YEAR
 MAXIMUM TEMPERATURE (F)   81        99      1981
 MINIMUM TEMPERATURE (F)   43        34      1949


SUNRISE AND SUNSET
SEPTEMBER 16 2014.....SUNRISE   651 AM PDT   SUNSET   717 PM PDT
SEPTEMBER 17 2014.....SUNRISE   652 AM PDT   SUNSET   716 PM PDT


-  INDICATES NEGATIVE NUMBERS.
R  INDICATES RECORD WAS SET OR TIED.
MM INDICATES DATA IS MISSING.
T  INDICATES TRACE AMOUNT.




$$
