000
CDUS46 KMFR 310838
CLISIY


CLIMATE REPORT
NATIONAL WEATHER SERVICE MEDFORD, OR
138 AM PDT FRI OCT 31 2014


...................................

...THE MONTAGUE CA CLIMATE SUMMARY FOR OCTOBER 30 2014...

CLIMATE NORMAL PERIOD 1981 TO 2010
CLIMATE RECORD PERIOD 1948 TO 2014


WEATHER ITEM   OBSERVED TIME   RECORD YEAR NORMAL DEPARTURE LAST
                VALUE   (LST)  VALUE       VALUE  FROM      YEAR
                                                  NORMAL
..................................................................
TEMPERATURE (F)
 YESTERDAY
  MAXIMUM         71    218 PM  74    1965  59     12       61
  MINIMUM         39    523 AM  19    1971  33      6       30
  AVERAGE         55                        46      9       46

PRECIPITATION (IN)
  YESTERDAY        0.00          2.12 1956   0.07  -0.07     0.00
  MONTH TO DATE    1.62                      1.13   0.49     0.08
  SINCE SEP 1      3.00                      1.77   1.23     0.82
  SINCE JAN 1      9.17                     12.77  -3.60     5.15

SNOWFALL (IN)
  YESTERDAY       MM                        MM     MM       MM
  MONTH TO DATE   MM                        MM     MM       MM
  SINCE JUL 1     MM                        MM     MM       MM
  SNOW DEPTH      MM

DEGREE DAYS
 HEATING
  YESTERDAY       10                        19     -9       19
  MONTH TO DATE  275                       392   -117      476
  SINCE SEP 1    321                       517   -196      623
  SINCE JUL 1    321                       534   -213      623

 COOLING
  YESTERDAY        0                         0      0        0
  MONTH TO DATE    0                         0      0        0
  SINCE SEP 1    112                        41     71       87
  SINCE JAN 1    913                       542    371      776
..................................................................


WIND (MPH)
  HIGHEST WIND SPEED    28   HIGHEST WIND DIRECTION     S (160)
  HIGHEST GUST SPEED    34   HIGHEST GUST DIRECTION     S (170)
  AVERAGE WIND SPEED     9.9


SKY COVER
  POSSIBLE SUNSHINE  MM
  AVERAGE SKY COVER 0.3


WEATHER CONDITIONS
 THE FOLLOWING WEATHER WAS RECORDED YESTERDAY.
  FOG
  FOG W/VISIBILITY <= 1/4 MILE
  HAZE


RELATIVE HUMIDITY (PERCENT)
 HIGHEST   100           200 AM
 LOWEST     47           300 PM

..........................................................


THE MONTAGUE CA CLIMATE NORMALS FOR TODAY
                         NORMAL    RECORD    YEAR
 MAXIMUM TEMPERATURE (F)   58        77      1959
 MINIMUM TEMPERATURE (F)   33        12      2002


SUNRISE AND SUNSET
OCTOBER 31 2014.......SUNRISE   741 AM PDT   SUNSET   605 PM PDT
NOVEMBER  1 2014......SUNRISE   742 AM PDT   SUNSET   604 PM PDT


-  INDICATES NEGATIVE NUMBERS.
R  INDICATES RECORD WAS SET OR TIED.
MM INDICATES DATA IS MISSING.
T  INDICATES TRACE AMOUNT.




$$
