000
CDUS46 KMFR 230847
CLISIY


CLIMATE REPORT
NATIONAL WEATHER SERVICE MEDFORD, OR
147 AM PDT WED JUL 23 2014


...................................

...THE MONTAGUE CA CLIMATE SUMMARY FOR JULY 22 2014...

CLIMATE NORMAL PERIOD 1981 TO 2010
CLIMATE RECORD PERIOD 1948 TO 2014


WEATHER ITEM   OBSERVED TIME   RECORD YEAR NORMAL DEPARTURE LAST
                VALUE   (LST)  VALUE       VALUE  FROM      YEAR
                                                  NORMAL
..................................................................
TEMPERATURE (F)
 YESTERDAY
  MAXIMUM         92    246 PM 106    2003  93     -1      104
  MINIMUM         60    531 AM  42    1954  55      5       60
  AVERAGE         76                        74      2       82

PRECIPITATION (IN)
  YESTERDAY        0.00          0.44 1987   0.03  -0.03     0.00
  MONTH TO DATE    0.13                      0.26  -0.13      T
  SINCE SEP 1      7.54                     17.94 -10.40     8.62
  SINCE JAN 1      6.16                     10.47  -4.31     3.80

SNOWFALL (IN)
  YESTERDAY       MM                        MM     MM       MM
  MONTH TO DATE   MM                        MM     MM       MM
  SINCE JUL 1     MM                        MM     MM       MM
  SNOW DEPTH      MM

DEGREE DAYS
 HEATING
  YESTERDAY        0                         0      0        0
  MONTH TO DATE    0                         1     -1        0
  SINCE JUN 1     46                        94    -48       70
  SINCE JUL 1      0                         1     -1        0

 COOLING
  YESTERDAY       11                         9      2       17
  MONTH TO DATE  334                       161    173      251
  SINCE JUN 1    417                       219    198      378
  SINCE JAN 1    424                       232    192      390
..................................................................


WIND (MPH)
  HIGHEST WIND SPEED    31   HIGHEST WIND DIRECTION    SE (150)
  HIGHEST GUST SPEED    42   HIGHEST GUST DIRECTION    SE (150)
  AVERAGE WIND SPEED     9.2


SKY COVER
  POSSIBLE SUNSHINE  MM
  AVERAGE SKY COVER 0.1


WEATHER CONDITIONS
 THE FOLLOWING WEATHER WAS RECORDED YESTERDAY.
  THUNDERSTORM


RELATIVE HUMIDITY (PERCENT)
 HIGHEST    97           400 AM
 LOWEST     21           300 PM

..........................................................


THE MONTAGUE CA CLIMATE NORMALS FOR TODAY
                         NORMAL    RECORD    YEAR
 MAXIMUM TEMPERATURE (F)   93       104      2006
 MINIMUM TEMPERATURE (F)   55        42      1992


SUNRISE AND SUNSET
JULY 23 2014..........SUNRISE   555 AM PDT   SUNSET   837 PM PDT
JULY 24 2014..........SUNRISE   556 AM PDT   SUNSET   836 PM PDT


-  INDICATES NEGATIVE NUMBERS.
R  INDICATES RECORD WAS SET OR TIED.
MM INDICATES DATA IS MISSING.
T  INDICATES TRACE AMOUNT.




$$
