000
CDUS46 KMFR 310840
CLISIY


CLIMATE REPORT
NATIONAL WEATHER SERVICE MEDFORD, OR
139 AM PDT MON AUG 31 2015


...................................

...THE MONTAGUE CA CLIMATE SUMMARY FOR AUGUST 30 2015...

CLIMATE NORMAL PERIOD 1981 TO 2010
CLIMATE RECORD PERIOD 1948 TO 2015


WEATHER ITEM   OBSERVED TIME   RECORD YEAR NORMAL DEPARTURE LAST
                VALUE   (LST)  VALUE       VALUE  FROM      YEAR
                                                  NORMAL
..................................................................
TEMPERATURE (F)
 YESTERDAY
  MAXIMUM         77    153 PM 100    1950  86     -9       81
  MINIMUM         51    416 AM  39    1990  48      3       52
  AVERAGE         64                        67     -3       67

PRECIPITATION (IN)
  YESTERDAY        0.00          0.72 1979   0.01  -0.01     0.00
  MONTH TO DATE    0.01                      0.34  -0.33      T
  SINCE OCT 1     13.13                     17.83  -4.70     6.81
  SINCE JAN 1      7.22                     11.00  -3.78     6.17

SNOWFALL (IN)
  YESTERDAY       MM                        MM     MM       MM
  MONTH TO DATE   MM                        MM     MM       MM
  SINCE JUL 1     MM                        MM     MM       MM
  SNOW DEPTH      MM

DEGREE DAYS
 HEATING
  YESTERDAY        1                         1      0        0
  MONTH TO DATE    1                         8     -7        0
  SINCE JUN 1     18                       105    -87       46
  SINCE JUL 1      1                        12    -11        0

 COOLING
  YESTERDAY        0                         3     -3        2
  MONTH TO DATE  262                       185     77      278
  SINCE JUN 1    820                       485    335      792
  SINCE JAN 1    835                       498    337      799
..................................................................


WIND (MPH)
  HIGHEST WIND SPEED    17   HIGHEST WIND DIRECTION     N (360)
  HIGHEST GUST SPEED    22   HIGHEST GUST DIRECTION    NW (310)
  AVERAGE WIND SPEED     7.2


SKY COVER
  POSSIBLE SUNSHINE  MM
  AVERAGE SKY COVER 0.2


WEATHER CONDITIONS
 THE FOLLOWING WEATHER WAS RECORDED YESTERDAY.
  NO SIGNIFICANT WEATHER WAS OBSERVED.


RELATIVE HUMIDITY (PERCENT)
 HIGHEST    71           400 AM
 LOWEST     31           200 PM

..........................................................


THE MONTAGUE CA CLIMATE NORMALS FOR TODAY
                         NORMAL    RECORD    YEAR
 MAXIMUM TEMPERATURE (F)   86       102      1950
 MINIMUM TEMPERATURE (F)   48        37      2008


SUNRISE AND SUNSET
AUGUST 31 2015........SUNRISE   635 AM PDT   SUNSET   745 PM PDT
SEPTEMBER  1 2015.....SUNRISE   636 AM PDT   SUNSET   743 PM PDT


-  INDICATES NEGATIVE NUMBERS.
R  INDICATES RECORD WAS SET OR TIED.
MM INDICATES DATA IS MISSING.
T  INDICATES TRACE AMOUNT.




$$
