000
CDUS46 KMFR 170838
CLISIY


CLIMATE REPORT
NATIONAL WEATHER SERVICE MEDFORD, OR
137 AM PDT TUE OCT 17 2017


...................................

...THE MONTAGUE CA CLIMATE SUMMARY FOR OCTOBER 16 2017...

CLIMATE NORMAL PERIOD 1981 TO 2010
CLIMATE RECORD PERIOD 1948 TO 2017


WEATHER ITEM   OBSERVED TIME   RECORD YEAR NORMAL DEPARTURE LAST
                VALUE   (LST)  VALUE       VALUE  FROM      YEAR
                                                  NORMAL
..................................................................
TEMPERATURE (F)
 YESTERDAY
  MAXIMUM         73    350 PM  86    1955  68      5       58
  MINIMUM         28    612 AM  24    2013  36     -8       38
  AVERAGE         51                        52     -1       48

PRECIPITATION (IN)
  YESTERDAY        0.00          0.57 2016   0.04  -0.04     0.57
  MONTH TO DATE    T                         0.38  -0.38     2.35
  SINCE OCT 1      T                         0.38  -0.38     2.35
  SINCE JAN 1      7.77                     12.02  -4.25    12.58

SNOWFALL (IN)
  YESTERDAY       MM                        MM     MM       MM
  MONTH TO DATE   MM                        MM     MM       MM
  SINCE JUL 1     MM                        MM     MM       MM
  SNOW DEPTH      MM

DEGREE DAYS
 HEATING
  YESTERDAY       14                        13      1       17
  MONTH TO DATE  246                       167     79      193
  SINCE SEP 1    374                       292     82      293
  SINCE JUL 1    374                       309     65      306

 COOLING
  YESTERDAY        0                         0      0        0
  MONTH TO DATE    0                         0      0        0
  SINCE SEP 1     85                        41     44       35
  SINCE JAN 1    902                       542    360      689
..................................................................


WIND (MPH)
  HIGHEST WIND SPEED     8   HIGHEST WIND DIRECTION     S (190)
  HIGHEST GUST SPEED     9   HIGHEST GUST DIRECTION     S (180)
  AVERAGE WIND SPEED     1.5


SKY COVER
  POSSIBLE SUNSHINE  MM
  AVERAGE SKY COVER 0.0


WEATHER CONDITIONS
 THE FOLLOWING WEATHER WAS RECORDED YESTERDAY.
  NO SIGNIFICANT WEATHER WAS OBSERVED.


RELATIVE HUMIDITY (PERCENT)
 HIGHEST    63           400 AM
 LOWEST     13           400 PM

..........................................................


THE MONTAGUE CA CLIMATE NORMALS FOR TODAY
                         NORMAL    RECORD    YEAR
 MAXIMUM TEMPERATURE (F)   67        83      1988
 MINIMUM TEMPERATURE (F)   36        25      1949


SUNRISE AND SUNSET
OCTOBER 17 2017.......SUNRISE   725 AM PDT   SUNSET   625 PM PDT
OCTOBER 18 2017.......SUNRISE   726 AM PDT   SUNSET   623 PM PDT


-  INDICATES NEGATIVE NUMBERS.
R  INDICATES RECORD WAS SET OR TIED.
MM INDICATES DATA IS MISSING.
T  INDICATES TRACE AMOUNT.




$$
