375
CDUS46 KMFR 160837
CLISIY


CLIMATE REPORT
NATIONAL WEATHER SERVICE MEDFORD, OR
1237 AM PST MON JAN 16 2017


...................................

...THE MONTAGUE CA CLIMATE SUMMARY FOR JANUARY 15 2017...

CLIMATE NORMAL PERIOD 1981 TO 2010
CLIMATE RECORD PERIOD 1948 TO 2017


WEATHER ITEM   OBSERVED TIME   RECORD YEAR NORMAL DEPARTURE LAST
                VALUE   (LST)  VALUE       VALUE  FROM      YEAR
                                                  NORMAL
..................................................................
TEMPERATURE (F)
 YESTERDAY
  MAXIMUM         42    404 PM  58    2010  44     -2       36
  MINIMUM         19    643 AM  -2    1950  26     -7       30
  AVERAGE         31                        35     -4       33

PRECIPITATION (IN)
  YESTERDAY        0.00          1.69 1974   0.06  -0.06     0.05
  MONTH TO DATE    1.35                      1.47  -0.12     0.71
  SINCE OCT 1      9.56                      8.30   1.26     5.80
  SINCE JAN 1      1.35                      1.47  -0.12     0.71

SNOWFALL (IN)
  YESTERDAY       MM                        MM     MM       MM
  MONTH TO DATE   MM                        MM     MM       MM
  SINCE JUL 1     MM                        MM     MM       MM
  SNOW DEPTH      MM

DEGREE DAYS
 HEATING
  YESTERDAY       34                        30      4       32
  MONTH TO DATE  576                       450    126      446
  SINCE DEC 1   1590                      1377    213     1306
  SINCE JUL 1   2720                      2683     37     2389

 COOLING
  YESTERDAY        0                         0      0        0
  MONTH TO DATE    0                         0      0        0
  SINCE DEC 1      0                         0      0        0
  SINCE JAN 1      0                         0      0        0
..................................................................


WIND (MPH)
  HIGHEST WIND SPEED     7   HIGHEST WIND DIRECTION     E (100)
  HIGHEST GUST SPEED     7   HIGHEST GUST DIRECTION     E (110)
  AVERAGE WIND SPEED     0.7


SKY COVER
  POSSIBLE SUNSHINE  MM
  AVERAGE SKY COVER 0.0


WEATHER CONDITIONS
 THE FOLLOWING WEATHER WAS RECORDED YESTERDAY.
  NO SIGNIFICANT WEATHER WAS OBSERVED.


RELATIVE HUMIDITY (PERCENT)
 HIGHEST    92           300 AM
 LOWEST     55           300 PM

..........................................................


THE MONTAGUE CA CLIMATE NORMALS FOR TODAY
                         NORMAL    RECORD    YEAR
 MAXIMUM TEMPERATURE (F)   44        55      2010
                                             1981
 MINIMUM TEMPERATURE (F)   26         1      1952


SUNRISE AND SUNSET
JANUARY 16 2017.......SUNRISE   734 AM PST   SUNSET   506 PM PST
JANUARY 17 2017.......SUNRISE   734 AM PST   SUNSET   507 PM PST


-  INDICATES NEGATIVE NUMBERS.
R  INDICATES RECORD WAS SET OR TIED.
MM INDICATES DATA IS MISSING.
T  INDICATES TRACE AMOUNT.




$$
