000
CDUS46 KMTR 230826
CLISJC


CLIMATE REPORT
NATIONAL WEATHER SERVICE SAN FRANCISCO BAY AREA
126 AM PDT TUE SEP 23 2014


...................................

...THE SAN JOSE AIRPORT CLIMATE SUMMARY FOR SEPTEMBER 22 2014...

CLIMATE NORMAL PERIOD 1981 TO 2010
CLIMATE RECORD PERIOD 1893 TO 2014


WEATHER ITEM   OBSERVED TIME   RECORD YEAR NORMAL DEPARTURE LAST
                VALUE   (LST)  VALUE       VALUE  FROM      YEAR
                                                  NORMAL
..................................................................
TEMPERATURE (F)
 YESTERDAY
  MAXIMUM         79    221 PM 101    1939  81     -2       72
  MINIMUM         62   1156 PM  36    1895  56      6       53
  AVERAGE         71                        69      2       63

PRECIPITATION (IN)
  YESTERDAY        0.00          0.50 1916   0.01  -0.01     0.00
  MONTH TO DATE    T                         0.09  -0.09     0.66
  SINCE JUL 1      T                         0.09  -0.09     0.66
  SINCE JAN 1      4.79                      9.98  -5.19     2.90

SNOWFALL (IN)
  YESTERDAY        0.0                      MM     MM        0.0
  MONTH TO DATE    0.0                      MM     MM        0.0
  SINCE SEP 1      0.0                      MM     MM        0.0
  SINCE JUL 1      0.0                      MM     MM        0.0

DEGREE DAYS
 HEATING
  YESTERDAY        0                         0      0        2
  MONTH TO DATE    2                         0      2        3
  SINCE SEP 1      2                         0      2        3
  SINCE JUL 1      2                         3     -1        4

 COOLING
  YESTERDAY        6                         4      2        0
  MONTH TO DATE   96                       110    -14      102
  SINCE SEP 1     96                       110    -14      102
  SINCE JAN 1    597                       656    -59      527
..................................................................


WIND (MPH)
  RESULTANT WIND SPEED   5   RESULTANT WIND DIRECTION  NW (310)
  HIGHEST WIND SPEED    20   HIGHEST WIND DIRECTION    NW (310)
  HIGHEST GUST SPEED    24   HIGHEST GUST DIRECTION     W (290)
  AVERAGE WIND SPEED     6.7


SKY COVER
  POSSIBLE SUNSHINE  MM
  AVERAGE SKY COVER 0.5


WEATHER CONDITIONS
 THE FOLLOWING WEATHER WAS RECORDED YESTERDAY.
  NO SIGNIFICANT WEATHER WAS OBSERVED.


RELATIVE HUMIDITY (PERCENT)
 HIGHEST    84           300 AM
 LOWEST     39           200 PM
 AVERAGE    62

..........................................................


THE SAN JOSE AIRPORT CLIMATE NORMALS FOR TODAY
                         NORMAL    RECORD    YEAR
 MAXIMUM TEMPERATURE (F)   81       100      1939
 MINIMUM TEMPERATURE (F)   56        35      1903


SUNRISE AND SUNSET
SEPTEMBER 23 2014.....SUNRISE   656 AM PDT   SUNSET   703 PM PDT
SEPTEMBER 24 2014.....SUNRISE   657 AM PDT   SUNSET   701 PM PDT


-  INDICATES NEGATIVE NUMBERS.
R  INDICATES RECORD WAS SET OR TIED.
MM INDICATES DATA IS MISSING.
T  INDICATES TRACE AMOUNT.




$$
