000
CDUS46 KMTR 280029
CLISJC


CLIMATE REPORT
NATIONAL WEATHER SERVICE SAN FRANCISCO BAY AREA
529 PM PDT WED MAY 27 2015


...................................

...THE SAN JOSE CA CLIMATE SUMMARY FOR MAY 27 2015...
VALID TODAY AS OF 0500 PM LOCAL TIME.

CLIMATE NORMAL PERIOD 1981 TO 2010
CLIMATE RECORD PERIOD 1893 TO 2015


WEATHER ITEM   OBSERVED TIME   RECORD YEAR NORMAL DEPARTURE LAST
                VALUE   (LST)  VALUE       VALUE  FROM      YEAR
                                                  NORMAL
..................................................................
TEMPERATURE (F)
 TODAY
  MAXIMUM         72   1142 AM 101    1984  77     -5       74
  MINIMUM         57    552 AM  41    1900  54      3       52
  AVERAGE         65                        65      0       63

PRECIPITATION (IN)
  TODAY            0.00          1.62 1990   0.01  -0.01     0.00
  MONTH TO DATE    0.50                      0.37   0.13      T
  SINCE OCT 1     13.26                     14.56  -1.30     5.68
  SINCE JAN 1      3.31                      9.78  -6.47     4.78

SNOWFALL (IN)
  TODAY            0.0           0.0  1947
  MONTH TO DATE    0.0
  SINCE MAR 1      0.0
  SINCE JUL 1      0.0

DEGREE DAYS
 HEATING
  TODAY            0                         2     -2        2
  MONTH TO DATE  121                        76     45       47
  SINCE MAR 1    422                       517    -95      353
  SINCE JUL 1   1642                      1980   -338     1894

 COOLING
  TODAY            0                         2     -2        0
  MONTH TO DATE    6                        43    -37       59
  SINCE MAR 1     27                        62    -35       87
  SINCE JAN 1     27                        62    -35       87
..................................................................


WIND (MPH)
  RESULTANT WIND SPEED   3   RESULTANT WIND DIRECTION  NW (300)
  HIGHEST WIND SPEED    22   HIGHEST WIND DIRECTION    NW (300)
  HIGHEST GUST SPEED    26   HIGHEST GUST DIRECTION    NW (310)
  AVERAGE WIND SPEED     7.5


SKY COVER
  POSSIBLE SUNSHINE  MM
  AVERAGE SKY COVER 0.6


WEATHER CONDITIONS
 THE FOLLOWING WEATHER WAS RECORDED TODAY.
  NO SIGNIFICANT WEATHER WAS OBSERVED.


RELATIVE HUMIDITY (PERCENT)
 HIGHEST    77          1200 AM
 LOWEST     49          1100 AM
 AVERAGE    63

..........................................................


THE SAN JOSE CA CLIMATE NORMALS FOR TOMORROW
                         NORMAL    RECORD    YEAR
 MAXIMUM TEMPERATURE (F)   77        97      1984
 MINIMUM TEMPERATURE (F)   54        45      2010
                                             1900


SUNRISE AND SUNSET
MAY 27 2015...........SUNRISE   551 AM PDT   SUNSET   819 PM PDT
MAY 28 2015...........SUNRISE   550 AM PDT   SUNSET   820 PM PDT


-  INDICATES NEGATIVE NUMBERS.
R  INDICATES RECORD WAS SET OR TIED.
MM INDICATES DATA IS MISSING.
T  INDICATES TRACE AMOUNT.




$$
