000
CDUS46 KMTR 240826
CLISJC


CLIMATE REPORT
NATIONAL WEATHER SERVICE SAN FRANCISCO BAY AREA
125 AM PDT THU APR 24 2014


...................................

...THE SAN JOSE AIRPORT CLIMATE SUMMARY FOR APRIL 23 2014...

CLIMATE NORMAL PERIOD 1981 TO 2010
CLIMATE RECORD PERIOD 1893 TO 2014


WEATHER ITEM   OBSERVED TIME   RECORD YEAR NORMAL DEPARTURE LAST
                VALUE   (LST)  VALUE       VALUE  FROM      YEAR
                                                  NORMAL
..................................................................
TEMPERATURE (F)
 YESTERDAY
  MAXIMUM         67    231 PM  90    1946  72     -5       81
  MINIMUM         47    543 AM  34    1894  49     -2       53
  AVERAGE         57                        60     -3       67

PRECIPITATION (IN)
  YESTERDAY        0.00          0.60 1896   0.04  -0.04     0.00
  MONTH TO DATE    0.39                      0.88  -0.49     0.26
  SINCE JUL 1      6.07                     14.24  -8.17     9.38
  SINCE JAN 1      4.51                      9.23  -4.72     2.19

SNOWFALL (IN)
  YESTERDAY        0.0                      MM     MM        0.0
  MONTH TO DATE    0.0                      MM     MM        0.0
  SINCE MAR 1      0.0                      MM     MM        0.0
  SINCE JUL 1      0.0                      MM     MM        0.0

DEGREE DAYS
 HEATING
  YESTERDAY        8                         5      3        0
  MONTH TO DATE  101                       152    -51      102
  SINCE MAR 1    271                       407   -136      354
  SINCE JUL 1   1812                      1870    -58     1960

 COOLING
  YESTERDAY        0                         1     -1        2
  MONTH TO DATE   11                         8      3       13
  SINCE MAR 1     15                        12      3       14
  SINCE JAN 1     15                        12      3       14
..................................................................


WIND (MPH)
  RESULTANT WIND SPEED   8   RESULTANT WIND DIRECTION  NW (300)
  HIGHEST WIND SPEED    21   HIGHEST WIND DIRECTION    NW (300)
  HIGHEST GUST SPEED    26   HIGHEST GUST DIRECTION    NW (310)
  AVERAGE WIND SPEED     8.1


SKY COVER
  POSSIBLE SUNSHINE  MM
  AVERAGE SKY COVER 0.4


WEATHER CONDITIONS
 THE FOLLOWING WEATHER WAS RECORDED YESTERDAY.
  NO SIGNIFICANT WEATHER WAS OBSERVED.


RELATIVE HUMIDITY (PERCENT)
 HIGHEST    83          1100 PM
 LOWEST     34           200 PM
 AVERAGE    59

..........................................................


THE SAN JOSE AIRPORT CLIMATE NORMALS FOR TODAY
                         NORMAL    RECORD    YEAR
 MAXIMUM TEMPERATURE (F)   72        92      1966
 MINIMUM TEMPERATURE (F)   50        34      1894


SUNRISE AND SUNSET
APRIL 24 2014.........SUNRISE   621 AM PDT   SUNSET   751 PM PDT
APRIL 25 2014.........SUNRISE   620 AM PDT   SUNSET   752 PM PDT


-  INDICATES NEGATIVE NUMBERS.
R  INDICATES RECORD WAS SET OR TIED.
MM INDICATES DATA IS MISSING.
T  INDICATES TRACE AMOUNT.




$$
