000
CDUS46 KMTR 300027
CLISJC


CLIMATE REPORT
NATIONAL WEATHER SERVICE SAN FRANCISCO BAY AREA
526 PM PDT MON MAY 29 2017


...................................

...THE SAN JOSE CA CLIMATE SUMMARY FOR MAY 29 2017...
VALID TODAY AS OF 0500 PM LOCAL TIME.

CLIMATE NORMAL PERIOD 1981 TO 2010
CLIMATE RECORD PERIOD 1893 TO 2017


WEATHER ITEM   OBSERVED TIME   RECORD YEAR NORMAL DEPARTURE LAST
                VALUE   (LST)  VALUE       VALUE  FROM      YEAR
                                                  NORMAL
..................................................................
TEMPERATURE (F)
 TODAY
  MAXIMUM         67    356 PM  99    1950  76     -9       83
  MINIMUM         56    656 AM  36    1895  54      2       55
  AVERAGE         62                        65     -3       69

PRECIPITATION (IN)
  TODAY            0.00          0.17 1998   0.01  -0.01     0.00
  MONTH TO DATE    T                         0.49  -0.49     0.32
  SINCE OCT 1     18.40                     15.48   2.92    14.91
  SINCE JAN 1     14.02                     10.39   3.63    10.21

SNOWFALL (IN)
  TODAY            0.0           0.0  1947
  MONTH TO DATE    0.0
  SINCE MAR 1      0.0
  SINCE JUL 1      0.0

DEGREE DAYS
 HEATING
  TODAY            3                         2      1        0
  MONTH TO DATE   60                        94    -34       57
  SINCE MAR 1    417                       566   -149      374
  SINCE JUL 1   1848                      2231   -383     1744

 COOLING
  TODAY            0                         2     -2        4
  MONTH TO DATE   69                        42     27       40
  SINCE MAR 1     72                        59     13       69
  SINCE JAN 1     72                        59     13       69
..................................................................


WIND (MPH)
  RESULTANT WIND SPEED   7   RESULTANT WIND DIRECTION  NW (320)
  HIGHEST WIND SPEED    16   HIGHEST WIND DIRECTION     W (290)
  HIGHEST GUST SPEED    22   HIGHEST GUST DIRECTION    NW (300)
  AVERAGE WIND SPEED     7.6


SKY COVER
  POSSIBLE SUNSHINE  MM
  AVERAGE SKY COVER 0.9


WEATHER CONDITIONS
 THE FOLLOWING WEATHER WAS RECORDED TODAY.
  NO SIGNIFICANT WEATHER WAS OBSERVED.


RELATIVE HUMIDITY (PERCENT)
 HIGHEST    86           400 AM
 LOWEST     63           100 PM
 AVERAGE    75

..........................................................


THE SAN JOSE CA CLIMATE NORMALS FOR TOMORROW
                         NORMAL    RECORD    YEAR
 MAXIMUM TEMPERATURE (F)   77       100      2001
 MINIMUM TEMPERATURE (F)   54        35      1893


SUNRISE AND SUNSET
MAY 29 2017...........SUNRISE   550 AM PDT   SUNSET   821 PM PDT
MAY 30 2017...........SUNRISE   549 AM PDT   SUNSET   822 PM PDT


-  INDICATES NEGATIVE NUMBERS.
R  INDICATES RECORD WAS SET OR TIED.
MM INDICATES DATA IS MISSING.
T  INDICATES TRACE AMOUNT.




$$
