000
CDUS44 KSJT 242330
CLISJT


CLIMATE REPORT
NATIONAL WEATHER SERVICE SAN ANGELO TX
527 PM CST FRI NOV 24 2017


...................................

...THE SAN ANGELO CLIMATE SUMMARY FOR NOVEMBER 24 2017...
VALID TODAY AS OF 0500 PM LOCAL TIME.

CLIMATE NORMAL PERIOD 1981 TO 2010
CLIMATE RECORD PERIOD 1907 TO 2017


WEATHER ITEM   OBSERVED TIME   RECORD YEAR NORMAL DEPARTURE LAST
                VALUE   (LST)  VALUE       VALUE  FROM      YEAR
                                                  NORMAL
..................................................................
TEMPERATURE (F)
 TODAY
  MAXIMUM         82    337 PM  88    1965  65     17       77
  MINIMUM         38    701 AM  18    2003  39     -1       36
                                      1938
  AVERAGE         60                        52      8       57

PRECIPITATION (IN)
  TODAY            0.00          1.00 1914   0.03  -0.03     0.00
  MONTH TO DATE    0.98                      0.98   0.00     2.28
  SINCE SEP 1      5.25                      6.17  -0.92     9.01
  SINCE JAN 1     17.35                     20.24  -2.89    34.53

SNOWFALL (IN)
  TODAY           MM             4.0  1957   0.0   MM        0.0
  MONTH TO DATE    0.0                       0.2   -0.2      0.0
  SINCE NOV 1      0.0                       0.2   -0.2      0.0
  SINCE JUL 1      0.0                       0.2   -0.2      0.0

DEGREE DAYS
 HEATING
  TODAY            5                        13     -8        8
  MONTH TO DATE  152                       222    -70       98
  SINCE SEP 1    255                       313    -58      111
  SINCE JUL 1    255                       313    -58      111

 COOLING
  TODAY            0                         0      0        0
  MONTH TO DATE   67                        15     52       41
  SINCE SEP 1    599                       463    136      669
  SINCE JAN 1   2873                      2499    374     2829
..................................................................


WIND (MPH)
  HIGHEST WIND SPEED    20   HIGHEST WIND DIRECTION    SW (220)
  HIGHEST GUST SPEED    25   HIGHEST GUST DIRECTION    SW (240)
  AVERAGE WIND SPEED     9.3


SKY COVER
  POSSIBLE SUNSHINE  MM
  AVERAGE SKY COVER 0.0


WEATHER CONDITIONS
 THE FOLLOWING WEATHER WAS RECORDED TODAY.
  HAZE


RELATIVE HUMIDITY (PERCENT)
 HIGHEST    70           600 AM
 LOWEST     15           300 PM
 AVERAGE    43

..........................................................


THE SAN ANGELO CLIMATE NORMALS FOR TOMORROW
                         NORMAL    RECORD    YEAR
 MAXIMUM TEMPERATURE (F)   65        90      1965
 MINIMUM TEMPERATURE (F)   38        19      1996


SUNRISE AND SUNSET
NOVEMBER 24 2017......SUNRISE   718 AM CST   SUNSET   540 PM CST
NOVEMBER 25 2017......SUNRISE   718 AM CST   SUNSET   540 PM CST


-  INDICATES NEGATIVE NUMBERS.
R  INDICATES RECORD WAS SET OR TIED.
MM INDICATES DATA IS MISSING.
T  INDICATES TRACE AMOUNT.




$$
