000
CDUS44 KSJT 310706
CLISJT


CLIMATE REPORT
NATIONAL WEATHER SERVICE SAN ANGELO TX
206 AM CDT THU JUL 31 2014


...................................

...THE SAN ANGELO CLIMATE SUMMARY FOR JULY 30 2014...

CLIMATE NORMAL PERIOD 1981 TO 2010
CLIMATE RECORD PERIOD 1907 TO 2014


WEATHER ITEM   OBSERVED TIME   RECORD YEAR NORMAL DEPARTURE LAST
                VALUE   (LST)  VALUE       VALUE  FROM      YEAR
                                                  NORMAL
..................................................................
TEMPERATURE (F)
 YESTERDAY
  MAXIMUM        103    319 PM 106    1944  96      7      100
                                      1912
  MINIMUM         77    727 AM  59    1984  72      5       77
  AVERAGE         90                        84      6       89

PRECIPITATION (IN)
  YESTERDAY        T             0.68 1974   0.03  -0.03     0.00
  MONTH TO DATE    0.77                      1.16  -0.39     3.17
  SINCE JUN 1      3.06                      3.75  -0.69     4.57
  SINCE JAN 1     11.33                     11.77  -0.44    10.95

DEGREE DAYS
 HEATING
  YESTERDAY        0                         0      0        0
  MONTH TO DATE    0                         0      0        0
  SINCE JUN 1      0                         0      0        0
  SINCE JUL 1      0                         0      0        0

 COOLING
  YESTERDAY       25                        19      6       24
  MONTH TO DATE  564                       545     19      529
  SINCE JUN 1   1048                      1009     39     1090
  SINCE JAN 1   1650                      1469    181     1686
..................................................................


WIND (MPH)
  HIGHEST WIND SPEED    24   HIGHEST WIND DIRECTION     S (180)
  HIGHEST GUST SPEED    31   HIGHEST GUST DIRECTION     S (180)
  AVERAGE WIND SPEED    11.9


SKY COVER
  POSSIBLE SUNSHINE  MM
  AVERAGE SKY COVER 0.1


WEATHER CONDITIONS
 THE FOLLOWING WEATHER WAS RECORDED YESTERDAY.
  THUNDERSTORM
  LIGHT RAIN


RELATIVE HUMIDITY (PERCENT)
 HIGHEST    67          1200 AM
 LOWEST     18           400 PM
 AVERAGE    43

..........................................................


THE SAN ANGELO CLIMATE NORMALS FOR TODAY
                         NORMAL    RECORD    YEAR
 MAXIMUM TEMPERATURE (F)   96       110      1912
 MINIMUM TEMPERATURE (F)   72        59      1984


SUNRISE AND SUNSET
JULY 31 2014..........SUNRISE   658 AM CDT   SUNSET   838 PM CDT
AUGUST  1 2014........SUNRISE   659 AM CDT   SUNSET   838 PM CDT


-  INDICATES NEGATIVE NUMBERS.
R  INDICATES RECORD WAS SET OR TIED.
MM INDICATES DATA IS MISSING.
T  INDICATES TRACE AMOUNT.




$$
