000
CDUS44 KSJT 240755
CLISJT


CLIMATE REPORT
NATIONAL WEATHER SERVICE SAN ANGELO TX
155 AM CST SAT FEB 24 2018


...................................

...THE SAN ANGELO CLIMATE SUMMARY FOR FEBRUARY 23 2018...

CLIMATE NORMAL PERIOD 1981 TO 2010
CLIMATE RECORD PERIOD 1907 TO 2018


WEATHER ITEM   OBSERVED TIME   RECORD YEAR NORMAL DEPARTURE LAST
                VALUE   (LST)  VALUE       VALUE  FROM      YEAR
                                                  NORMAL
..................................................................
TEMPERATURE (F)
 YESTERDAY
  MAXIMUM         52    452 PM  92    2017  65    -13       92
  MINIMUM         40    649 AM  15    1966  39      1       45
  AVERAGE         46                        52     -6       69

PRECIPITATION (IN)
  YESTERDAY        0.00          1.29 1949   0.05  -0.05     0.00
  MONTH TO DATE    1.21                      1.09   0.12     1.23
  SINCE DEC 1      2.35                      2.87  -0.52     3.45
  SINCE JAN 1      1.22                      2.02  -0.80     2.71

SNOWFALL (IN)
  YESTERDAY        0.0           4.0  2010   0.1   -0.1      0.0
  MONTH TO DATE    T                         0.3   -0.3      0.0
  SINCE NOV 1      T                         2.1   -2.1       T
  SINCE JUL 1      T                         2.1   -2.1       T
  SNOW DEPTH       0

DEGREE DAYS
 HEATING
  YESTERDAY       19                        13      6        0
  MONTH TO DATE  328                       354    -26      171
  SINCE DEC 1   1512                      1498     14     1120
  SINCE JUL 1   1812                      1898    -86     1288

 COOLING
  YESTERDAY        0                         0      0        4
  MONTH TO DATE   16                         0     16       15
  SINCE DEC 1     19                         2     17       17
  SINCE JAN 1     16                         1     15       16
..................................................................


WIND (MPH)
  HIGHEST WIND SPEED    10   HIGHEST WIND DIRECTION     E (80)
  HIGHEST GUST SPEED    12   HIGHEST GUST DIRECTION     E (80)
  AVERAGE WIND SPEED     4.6


SKY COVER
  POSSIBLE SUNSHINE  MM
  AVERAGE SKY COVER 1.0


WEATHER CONDITIONS
 THE FOLLOWING WEATHER WAS RECORDED YESTERDAY.
  FOG
  HAZE


RELATIVE HUMIDITY (PERCENT)
 HIGHEST    96          1100 AM
 LOWEST     77           300 PM
 AVERAGE    87

..........................................................


THE SAN ANGELO CLIMATE NORMALS FOR TODAY
                         NORMAL    RECORD    YEAR
 MAXIMUM TEMPERATURE (F)   66        93      2009
 MINIMUM TEMPERATURE (F)   39        14      1966


SUNRISE AND SUNSET
FEBRUARY 24 2018......SUNRISE   714 AM CST   SUNSET   636 PM CST
FEBRUARY 25 2018......SUNRISE   713 AM CST   SUNSET   637 PM CST


-  INDICATES NEGATIVE NUMBERS.
R  INDICATES RECORD WAS SET OR TIED.
MM INDICATES DATA IS MISSING.
T  INDICATES TRACE AMOUNT.




$$
