000
CDUS44 KSJT 250816
CLISJT


CLIMATE REPORT
NATIONAL WEATHER SERVICE SAN ANGELO TX
316 AM CDT TUE JUL 25 2017


...................................

...THE SAN ANGELO CLIMATE SUMMARY FOR JULY 24 2017...

CLIMATE NORMAL PERIOD 1981 TO 2010
CLIMATE RECORD PERIOD 1907 TO 2017


WEATHER ITEM   OBSERVED TIME   RECORD YEAR NORMAL DEPARTURE LAST
                VALUE   (LST)  VALUE       VALUE  FROM      YEAR
                                                  NORMAL
..................................................................
TEMPERATURE (F)
 YESTERDAY
  MAXIMUM        101    153 PM 107    1995  96      5      102
  MINIMUM         72   1158 PM  58    1915  72      0       76
  AVERAGE         87                        84      3       89

PRECIPITATION (IN)
  YESTERDAY        0.00          2.84 1911   0.04  -0.04     0.00
  MONTH TO DATE    1.69                      0.94   0.75     0.00
  SINCE JUN 1      3.21                      3.53  -0.32     7.02
  SINCE JAN 1      9.69                     11.55  -1.86    22.65

DEGREE DAYS
 HEATING
  YESTERDAY        0                         0      0        0
  MONTH TO DATE    0                         0      0        0
  SINCE JUN 1      0                         0      0        0
  SINCE JUL 1      0                         0      0        0

 COOLING
  YESTERDAY       22                        19      3       24
  MONTH TO DATE  460                       431     29      553
  SINCE JUN 1   1022                       895    127      999
  SINCE JAN 1   1598                      1355    243     1410
..................................................................


WIND (MPH)
  HIGHEST WIND SPEED    24   HIGHEST WIND DIRECTION    SE (140)
  HIGHEST GUST SPEED    30   HIGHEST GUST DIRECTION    SE (130)
  AVERAGE WIND SPEED     6.8


SKY COVER
  POSSIBLE SUNSHINE  MM
  AVERAGE SKY COVER 0.2


WEATHER CONDITIONS
 THE FOLLOWING WEATHER WAS RECORDED YESTERDAY.
  THUNDERSTORM


RELATIVE HUMIDITY (PERCENT)
 HIGHEST    79          1100 PM
 LOWEST     27           200 PM
 AVERAGE    53

..........................................................


THE SAN ANGELO CLIMATE NORMALS FOR TODAY
                         NORMAL    RECORD    YEAR
 MAXIMUM TEMPERATURE (F)   96       106      1912
 MINIMUM TEMPERATURE (F)   72        60      1989


SUNRISE AND SUNSET
JULY 25 2017..........SUNRISE   654 AM CDT   SUNSET   842 PM CDT
JULY 26 2017..........SUNRISE   655 AM CDT   SUNSET   842 PM CDT


-  INDICATES NEGATIVE NUMBERS.
R  INDICATES RECORD WAS SET OR TIED.
MM INDICATES DATA IS MISSING.
T  INDICATES TRACE AMOUNT.




$$
