000
CDUS44 KSJT 300700
CLISJT


CLIMATE REPORT
NATIONAL WEATHER SERVICE SAN ANGELO TX
159 AM CDT SAT APR 30 2016


...................................

...THE SAN ANGELO CLIMATE SUMMARY FOR APRIL 29 2016...

CLIMATE NORMAL PERIOD 1981 TO 2010
CLIMATE RECORD PERIOD 1907 TO 2016


WEATHER ITEM   OBSERVED TIME   RECORD YEAR NORMAL DEPARTURE LAST
                VALUE   (LST)  VALUE       VALUE  FROM      YEAR
                                                  NORMAL
..................................................................
TEMPERATURE (F)
 YESTERDAY
  MAXIMUM         88    415 PM 101    2002  84      4       78
  MINIMUM         54   1159 PM  38    1998  56     -2       39
                                      1965
  AVERAGE         71                        70      1       59

PRECIPITATION (IN)
  YESTERDAY        0.00          1.20 1931   0.06  -0.06     0.00
  MONTH TO DATE    5.10                      1.36   3.74     1.82
  SINCE MAR 1      8.43                      2.86   5.57     3.48
  SINCE JAN 1      9.23                      5.14   4.09     5.74

SNOWFALL (IN)
  YESTERDAY        0.0           0.0  2002   0.0    0.0      0.0
  MONTH TO DATE    0.0                       0.0    0.0       T
  SINCE NOV 1      3.1                       2.2    0.9      1.4
  SINCE JUL 1      3.1                       2.2    0.9      1.4
  SNOW DEPTH       0

DEGREE DAYS
 HEATING
  YESTERDAY        0                         1     -1        6
  MONTH TO DATE   55                        87    -32       43
  SINCE MAR 1    210                       344   -134      329
  SINCE JUL 1   1803                      2305   -502     2176

 COOLING
  YESTERDAY        6                         6      0        0
  MONTH TO DATE   79                       111    -32      143
  SINCE MAR 1    121                       144    -23      194
  SINCE JAN 1    131                       149    -18      196
..................................................................


WIND (MPH)
  HIGHEST WIND SPEED    20   HIGHEST WIND DIRECTION    SW (210)
  HIGHEST GUST SPEED    25   HIGHEST GUST DIRECTION     S (180)
  AVERAGE WIND SPEED     9.2


SKY COVER
  POSSIBLE SUNSHINE  MM
  AVERAGE SKY COVER 0.3


WEATHER CONDITIONS
 THE FOLLOWING WEATHER WAS RECORDED YESTERDAY.
  FOG
  HAZE


RELATIVE HUMIDITY (PERCENT)
 HIGHEST    90           100 AM
 LOWEST     18           500 PM
 AVERAGE    54

..........................................................


THE SAN ANGELO CLIMATE NORMALS FOR TODAY
                         NORMAL    RECORD    YEAR
 MAXIMUM TEMPERATURE (F)   84       100      2002
                                             1948
 MINIMUM TEMPERATURE (F)   56        32      1908


SUNRISE AND SUNSET
APRIL 30 2016.........SUNRISE   658 AM CDT   SUNSET   821 PM CDT
MAY  1 2016...........SUNRISE   657 AM CDT   SUNSET   822 PM CDT


-  INDICATES NEGATIVE NUMBERS.
R  INDICATES RECORD WAS SET OR TIED.
MM INDICATES DATA IS MISSING.
T  INDICATES TRACE AMOUNT.




$$
