000
CDUS44 KSJT 010655
CLISJT


CLIMATE REPORT
NATIONAL WEATHER SERVICE SAN ANGELO TX
154 AM CDT WED OCT 1 2014


...................................

...THE SAN ANGELO CLIMATE SUMMARY FOR SEPTEMBER 30 2014...

CLIMATE NORMAL PERIOD 1981 TO 2010
CLIMATE RECORD PERIOD 1907 TO 2014


WEATHER ITEM   OBSERVED TIME   RECORD YEAR NORMAL DEPARTURE LAST
                VALUE   (LST)  VALUE       VALUE  FROM      YEAR
                                                  NORMAL
..................................................................
TEMPERATURE (F)
 YESTERDAY
  MAXIMUM         93    356 PM 102    1977  83     10       87
  MINIMUM         62    648 AM  38    1984  59      3       53
  AVERAGE         78                        71      7       70

PRECIPITATION (IN)
  YESTERDAY        0.00          4.41 1959   0.07  -0.07     0.00
  MONTH TO DATE    0.89                      2.46  -1.57     4.62
  SINCE SEP 1      0.89                      2.46  -1.57     4.62
  SINCE JAN 1     12.87                     16.53  -3.66    16.38

DEGREE DAYS
 HEATING
  YESTERDAY        0                         1     -1        0
  MONTH TO DATE    5                         8     -3        0
  SINCE SEP 1      5                         9     -4        0
  SINCE JUL 1      5                         9     -4        0

 COOLING
  YESTERDAY       13                         7      6        5
  MONTH TO DATE  394                       329     65      388
  SINCE SEP 1    394                       329     65      388
  SINCE JAN 1   2652                      2365    287     2714
..................................................................


WIND (MPH)
  HIGHEST WIND SPEED    18   HIGHEST WIND DIRECTION     S (170)
  HIGHEST GUST SPEED    24   HIGHEST GUST DIRECTION     S (180)
  AVERAGE WIND SPEED     8.8


SKY COVER
  POSSIBLE SUNSHINE  MM
  AVERAGE SKY COVER 0.0


WEATHER CONDITIONS
 THE FOLLOWING WEATHER WAS RECORDED YESTERDAY.
  NO SIGNIFICANT WEATHER WAS OBSERVED.


RELATIVE HUMIDITY (PERCENT)
 HIGHEST    93           500 AM
 LOWEST     32           300 PM
 AVERAGE    63

..........................................................


THE SAN ANGELO CLIMATE NORMALS FOR TODAY
                         NORMAL    RECORD    YEAR
 MAXIMUM TEMPERATURE (F)   83        98      1979
 MINIMUM TEMPERATURE (F)   58        42      1984
                                             1916


SUNRISE AND SUNSET
OCTOBER  1 2014.......SUNRISE   736 AM CDT   SUNSET   727 PM CDT
OCTOBER  2 2014.......SUNRISE   736 AM CDT   SUNSET   726 PM CDT


-  INDICATES NEGATIVE NUMBERS.
R  INDICATES RECORD WAS SET OR TIED.
MM INDICATES DATA IS MISSING.
T  INDICATES TRACE AMOUNT.




$$
