000
CDUS44 KSJT 080816
CLISJT


CLIMATE REPORT
NATIONAL WEATHER SERVICE SAN ANGELO TX
216 AM CST MON FEB 8 2016


...................................

...THE SAN ANGELO CLIMATE SUMMARY FOR FEBRUARY 7 2016...

CLIMATE NORMAL PERIOD 1981 TO 2010
CLIMATE RECORD PERIOD 1907 TO 2016


WEATHER ITEM   OBSERVED TIME   RECORD YEAR NORMAL DEPARTURE LAST
                VALUE   (LST)  VALUE       VALUE  FROM      YEAR
                                                  NORMAL
..................................................................
TEMPERATURE (F)
 YESTERDAY
  MAXIMUM         74    258 PM  86    1950  62     12       75
  MINIMUM         27    323 AM  11    1933  35     -8       44
  AVERAGE         51                        49      2       60

PRECIPITATION (IN)
  YESTERDAY        0.00          0.78 1935   0.04  -0.04     0.00
  MONTH TO DATE    0.00                      0.28  -0.28      T
  SINCE DEC 1      2.29                      2.06   0.23     2.39
  SINCE JAN 1      0.03                      1.21  -1.18     2.03

SNOWFALL (IN)
  YESTERDAY        0.0           1.5  1913   0.0    0.0      0.0
  MONTH TO DATE    0.0                       0.1   -0.1      0.0
  SINCE NOV 1      3.1                       1.9    1.2       T
  SINCE JUL 1      3.1                       1.9    1.2       T
  SNOW DEPTH       0

DEGREE DAYS
 HEATING
  YESTERDAY       14                        16     -2        5
  MONTH TO DATE  127                       118      9      122
  SINCE DEC 1   1102                      1262   -160     1143
  SINCE JUL 1   1388                      1662   -274     1513

 COOLING
  YESTERDAY        0                         0      0        0
  MONTH TO DATE    0                         0      0        0
  SINCE DEC 1      0                         2     -2        1
  SINCE JAN 1      0                         1     -1        0
..................................................................


WIND (MPH)
  HIGHEST WIND SPEED    25   HIGHEST WIND DIRECTION    NW (330)
  HIGHEST GUST SPEED    32   HIGHEST GUST DIRECTION     W (270)
  AVERAGE WIND SPEED    11.1


SKY COVER
  POSSIBLE SUNSHINE  MM
  AVERAGE SKY COVER 0.0


WEATHER CONDITIONS
 THE FOLLOWING WEATHER WAS RECORDED YESTERDAY.
  NO SIGNIFICANT WEATHER WAS OBSERVED.


RELATIVE HUMIDITY (PERCENT)
 HIGHEST    59           200 AM
 LOWEST     11           200 PM
 AVERAGE    35

..........................................................


THE SAN ANGELO CLIMATE NORMALS FOR TODAY
                         NORMAL    RECORD    YEAR
 MAXIMUM TEMPERATURE (F)   62        87      1999
 MINIMUM TEMPERATURE (F)   36         3      1933


SUNRISE AND SUNSET
FEBRUARY  8 2016......SUNRISE   730 AM CST   SUNSET   623 PM CST
FEBRUARY  9 2016......SUNRISE   729 AM CST   SUNSET   624 PM CST


-  INDICATES NEGATIVE NUMBERS.
R  INDICATES RECORD WAS SET OR TIED.
MM INDICATES DATA IS MISSING.
T  INDICATES TRACE AMOUNT.




$$
