000
CDUS44 KSJT 230754
CLISJT


CLIMATE REPORT
NATIONAL WEATHER SERVICE SAN ANGELO TX
154 AM CST MON JAN 23 2017


...................................

...THE SAN ANGELO CLIMATE SUMMARY FOR JANUARY 22 2017...

CLIMATE NORMAL PERIOD 1981 TO 2010
CLIMATE RECORD PERIOD 1907 TO 2017


WEATHER ITEM   OBSERVED TIME   RECORD YEAR NORMAL DEPARTURE LAST
                VALUE   (LST)  VALUE       VALUE  FROM      YEAR
                                                  NORMAL
..................................................................
TEMPERATURE (F)
 YESTERDAY
  MAXIMUM         66    404 PM  85    2010  60      6       57
                                      2009
                                      1971
  MINIMUM         39   1159 PM   6    1918  34      5       28
  AVERAGE         53                        47      6       43

PRECIPITATION (IN)
  YESTERDAY        0.00          1.12 1919   0.03  -0.03     0.00
  MONTH TO DATE    1.35                      0.62   0.73      T
  SINCE DEC 1      2.09                      1.47   0.62     2.26
  SINCE JAN 1      1.35                      0.62   0.73      T

SNOWFALL (IN)
  YESTERDAY        0.0           5.5  1946   0.0    0.0      0.0
  MONTH TO DATE    T                         0.9   -0.9      0.0
  SINCE NOV 1      T                         1.5   -1.5      3.1
  SINCE JUL 1      T                         1.5   -1.5      3.1
  SNOW DEPTH       0

DEGREE DAYS
 HEATING
  YESTERDAY       12                        18     -6       22
  MONTH TO DATE  339                       415    -76      437
  SINCE DEC 1    813                       982   -169      857
  SINCE JUL 1    981                      1382   -401     1143

 COOLING
  YESTERDAY        0                         0      0        0
  MONTH TO DATE    0                         0      0        0
  SINCE DEC 1      1                         1      0        0
  SINCE JAN 1      0                         0      0        0
..................................................................


WIND (MPH)
  HIGHEST WIND SPEED    37   HIGHEST WIND DIRECTION     W (270)
  HIGHEST GUST SPEED    47   HIGHEST GUST DIRECTION     W (280)
  AVERAGE WIND SPEED    19.9


SKY COVER
  POSSIBLE SUNSHINE  MM
  AVERAGE SKY COVER 0.0


WEATHER CONDITIONS
 THE FOLLOWING WEATHER WAS RECORDED YESTERDAY.
  NO SIGNIFICANT WEATHER WAS OBSERVED.


RELATIVE HUMIDITY (PERCENT)
 HIGHEST    62          1100 PM
 LOWEST     24           300 PM
 AVERAGE    43

..........................................................


THE SAN ANGELO CLIMATE NORMALS FOR TODAY
                         NORMAL    RECORD    YEAR
 MAXIMUM TEMPERATURE (F)   60        86      1972
 MINIMUM TEMPERATURE (F)   34        10      1963
                                             1946
                                             1940


SUNRISE AND SUNSET
JANUARY 23 2017.......SUNRISE   739 AM CST   SUNSET   609 PM CST
JANUARY 24 2017.......SUNRISE   739 AM CST   SUNSET   610 PM CST


-  INDICATES NEGATIVE NUMBERS.
R  INDICATES RECORD WAS SET OR TIED.
MM INDICATES DATA IS MISSING.
T  INDICATES TRACE AMOUNT.




$$
