000
CDUS44 KSJT 160816
CLISJT


CLIMATE REPORT
NATIONAL WEATHER SERVICE SAN ANGELO TX
316 AM CDT TUE SEP 16 2014


...................................

...THE SAN ANGELO CLIMATE SUMMARY FOR SEPTEMBER 15 2014...

CLIMATE NORMAL PERIOD 1981 TO 2010
CLIMATE RECORD PERIOD 1907 TO 2014


WEATHER ITEM   OBSERVED TIME   RECORD YEAR NORMAL DEPARTURE LAST
                VALUE   (LST)  VALUE       VALUE  FROM      YEAR
                                                  NORMAL
..................................................................
TEMPERATURE (F)
 YESTERDAY
  MAXIMUM         86    238 PM 103    1965  88     -2       94
  MINIMUM         69    725 AM  47    1993  64      5       68
  AVERAGE         78                        76      2       81

PRECIPITATION (IN)
  YESTERDAY        0.02         11.75 1936   0.07  -0.05     0.00
  MONTH TO DATE    0.11                      1.33  -1.22     0.26
  SINCE SEP 1      0.11                      1.33  -1.22     0.26
  SINCE JAN 1     12.09                     15.40  -3.31    12.02

DEGREE DAYS
 HEATING
  YESTERDAY        0                         0      0        0
  MONTH TO DATE    5                         0      5        0
  SINCE SEP 1      5                         0      5        0
  SINCE JUL 1      5                         0      5        0

 COOLING
  YESTERDAY       13                        11      2       16
  MONTH TO DATE  222                       197     25      246
  SINCE SEP 1    222                       197     25      246
  SINCE JAN 1   2480                      2233    247     2572
..................................................................


WIND (MPH)
  HIGHEST WIND SPEED    15   HIGHEST WIND DIRECTION     E (80)
  HIGHEST GUST SPEED    19   HIGHEST GUST DIRECTION     E (80)
  AVERAGE WIND SPEED     5.4


SKY COVER
  POSSIBLE SUNSHINE  MM
  AVERAGE SKY COVER 0.4


WEATHER CONDITIONS
 THE FOLLOWING WEATHER WAS RECORDED YESTERDAY.
  LIGHT RAIN


RELATIVE HUMIDITY (PERCENT)
 HIGHEST    90           600 AM
 LOWEST     51           200 PM
 AVERAGE    71

..........................................................


THE SAN ANGELO CLIMATE NORMALS FOR TODAY
                         NORMAL    RECORD    YEAR
 MAXIMUM TEMPERATURE (F)   88       101      1965
                                             1960
 MINIMUM TEMPERATURE (F)   63        47      2008


SUNRISE AND SUNSET
SEPTEMBER 16 2014.....SUNRISE   727 AM CDT   SUNSET   746 PM CDT
SEPTEMBER 17 2014.....SUNRISE   727 AM CDT   SUNSET   745 PM CDT


-  INDICATES NEGATIVE NUMBERS.
R  INDICATES RECORD WAS SET OR TIED.
MM INDICATES DATA IS MISSING.
T  INDICATES TRACE AMOUNT.




$$
