000
CDCA42 TJSJ 192146
CLISJU


CLIMATE REPORT
NATIONAL WEATHER SERVICE SAN JUAN, PR
545 PM AST FRI DEC 19 2014


...................................

...THE SAN JUAN/P.R. CLIMATE SUMMARY FOR DECEMBER 19 2014...
VALID TODAY AS OF 0500 PM LOCAL TIME.

CLIMATE NORMAL PERIOD 1981 TO 2010
CLIMATE RECORD PERIOD 1898 TO 2014


WEATHER ITEM   OBSERVED TIME   RECORD YEAR NORMAL DEPARTURE LAST
                VALUE   (LST)  VALUE       VALUE  FROM      YEAR
                                                  NORMAL
..................................................................
TEMPERATURE (F)
 TODAY
  MAXIMUM         85    118 PM  89    1994  84      1       85
  MINIMUM         73    551 AM  66    1898  73      0       76
  AVERAGE         79                        78      1       81

PRECIPITATION (IN)
  TODAY            0.02          4.49 1903   0.16  -0.14     0.22
  MONTH TO DATE    4.93                      3.18   1.75     5.78
  SINCE DEC 1      4.93                      3.18   1.75     5.78
  SINCE JAN 1     58.51                     54.51   4.00    83.28

SNOWFALL (IN)
  TODAY            0.0
  MONTH TO DATE    0.0
  SINCE DEC 1      0.0
  SINCE JUL 1      0.0

DEGREE DAYS
 HEATING
  TODAY            0                         0      0        0
  MONTH TO DATE    0                         0      0        0
  SINCE DEC 1      0                         0      0        0
  SINCE JUL 1      0                         0      0        0

 COOLING
  TODAY           14                        13      1       16
  MONTH TO DATE  278                       265     13      289
  SINCE DEC 1    278                       265     13      289
  SINCE JAN 1   6140                      5691    449     5852
..................................................................


WIND (MPH)
  RESULTANT WIND SPEED   7   RESULTANT WIND DIRECTION   E (70)
  HIGHEST WIND SPEED    18   HIGHEST WIND DIRECTION    NE (60)
  HIGHEST GUST SPEED    24   HIGHEST GUST DIRECTION    NE (50)
  AVERAGE WIND SPEED     7.0


SKY COVER
  AVERAGE SKY COVER 0.4


WEATHER CONDITIONS
 THE FOLLOWING WEATHER WAS RECORDED TODAY.
  NO SIGNIFICANT WEATHER WAS OBSERVED.


RELATIVE HUMIDITY (PERCENT)
 HIGHEST    87
 LOWEST     55
 AVERAGE    71

..........................................................


THE SAN JUAN/P.R. CLIMATE NORMALS FOR TOMORROW
                         NORMAL    RECORD    YEAR
 MAXIMUM TEMPERATURE (F)   84        90      1995
 MINIMUM TEMPERATURE (F)   73        66      1959


SUNRISE AND SUNSET
DECEMBER 19 2014......SUNRISE   650 AM AST   SUNSET   552 PM AST
DECEMBER 20 2014......SUNRISE   651 AM AST   SUNSET   552 PM AST


-  INDICATES NEGATIVE NUMBERS.
R  INDICATES RECORD WAS SET OR TIED.
MM INDICATES DATA IS MISSING.
T  INDICATES TRACE AMOUNT.




$$
