836
CDCA42 TJSJ 110432
CLISJU


CLIMATE REPORT
NATIONAL WEATHER SERVICE SAN JUAN, PR
1231 AM AST THU FEB 11 2016


...................................

...THE SAN JUAN AREA/PR CLIMATE SUMMARY FOR FEBRUARY 10 2016...

CLIMATE NORMAL PERIOD 1981 TO 2010
CLIMATE RECORD PERIOD 1898 TO 2016


WEATHER ITEM   OBSERVED TIME   RECORD YEAR NORMAL DEPARTURE LAST
                VALUE   (LST)  VALUE       VALUE  FROM      YEAR
                                                  NORMAL
..................................................................
TEMPERATURE (F)
 YESTERDAY
  MAXIMUM         87    347 PM  92    1979  84      3       89
  MINIMUM         74    605 AM  65    1962  72      2       75
  AVERAGE         81                        78      3       82

PRECIPITATION (IN)
  YESTERDAY        0.00          2.32 1960   0.09  -0.09     0.00
  MONTH TO DATE    1.37                      0.92   0.45     0.26
  SINCE DEC 1      6.44                      9.70  -3.26    10.73
  SINCE JAN 1      2.97                      4.68  -1.71     5.22

SNOWFALL (IN)
  YESTERDAY        0.0                       0.0    0.0      0.0
  MONTH TO DATE    0.0                       0.0    0.0      0.0
  SINCE DEC 1      0.0                       0.0    0.0      0.0
  SINCE JUL 1      0.0                       0.0    0.0      0.0

DEGREE DAYS
 HEATING
  YESTERDAY        0                         0      0        0
  MONTH TO DATE    0                         0      0        0
  SINCE DEC 1      0                         0      0        0
  SINCE JUL 1      0                         0      0        0

 COOLING
  YESTERDAY       16                        13      3       17
  MONTH TO DATE  140                       130     10      141
  SINCE DEC 1   1043                       944     99     1030
  SINCE JAN 1    571                       521     50      579
..................................................................


WIND (MPH)
  HIGHEST WIND SPEED    17   HIGHEST WIND DIRECTION    NE (60)
  HIGHEST GUST SPEED    23   HIGHEST GUST DIRECTION     E (80)
  AVERAGE WIND SPEED     5.8


SKY COVER
  AVERAGE SKY COVER 0.3


WEATHER CONDITIONS
 THE FOLLOWING WEATHER WAS RECORDED YESTERDAY.
  NO SIGNIFICANT WEATHER WAS OBSERVED.


RELATIVE HUMIDITY (PERCENT)
 HIGHEST    87
 LOWEST     55
 AVERAGE    71

..........................................................


THE SAN JUAN AREA/PR CLIMATE NORMALS FOR TODAY
                         NORMAL    RECORD    YEAR
 MAXIMUM TEMPERATURE (F)   84        93      1992
 MINIMUM TEMPERATURE (F)   72        63      1961


SUNRISE AND SUNSET
FEBRUARY 11 2016......SUNRISE   654 AM AST   SUNSET   623 PM AST
FEBRUARY 12 2016......SUNRISE   653 AM AST   SUNSET   623 PM AST


-  INDICATES NEGATIVE NUMBERS.
R  INDICATES RECORD WAS SET OR TIED.
MM INDICATES DATA IS MISSING.
T  INDICATES TRACE AMOUNT.




$$
