000
CDCA42 TJSJ 302126
CLISJU


CLIMATE REPORT
NATIONAL WEATHER SERVICE SAN JUAN, PR
526 PM AST THU MAR 30 2017


...................................

...THE SAN JUAN AREA/PR CLIMATE SUMMARY FOR MARCH 30 2017...
VALID TODAY AS OF 0500 PM LOCAL TIME.

CLIMATE NORMAL PERIOD 1981 TO 2010
CLIMATE RECORD PERIOD 1898 TO 2017


WEATHER ITEM   OBSERVED TIME   RECORD YEAR NORMAL DEPARTURE LAST
                VALUE   (LST)  VALUE       VALUE  FROM      YEAR
                                                  NORMAL
..................................................................
TEMPERATURE (F)
 TODAY
  MAXIMUM         83   1127 AM  95    1984  86     -3       83
  MINIMUM         76    608 AM  65    1961  73      3       73
  AVERAGE         80                        80      0       78

PRECIPITATION (IN)
  TODAY            T             2.04 1927   0.08  -0.08     0.08
  MONTH TO DATE    6.04                      1.88   4.16     2.22
  SINCE MAR 1      6.04                      1.88   4.16     2.22
  SINCE JAN 1      9.63                      8.03   1.60     7.70

SNOWFALL (IN)
  TODAY            0.0                       0.0    0.0      0.0
  MONTH TO DATE    0.0                       0.0    0.0      0.0
  SINCE MAR 1      0.0                       0.0    0.0      0.0
  SINCE JUL 1      0.0                       0.0    0.0      0.0

DEGREE DAYS
 HEATING
  TODAY            0                         0      0        0
  MONTH TO DATE    0                         0      0        0
  SINCE MAR 1      0                         0      0        0
  SINCE JUL 1      0                         0      0        0

 COOLING
  TODAY           15                        15      0       13
  MONTH TO DATE  402                       415    -13      426
  SINCE MAR 1    402                       415    -13      426
  SINCE JAN 1   1250                      1166     84     1269
..................................................................


WIND (MPH)
  HIGHEST WIND SPEED    17   HIGHEST WIND DIRECTION    NE (60)
  HIGHEST GUST SPEED    23   HIGHEST GUST DIRECTION     E (70)
  AVERAGE WIND SPEED     9.3


SKY COVER
  AVERAGE SKY COVER 0.5


WEATHER CONDITIONS
 THE FOLLOWING WEATHER WAS RECORDED TODAY.
  NO SIGNIFICANT WEATHER WAS OBSERVED.


RELATIVE HUMIDITY (PERCENT)
 HIGHEST    82
 LOWEST     69
 AVERAGE    76

..........................................................


THE SAN JUAN AREA/PR CLIMATE NORMALS FOR TOMORROW
                         NORMAL    RECORD    YEAR
 MAXIMUM TEMPERATURE (F)   86        92      1984
 MINIMUM TEMPERATURE (F)   74        64      1957


SUNRISE AND SUNSET
MARCH 30 2017.........SUNRISE   620 AM AST   SUNSET   637 PM AST
MARCH 31 2017.........SUNRISE   619 AM AST   SUNSET   638 PM AST


-  INDICATES NEGATIVE NUMBERS.
R  INDICATES RECORD WAS SET OR TIED.
MM INDICATES DATA IS MISSING.
T  INDICATES TRACE AMOUNT.




$$
