000
CDCA42 TJSJ 061245
CLISJU


CLIMATE REPORT
NATIONAL WEATHER SERVICE SAN JUAN, PR
845 AM AST MON JUL 6 2015


...................................

...THE SAN JUAN AREA/PR CLIMATE SUMMARY FOR JULY 5 2015...

CLIMATE NORMAL PERIOD 1981 TO 2010
CLIMATE RECORD PERIOD 1898 TO 2015


WEATHER ITEM   OBSERVED TIME   RECORD YEAR NORMAL DEPARTURE LAST
                VALUE   (LST)  VALUE       VALUE  FROM      YEAR
                                                  NORMAL
..................................................................
TEMPERATURE (F)
 YESTERDAY
  MAXIMUM         89    144 PM  92    1988  89      0       90
  MINIMUM         80    648 AM  72    1958  78      2       81
  AVERAGE         85                        83      2       86

PRECIPITATION (IN)
  YESTERDAY        0.00          1.75 1934   0.15  -0.15     0.18
  MONTH TO DATE    0.15                      0.76  -0.61     0.36
  SINCE JUN 1      2.26                      5.17  -2.91     1.13
  SINCE JAN 1     15.65                     23.85  -8.20    19.72

SNOWFALL (IN)
  YESTERDAY        0.0                       0.0    0.0      0.0
  MONTH TO DATE    0.0                       0.0    0.0      0.0
  SINCE JUN 1      0.0                       0.0    0.0      0.0
  SINCE JUL 1      0.0                       0.0    0.0      0.0

DEGREE DAYS
 HEATING
  YESTERDAY        0                         0      0        0
  MONTH TO DATE    0                         0      0        0
  SINCE JUN 1      0                         0      0        0
  SINCE JUL 1      0                         0      0        0

 COOLING
  YESTERDAY       20                        18      2       21
  MONTH TO DATE   97                        90      7      106
  SINCE JUN 1    671                       639     32      716
  SINCE JAN 1   3012                      2804    208     3122
..................................................................


WIND (MPH)
  HIGHEST WIND SPEED    22   HIGHEST WIND DIRECTION     E (70)
  HIGHEST GUST SPEED    28   HIGHEST GUST DIRECTION     E (80)
  AVERAGE WIND SPEED    13.8


SKY COVER
  AVERAGE SKY COVER 0.4


WEATHER CONDITIONS
 THE FOLLOWING WEATHER WAS RECORDED YESTERDAY.
  NO SIGNIFICANT WEATHER WAS OBSERVED.


RELATIVE HUMIDITY (PERCENT)
 HIGHEST    85
 LOWEST     59
 AVERAGE    72

..........................................................


THE SAN JUAN AREA/PR CLIMATE NORMALS FOR TODAY
                         NORMAL    RECORD    YEAR
 MAXIMUM TEMPERATURE (F)   89        93      1988
 MINIMUM TEMPERATURE (F)   78        70      1919


SUNRISE AND SUNSET
JULY  6 2015..........SUNRISE   553 AM AST   SUNSET   705 PM AST
JULY  7 2015..........SUNRISE   553 AM AST   SUNSET   705 PM AST


-  INDICATES NEGATIVE NUMBERS.
R  INDICATES RECORD WAS SET OR TIED.
MM INDICATES DATA IS MISSING.
T  INDICATES TRACE AMOUNT.




$$
