000
CDCA42 TJSJ 022125
CLISJU


CLIMATE REPORT
NATIONAL WEATHER SERVICE SAN JUAN, PR
525 PM AST MON MAY 2 2016


...................................

...THE SAN JUAN AREA/PR CLIMATE SUMMARY FOR MAY 2 2016...
VALID TODAY AS OF 0500 PM LOCAL TIME.

CLIMATE NORMAL PERIOD 1981 TO 2010
CLIMATE RECORD PERIOD 1898 TO 2016


WEATHER ITEM   OBSERVED TIME   RECORD YEAR NORMAL DEPARTURE LAST
                VALUE   (LST)  VALUE       VALUE  FROM      YEAR
                                                  NORMAL
..................................................................
TEMPERATURE (F)
 TODAY
  MAXIMUM         84    421 PM  95    1980  87     -3       93
  MINIMUM         72    612 AM  68    1963  75     -3       76
  AVERAGE         78                        81     -3       85

PRECIPITATION (IN)
  TODAY            0.09          4.54 1902   0.19  -0.10     0.00
  MONTH TO DATE    0.13                      0.39  -0.26     0.00
  SINCE MAR 1     12.37                      7.02   5.35     2.88
  SINCE JAN 1     17.85                     13.17   4.68    11.11

SNOWFALL (IN)
  TODAY            0.0                       0.0    0.0      0.0
  MONTH TO DATE    0.0                       0.0    0.0      0.0
  SINCE MAR 1      0.0                       0.0    0.0      0.0
  SINCE JUL 1      0.0                       0.0    0.0      0.0

DEGREE DAYS
 HEATING
  TODAY            0                         0      0        0
  MONTH TO DATE    0                         0      0        0
  SINCE MAR 1      0                         0      0        0
  SINCE JUL 1      0                         0      0        0

 COOLING
  TODAY           13                        16     -3       20
  MONTH TO DATE   26                        32     -6       40
  SINCE MAR 1    929                       922      7      973
  SINCE JAN 1   1772                      1673     99     1813
..................................................................


WIND (MPH)
  HIGHEST WIND SPEED    18   HIGHEST WIND DIRECTION     E (70)
  HIGHEST GUST SPEED    22   HIGHEST GUST DIRECTION     E (80)
  AVERAGE WIND SPEED     5.3


SKY COVER
  AVERAGE SKY COVER 0.4


WEATHER CONDITIONS
 THE FOLLOWING WEATHER WAS RECORDED TODAY.
  LIGHT RAIN
  FOG


RELATIVE HUMIDITY (PERCENT)
 HIGHEST    93
 LOWEST     69
 AVERAGE    81

..........................................................


THE SAN JUAN AREA/PR CLIMATE NORMALS FOR TOMORROW
                         NORMAL    RECORD    YEAR
 MAXIMUM TEMPERATURE (F)   87        95      1982
 MINIMUM TEMPERATURE (F)   76        66      1903


SUNRISE AND SUNSET
MAY  2 2016...........SUNRISE   556 AM AST   SUNSET   646 PM AST
MAY  3 2016...........SUNRISE   555 AM AST   SUNSET   646 PM AST


-  INDICATES NEGATIVE NUMBERS.
R  INDICATES RECORD WAS SET OR TIED.
MM INDICATES DATA IS MISSING.
T  INDICATES TRACE AMOUNT.




$$
