000
CDCA42 TJSJ 030445
CLISJU


CLIMATE REPORT
NATIONAL WEATHER SERVICE SAN JUAN, PR
1245 AM AST SAT DEC 3 2016


...................................

...THE SAN JUAN AREA/PR CLIMATE SUMMARY FOR DECEMBER 2 2016...

CLIMATE NORMAL PERIOD 1981 TO 2010
CLIMATE RECORD PERIOD 1898 TO 2016


WEATHER ITEM   OBSERVED TIME   RECORD YEAR NORMAL DEPARTURE LAST
                VALUE   (LST)  VALUE       VALUE  FROM      YEAR
                                                  NORMAL
..................................................................
TEMPERATURE (F)
 YESTERDAY
  MAXIMUM         86   1050 AM  90    1997  85      1       88
  MINIMUM         77   1251 PM  66    1956  74      3       76
  AVERAGE         82                        79      3       82

PRECIPITATION (IN)
  YESTERDAY        0.42          2.45 1999   0.18   0.24     0.01
  MONTH TO DATE    0.46                      0.36   0.10     0.46
  SINCE DEC 1      0.46                      0.36   0.10     0.46
  SINCE JAN 1     67.27                     51.69  15.58    38.29

SNOWFALL (IN)
  YESTERDAY        0.0                       0.0    0.0      0.0
  MONTH TO DATE    0.0                       0.0    0.0      0.0
  SINCE DEC 1      0.0                       0.0    0.0      0.0
  SINCE JUL 1      0.0                       0.0    0.0      0.0

DEGREE DAYS
 HEATING
  YESTERDAY        0                         0      0        0
  MONTH TO DATE    0                         0      0        0
  SINCE DEC 1      0                         0      0        0
  SINCE JUL 1      0                         0      0        0

 COOLING
  YESTERDAY       17                        14      3       17
  MONTH TO DATE   34                        28      6       33
  SINCE DEC 1     34                        28      6       33
  SINCE JAN 1   5695                      5454    241     5798
..................................................................


WIND (MPH)
  HIGHEST WIND SPEED    14   HIGHEST WIND DIRECTION     E (80)
  HIGHEST GUST SPEED    19   HIGHEST GUST DIRECTION    SE (120)
  AVERAGE WIND SPEED     3.5


SKY COVER
  AVERAGE SKY COVER 0.4


WEATHER CONDITIONS
 THE FOLLOWING WEATHER WAS RECORDED YESTERDAY.
  RAIN
  FOG


RELATIVE HUMIDITY (PERCENT)
 HIGHEST    91
 LOWEST     70
 AVERAGE    81

..........................................................


THE SAN JUAN AREA/PR CLIMATE NORMALS FOR TODAY
                         NORMAL    RECORD    YEAR
 MAXIMUM TEMPERATURE (F)   85        90      1989
 MINIMUM TEMPERATURE (F)   74        68      1962


SUNRISE AND SUNSET
DECEMBER  3 2016......SUNRISE   641 AM AST   SUNSET   547 PM AST
DECEMBER  4 2016......SUNRISE   642 AM AST   SUNSET   547 PM AST


-  INDICATES NEGATIVE NUMBERS.
R  INDICATES RECORD WAS SET OR TIED.
MM INDICATES DATA IS MISSING.
T  INDICATES TRACE AMOUNT.




$$
