000
CDCA42 TJSJ 300434
CLISJU


CLIMATE REPORT
NATIONAL WEATHER SERVICE SAN JUAN, PR
1234 AM AST WED JUL 30 2014


...................................

...THE SAN JUAN/P.R. CLIMATE SUMMARY FOR JULY 29 2014...

CLIMATE NORMAL PERIOD 1981 TO 2010
CLIMATE RECORD PERIOD 1898 TO 2014


WEATHER ITEM   OBSERVED TIME   RECORD YEAR NORMAL DEPARTURE LAST
                VALUE   (LST)  VALUE       VALUE  FROM      YEAR
                                                  NORMAL
..................................................................
TEMPERATURE (F)
 YESTERDAY
  MAXIMUM         89   1024 AM  93    2013  89      0       93
                                      1984
  MINIMUM         79   1132 AM  70    1919  78      1       78
  AVERAGE         84                        84      0       86

PRECIPITATION (IN)
  YESTERDAY        0.23          2.92 1931   0.15   0.08     0.00
  MONTH TO DATE    3.40                      4.76  -1.36    14.14
  SINCE JUN 1      4.17                      9.17  -5.00    25.43
  SINCE JAN 1     22.58                     27.85  -5.27    50.18

SNOWFALL (IN)
  YESTERDAY        0.0
  MONTH TO DATE    0.0
  SINCE JUN 1      0.0
  SINCE JUL 1      0.0

DEGREE DAYS
 HEATING
  YESTERDAY        0                         0      0        0
  MONTH TO DATE    0                         0      0        0
  SINCE JUN 1      0                         0      0        0
  SINCE JUL 1      0                         0      0        0

 COOLING
  YESTERDAY       19                        18      1       21
  MONTH TO DATE  588                       522     66      519
  SINCE JUN 1   1198                      1071    127     1035
  SINCE JAN 1   3604                      3236    368     3283
..................................................................


WIND (MPH)
  RESULTANT WIND SPEED   7   RESULTANT WIND DIRECTION   E (70)
  HIGHEST WIND SPEED    22   HIGHEST WIND DIRECTION    NE (60)
  HIGHEST GUST SPEED    26   HIGHEST GUST DIRECTION     E (80)
  AVERAGE WIND SPEED     7.9


SKY COVER
  POSSIBLE SUNSHINE  MM
  AVERAGE SKY COVER 0.4


WEATHER CONDITIONS
 THE FOLLOWING WEATHER WAS RECORDED YESTERDAY.
  LIGHT RAIN


RELATIVE HUMIDITY (PERCENT)
 HIGHEST    85
 LOWEST     59
 AVERAGE    72

..........................................................


THE SAN JUAN/P.R. CLIMATE NORMALS FOR TODAY
                         NORMAL    RECORD    YEAR
 MAXIMUM TEMPERATURE (F)   89        94      1990
 MINIMUM TEMPERATURE (F)   78        71      1919


SUNRISE AND SUNSET
JULY 30 2014..........SUNRISE   601 AM AST   SUNSET   700 PM AST
JULY 31 2014..........SUNRISE   601 AM AST   SUNSET   659 PM AST


-  INDICATES NEGATIVE NUMBERS.
R  INDICATES RECORD WAS SET OR TIED.
MM INDICATES DATA IS MISSING.
T  INDICATES TRACE AMOUNT.




$$
