000
CDCA42 TJSJ 210432
CLISJU


CLIMATE REPORT
NATIONAL WEATHER SERVICE SAN JUAN, PR
1231 AM AST THU AUG 21 2014


...................................

...THE SAN JUAN/P.R. CLIMATE SUMMARY FOR AUGUST 20 2014...

CLIMATE NORMAL PERIOD 1981 TO 2010
CLIMATE RECORD PERIOD 1898 TO 2014


WEATHER ITEM   OBSERVED TIME   RECORD YEAR NORMAL DEPARTURE LAST
                VALUE   (LST)  VALUE       VALUE  FROM      YEAR
                                                  NORMAL
..................................................................
TEMPERATURE (F)
 YESTERDAY
  MAXIMUM         88    230 PM  96    1980  89     -1       91
  MINIMUM         76    349 AM  69    1904  78     -2       79
  AVERAGE         82                        84     -2       85

PRECIPITATION (IN)
  YESTERDAY        0.40          3.10 1901   0.18   0.22     0.24
  MONTH TO DATE    4.09                      3.27   0.82     5.08
  SINCE JUN 1      8.43                     12.75  -4.32    30.54
  SINCE JAN 1     26.95                     31.43  -4.48    55.29

SNOWFALL (IN)
  YESTERDAY        0.0
  MONTH TO DATE    0.0
  SINCE JUN 1      0.0
  SINCE JUL 1      0.0

DEGREE DAYS
 HEATING
  YESTERDAY        0                         0      0        0
  MONTH TO DATE    0                         0      0        0
  SINCE JUN 1      0                         0      0        0
  SINCE JUL 1      0                         0      0        0

 COOLING
  YESTERDAY       17                        19     -2       20
  MONTH TO DATE  365                       380    -15      380
  SINCE JUN 1   1602                      1499    103     1455
  SINCE JAN 1   4008                      3664    344     3703
..................................................................


WIND (MPH)
  RESULTANT WIND SPEED   9   RESULTANT WIND DIRECTION   E (70)
  HIGHEST WIND SPEED    22   HIGHEST WIND DIRECTION    NE (50)
  HIGHEST GUST SPEED    29   HIGHEST GUST DIRECTION     E (70)
  AVERAGE WIND SPEED     9.4


SKY COVER
  POSSIBLE SUNSHINE  MM
  AVERAGE SKY COVER 0.6


WEATHER CONDITIONS
 THE FOLLOWING WEATHER WAS RECORDED YESTERDAY.
  THUNDERSTORM
  RAIN
  LIGHT RAIN
  FOG


RELATIVE HUMIDITY (PERCENT)
 HIGHEST    94
 LOWEST     72
 AVERAGE    83

..........................................................


THE SAN JUAN/P.R. CLIMATE NORMALS FOR TODAY
                         NORMAL    RECORD    YEAR
 MAXIMUM TEMPERATURE (F)   89        97      1980
 MINIMUM TEMPERATURE (F)   78        72      1956


SUNRISE AND SUNSET
AUGUST 21 2014........SUNRISE   607 AM AST   SUNSET   647 PM AST
AUGUST 22 2014........SUNRISE   607 AM AST   SUNSET   646 PM AST


-  INDICATES NEGATIVE NUMBERS.
R  INDICATES RECORD WAS SET OR TIED.
MM INDICATES DATA IS MISSING.
T  INDICATES TRACE AMOUNT.




$$
