000
CDCA42 TJSJ 030443
CLISJU


CLIMATE REPORT
NATIONAL WEATHER SERVICE SAN JUAN, PR
1243 AM AST MON AUG 3 2015


...................................

...THE SAN JUAN AREA/PR CLIMATE SUMMARY FOR AUGUST 2 2015...

CLIMATE NORMAL PERIOD 1981 TO 2010
CLIMATE RECORD PERIOD 1898 TO 2015


WEATHER ITEM   OBSERVED TIME   RECORD YEAR NORMAL DEPARTURE LAST
                VALUE   (LST)  VALUE       VALUE  FROM      YEAR
                                                  NORMAL
..................................................................
TEMPERATURE (F)
 YESTERDAY
  MAXIMUM         88    353 PM  94    1972  89     -1       82
  MINIMUM         76    525 AM  71    1963  78     -2       75
  AVERAGE         82                        84     -2       79

PRECIPITATION (IN)
  YESTERDAY        0.36          2.16 1900   0.15   0.21     1.36
  MONTH TO DATE    0.38                      0.30   0.08     1.38
  SINCE JUN 1      4.10                      9.78  -5.68     5.72
  SINCE JAN 1     17.49                     28.46 -10.97    24.31

SNOWFALL (IN)
  YESTERDAY        0.0                       0.0    0.0      0.0
  MONTH TO DATE    0.0                       0.0    0.0      0.0
  SINCE JUN 1      0.0                       0.0    0.0      0.0
  SINCE JUL 1      0.0                       0.0    0.0      0.0

DEGREE DAYS
 HEATING
  YESTERDAY        0                         0      0        0
  MONTH TO DATE    0                         0      0        0
  SINCE JUN 1      0                         0      0        0
  SINCE JUL 1      0                         0      0        0

 COOLING
  YESTERDAY       17                        19     -2       14
  MONTH TO DATE   36                        38     -2       34
  SINCE JUN 1   1199                      1157     42     1271
  SINCE JAN 1   3540                      3322    218     3677
..................................................................


WIND (MPH)
  HIGHEST WIND SPEED    22   HIGHEST WIND DIRECTION     E (80)
  HIGHEST GUST SPEED    25   HIGHEST GUST DIRECTION     E (80)
  AVERAGE WIND SPEED     9.6


SKY COVER
  AVERAGE SKY COVER 0.4


WEATHER CONDITIONS
 THE FOLLOWING WEATHER WAS RECORDED YESTERDAY.
  FOG


RELATIVE HUMIDITY (PERCENT)
 HIGHEST    94
 LOWEST     68
 AVERAGE    81

..........................................................


THE SAN JUAN AREA/PR CLIMATE NORMALS FOR TODAY
                         NORMAL    RECORD    YEAR
 MAXIMUM TEMPERATURE (F)   89        95      1980
 MINIMUM TEMPERATURE (F)   78        71      1977


SUNRISE AND SUNSET
AUGUST  3 2015........SUNRISE   602 AM AST   SUNSET   658 PM AST
AUGUST  4 2015........SUNRISE   603 AM AST   SUNSET   657 PM AST


-  INDICATES NEGATIVE NUMBERS.
R  INDICATES RECORD WAS SET OR TIED.
MM INDICATES DATA IS MISSING.
T  INDICATES TRACE AMOUNT.




$$
