000
CDCA42 TJSJ 042245
CLISJU


CLIMATE REPORT
NATIONAL WEATHER SERVICE SAN JUAN, PR
645 PM AST SAT JUL 4 2015


...................................

...THE SAN JUAN AREA/PR CLIMATE SUMMARY FOR JULY 4 2015...
VALID TODAY AS OF 0600 PM LOCAL TIME.

CLIMATE NORMAL PERIOD 1981 TO 2010
CLIMATE RECORD PERIOD 1898 TO 2015


WEATHER ITEM   OBSERVED TIME   RECORD YEAR NORMAL DEPARTURE LAST
                VALUE   (LST)  VALUE       VALUE  FROM      YEAR
                                                  NORMAL
..................................................................
TEMPERATURE (F)
 TODAY
  MAXIMUM         88    333 PM  92    1997  89     -1       91
  MINIMUM         80    645 AM  70    1899  78      2       81
  AVERAGE         84                        83      1       86

PRECIPITATION (IN)
  TODAY            T             1.32 1976   0.15  -0.15     0.02
  MONTH TO DATE    0.15                      0.61  -0.46     0.18
  SINCE JUN 1      2.26                      5.02  -2.76     0.95
  SINCE JAN 1     15.65                     23.70  -8.05    19.54

SNOWFALL (IN)
  TODAY            0.0                       0.0    0.0      0.0
  MONTH TO DATE    0.0                       0.0    0.0      0.0
  SINCE JUN 1      0.0                       0.0    0.0      0.0
  SINCE JUL 1      0.0                       0.0    0.0      0.0

DEGREE DAYS
 HEATING
  TODAY            0                         0      0        0
  MONTH TO DATE    0                         0      0        0
  SINCE JUN 1      0                         0      0        0
  SINCE JUL 1      0                         0      0        0

 COOLING
  TODAY           19                        18      1       21
  MONTH TO DATE   77                        72      5       85
  SINCE JUN 1    651                       621     30      695
  SINCE JAN 1   2992                      2786    206     3101
..................................................................


WIND (MPH)
  HIGHEST WIND SPEED    25   HIGHEST WIND DIRECTION     E (70)
  HIGHEST GUST SPEED    33   HIGHEST GUST DIRECTION     E (80)
  AVERAGE WIND SPEED    17.2


SKY COVER
  AVERAGE SKY COVER 0.5


WEATHER CONDITIONS
 THE FOLLOWING WEATHER WAS RECORDED TODAY.
  NO SIGNIFICANT WEATHER WAS OBSERVED.


RELATIVE HUMIDITY (PERCENT)
 HIGHEST    91
 LOWEST     65
 AVERAGE    78

..........................................................


THE SAN JUAN AREA/PR CLIMATE NORMALS FOR TOMORROW
                         NORMAL    RECORD    YEAR
 MAXIMUM TEMPERATURE (F)   89        92      1988
 MINIMUM TEMPERATURE (F)   78        72      1958


SUNRISE AND SUNSET
JULY  4 2015..........SUNRISE   552 AM AST   SUNSET   705 PM AST
JULY  5 2015..........SUNRISE   552 AM AST   SUNSET   705 PM AST


-  INDICATES NEGATIVE NUMBERS.
R  INDICATES RECORD WAS SET OR TIED.
MM INDICATES DATA IS MISSING.
T  INDICATES TRACE AMOUNT.




$$
