000
CDUS45 KSLC 291225
CLISLC


CLIMATE REPORT
NATIONAL WEATHER SERVICE SALT LAKE CITY UT
625 AM MDT FRI JUL 29 2016


...................................

...THE SALT LAKE CITY UT CLIMATE SUMMARY FOR JULY 28 2016...

CLIMATE NORMAL PERIOD 1981 TO 2010
CLIMATE RECORD PERIOD 1874 TO 2016


WEATHER ITEM   OBSERVED TIME   RECORD YEAR NORMAL DEPARTURE LAST
                VALUE   (LST)  VALUE       VALUE  FROM      YEAR
                                                  NORMAL
..................................................................
TEMPERATURE (F)
 YESTERDAY
  MAXIMUM        102    409 PM 106    1934  94      8       78
  MINIMUM         74    629 AM  51    1929  66      8       54
  AVERAGE         88                        80      8       66

PRECIPITATION (IN)
  YESTERDAY        0.00          1.25 1982   0.03  -0.03     0.00
  MONTH TO DATE    T                         0.55  -0.55     1.22
  SINCE OCT 1     11.42                     14.14  -2.72    12.27
  SINCE JAN 1      8.17                      9.76  -1.59    10.26

SNOWFALL (IN)
  YESTERDAY        0.0          MM      MM   0.0    0.0      0.0
  MONTH TO DATE    0.0                       0.0    0.0      0.0
  SINCE OCT 1     34.3                      56.2  -21.9     15.4
  SINCE JUL 1      0.0                       0.0    0.0      0.0
  SNOW DEPTH       0

DEGREE DAYS
 HEATING
  YESTERDAY        0                         0      0        0
  MONTH TO DATE    1                         0      1        0
  SINCE JUN 1      1                        46    -45        0
  SINCE JUL 1      1                         0      1        0

 COOLING
  YESTERDAY       23                        15      8        1
  MONTH TO DATE  502                       381    121      363
  SINCE JUN 1    882                       568    314      743
  SINCE JAN 1    929                       618    311      774
..................................................................


WIND (MPH)
  RESULTANT WIND SPEED   1   RESULTANT WIND DIRECTION   E (80)
  HIGHEST WIND SPEED    15   HIGHEST WIND DIRECTION     N (340)
  HIGHEST GUST SPEED    20   HIGHEST GUST DIRECTION     N (360)
  AVERAGE WIND SPEED     6.2


SKY COVER
  POSSIBLE SUNSHINE  MM
  AVERAGE SKY COVER 0.1


WEATHER CONDITIONS
 THE FOLLOWING WEATHER WAS RECORDED YESTERDAY.
  NO SIGNIFICANT WEATHER WAS OBSERVED.


RELATIVE HUMIDITY (PERCENT)
 HIGHEST    31           700 AM
 LOWEST      8           600 PM
 AVERAGE    20

..........................................................


THE SALT LAKE CITY UT CLIMATE NORMALS FOR TODAY
                         NORMAL    RECORD    YEAR
 MAXIMUM TEMPERATURE (F)   94       106      1995
 MINIMUM TEMPERATURE (F)   66        45      1948


SUNRISE AND SUNSET
JULY 29 2016..........SUNRISE   622 AM MDT   SUNSET   846 PM MDT
JULY 30 2016..........SUNRISE   623 AM MDT   SUNSET   845 PM MDT


-  INDICATES NEGATIVE NUMBERS.
R  INDICATES RECORD WAS SET OR TIED.
MM INDICATES DATA IS MISSING.
T  INDICATES TRACE AMOUNT.




$$
