000
CDUS45 KSLC 281245
CLISLC


CLIMATE REPORT
NATIONAL WEATHER SERVICE SALT LAKE CITY UT
645 AM MDT FRI AUG 28 2015


...................................

...THE SALT LAKE CITY UT CLIMATE SUMMARY FOR AUGUST 27 2015...

CLIMATE NORMAL PERIOD 1981 TO 2010
CLIMATE RECORD PERIOD 1874 TO 2015


WEATHER ITEM   OBSERVED TIME   RECORD YEAR NORMAL DEPARTURE LAST
                VALUE   (LST)  VALUE       VALUE  FROM      YEAR
                                                  NORMAL
..................................................................
TEMPERATURE (F)
 YESTERDAY
  MAXIMUM         88    426 PM  99    1937  88      0       76
  MINIMUM         65    623 AM  42    1964  61      4       59
  AVERAGE         77                        74      3       68

PRECIPITATION (IN)
  YESTERDAY        0.00          0.67 1920   0.02  -0.02     0.00
  MONTH TO DATE    0.89                      0.57   0.32     1.77
  SINCE OCT 1     13.16                     14.77  -1.61    12.95
  SINCE JAN 1     11.15                     10.39   0.76     9.94

SNOWFALL (IN)
  YESTERDAY        0.0          MM      MM   0.0    0.0      0.0
  MONTH TO DATE    0.0                       0.0    0.0      0.0
  SINCE OCT 1     15.4                      56.2  -40.8     35.5
  SINCE JUL 1      0.0                       0.0    0.0      0.0
  SNOW DEPTH       0

DEGREE DAYS
 HEATING
  YESTERDAY        0                         0      0        0
  MONTH TO DATE    0                         0      0        1
  SINCE JUN 1      0                        48    -48       40
  SINCE JUL 1      0                         2     -2        1

 COOLING
  YESTERDAY       12                         9      3        3
  MONTH TO DATE  342                       339      3      265
  SINCE JUN 1   1115                       951    164      960
  SINCE JAN 1   1146                      1001    145     1022
..................................................................


WIND (MPH)
  RESULTANT WIND SPEED   1   RESULTANT WIND DIRECTION   S (160)
  HIGHEST WIND SPEED    15   HIGHEST WIND DIRECTION    NW (300)
  HIGHEST GUST SPEED    19   HIGHEST GUST DIRECTION     N (340)
  AVERAGE WIND SPEED     7.2


SKY COVER
  POSSIBLE SUNSHINE  MM
  AVERAGE SKY COVER 0.0


WEATHER CONDITIONS
 THE FOLLOWING WEATHER WAS RECORDED YESTERDAY.
  NO SIGNIFICANT WEATHER WAS OBSERVED.


RELATIVE HUMIDITY (PERCENT)
 HIGHEST    73           500 AM
 LOWEST     24           600 PM
 AVERAGE    49

..........................................................


THE SALT LAKE CITY UT CLIMATE NORMALS FOR TODAY
                         NORMAL    RECORD    YEAR
 MAXIMUM TEMPERATURE (F)   87        98      2012
 MINIMUM TEMPERATURE (F)   60        42      1964


SUNRISE AND SUNSET
AUGUST 28 2015........SUNRISE   651 AM MDT   SUNSET   807 PM MDT
AUGUST 29 2015........SUNRISE   652 AM MDT   SUNSET   805 PM MDT


-  INDICATES NEGATIVE NUMBERS.
R  INDICATES RECORD WAS SET OR TIED.
MM INDICATES DATA IS MISSING.
T  INDICATES TRACE AMOUNT.




$$
