000
CDUS45 KSLC 291243
CLISLC


CLIMATE REPORT
NATIONAL WEATHER SERVICE SALT LAKE CITY UT
633 AM MDT FRI AUG 29 2014


...................................

...THE SALT LAKE CITY UT CLIMATE SUMMARY FOR AUGUST 28 2014...

CLIMATE NORMAL PERIOD 1981 TO 2010
CLIMATE RECORD PERIOD 1874 TO 2014


WEATHER ITEM   OBSERVED TIME   RECORD YEAR NORMAL DEPARTURE LAST
                VALUE   (LST)  VALUE       VALUE  FROM      YEAR
                                                  NORMAL
..................................................................
TEMPERATURE (F)
 YESTERDAY
  MAXIMUM         85    405 PM  98    2012  87     -2       93
  MINIMUM         59    621 AM  42    1964  60     -1       67
  AVERAGE         72                        74     -2       80

PRECIPITATION (IN)
  YESTERDAY        0.00          0.51 1971   0.03  -0.03     0.03
  MONTH TO DATE    1.77                      0.60   1.17     0.16
  SINCE OCT 1     12.95                     14.80  -1.85    12.01
  SINCE JAN 1      9.94                     10.42  -0.48     7.44

SNOWFALL (IN)
  YESTERDAY        0.0          MM      MM   0.0    0.0      0.0
  MONTH TO DATE    0.0                       0.0    0.0      0.0
  SINCE OCT 1     35.5                      56.2  -20.7     69.9
  SINCE JUL 1      0.0                       0.0    0.0      0.0
  SNOW DEPTH       0

DEGREE DAYS
 HEATING
  YESTERDAY        0                         0      0        0
  MONTH TO DATE    1                         0      1        0
  SINCE JUN 1     40                        48     -8        4
  SINCE JUL 1      1                         2     -1        0

 COOLING
  YESTERDAY        7                         9     -2       15
  MONTH TO DATE  272                       348    -76      498
  SINCE JUN 1    967                       960      7     1420
  SINCE JAN 1   1029                      1010     19     1490
..................................................................


WIND (MPH)
  RESULTANT WIND SPEED   4   RESULTANT WIND DIRECTION   S (160)
  HIGHEST WIND SPEED    13   HIGHEST WIND DIRECTION    SE (150)
  HIGHEST GUST SPEED    16   HIGHEST GUST DIRECTION    SE (140)
  AVERAGE WIND SPEED     7.5


SKY COVER
  POSSIBLE SUNSHINE  MM
  AVERAGE SKY COVER 0.1


WEATHER CONDITIONS
 THE FOLLOWING WEATHER WAS RECORDED YESTERDAY.
  HAZE


RELATIVE HUMIDITY (PERCENT)
 HIGHEST    80           400 AM
 LOWEST     18           600 PM
 AVERAGE    49

..........................................................


THE SALT LAKE CITY UT CLIMATE NORMALS FOR TODAY
                         NORMAL    RECORD    YEAR
 MAXIMUM TEMPERATURE (F)   87        99      2005
                                             1948
 MINIMUM TEMPERATURE (F)   60        37      1964


SUNRISE AND SUNSET
AUGUST 29 2014........SUNRISE   652 AM MDT   SUNSET   805 PM MDT
AUGUST 30 2014........SUNRISE   653 AM MDT   SUNSET   803 PM MDT


-  INDICATES NEGATIVE NUMBERS.
R  INDICATES RECORD WAS SET OR TIED.
MM INDICATES DATA IS MISSING.
T  INDICATES TRACE AMOUNT.




$$
