000
CDUS45 KSLC 010028
CLISLC


CLIMATE REPORT
NATIONAL WEATHER SERVICE SALT LAKE CITY UT
627 PM MDT FRI OCT 31 2014


...................................

...THE SALT LAKE CITY UT CLIMATE SUMMARY FOR OCTOBER 31 2014...
VALID TODAY AS OF 0500 PM LOCAL TIME.

CLIMATE NORMAL PERIOD 1981 TO 2010
CLIMATE RECORD PERIOD 1874 TO 2014


WEATHER ITEM   OBSERVED TIME   RECORD YEAR NORMAL DEPARTURE LAST
                VALUE   (LST)  VALUE       VALUE  FROM      YEAR
                                                  NORMAL
..................................................................
TEMPERATURE (F)
 TODAY
  MAXIMUM         77R   246 PM  76    2012  58     19       55
  MINIMUM         50    107 AM  18    1935  36     14       44
  AVERAGE         64                        47     17       50

PRECIPITATION (IN)
  TODAY            0.00          0.83 1933   0.05  -0.05     0.00
  MONTH TO DATE    0.01                      1.52  -1.51     0.74
  SINCE OCT 1      0.01                      1.52  -1.51     0.74
  SINCE JAN 1     12.46                     13.24  -0.78     9.35

SNOWFALL (IN)
  TODAY            0.0           8.5  1971   0.1   -0.1      0.0
  MONTH TO DATE    0.0                       1.4   -1.4       T
  SINCE OCT 1      0.0                       1.4   -1.4       T
  SINCE JUL 1      0.0                       1.4   -1.4       T
  SNOW DEPTH       0

DEGREE DAYS
 HEATING
  TODAY            1                        18    -17       15
  MONTH TO DATE  234                       380   -146      383
  SINCE SEP 1    266                       463   -197      438
  SINCE JUL 1    267                       468   -201      438

 COOLING
  TODAY            0                         0      0        0
  MONTH TO DATE    2                         7     -5        0
  SINCE SEP 1    191                       124     67      222
  SINCE JAN 1   1244                      1160     84     1768
..................................................................


WIND (MPH)
  RESULTANT WIND SPEED  17   RESULTANT WIND DIRECTION   S (160)
  HIGHEST WIND SPEED    26   HIGHEST WIND DIRECTION     S (160)
  HIGHEST GUST SPEED    33   HIGHEST GUST DIRECTION     S (170)
  AVERAGE WIND SPEED    17.3


SKY COVER
  POSSIBLE SUNSHINE  MM
  AVERAGE SKY COVER 0.2


WEATHER CONDITIONS
 THE FOLLOWING WEATHER WAS RECORDED TODAY.
  NO SIGNIFICANT WEATHER WAS OBSERVED.


RELATIVE HUMIDITY (PERCENT)
 HIGHEST    44           100 AM
 LOWEST     12           300 PM
 AVERAGE    28

..........................................................


THE SALT LAKE CITY UT CLIMATE NORMALS FOR TOMORROW
                         NORMAL    RECORD    YEAR
 MAXIMUM TEMPERATURE (F)   57        74      2008
 MINIMUM TEMPERATURE (F)   36        16      1971
                                             1951


SUNRISE AND SUNSET
OCTOBER 31 2014.......SUNRISE   757 AM MDT   SUNSET   625 PM MDT
NOVEMBER  1 2014......SUNRISE   758 AM MDT   SUNSET   624 PM MDT


-  INDICATES NEGATIVE NUMBERS.
R  INDICATES RECORD WAS SET OR TIED.
MM INDICATES DATA IS MISSING.
T  INDICATES TRACE AMOUNT.




$$
