000
CDUS45 KSLC 301243
CLISLC


CLIMATE REPORT
NATIONAL WEATHER SERVICE SALT LAKE CITY UT
642 AM MDT SAT APR 30 2016


...................................

...THE SALT LAKE CITY UT CLIMATE SUMMARY FOR APRIL 29 2016...

CLIMATE NORMAL PERIOD 1981 TO 2010
CLIMATE RECORD PERIOD 1874 TO 2016


WEATHER ITEM   OBSERVED TIME   RECORD YEAR NORMAL DEPARTURE LAST
                VALUE   (LST)  VALUE       VALUE  FROM      YEAR
                                                  NORMAL
..................................................................
TEMPERATURE (F)
 YESTERDAY
  MAXIMUM         59    412 PM  89    2007  66     -7       80
  MINIMUM         41    329 AM  29    1990  43     -2       49
                                      1909
  AVERAGE         50                        54     -4       65

PRECIPITATION (IN)
  YESTERDAY        T             0.91 1951   0.07  -0.07     0.00
  MONTH TO DATE    1.39                      1.92  -0.53     2.32
  SINCE OCT 1      9.32                     10.59  -1.27     6.21
  SINCE JAN 1      6.07                      6.21  -0.14     4.20

SNOWFALL (IN)
  YESTERDAY        0.0           5.8  1967   0.0    0.0      0.0
  MONTH TO DATE    T                         3.9   -3.9      5.8
  SINCE OCT 1     34.3                      55.8  -21.5     15.4
  SINCE JUL 1     34.3                      55.8  -21.5     15.4
  SNOW DEPTH       0

DEGREE DAYS
 HEATING
  YESTERDAY       15                        11      4        0
  MONTH TO DATE  286                       427   -141      369
  SINCE MAR 1    832                      1089   -257      835
  SINCE JUL 1   4677                      5345   -668     4182

 COOLING
  YESTERDAY        0                         0      0        0
  MONTH TO DATE   10                         0     10        0
  SINCE MAR 1     10                         0     10        0
  SINCE JAN 1     10                         0     10        0
..................................................................


WIND (MPH)
  RESULTANT WIND SPEED   3   RESULTANT WIND DIRECTION  NW (320)
  HIGHEST WIND SPEED    14   HIGHEST WIND DIRECTION     W (280)
  HIGHEST GUST SPEED    19   HIGHEST GUST DIRECTION    NW (310)
  AVERAGE WIND SPEED     5.0


SKY COVER
  POSSIBLE SUNSHINE  MM
  AVERAGE SKY COVER 0.7


WEATHER CONDITIONS
 THE FOLLOWING WEATHER WAS RECORDED YESTERDAY.
  LIGHT RAIN


RELATIVE HUMIDITY (PERCENT)
 HIGHEST    76           500 AM
 LOWEST     43           100 PM
 AVERAGE    60

..........................................................


THE SALT LAKE CITY UT CLIMATE NORMALS FOR TODAY
                         NORMAL    RECORD    YEAR
 MAXIMUM TEMPERATURE (F)   66        84      1959
 MINIMUM TEMPERATURE (F)   43        28      1972
                                             1962


SUNRISE AND SUNSET
APRIL 30 2016.........SUNRISE   627 AM MDT   SUNSET   824 PM MDT
MAY  1 2016...........SUNRISE   626 AM MDT   SUNSET   825 PM MDT


-  INDICATES NEGATIVE NUMBERS.
R  INDICATES RECORD WAS SET OR TIED.
MM INDICATES DATA IS MISSING.
T  INDICATES TRACE AMOUNT.




$$
