000
CDUS45 KSLC 261227
CLISLC


CLIMATE REPORT
NATIONAL WEATHER SERVICE SALT LAKE CITY UT
526 AM MST FRI DEC 26 2014


...................................

...THE SALT LAKE CITY UT CLIMATE SUMMARY FOR DECEMBER 25 2014...

CLIMATE NORMAL PERIOD 1981 TO 2010
CLIMATE RECORD PERIOD 1874 TO 2014


WEATHER ITEM   OBSERVED TIME   RECORD YEAR NORMAL DEPARTURE LAST
                VALUE   (LST)  VALUE       VALUE  FROM      YEAR
                                                  NORMAL
..................................................................
TEMPERATURE (F)
 YESTERDAY
  MAXIMUM         45   1200 AM  59    1955  37      8       37
  MINIMUM         26   1053 PM -10    1879  22      4       17
  AVERAGE         36                        29      7       27

PRECIPITATION (IN)
  YESTERDAY        0.29          1.14 2003   0.05   0.24     0.00
  MONTH TO DATE    1.27                      1.15   0.12     1.65
  SINCE OCT 1      1.88                      4.12  -2.24     3.01
  SINCE JAN 1     14.33                     15.84  -1.51    11.62

SNOWFALL (IN)
  YESTERDAY        2.7           7.2  2008   0.4    2.3      0.0
  MONTH TO DATE    2.9                      10.4   -7.5     19.2
  SINCE OCT 1      3.7                      19.4  -15.7     22.7
  SINCE JUL 1      3.7                      19.4  -15.7     22.7
  SNOW DEPTH       0

DEGREE DAYS
 HEATING
  YESTERDAY       29                        36     -7       38
  MONTH TO DATE  583                       862   -279      999
  SINCE DEC 1    583                       862   -279      999
  SINCE JUL 1   1553                      2080   -527     2046

 COOLING
  YESTERDAY        0                         0      0        0
  MONTH TO DATE    0                         0      0        0
  SINCE DEC 1      0                         0      0        0
  SINCE JAN 1   1244                      1160     84     1768
..................................................................


WIND (MPH)
  RESULTANT WIND SPEED   9   RESULTANT WIND DIRECTION   W (290)
  HIGHEST WIND SPEED    23   HIGHEST WIND DIRECTION     W (280)
  HIGHEST GUST SPEED    29   HIGHEST GUST DIRECTION     W (290)
  AVERAGE WIND SPEED    10.3


SKY COVER
  POSSIBLE SUNSHINE  MM
  AVERAGE SKY COVER 1.0


WEATHER CONDITIONS
 THE FOLLOWING WEATHER WAS RECORDED YESTERDAY.
  RAIN
  LIGHT RAIN
  LIGHT SNOW
  FOG
  HAZE


RELATIVE HUMIDITY (PERCENT)
 HIGHEST   100           200 PM
 LOWEST     42          1200 AM
 AVERAGE    71

..........................................................


THE SALT LAKE CITY UT CLIMATE NORMALS FOR TODAY
                         NORMAL    RECORD    YEAR
 MAXIMUM TEMPERATURE (F)   37        60      1933
 MINIMUM TEMPERATURE (F)   22        -8      1924


SUNRISE AND SUNSET
DECEMBER 26 2014......SUNRISE   751 AM MST   SUNSET   506 PM MST
DECEMBER 27 2014......SUNRISE   751 AM MST   SUNSET   507 PM MST


-  INDICATES NEGATIVE NUMBERS.
R  INDICATES RECORD WAS SET OR TIED.
MM INDICATES DATA IS MISSING.
T  INDICATES TRACE AMOUNT.




$$
