000
CDUS45 KSLC 201253
CLISLC


CLIMATE REPORT
NATIONAL WEATHER SERVICE SALT LAKE CITY UT
653 AM MDT SUN AUG 20 2017


...................................

...THE SALT LAKE CITY UT CLIMATE SUMMARY FOR AUGUST 19 2017...

CLIMATE NORMAL PERIOD 1981 TO 2010
CLIMATE RECORD PERIOD 1874 TO 2017


WEATHER ITEM   OBSERVED TIME   RECORD YEAR NORMAL DEPARTURE LAST
                VALUE   (LST)  VALUE       VALUE  FROM      YEAR
                                                  NORMAL
..................................................................
TEMPERATURE (F)
 YESTERDAY
  MAXIMUM         96    449 PM  99    1961  90      6       91
  MINIMUM         65    613 AM  47    1978  63      2       69
  AVERAGE         81                        77      4       80

PRECIPITATION (IN)
  YESTERDAY        0.00          1.42 1945   0.02  -0.02     0.00
  MONTH TO DATE    0.07                      0.38  -0.31     0.15
  SINCE OCT 1     16.47                     14.58   1.89    11.57
  SINCE JAN 1     11.83                     10.20   1.63     8.32

SNOWFALL (IN)
  YESTERDAY        0.0          MM      MM   0.0    0.0      0.0
  MONTH TO DATE    0.0                       0.0    0.0      0.0
  SINCE OCT 1     51.4                      56.2   -4.8     34.3
  SINCE JUL 1      0.0                       0.0    0.0      0.0
  SNOW DEPTH       0

DEGREE DAYS
 HEATING
  YESTERDAY        0                         0      0        0
  MONTH TO DATE    0                         0      0        0
  SINCE JUN 1      4                        48    -44        1
  SINCE JUL 1      0                         2     -2        1

 COOLING
  YESTERDAY       16                        12      4       15
  MONTH TO DATE  306                       256     50      322
  SINCE JUN 1   1283                       868    415     1273
  SINCE JAN 1   1358                       918    440     1320
..................................................................


WIND (MPH)
  RESULTANT WIND SPEED   4   RESULTANT WIND DIRECTION  SE (140)
  HIGHEST WIND SPEED    15   HIGHEST WIND DIRECTION     S (160)
  HIGHEST GUST SPEED    19   HIGHEST GUST DIRECTION     S (190)
  AVERAGE WIND SPEED     5.4


SKY COVER
  POSSIBLE SUNSHINE  MM
  AVERAGE SKY COVER 0.0


WEATHER CONDITIONS
 THE FOLLOWING WEATHER WAS RECORDED YESTERDAY.
  NO SIGNIFICANT WEATHER WAS OBSERVED.


RELATIVE HUMIDITY (PERCENT)
 HIGHEST    44           600 AM
 LOWEST     11           500 PM
 AVERAGE    28

..........................................................


THE SALT LAKE CITY UT CLIMATE NORMALS FOR TODAY
                         NORMAL    RECORD    YEAR
 MAXIMUM TEMPERATURE (F)   90       103      1960
 MINIMUM TEMPERATURE (F)   63        40      1964
                                             1928


SUNRISE AND SUNSET
AUGUST 20 2017........SUNRISE   643 AM MDT   SUNSET   818 PM MDT
AUGUST 21 2017........SUNRISE   644 AM MDT   SUNSET   817 PM MDT


-  INDICATES NEGATIVE NUMBERS.
R  INDICATES RECORD WAS SET OR TIED.
MM INDICATES DATA IS MISSING.
T  INDICATES TRACE AMOUNT.




$$
