000
CDUS46 KPQR 041143
CLISLE


CLIMATE REPORT
NATIONAL WEATHER SERVICE PORTLAND OREGON
441 AM PDT WED MAY 4 2016


...................................

...THE SALEM OR CLIMATE SUMMARY FOR MAY 3 2016...

CLIMATE NORMAL PERIOD 1981 TO 2010
CLIMATE RECORD PERIOD 1892 TO 2016


WEATHER ITEM   OBSERVED TIME   RECORD YEAR NORMAL DEPARTURE LAST
                VALUE   (LST)  VALUE       VALUE  FROM      YEAR
                                                  NORMAL
..................................................................
TEMPERATURE (F)
 YESTERDAY
  MAXIMUM         72    123 PM  86    1992  65      7       75
  MINIMUM         51    556 AM  32    1964  42      9       40
                                      1952
                                      1894
  AVERAGE         62                        54      8       58

PRECIPITATION (IN)
  YESTERDAY        0.05          1.26 1948   0.08  -0.03     0.00
  MONTH TO DATE    0.05                      0.22  -0.17     0.00
  SINCE OCT 1     42.73                     33.93   8.80    31.42
  SINCE JAN 1     19.18                     17.54   1.64    13.88

DEGREE DAYS
 HEATING
  YESTERDAY        3                        12     -9        7
  MONTH TO DATE    3                        36    -33       20
  SINCE MAR 1    729                      1039   -310      847
  SINCE JUL 1   3385                      4279   -894     3317

 COOLING
  YESTERDAY        0                         0      0        0
  MONTH TO DATE    3                         0      3        0
  SINCE MAR 1     10                         0     10        0
  SINCE JAN 1     10                         0     10        0
..................................................................


WIND (MPH)
  HIGHEST WIND SPEED    14   HIGHEST WIND DIRECTION     N (10)
  HIGHEST GUST SPEED    17   HIGHEST GUST DIRECTION     W (270)
  AVERAGE WIND SPEED     4.4


SKY COVER
  POSSIBLE SUNSHINE  MM
  AVERAGE SKY COVER 0.2


WEATHER CONDITIONS
 THE FOLLOWING WEATHER WAS RECORDED YESTERDAY.
  LIGHT RAIN


RELATIVE HUMIDITY (PERCENT)
 HIGHEST    89           500 AM
 LOWEST     47          1200 PM
 AVERAGE    68

..........................................................


THE SALEM OR CLIMATE NORMALS FOR TODAY
                         NORMAL    RECORD    YEAR
 MAXIMUM TEMPERATURE (F)   65        86      1990
 MINIMUM TEMPERATURE (F)   42        29      1982
                                             1962
                                             1952


SUNRISE AND SUNSET
MAY  4 2016...........SUNRISE   556 AM PDT   SUNSET   822 PM PDT
MAY  5 2016...........SUNRISE   555 AM PDT   SUNSET   823 PM PDT


-  INDICATES NEGATIVE NUMBERS.
R  INDICATES RECORD WAS SET OR TIED.
MM INDICATES DATA IS MISSING.
T  INDICATES TRACE AMOUNT.




$$
