000
CDUS46 KPQR 031142
CLISLE


CLIMATE REPORT
NATIONAL WEATHER SERVICE PORTLAND OREGON
441 AM PDT WED JUN 3 2015


...................................

...THE SALEM OR CLIMATE SUMMARY FOR JUNE 2 2015...

CLIMATE NORMAL PERIOD 1981 TO 2010
CLIMATE RECORD PERIOD 1892 TO 2015


WEATHER ITEM   OBSERVED TIME   RECORD YEAR NORMAL DEPARTURE LAST
                VALUE   (LST)  VALUE       VALUE  FROM      YEAR
                                                  NORMAL
..................................................................
TEMPERATURE (F)
 YESTERDAY
  MAXIMUM         66    225 PM  95    1970  71     -5       79
  MINIMUM         54    528 AM  34    1976  48      6       46
                                      1935
  AVERAGE         60                        59      1       63

PRECIPITATION (IN)
  YESTERDAY        0.03          1.03 2010   0.07  -0.04     0.00
  MONTH TO DATE    0.67                      0.15   0.52     0.00
  SINCE OCT 1     32.81                     36.08  -3.27    25.95
  SINCE JAN 1     15.27                     19.69  -4.42    21.37

DEGREE DAYS
 HEATING
  YESTERDAY        5                         6     -1        2
  MONTH TO DATE   11                        12     -1        5
  SINCE JUN 1     11                        12     -1        5
  SINCE JUL 1   3467                      4535  -1068     4298

 COOLING
  YESTERDAY        0                         0      0        0
  MONTH TO DATE    0                         0      0        0
  SINCE JUN 1      0                         0      0        0
  SINCE JAN 1     13                         9      4       16
..................................................................


WIND (MPH)
  HIGHEST WIND SPEED    16   HIGHEST WIND DIRECTION    SW (220)
  HIGHEST GUST SPEED    22   HIGHEST GUST DIRECTION    SW (230)
  AVERAGE WIND SPEED     7.6


SKY COVER
  POSSIBLE SUNSHINE  MM
  AVERAGE SKY COVER 1.0


WEATHER CONDITIONS
 THE FOLLOWING WEATHER WAS RECORDED YESTERDAY.
  LIGHT RAIN
  FOG
  HAZE


RELATIVE HUMIDITY (PERCENT)
 HIGHEST    93           500 AM
 LOWEST     60           200 PM
 AVERAGE    77

..........................................................


THE SALEM OR CLIMATE NORMALS FOR TODAY
                         NORMAL    RECORD    YEAR
 MAXIMUM TEMPERATURE (F)   71        94      1950
 MINIMUM TEMPERATURE (F)   48        32      1976


SUNRISE AND SUNSET
JUNE  3 2015..........SUNRISE   528 AM PDT   SUNSET   853 PM PDT
JUNE  4 2015..........SUNRISE   527 AM PDT   SUNSET   854 PM PDT


-  INDICATES NEGATIVE NUMBERS.
R  INDICATES RECORD WAS SET OR TIED.
MM INDICATES DATA IS MISSING.
T  INDICATES TRACE AMOUNT.




$$
