974
CDUS46 KPQR 250221
CLISLE


CLIMATE REPORT
NATIONAL WEATHER SERVICE PORTLAND OREGON
721 PM PDT SAT JUN 24 2017


...................................

...THE SALEM OR CLIMATE SUMMARY FOR JUNE 24 2017...
VALID TODAY AS OF 0700 PM LOCAL TIME.

CLIMATE NORMAL PERIOD 1981 TO 2010
CLIMATE RECORD PERIOD 1892 TO 2017


WEATHER ITEM   OBSERVED TIME   RECORD YEAR NORMAL DEPARTURE LAST
                VALUE   (LST)  VALUE       VALUE  FROM      YEAR
                                                  NORMAL
..................................................................
TEMPERATURE (F)
 TODAY
  MAXIMUM        101R   347 PM 100    1926  76     25       70
                                      1925
  MINIMUM         56    506 AM  36    1935  50      6       51
  AVERAGE         79                        63     16       61

PRECIPITATION (IN)
  TODAY            0.00          1.04 1971   0.03  -0.03     0.02
  MONTH TO DATE    0.74                      1.37  -0.63     1.00
  SINCE OCT 1     56.60                     37.30  19.30    44.86
  SINCE JAN 1     33.30                     20.91  12.39    21.31

DEGREE DAYS
 HEATING
  TODAY            0                         3     -3        4
  MONTH TO DATE   81                       113    -32       78
  SINCE JUN 1     81                       113    -32       78
  SINCE JUL 1   4417                      4636   -219     3604

 COOLING
  TODAY           14                         1     13        0
  MONTH TO DATE   48                        18     30       66
  SINCE JUN 1     48                        18     30       66
  SINCE JAN 1     75                        27     48       87
..................................................................


WIND (MPH)
  HIGHEST WIND SPEED    20   HIGHEST WIND DIRECTION     N (360)
  HIGHEST GUST SPEED    24   HIGHEST GUST DIRECTION     N (360)
  AVERAGE WIND SPEED     7.8


SKY COVER
  POSSIBLE SUNSHINE  MM
  AVERAGE SKY COVER 0.0


WEATHER CONDITIONS
 THE FOLLOWING WEATHER WAS RECORDED TODAY.
  NO SIGNIFICANT WEATHER WAS OBSERVED.


RELATIVE HUMIDITY (PERCENT)
 HIGHEST    72           400 AM
 LOWEST     15           300 PM
 AVERAGE    44

..........................................................


THE SALEM OR CLIMATE NORMALS FOR TOMORROW
                         NORMAL    RECORD    YEAR
 MAXIMUM TEMPERATURE (F)   76       100      2006
 MINIMUM TEMPERATURE (F)   51        35      1976


SUNRISE AND SUNSET
JUNE 24 2017..........SUNRISE   527 AM PDT   SUNSET   902 PM PDT
JUNE 25 2017..........SUNRISE   527 AM PDT   SUNSET   902 PM PDT


-  INDICATES NEGATIVE NUMBERS.
R  INDICATES RECORD WAS SET OR TIED.
MM INDICATES DATA IS MISSING.
T  INDICATES TRACE AMOUNT.




$$
