000
CDUS46 KPQR 261150
CLISLE


CLIMATE REPORT
NATIONAL WEATHER SERVICE PORTLAND OREGON
450 AM PDT SUN MAR 26 2017


...................................

...THE SALEM OR CLIMATE SUMMARY FOR MARCH 25 2017...

CLIMATE NORMAL PERIOD 1981 TO 2010
CLIMATE RECORD PERIOD 1892 TO 2017


WEATHER ITEM   OBSERVED TIME   RECORD YEAR NORMAL DEPARTURE LAST
                VALUE   (LST)  VALUE       VALUE  FROM      YEAR
                                                  NORMAL
..................................................................
TEMPERATURE (F)
 YESTERDAY
  MAXIMUM         54    354 PM  72    1997  58     -4       54
                                      1969
  MINIMUM         43   1202 AM  25    1913  38      5       39
  AVERAGE         49                        48      1       47

PRECIPITATION (IN)
  YESTERDAY        0.02          1.83 1935   0.12  -0.10     0.01
  MONTH TO DATE    6.81                      3.28   3.53     6.11
  SINCE OCT 1     48.92                     30.19  18.73    40.39
  SINCE JAN 1     25.62                     13.80  11.82    16.84

DEGREE DAYS
 HEATING
  YESTERDAY       16                        17     -1       18
  MONTH TO DATE  426                       462    -36      392
  SINCE MAR 1    426                       462    -36      392
  SINCE JUL 1   3584                      3702   -118     3048

 COOLING
  YESTERDAY        0                         0      0        0
  MONTH TO DATE    0                         0      0        0
  SINCE MAR 1      0                         0      0        0
  SINCE JAN 1      0                         0      0        0
..................................................................


WIND (MPH)
  HIGHEST WIND SPEED    22   HIGHEST WIND DIRECTION     W (260)
  HIGHEST GUST SPEED    25   HIGHEST GUST DIRECTION     W (260)
  AVERAGE WIND SPEED     7.0


SKY COVER
  POSSIBLE SUNSHINE  MM
  AVERAGE SKY COVER 0.8


WEATHER CONDITIONS
 THE FOLLOWING WEATHER WAS RECORDED YESTERDAY.
  LIGHT RAIN


RELATIVE HUMIDITY (PERCENT)
 HIGHEST    92           300 AM
 LOWEST     54           400 PM
 AVERAGE    73

..........................................................


THE SALEM OR CLIMATE NORMALS FOR TODAY
                         NORMAL    RECORD    YEAR
 MAXIMUM TEMPERATURE (F)   58        74      1994
 MINIMUM TEMPERATURE (F)   38        25      1996
                                             1899


SUNRISE AND SUNSET
MARCH 26 2017.........SUNRISE   703 AM PDT   SUNSET   733 PM PDT
MARCH 27 2017.........SUNRISE   701 AM PDT   SUNSET   734 PM PDT


-  INDICATES NEGATIVE NUMBERS.
R  INDICATES RECORD WAS SET OR TIED.
MM INDICATES DATA IS MISSING.
T  INDICATES TRACE AMOUNT.




$$
