000
CDUS46 KPQR 201241
CLISLE


CLIMATE REPORT
NATIONAL WEATHER SERVICE PORTLAND OREGON
440 AM PST THU NOV 20 2014


...................................

...THE SALEM OR CLIMATE SUMMARY FOR NOVEMBER 19 2014...

CLIMATE NORMAL PERIOD 1981 TO 2010
CLIMATE RECORD PERIOD 1892 TO 2014


WEATHER ITEM   OBSERVED TIME   RECORD YEAR NORMAL DEPARTURE LAST
                VALUE   (LST)  VALUE       VALUE  FROM      YEAR
                                                  NORMAL
..................................................................
TEMPERATURE (F)
 YESTERDAY
  MAXIMUM         49    243 PM  63    2002  52     -3       54
  MINIMUM         32   1231 AM  19    1977  38     -6       38
  AVERAGE         41                        45     -4       46

PRECIPITATION (IN)
  YESTERDAY        0.15          3.11 1897   0.23  -0.08     0.59
  MONTH TO DATE    2.05                      3.84  -1.79     2.68
  SINCE OCT 1      7.85                      6.87   0.98     3.31
  SINCE JAN 1     31.87                     30.15   1.72    22.31

DEGREE DAYS
 HEATING
  YESTERDAY       24                        20      4       19
  MONTH TO DATE  384                       346     38      291
  SINCE SEP 1    589                       822   -233      756
  SINCE JUL 1    593                       878   -285      761

 COOLING
  YESTERDAY        0                         0      0        0
  MONTH TO DATE    0                         0      0        0
  SINCE SEP 1     87                        38     49       75
  SINCE JAN 1    605                       290    315      502
..................................................................


WIND (MPH)
  HIGHEST WIND SPEED     8   HIGHEST WIND DIRECTION    SE (140)
  HIGHEST GUST SPEED    10   HIGHEST GUST DIRECTION     N (20)
  AVERAGE WIND SPEED     2.4


SKY COVER
  POSSIBLE SUNSHINE  MM
  AVERAGE SKY COVER 0.5


WEATHER CONDITIONS
 THE FOLLOWING WEATHER WAS RECORDED YESTERDAY.
  LIGHT RAIN
  FOG


RELATIVE HUMIDITY (PERCENT)
 HIGHEST    89           800 PM
 LOWEST     39           200 PM
 AVERAGE    64

..........................................................


THE SALEM OR CLIMATE NORMALS FOR TODAY
                         NORMAL    RECORD    YEAR
 MAXIMUM TEMPERATURE (F)   51        65      1910
 MINIMUM TEMPERATURE (F)   38        15      1977


SUNRISE AND SUNSET
NOVEMBER 20 2014......SUNRISE   716 AM PST   SUNSET   439 PM PST
NOVEMBER 21 2014......SUNRISE   718 AM PST   SUNSET   438 PM PST


-  INDICATES NEGATIVE NUMBERS.
R  INDICATES RECORD WAS SET OR TIED.
MM INDICATES DATA IS MISSING.
T  INDICATES TRACE AMOUNT.




$$
