000
CDUS46 KPQR 170221
CLISLE


CLIMATE REPORT
NATIONAL WEATHER SERVICE PORTLAND OREGON
721 PM PDT WED AUG 16 2017


...................................

...THE SALEM OR CLIMATE SUMMARY FOR AUGUST 16 2017...
VALID TODAY AS OF 0700 PM LOCAL TIME.

CLIMATE NORMAL PERIOD 1981 TO 2010
CLIMATE RECORD PERIOD 1892 TO 2017


WEATHER ITEM   OBSERVED TIME   RECORD YEAR NORMAL DEPARTURE LAST
                VALUE   (LST)  VALUE       VALUE  FROM      YEAR
                                                  NORMAL
..................................................................
TEMPERATURE (F)
 TODAY
  MAXIMUM         87    500 PM 101    1977  83      4       88
  MINIMUM         53    409 AM  35    1935  53      0       58
  AVERAGE         70                        68      2       73

PRECIPITATION (IN)
  TODAY            0.00          0.60 1918   0.02  -0.02     0.00
  MONTH TO DATE    0.15                      0.16  -0.01     0.24
  SINCE OCT 1     56.75                     38.10  18.65    45.55
  SINCE JAN 1     33.45                     21.71  11.74    22.00

DEGREE DAYS
 HEATING
  TODAY            0                         1     -1        0
  MONTH TO DATE    2                        13    -11        7
  SINCE JUN 1     84                       173    -89       90
  SINCE JUL 1      2                        43    -41       12

 COOLING
  TODAY            5                         3      2        8
  MONTH TO DATE  160                        63     97       96
  SINCE JUN 1    395                       200    195      308
  SINCE JAN 1    422                       209    213      329
..................................................................


WIND (MPH)
  HIGHEST WIND SPEED    14   HIGHEST WIND DIRECTION    NW (320)
  HIGHEST GUST SPEED    16   HIGHEST GUST DIRECTION    NW (320)
  AVERAGE WIND SPEED     4.9


SKY COVER
  POSSIBLE SUNSHINE  MM
  AVERAGE SKY COVER 0.0


WEATHER CONDITIONS
 THE FOLLOWING WEATHER WAS RECORDED TODAY.
  NO SIGNIFICANT WEATHER WAS OBSERVED.


RELATIVE HUMIDITY (PERCENT)
 HIGHEST    86           400 AM
 LOWEST     23           200 PM
 AVERAGE    55

..........................................................


THE SALEM OR CLIMATE NORMALS FOR TOMORROW
                         NORMAL    RECORD    YEAR
 MAXIMUM TEMPERATURE (F)   82       105      1977
 MINIMUM TEMPERATURE (F)   53        41      1935


SUNRISE AND SUNSET
AUGUST 16 2017........SUNRISE   616 AM PDT   SUNSET   816 PM PDT
AUGUST 17 2017........SUNRISE   617 AM PDT   SUNSET   814 PM PDT


-  INDICATES NEGATIVE NUMBERS.
R  INDICATES RECORD WAS SET OR TIED.
MM INDICATES DATA IS MISSING.
T  INDICATES TRACE AMOUNT.




$$
