000
CDUS46 KPQR 011141
CLISLE


CLIMATE REPORT
NATIONAL WEATHER SERVICE PORTLAND OREGON
440 AM PDT WED OCT 1 2014


...................................

...THE SALEM OR CLIMATE SUMMARY FOR SEPTEMBER 30 2014...

CLIMATE NORMAL PERIOD 1981 TO 2010
CLIMATE RECORD PERIOD 1892 TO 2014


WEATHER ITEM   OBSERVED TIME   RECORD YEAR NORMAL DEPARTURE LAST
                VALUE   (LST)  VALUE       VALUE  FROM      YEAR
                                                  NORMAL
..................................................................
TEMPERATURE (F)
 YESTERDAY
  MAXIMUM         70    311 PM  90    1975  72     -2       MM
  MINIMUM         48   1113 PM  33    1983  45      3       MM
  AVERAGE         59                        58      1       MM

PRECIPITATION (IN)
  YESTERDAY        0.03          1.29 1951   0.06  -0.03     0.42
  MONTH TO DATE    1.20                      1.28  -0.08     7.04
  SINCE OCT 1     28.60                     39.67 -11.07    41.26
  SINCE JAN 1     24.02                     23.28   0.74    19.00

DEGREE DAYS
 HEATING
  YESTERDAY        6                         7     -1       MM
  MONTH TO DATE   28                       109    -81       52
  SINCE SEP 1     28                       109    -81       52
  SINCE JUL 1     32                       165   -133       57

 COOLING
  YESTERDAY        0                         0      0       MM
  MONTH TO DATE   73                        37     36       75
  SINCE SEP 1     73                        37     36       75
  SINCE JAN 1    591                       289    302      502
..................................................................


WIND (MPH)
  HIGHEST WIND SPEED    14   HIGHEST WIND DIRECTION    NW (300)
  HIGHEST GUST SPEED    17   HIGHEST GUST DIRECTION    NW (300)
  AVERAGE WIND SPEED     5.3


SKY COVER
  POSSIBLE SUNSHINE  MM
  AVERAGE SKY COVER 0.7


WEATHER CONDITIONS
 THE FOLLOWING WEATHER WAS RECORDED YESTERDAY.
  LIGHT RAIN
  FOG


RELATIVE HUMIDITY (PERCENT)
 HIGHEST    93           500 AM
 LOWEST     45           300 PM
 AVERAGE    69

..........................................................


THE SALEM OR CLIMATE NORMALS FOR TODAY
                         NORMAL    RECORD    YEAR
 MAXIMUM TEMPERATURE (F)   71        92      1988
 MINIMUM TEMPERATURE (F)   45        31      1950


SUNRISE AND SUNSET
OCTOBER  1 2014.......SUNRISE   710 AM PDT   SUNSET   652 PM PDT
OCTOBER  2 2014.......SUNRISE   711 AM PDT   SUNSET   650 PM PDT


-  INDICATES NEGATIVE NUMBERS.
R  INDICATES RECORD WAS SET OR TIED.
MM INDICATES DATA IS MISSING.
T  INDICATES TRACE AMOUNT.




$$
