000
CDUS46 KPQR 231142
CLISLE


CLIMATE REPORT
NATIONAL WEATHER SERVICE PORTLAND OREGON
441 AM PDT SAT AUG 23 2014


...................................

...THE SALEM OR CLIMATE SUMMARY FOR AUGUST 22 2014...

CLIMATE NORMAL PERIOD 1981 TO 2010
CLIMATE RECORD PERIOD 1892 TO 2014


WEATHER ITEM   OBSERVED TIME   RECORD YEAR NORMAL DEPARTURE LAST
                VALUE   (LST)  VALUE       VALUE  FROM      YEAR
                                                  NORMAL
..................................................................
TEMPERATURE (F)
 YESTERDAY
  MAXIMUM         83    507 PM 100    1942  82      1       86
  MINIMUM         54    521 AM  39    1973  52      2       59
  AVERAGE         69                        67      2       73

PRECIPITATION (IN)
  YESTERDAY        0.00          0.71 1925   0.01  -0.01     0.02
  MONTH TO DATE    0.28                      0.25   0.03     0.04
  SINCE OCT 1     27.33                     38.19 -10.86    33.91
  SINCE JAN 1     22.75                     21.80   0.95    11.65

DEGREE DAYS
 HEATING
  YESTERDAY        0                         1     -1        0
  MONTH TO DATE    0                        19    -19        2
  SINCE JUN 1     69                       179   -110       83
  SINCE JUL 1      3                        49    -46        4

 COOLING
  YESTERDAY        4                         3      1        8
  MONTH TO DATE  181                        81    100      138
  SINCE JUN 1    442                       218    224      367
  SINCE JAN 1    458                       227    231      377
..................................................................


WIND (MPH)
  HIGHEST WIND SPEED    18   HIGHEST WIND DIRECTION    NW (310)
  HIGHEST GUST SPEED    25   HIGHEST GUST DIRECTION     N (360)
  AVERAGE WIND SPEED     4.7


SKY COVER
  POSSIBLE SUNSHINE  MM
  AVERAGE SKY COVER 0.3


WEATHER CONDITIONS
 THE FOLLOWING WEATHER WAS RECORDED YESTERDAY.
  NO SIGNIFICANT WEATHER WAS OBSERVED.


RELATIVE HUMIDITY (PERCENT)
 HIGHEST    77           500 AM
 LOWEST     28           300 PM
 AVERAGE    53

..........................................................


THE SALEM OR CLIMATE NORMALS FOR TODAY
                         NORMAL    RECORD    YEAR
 MAXIMUM TEMPERATURE (F)   82       102      1988
 MINIMUM TEMPERATURE (F)   52        40      1921


SUNRISE AND SUNSET
AUGUST 23 2014........SUNRISE   624 AM PDT   SUNSET   805 PM PDT
AUGUST 24 2014........SUNRISE   625 AM PDT   SUNSET   803 PM PDT


-  INDICATES NEGATIVE NUMBERS.
R  INDICATES RECORD WAS SET OR TIED.
MM INDICATES DATA IS MISSING.
T  INDICATES TRACE AMOUNT.




$$
