463
CDUS46 KPQR 040020
CLISLE


CLIMATE REPORT
NATIONAL WEATHER SERVICE PORTLAND OREGON
420 PM PST SAT DEC 3 2016


...................................

...THE SALEM OR CLIMATE SUMMARY FOR DECEMBER 3 2016...
VALID TODAY AS OF 0400 PM LOCAL TIME.

CLIMATE NORMAL PERIOD 1981 TO 2010
CLIMATE RECORD PERIOD 1892 TO 2016


WEATHER ITEM   OBSERVED TIME   RECORD YEAR NORMAL DEPARTURE LAST
                VALUE   (LST)  VALUE       VALUE  FROM      YEAR
                                                  NORMAL
..................................................................
TEMPERATURE (F)
 TODAY
  MAXIMUM         52    315 PM  63    1896  48      4       59
  MINIMUM         43    133 AM  21    1969  35      8       40
  AVERAGE         48                        42      6       50

PRECIPITATION (IN)
  TODAY            0.01          1.81 1943   0.24  -0.23     0.41
  MONTH TO DATE    0.07                      0.75  -0.68     1.71
  SINCE OCT 1     18.22                     10.28   7.94    10.02
  SINCE JAN 1     41.92                     33.56   8.36    27.14

DEGREE DAYS
 HEATING
  TODAY           17                        23     -6       15
  MONTH TO DATE   61                        69     -8       65
  SINCE DEC 1     61                        69     -8       65
  SINCE JUL 1    865                      1186   -321      945

 COOLING
  TODAY            0                         0      0        0
  MONTH TO DATE    0                         0      0        0
  SINCE DEC 1      0                         0      0        0
  SINCE JAN 1    465                       290    175      682
..................................................................


WIND (MPH)
  HIGHEST WIND SPEED    14   HIGHEST WIND DIRECTION     S (200)
  HIGHEST GUST SPEED    19   HIGHEST GUST DIRECTION     S (200)
  AVERAGE WIND SPEED     6.2


SKY COVER
  POSSIBLE SUNSHINE  MM
  AVERAGE SKY COVER 0.7


WEATHER CONDITIONS
 THE FOLLOWING WEATHER WAS RECORDED TODAY.
  LIGHT RAIN


RELATIVE HUMIDITY (PERCENT)
 HIGHEST    93          1000 AM
 LOWEST     71           100 PM
 AVERAGE    82

..........................................................


THE SALEM OR CLIMATE NORMALS FOR TOMORROW
                         NORMAL    RECORD    YEAR
 MAXIMUM TEMPERATURE (F)   48        63      1945
 MINIMUM TEMPERATURE (F)   35        18      1972


SUNRISE AND SUNSET
DECEMBER  3 2016......SUNRISE   733 AM PST   SUNSET   431 PM PST
DECEMBER  4 2016......SUNRISE   734 AM PST   SUNSET   431 PM PST


-  INDICATES NEGATIVE NUMBERS.
R  INDICATES RECORD WAS SET OR TIED.
MM INDICATES DATA IS MISSING.
T  INDICATES TRACE AMOUNT.




$$
