000
CDUS46 KPQR 180024
CLISLE


CLIMATE REPORT
NATIONAL WEATHER SERVICE PORTLAND OREGON
424 PM PST TUE JAN 17 2017


...................................

...THE SALEM OR CLIMATE SUMMARY FOR JANUARY 17 2017...
VALID TODAY AS OF 0400 PM LOCAL TIME.

CLIMATE NORMAL PERIOD 1981 TO 2010
CLIMATE RECORD PERIOD 1892 TO 2017


WEATHER ITEM   OBSERVED TIME   RECORD YEAR NORMAL DEPARTURE LAST
                VALUE   (LST)  VALUE       VALUE  FROM      YEAR
                                                  NORMAL
..................................................................
TEMPERATURE (F)
 TODAY
  MAXIMUM         37    359 PM  61    1975  48    -11       50
  MINIMUM         26    107 AM  13    1950  35     -9       40
                                      1907
  AVERAGE         32                        41     -9       45

PRECIPITATION (IN)
  TODAY            0.34          2.22 1997   0.19   0.15     0.94
  MONTH TO DATE    3.50                      3.45   0.05     3.94
  SINCE OCT 1     26.80                     19.84   6.96    27.49
  SINCE JAN 1      3.50                      3.45   0.05     3.94

DEGREE DAYS
 HEATING
  TODAY           33                        24      9       20
  MONTH TO DATE  573                       415    158      430
  SINCE DEC 1   1439                      1187    252     1068
  SINCE JUL 1   2243                      2304    -61     1948

 COOLING
  TODAY            0                         0      0        0
  MONTH TO DATE    0                         0      0        0
  SINCE DEC 1      0                         0      0        0
  SINCE JAN 1      0                         0      0        0
..................................................................


WIND (MPH)
  HIGHEST WIND SPEED    10   HIGHEST WIND DIRECTION     N (340)
  HIGHEST GUST SPEED    11   HIGHEST GUST DIRECTION     N (340)
  AVERAGE WIND SPEED     2.8


SKY COVER
  POSSIBLE SUNSHINE  MM
  AVERAGE SKY COVER 0.9


WEATHER CONDITIONS
 THE FOLLOWING WEATHER WAS RECORDED TODAY.
  RAIN
  LIGHT RAIN
  FOG
  HAZE


RELATIVE HUMIDITY (PERCENT)
 HIGHEST    92           300 PM
 LOWEST     69           400 AM
 AVERAGE    81

..........................................................


THE SALEM OR CLIMATE NORMALS FOR TOMORROW
                         NORMAL    RECORD    YEAR
 MAXIMUM TEMPERATURE (F)   48        68      1899
 MINIMUM TEMPERATURE (F)   35        10      1943


SUNRISE AND SUNSET
JANUARY 17 2017.......SUNRISE   745 AM PST   SUNSET   500 PM PST
JANUARY 18 2017.......SUNRISE   744 AM PST   SUNSET   501 PM PST


-  INDICATES NEGATIVE NUMBERS.
R  INDICATES RECORD WAS SET OR TIED.
MM INDICATES DATA IS MISSING.
T  INDICATES TRACE AMOUNT.




$$
