000
CDUS46 KPQR 211141
CLISLE


CLIMATE REPORT
NATIONAL WEATHER SERVICE PORTLAND OREGON
340 AM PST SUN DEC 21 2014


...................................

...THE SALEM OR CLIMATE SUMMARY FOR DECEMBER 20 2014...

CLIMATE NORMAL PERIOD 1981 TO 2010
CLIMATE RECORD PERIOD 1892 TO 2014


WEATHER ITEM   OBSERVED TIME   RECORD YEAR NORMAL DEPARTURE LAST
                VALUE   (LST)  VALUE       VALUE  FROM      YEAR
                                                  NORMAL
..................................................................
TEMPERATURE (F)
 YESTERDAY
  MAXIMUM         59   1157 PM  63    1994  46     13       47
  MINIMUM         48    609 AM   9    1990  33     15       32
  AVERAGE         54                        39     15       40

PRECIPITATION (IN)
  YESTERDAY        1.63          2.00 1900   0.22   1.41     0.08
  MONTH TO DATE    5.29                      4.55   0.74     1.22
  SINCE OCT 1     15.96                     14.08   1.88     4.53
  SINCE JAN 1     39.98                     37.36   2.62    23.53

DEGREE DAYS
 HEATING
  YESTERDAY       11                        26    -15       25
  MONTH TO DATE  380                       491   -111      615
  SINCE DEC 1    380                       491   -111      615
  SINCE JUL 1   1146                      1608   -462     1658

 COOLING
  YESTERDAY        0                         0      0        0
  MONTH TO DATE    0                         0      0        0
  SINCE DEC 1      0                         0      0        0
  SINCE JAN 1    605                       290    315      502
..................................................................


WIND (MPH)
  HIGHEST WIND SPEED    31   HIGHEST WIND DIRECTION     S (170)
  HIGHEST GUST SPEED    44   HIGHEST GUST DIRECTION     S (170)
  AVERAGE WIND SPEED    18.7


SKY COVER
  POSSIBLE SUNSHINE  MM
  AVERAGE SKY COVER 1.0


WEATHER CONDITIONS
 THE FOLLOWING WEATHER WAS RECORDED YESTERDAY.
  RAIN
  LIGHT RAIN
  FOG


RELATIVE HUMIDITY (PERCENT)
 HIGHEST    93           300 PM
 LOWEST     80           700 AM
 AVERAGE    87

..........................................................


THE SALEM OR CLIMATE NORMALS FOR TODAY
                         NORMAL    RECORD    YEAR
 MAXIMUM TEMPERATURE (F)   45        62      1980
                                             1972
                                             1955
 MINIMUM TEMPERATURE (F)   33         8      1990


SUNRISE AND SUNSET
DECEMBER 21 2014......SUNRISE   747 AM PST   SUNSET   434 PM PST
DECEMBER 22 2014......SUNRISE   747 AM PST   SUNSET   434 PM PST


-  INDICATES NEGATIVE NUMBERS.
R  INDICATES RECORD WAS SET OR TIED.
MM INDICATES DATA IS MISSING.
T  INDICATES TRACE AMOUNT.




$$
