000
CDUS46 KPQR 281154
CLISLE


CLIMATE REPORT
NATIONAL WEATHER SERVICE PORTLAND OREGON
454 AM PDT WED SEP 28 2016


...................................

...THE SALEM OR CLIMATE SUMMARY FOR SEPTEMBER 27 2016...

CLIMATE NORMAL PERIOD 1981 TO 2010
CLIMATE RECORD PERIOD 1892 TO 2016


WEATHER ITEM   OBSERVED TIME   RECORD YEAR NORMAL DEPARTURE LAST
                VALUE   (LST)  VALUE       VALUE  FROM      YEAR
                                                  NORMAL
..................................................................
TEMPERATURE (F)
 YESTERDAY
  MAXIMUM         75    407 PM  98    2003  73      2       72
  MINIMUM         57   1142 PM  26    1972  46     11       40
  AVERAGE         66                        60      6       56

PRECIPITATION (IN)
  YESTERDAY        0.00          1.24 1927   0.06  -0.06     0.00
  MONTH TO DATE    1.54                      1.10   0.44     1.13
  SINCE OCT 1     47.25                     39.49   7.76    34.66
  SINCE JAN 1     23.70                     23.10   0.60    17.12

DEGREE DAYS
 HEATING
  YESTERDAY        0                         6     -6        9
  MONTH TO DATE   71                        90    -19       84
  SINCE SEP 1     71                        90    -19       84
  SINCE JUL 1     86                       146    -60       86

 COOLING
  YESTERDAY        1                         0      1        0
  MONTH TO DATE   19                        36    -17       43
  SINCE SEP 1     19                        36    -17       43
  SINCE JAN 1    465                       288    177      680
..................................................................


WIND (MPH)
  HIGHEST WIND SPEED    17   HIGHEST WIND DIRECTION     N (20)
  HIGHEST GUST SPEED    24   HIGHEST GUST DIRECTION    NE (30)
  AVERAGE WIND SPEED     8.7


SKY COVER
  POSSIBLE SUNSHINE  MM
  AVERAGE SKY COVER 0.3


WEATHER CONDITIONS
 THE FOLLOWING WEATHER WAS RECORDED YESTERDAY.
  NO SIGNIFICANT WEATHER WAS OBSERVED.


RELATIVE HUMIDITY (PERCENT)
 HIGHEST    93           300 AM
 LOWEST     43           300 PM
 AVERAGE    68

..........................................................


THE SALEM OR CLIMATE NORMALS FOR TODAY
                         NORMAL    RECORD    YEAR
 MAXIMUM TEMPERATURE (F)   73        90      1989
                                             1918
 MINIMUM TEMPERATURE (F)   46        32      1972


SUNRISE AND SUNSET
SEPTEMBER 28 2016.....SUNRISE   707 AM PDT   SUNSET   657 PM PDT
SEPTEMBER 29 2016.....SUNRISE   708 AM PDT   SUNSET   655 PM PDT


-  INDICATES NEGATIVE NUMBERS.
R  INDICATES RECORD WAS SET OR TIED.
MM INDICATES DATA IS MISSING.
T  INDICATES TRACE AMOUNT.




$$
