510
CDUS41 KBTV 120526
CLISLK


CLIMATE REPORT
NATIONAL WEATHER SERVICE BURLINGTON VT
1223 AM EST FRI FEB 12 2016


...................................

...THE SARANAC LAKE NY CLIMATE SUMMARY FOR FEBRUARY 11 2016...

CLIMATE NORMAL PERIOD 1981 TO 2010
CLIMATE RECORD PERIOD 9999 TO 9999


WEATHER ITEM   OBSERVED TIME   NORMAL DEPARTURE LAST
                VALUE   (LST)  VALUE  FROM      YEAR
                                      NORMAL
......................................................
TEMPERATURE (F)
 YESTERDAY
  MAXIMUM         17   1241 AM  27    -10       25
  MINIMUM        -12   1151 PM   1    -13      -13
  AVERAGE          3            14    -11        6

PRECIPITATION (IN)
  YESTERDAY        T             0.06  -0.06      T
  MONTH TO DATE    0.68          0.66   0.02     0.16
  SINCE DEC 1      5.32          5.08   0.24     2.71
  SINCE JAN 1      1.37          2.79  -1.42     0.77

DEGREE DAYS
 HEATING
  YESTERDAY       62            51     11       59
  MONTH TO DATE  442           567   -125      671
  SINCE DEC 1   2790          3594   -804     3513
  SINCE JUL 1   4740          5869  -1129     5677

 COOLING
  YESTERDAY        0             0      0        0
  MONTH TO DATE    0             0      0        0
  SINCE DEC 1      0             0      0        0
  SINCE JAN 1      0             0      0        0
......................................................


WIND (MPH)
  HIGHEST WIND SPEED    17   HIGHEST WIND DIRECTION    SW (230)
  HIGHEST GUST SPEED    23   HIGHEST GUST DIRECTION    SW (240)
  AVERAGE WIND SPEED     6.4


SKY COVER
  AVERAGE SKY COVER 0.8


WEATHER CONDITIONS
 THE FOLLOWING WEATHER WAS RECORDED YESTERDAY.
  LIGHT SNOW
  FOG
  HAZE


RELATIVE HUMIDITY (PERCENT)
 HIGHEST    88           100 AM
 LOWEST     60           100 PM
 AVERAGE    74

..........................................................


THE SARANAC LAKE NY CLIMATE NORMALS FOR TODAY
                         NORMAL    RECORD    YEAR
 MAXIMUM TEMPERATURE (F)   27        58      1999
 MINIMUM TEMPERATURE (F)    1       -30      2014


SUNRISE AND SUNSET
FEBRUARY 12 2016......SUNRISE   702 AM EST   SUNSET   521 PM EST
FEBRUARY 13 2016......SUNRISE   700 AM EST   SUNSET   522 PM EST


-  INDICATES NEGATIVE NUMBERS.
R  INDICATES RECORD WAS SET OR TIED.
MM INDICATES DATA IS MISSING.
T  INDICATES TRACE AMOUNT.




$$
