000
CDUS41 KBTV 180649
CLISLK


CLIMATE REPORT
NATIONAL WEATHER SERVICE BURLINGTON VT
249 AM EDT THU SEP 18 2014


...................................

...THE SARANAC LAKE NY CLIMATE SUMMARY FOR SEPTEMBER 17 2014...

CLIMATE NORMAL PERIOD 1981 TO 2010
CLIMATE RECORD PERIOD 9999 TO 9999


WEATHER ITEM   OBSERVED TIME   NORMAL DEPARTURE LAST
                VALUE   (LST)  VALUE  FROM      YEAR
                                      NORMAL
......................................................
TEMPERATURE (F)
 YESTERDAY
  MAXIMUM         61    222 PM  66     -5       62
  MINIMUM         31    607 AM  41    -10       25
  AVERAGE         46            53     -7       44

PRECIPITATION (IN)
  YESTERDAY        0.00          0.11  -0.11     0.00
  MONTH TO DATE    1.88          1.93  -0.05     3.22
  SINCE SEP 1      1.88          1.93  -0.05     3.22
  SINCE JAN 1     27.84         26.47   1.37    32.10

DEGREE DAYS
 HEATING
  YESTERDAY       19            12      7       21
  MONTH TO DATE  170           155     15      196
  SINCE SEP 1    170           155     15      196
  SINCE JUL 1    449           395     54      409

 COOLING
  YESTERDAY        0             0      0        0
  MONTH TO DATE   12             7      5       16
  SINCE SEP 1     12             7      5       16
  SINCE JAN 1     80           114    -34      187
......................................................


WIND (MPH)
  HIGHEST WIND SPEED    16   HIGHEST WIND DIRECTION    SW (220)
  HIGHEST GUST SPEED    22   HIGHEST GUST DIRECTION    SW (220)
  AVERAGE WIND SPEED     5.5


SKY COVER
  AVERAGE SKY COVER 0.4


WEATHER CONDITIONS
 THE FOLLOWING WEATHER WAS RECORDED YESTERDAY.
  FOG
  FOG W/VISIBILITY <= 1/4 MILE


RELATIVE HUMIDITY (PERCENT)
 HIGHEST   100          1200 AM
 LOWEST     47           100 PM
 AVERAGE    74

..........................................................


THE SARANAC LAKE NY CLIMATE NORMALS FOR TODAY
                         NORMAL    RECORD    YEAR
 MAXIMUM TEMPERATURE (F)   65        MM        MM
 MINIMUM TEMPERATURE (F)   41        MM        MM


SUNRISE AND SUNSET
SEPTEMBER 18 2014.....SUNRISE   639 AM EDT   SUNSET   702 PM EDT
SEPTEMBER 19 2014.....SUNRISE   640 AM EDT   SUNSET   700 PM EDT


-  INDICATES NEGATIVE NUMBERS.
R  INDICATES RECORD WAS SET OR TIED.
MM INDICATES DATA IS MISSING.
T  INDICATES TRACE AMOUNT.




$$
