000
CDUS41 KBTV 240617
CLISLK


CLIMATE REPORT
NATIONAL WEATHER SERVICE BURLINGTON VT
117 AM EST WED DEC 24 2014


...................................

...THE SARANAC LAKE NY CLIMATE SUMMARY FOR DECEMBER 23 2014...

CLIMATE NORMAL PERIOD 1981 TO 2010
CLIMATE RECORD PERIOD 9999 TO 9999


WEATHER ITEM   OBSERVED TIME   NORMAL DEPARTURE LAST
                VALUE   (LST)  VALUE  FROM      YEAR
                                      NORMAL
......................................................
TEMPERATURE (F)
 YESTERDAY
  MAXIMUM         37   1015 AM  27     10       36
  MINIMUM         23   1200 AM   6     17       17
  AVERAGE         30            16     14       27

PRECIPITATION (IN)
  YESTERDAY        0.25          0.07   0.18     0.01
  MONTH TO DATE    1.10          1.80  -0.70     2.30
  SINCE DEC 1      1.10          1.80  -0.70     2.30
  SINCE JAN 1     34.32         37.03  -2.71    41.15

DEGREE DAYS
 HEATING
  YESTERDAY       35            49    -14       38
  MONTH TO DATE  961          1026    -65     1054
  SINCE DEC 1    961          1026    -65     1054
  SINCE JUL 1   3125          3301   -176     3440

 COOLING
  YESTERDAY        0             0      0        0
  MONTH TO DATE    0             0      0        0
  SINCE DEC 1      0             0      0        0
  SINCE JAN 1     83           114    -31      187
......................................................


WIND (MPH)
  HIGHEST WIND SPEED    12   HIGHEST WIND DIRECTION    NE (60)
  HIGHEST GUST SPEED    14   HIGHEST GUST DIRECTION    NE (60)
  AVERAGE WIND SPEED     4.6


SKY COVER
  AVERAGE SKY COVER 1.0


WEATHER CONDITIONS
 THE FOLLOWING WEATHER WAS RECORDED YESTERDAY.
  RAIN
  LIGHT RAIN
  FREEZING RAIN
  LT FREEZING RAIN
  LIGHT SNOW
  FOG


RELATIVE HUMIDITY (PERCENT)
 HIGHEST   100           500 AM
 LOWEST     84           100 AM
 AVERAGE    92

..........................................................


THE SARANAC LAKE NY CLIMATE NORMALS FOR TODAY
                         NORMAL    RECORD    YEAR
 MAXIMUM TEMPERATURE (F)   26        MM        MM
 MINIMUM TEMPERATURE (F)    6        MM        MM


SUNRISE AND SUNSET
DECEMBER 24 2014......SUNRISE   731 AM EST   SUNSET   422 PM EST
DECEMBER 25 2014......SUNRISE   731 AM EST   SUNSET   422 PM EST


-  INDICATES NEGATIVE NUMBERS.
R  INDICATES RECORD WAS SET OR TIED.
MM INDICATES DATA IS MISSING.
T  INDICATES TRACE AMOUNT.




$$
