000
CDUS41 KBTV 280705
CLISLK


CLIMATE REPORT
NATIONAL WEATHER SERVICE BURLINGTON VT
303 AM EDT FRI APR 28 2017


...................................

...THE SARANAC LAKE NY CLIMATE SUMMARY FOR APRIL 27 2017...

CLIMATE NORMAL PERIOD 1981 TO 2010
CLIMATE RECORD PERIOD 9999 TO 9999


WEATHER ITEM   OBSERVED TIME   NORMAL DEPARTURE LAST
                VALUE   (LST)  VALUE  FROM      YEAR
                                      NORMAL
......................................................
TEMPERATURE (F)
 YESTERDAY
  MAXIMUM         79    429 PM  56     23       45
  MINIMUM         41    527 AM  30     11       15
  AVERAGE         60            43     17       30

PRECIPITATION (IN)
  YESTERDAY        0.00          0.10  -0.10     0.00
  MONTH TO DATE    2.76          2.56   0.20     2.88
  SINCE MAR 1      4.88          4.84   0.04     5.70
  SINCE JAN 1      9.42          8.58   0.84     9.58

DEGREE DAYS
 HEATING
  YESTERDAY        5            22    -17       35
  MONTH TO DATE  586           746   -160      823
  SINCE MAR 1   1980          2003    -23     1854
  SINCE JUL 1   7676          8708  -1032     7449

 COOLING
  YESTERDAY        0             0      0        0
  MONTH TO DATE    0             0      0        0
  SINCE MAR 1      0             0      0        0
  SINCE JAN 1      0             0      0        0
......................................................


WIND (MPH)
  HIGHEST WIND SPEED    18   HIGHEST WIND DIRECTION     S (180)
  HIGHEST GUST SPEED    24   HIGHEST GUST DIRECTION     S (180)
  AVERAGE WIND SPEED     5.8


SKY COVER
  AVERAGE SKY COVER 0.3


WEATHER CONDITIONS
 THE FOLLOWING WEATHER WAS RECORDED YESTERDAY.
  FOG
  FOG W/VISIBILITY <= 1/4 MILE


RELATIVE HUMIDITY (PERCENT)
 HIGHEST   100          1200 AM
 LOWEST     42           400 PM
 AVERAGE    71

..........................................................


THE SARANAC LAKE NY CLIMATE NORMALS FOR TODAY
                         NORMAL    RECORD    YEAR
 MAXIMUM TEMPERATURE (F)   57        79      2009
 MINIMUM TEMPERATURE (F)   30        16      2016


SUNRISE AND SUNSET
APRIL 28 2017.........SUNRISE   552 AM EDT   SUNSET   758 PM EDT
APRIL 29 2017.........SUNRISE   550 AM EDT   SUNSET   759 PM EDT


-  INDICATES NEGATIVE NUMBERS.
R  INDICATES RECORD WAS SET OR TIED.
MM INDICATES DATA IS MISSING.
T  INDICATES TRACE AMOUNT.




$$
