000
CDUS41 KBTV 210546
CLISLK


CLIMATE REPORT
NATIONAL WEATHER SERVICE BURLINGTON VT
144 AM EDT MON AUG 21 2017


...................................

...THE SARANAC LAKE NY CLIMATE SUMMARY FOR AUGUST 20 2017...

CLIMATE NORMAL PERIOD 1981 TO 2010
CLIMATE RECORD PERIOD 9999 TO 9999


WEATHER ITEM   OBSERVED TIME   NORMAL DEPARTURE LAST
                VALUE   (LST)  VALUE  FROM      YEAR
                                      NORMAL
......................................................
TEMPERATURE (F)
 YESTERDAY
  MAXIMUM         74    319 PM  74      0       84
  MINIMUM         52   1150 PM  48      4       47
  AVERAGE         63            61      2       66

PRECIPITATION (IN)
  YESTERDAY        0.02          0.14  -0.12     0.00
  MONTH TO DATE    2.47          2.65  -0.18     2.46
  SINCE JUN 1     14.36         10.69   3.67     8.53
  SINCE JAN 1     30.45         23.04   7.41    21.04

DEGREE DAYS
 HEATING
  YESTERDAY        2             5     -3        0
  MONTH TO DATE   68            84    -16       17
  SINCE JUN 1    378           362     16      305
  SINCE JUL 1    160           178    -18       90

 COOLING
  YESTERDAY        0             1     -1        1
  MONTH TO DATE   12            20     -8       50
  SINCE JUN 1     45            92    -47      114
  SINCE JAN 1     51            95    -44      132
......................................................


WIND (MPH)
  HIGHEST WIND SPEED    14   HIGHEST WIND DIRECTION    SW (240)
  HIGHEST GUST SPEED    20   HIGHEST GUST DIRECTION    SW (220)
  AVERAGE WIND SPEED     5.1


SKY COVER
  AVERAGE SKY COVER 0.5


WEATHER CONDITIONS
 THE FOLLOWING WEATHER WAS RECORDED YESTERDAY.
  FOG


RELATIVE HUMIDITY (PERCENT)
 HIGHEST   100           200 AM
 LOWEST     53           200 PM
 AVERAGE    77

..........................................................


THE SARANAC LAKE NY CLIMATE NORMALS FOR TODAY
                         NORMAL    RECORD    YEAR
 MAXIMUM TEMPERATURE (F)   74        83      2003
 MINIMUM TEMPERATURE (F)   48        31      2007


SUNRISE AND SUNSET
AUGUST 21 2017........SUNRISE   607 AM EDT   SUNSET   752 PM EDT
AUGUST 22 2017........SUNRISE   608 AM EDT   SUNSET   750 PM EDT


-  INDICATES NEGATIVE NUMBERS.
R  INDICATES RECORD WAS SET OR TIED.
MM INDICATES DATA IS MISSING.
T  INDICATES TRACE AMOUNT.




$$
