000
CDUS41 KBTV 240535
CLISLK


CLIMATE REPORT
NATIONAL WEATHER SERVICE BURLINGTON VT
132 AM EDT SAT SEP 24 2016


...................................

...THE SARANAC LAKE NY CLIMATE SUMMARY FOR SEPTEMBER 23 2016...

CLIMATE NORMAL PERIOD 1981 TO 2010
CLIMATE RECORD PERIOD 9999 TO 9999


WEATHER ITEM   OBSERVED TIME   NORMAL DEPARTURE LAST
                VALUE   (LST)  VALUE  FROM      YEAR
                                      NORMAL
......................................................
TEMPERATURE (F)
 YESTERDAY
  MAXIMUM         67   1238 AM  63      4       73
  MINIMUM         40    934 PM  39      1       31
  AVERAGE         54            51      3       52

PRECIPITATION (IN)
  YESTERDAY        0.80          0.11   0.69     0.00
  MONTH TO DATE    2.22          2.61  -0.39     1.38
  SINCE SEP 1      2.22          2.61  -0.39     1.38
  SINCE JAN 1     24.14         27.15  -3.01    25.43

DEGREE DAYS
 HEATING
  YESTERDAY       11            14     -3       13
  MONTH TO DATE  145           234    -89      104
  SINCE SEP 1    145           234    -89      104
  SINCE JUL 1    266           474   -208      297

 COOLING
  YESTERDAY        0             0      0        0
  MONTH TO DATE   15             7      8       27
  SINCE SEP 1     15             7      8       27
  SINCE JAN 1    166           114     52      130
......................................................


WIND (MPH)
  HIGHEST WIND SPEED    13   HIGHEST WIND DIRECTION    NE (50)
  HIGHEST GUST SPEED    17   HIGHEST GUST DIRECTION    NE (30)
  AVERAGE WIND SPEED     4.9


SKY COVER
  AVERAGE SKY COVER 0.9


WEATHER CONDITIONS
 THE FOLLOWING WEATHER WAS RECORDED YESTERDAY.
  HEAVY RAIN
  RAIN
  LIGHT RAIN
  FOG


RELATIVE HUMIDITY (PERCENT)
 HIGHEST   100           400 AM
 LOWEST     71           400 PM
 AVERAGE    86

..........................................................


THE SARANAC LAKE NY CLIMATE NORMALS FOR TODAY
                         NORMAL    RECORD    YEAR
 MAXIMUM TEMPERATURE (F)   62        83      2010
 MINIMUM TEMPERATURE (F)   38        24      1998


SUNRISE AND SUNSET
SEPTEMBER 24 2016.....SUNRISE   647 AM EDT   SUNSET   650 PM EDT
SEPTEMBER 25 2016.....SUNRISE   648 AM EDT   SUNSET   648 PM EDT


-  INDICATES NEGATIVE NUMBERS.
R  INDICATES RECORD WAS SET OR TIED.
MM INDICATES DATA IS MISSING.
T  INDICATES TRACE AMOUNT.




$$
