000
CDUS41 KBTV 010544
CLISLK


CLIMATE REPORT
NATIONAL WEATHER SERVICE BURLINGTON VT
142 AM EDT MON SEP 1 2014


...................................

...THE SARANAC LAKE NY CLIMATE SUMMARY FOR AUGUST 31 2014...

CLIMATE NORMAL PERIOD 1981 TO 2010
CLIMATE RECORD PERIOD 9999 TO 9999


WEATHER ITEM   OBSERVED TIME   NORMAL DEPARTURE LAST
                VALUE   (LST)  VALUE  FROM      YEAR
                                      NORMAL
......................................................
TEMPERATURE (F)
 YESTERDAY
  MAXIMUM         72    159 PM  72      0       72
  MINIMUM         65    951 PM  46     19       61
  AVERAGE         69            59     10       67

PRECIPITATION (IN)
  YESTERDAY        0.12          0.13  -0.01     0.13
  MONTH TO DATE    2.96          4.15  -1.19     3.16
  SINCE JUN 1     13.80         12.19   1.61    17.88
  SINCE JAN 1     25.96         24.54   1.42    28.88

DEGREE DAYS
 HEATING
  YESTERDAY        0             7     -7        0
  MONTH TO DATE  144           147     -3      143
  SINCE JUN 1    446           424     22      433
  SINCE JUL 1    279           240     39      213

 COOLING
  YESTERDAY        4             1      3        2
  MONTH TO DATE    8            32    -24       25
  SINCE JUN 1     67           104    -37      161
  SINCE JAN 1     68           107    -39      171
......................................................


WIND (MPH)
  HIGHEST WIND SPEED    17   HIGHEST WIND DIRECTION    SW (220)
  HIGHEST GUST SPEED    24   HIGHEST GUST DIRECTION    SW (210)
  AVERAGE WIND SPEED     9.2


SKY COVER
  AVERAGE SKY COVER 0.8


WEATHER CONDITIONS
 THE FOLLOWING WEATHER WAS RECORDED YESTERDAY.
  THUNDERSTORM
  HEAVY RAIN
  LIGHT RAIN
  FOG
  HAZE


RELATIVE HUMIDITY (PERCENT)
 HIGHEST   100          1000 PM
 LOWEST     81          1200 AM
 AVERAGE    91

..........................................................


THE SARANAC LAKE NY CLIMATE NORMALS FOR TODAY
                         NORMAL    RECORD    YEAR
 MAXIMUM TEMPERATURE (F)   72        MM        MM
 MINIMUM TEMPERATURE (F)   46        MM        MM


SUNRISE AND SUNSET
SEPTEMBER  1 2014.....SUNRISE   619 AM EDT   SUNSET   733 PM EDT
SEPTEMBER  2 2014.....SUNRISE   621 AM EDT   SUNSET   731 PM EDT


-  INDICATES NEGATIVE NUMBERS.
R  INDICATES RECORD WAS SET OR TIED.
MM INDICATES DATA IS MISSING.
T  INDICATES TRACE AMOUNT.




$$
