000
CDUS41 KBTV 300538
CLISLK


CLIMATE REPORT
NATIONAL WEATHER SERVICE BURLINGTON VT
137 AM EDT WED JUL 30 2014


...................................

...THE SARANAC LAKE NY CLIMATE SUMMARY FOR JULY 29 2014...

CLIMATE NORMAL PERIOD 1981 TO 2010
CLIMATE RECORD PERIOD 9999 TO 9999


WEATHER ITEM   OBSERVED TIME   NORMAL DEPARTURE LAST
                VALUE   (LST)  VALUE  FROM      YEAR
                                      NORMAL
......................................................
TEMPERATURE (F)
 YESTERDAY
  MAXIMUM         65    449 PM  75    -10       71
  MINIMUM         43   1159 PM  51     -8       50
  AVERAGE         54            63     -9       61

PRECIPITATION (IN)
  YESTERDAY        0.00          0.14  -0.14     0.01
  MONTH TO DATE    3.63          3.92  -0.29     5.44
  SINCE JUN 1     10.41          7.77   2.64    14.72
  SINCE JAN 1     22.57         20.12   2.45    25.72

DEGREE DAYS
 HEATING
  YESTERDAY       11             3      8        4
  MONTH TO DATE  114            87     27       64
  SINCE JUN 1    281           271     10      284
  SINCE JUL 1    114            87     27       64

 COOLING
  YESTERDAY        0             1     -1        0
  MONTH TO DATE   38            44     -6      100
  SINCE JUN 1     59            70    -11      136
  SINCE JAN 1     60            73    -13      146
......................................................


WIND (MPH)
  HIGHEST WIND SPEED    13   HIGHEST WIND DIRECTION    SW (240)
  HIGHEST GUST SPEED    18   HIGHEST GUST DIRECTION    NW (330)
  AVERAGE WIND SPEED     3.4


SKY COVER
  AVERAGE SKY COVER 0.7


WEATHER CONDITIONS
 THE FOLLOWING WEATHER WAS RECORDED YESTERDAY.
  FOG
  FOG W/VISIBILITY <= 1/4 MILE


RELATIVE HUMIDITY (PERCENT)
 HIGHEST   100           400 AM
 LOWEST     52           500 PM
 AVERAGE    76

..........................................................


THE SARANAC LAKE NY CLIMATE NORMALS FOR TODAY
                         NORMAL    RECORD    YEAR
 MAXIMUM TEMPERATURE (F)   75        MM        MM
 MINIMUM TEMPERATURE (F)   51        MM        MM


SUNRISE AND SUNSET
JULY 30 2014..........SUNRISE   542 AM EDT   SUNSET   824 PM EDT
JULY 31 2014..........SUNRISE   543 AM EDT   SUNSET   823 PM EDT


-  INDICATES NEGATIVE NUMBERS.
R  INDICATES RECORD WAS SET OR TIED.
MM INDICATES DATA IS MISSING.
T  INDICATES TRACE AMOUNT.




$$
