000
CDUS41 KBTV 290543
CLISLK


CLIMATE REPORT
NATIONAL WEATHER SERVICE BURLINGTON VT
140 AM EDT SUN MAY 29 2016


...................................

...THE SARANAC LAKE NY CLIMATE SUMMARY FOR MAY 28 2016...

CLIMATE NORMAL PERIOD 1981 TO 2010
CLIMATE RECORD PERIOD 9999 TO 9999


WEATHER ITEM   OBSERVED TIME   NORMAL DEPARTURE LAST
                VALUE   (LST)  VALUE  FROM      YEAR
                                      NORMAL
......................................................
TEMPERATURE (F)
 YESTERDAY
  MAXIMUM         86    345 PM  67     19       64
  MINIMUM         53    451 AM  41     12       45
  AVERAGE         70            54     16       55

PRECIPITATION (IN)
  YESTERDAY        0.00          0.12  -0.12     0.16
  MONTH TO DATE    1.81          3.07  -1.26     2.11
  SINCE MAR 1      7.51          8.24  -0.73     5.44
  SINCE JAN 1     11.39         11.98  -0.59     6.31

DEGREE DAYS
 HEATING
  YESTERDAY        0            11    -11       10
  MONTH TO DATE  418           431    -13      293
  SINCE MAR 1   2350          2497   -147     2514
  SINCE JUL 1   7945          9202  -1257     9297

 COOLING
  YESTERDAY        5             0      5        0
  MONTH TO DATE    9             0      9       15
  SINCE MAR 1      9             0      9       15
  SINCE JAN 1      9             0      9       15
......................................................


WIND (MPH)
  HIGHEST WIND SPEED    12   HIGHEST WIND DIRECTION     W (250)
  HIGHEST GUST SPEED    17   HIGHEST GUST DIRECTION    NW (320)
  AVERAGE WIND SPEED     3.3


SKY COVER
  AVERAGE SKY COVER 0.3


WEATHER CONDITIONS
 THE FOLLOWING WEATHER WAS RECORDED YESTERDAY.
  FOG
  FOG W/VISIBILITY <= 1/4 MILE
  HAZE


RELATIVE HUMIDITY (PERCENT)
 HIGHEST   100           400 AM
 LOWEST     32           100 PM
 AVERAGE    66

..........................................................


THE SARANAC LAKE NY CLIMATE NORMALS FOR TODAY
                         NORMAL    RECORD    YEAR
 MAXIMUM TEMPERATURE (F)   68        86      2012
 MINIMUM TEMPERATURE (F)   42        29      2004


SUNRISE AND SUNSET
MAY 29 2016...........SUNRISE   517 AM EDT   SUNSET   832 PM EDT
MAY 30 2016...........SUNRISE   516 AM EDT   SUNSET   833 PM EDT


-  INDICATES NEGATIVE NUMBERS.
R  INDICATES RECORD WAS SET OR TIED.
MM INDICATES DATA IS MISSING.
T  INDICATES TRACE AMOUNT.




$$
