000
CDUS41 KBTV 200537
CLISLK


CLIMATE REPORT
NATIONAL WEATHER SERVICE BURLINGTON VT
1235 AM EST MON NOV 20 2017


...................................

...THE SARANAC LAKE NY CLIMATE SUMMARY FOR NOVEMBER 19 2017...

CLIMATE NORMAL PERIOD 1981 TO 2010
CLIMATE RECORD PERIOD 9999 TO 9999


WEATHER ITEM   OBSERVED TIME   NORMAL DEPARTURE LAST
                VALUE   (LST)  VALUE  FROM      YEAR
                                      NORMAL
......................................................
TEMPERATURE (F)
 YESTERDAY
  MAXIMUM         43    508 AM  41      2       67
  MINIMUM         22   1159 PM  21      1       25
  AVERAGE         33            31      2       46

PRECIPITATION (IN)
  YESTERDAY        0.27          0.11   0.16      T
  MONTH TO DATE    2.25          2.18   0.07     1.37
  SINCE SEP 1      9.51          9.52  -0.01     8.17
  SINCE JAN 1     41.17         34.06   7.11    30.09

DEGREE DAYS
 HEATING
  YESTERDAY       32            34     -2       19
  MONTH TO DATE  649           578     71      456
  SINCE SEP 1   1367          1630   -263     1331
  SINCE JUL 1   1639          1870   -231     1452

 COOLING
  YESTERDAY        0             0      0        0
  MONTH TO DATE    0             0      0        0
  SINCE SEP 1     16             7      9       15
  SINCE JAN 1     69           114    -45      166
......................................................


WIND (MPH)
  HIGHEST WIND SPEED    16   HIGHEST WIND DIRECTION     W (260)
  HIGHEST GUST SPEED    28   HIGHEST GUST DIRECTION     W (270)
  AVERAGE WIND SPEED     7.4


SKY COVER
  AVERAGE SKY COVER 1.0


WEATHER CONDITIONS
 THE FOLLOWING WEATHER WAS RECORDED YESTERDAY.
  RAIN
  LIGHT RAIN
  SNOW
  LIGHT SNOW
  FOG
  HAZE


RELATIVE HUMIDITY (PERCENT)
 HIGHEST   100           200 AM
 LOWEST     81          1200 PM
 AVERAGE    91

..........................................................


THE SARANAC LAKE NY CLIMATE NORMALS FOR TODAY
                         NORMAL    RECORD    YEAR
 MAXIMUM TEMPERATURE (F)   40        52      2009
 MINIMUM TEMPERATURE (F)   21         5      2013


SUNRISE AND SUNSET
NOVEMBER 20 2017......SUNRISE   700 AM EST   SUNSET   425 PM EST
NOVEMBER 21 2017......SUNRISE   701 AM EST   SUNSET   424 PM EST


-  INDICATES NEGATIVE NUMBERS.
R  INDICATES RECORD WAS SET OR TIED.
MM INDICATES DATA IS MISSING.
T  INDICATES TRACE AMOUNT.




$$
