000
CDUS41 KBTV 010549
CLISLK


CLIMATE REPORT
NATIONAL WEATHER SERVICE BURLINGTON VT
147 AM EDT WED JUL 1 2015


...................................

...THE SARANAC LAKE NY CLIMATE SUMMARY FOR JUNE 30 2015...

CLIMATE NORMAL PERIOD 1981 TO 2010
CLIMATE RECORD PERIOD 9999 TO 9999


WEATHER ITEM   OBSERVED TIME   NORMAL DEPARTURE LAST
                VALUE   (LST)  VALUE  FROM      YEAR
                                      NORMAL
......................................................
TEMPERATURE (F)
 YESTERDAY
  MAXIMUM         73   1147 AM  75     -2       84
  MINIMUM         42    459 AM  51     -9       62
  AVERAGE         58            63     -5       73

PRECIPITATION (IN)
  YESTERDAY        0.12          0.11   0.01     0.00
  MONTH TO DATE    9.77          3.85   5.92     6.78
  SINCE JUN 1      9.77          3.85   5.92     6.78
  SINCE JAN 1     17.56         16.20   1.36    18.94

DEGREE DAYS
 HEATING
  YESTERDAY        7             4      3        0
  MONTH TO DATE  196           186     10      167
  SINCE JUN 1    196           184     12      167
  SINCE JUL 1   9508          9418     90     9929

 COOLING
  YESTERDAY        0             1     -1        8
  MONTH TO DATE    6            26    -20       21
  SINCE JUN 1      6            26    -20       21
  SINCE JAN 1     22            29     -7       22
......................................................


WIND (MPH)
  HIGHEST WIND SPEED    17   HIGHEST WIND DIRECTION     S (190)
  HIGHEST GUST SPEED    21   HIGHEST GUST DIRECTION     S (190)
  AVERAGE WIND SPEED     3.6


SKY COVER
  AVERAGE SKY COVER 0.8


WEATHER CONDITIONS
 THE FOLLOWING WEATHER WAS RECORDED YESTERDAY.
  LIGHT RAIN
  FOG
  FOG W/VISIBILITY <= 1/4 MILE


RELATIVE HUMIDITY (PERCENT)
 HIGHEST   100          1200 AM
 LOWEST     44          1200 PM
 AVERAGE    72

..........................................................


THE SARANAC LAKE NY CLIMATE NORMALS FOR TODAY
                         NORMAL    RECORD    YEAR
 MAXIMUM TEMPERATURE (F)   76        88      2014
 MINIMUM TEMPERATURE (F)   51        40      2004


SUNRISE AND SUNSET
JULY  1 2015..........SUNRISE   516 AM EDT   SUNSET   845 PM EDT
JULY  2 2015..........SUNRISE   517 AM EDT   SUNSET   845 PM EDT


-  INDICATES NEGATIVE NUMBERS.
R  INDICATES RECORD WAS SET OR TIED.
MM INDICATES DATA IS MISSING.
T  INDICATES TRACE AMOUNT.




$$
