523
CDUS41 KBTV 270618
CLISLK


CLIMATE REPORT
NATIONAL WEATHER SERVICE BURLINGTON VT
216 AM EDT TUE JUN 27 2017


...................................

...THE SARANAC LAKE NY CLIMATE SUMMARY FOR JUNE 26 2017...

CLIMATE NORMAL PERIOD 1981 TO 2010
CLIMATE RECORD PERIOD 9999 TO 9999


WEATHER ITEM   OBSERVED TIME   NORMAL DEPARTURE LAST
                VALUE   (LST)  VALUE  FROM      YEAR
                                      NORMAL
......................................................
TEMPERATURE (F)
 YESTERDAY
  MAXIMUM         66    136 PM  75     -9       86
  MINIMUM         45   1156 PM  50     -5       58
  AVERAGE         56            62     -6       72

PRECIPITATION (IN)
  YESTERDAY        0.10          0.13  -0.03     0.00
  MONTH TO DATE    5.14          3.37   1.77     3.04
  SINCE JUN 1      5.14          3.37   1.77     3.04
  SINCE JAN 1     21.23         15.72   5.51    15.55

DEGREE DAYS
 HEATING
  YESTERDAY        9             4      5        0
  MONTH TO DATE  182           170     12      211
  SINCE JUN 1    182           170     12      211
  SINCE JUL 1   8407          9404   -997     8156

 COOLING
  YESTERDAY        0             1     -1        7
  MONTH TO DATE   16            25     -9        9
  SINCE JUN 1     16            25     -9        9
  SINCE JAN 1     22            28     -6       27
......................................................


WIND (MPH)
  HIGHEST WIND SPEED    17   HIGHEST WIND DIRECTION    SW (210)
  HIGHEST GUST SPEED    21   HIGHEST GUST DIRECTION    SW (220)
  AVERAGE WIND SPEED     4.5


SKY COVER
  AVERAGE SKY COVER 0.7


WEATHER CONDITIONS
 THE FOLLOWING WEATHER WAS RECORDED YESTERDAY.
  THUNDERSTORM
  RAIN
  LIGHT RAIN
  FOG
  FOG W/VISIBILITY <= 1/4 MILE


RELATIVE HUMIDITY (PERCENT)
 HIGHEST   100           500 AM
 LOWEST     48           100 PM
 AVERAGE    74

..........................................................


THE SARANAC LAKE NY CLIMATE NORMALS FOR TODAY
                         NORMAL    RECORD    YEAR
 MAXIMUM TEMPERATURE (F)   75        90      2005
 MINIMUM TEMPERATURE (F)   50        38      2015


SUNRISE AND SUNSET
JUNE 27 2017..........SUNRISE   514 AM EDT   SUNSET   845 PM EDT
JUNE 28 2017..........SUNRISE   515 AM EDT   SUNSET   845 PM EDT


-  INDICATES NEGATIVE NUMBERS.
R  INDICATES RECORD WAS SET OR TIED.
MM INDICATES DATA IS MISSING.
T  INDICATES TRACE AMOUNT.




$$
