000
CDUS43 KICT 210624
CLISLN


CLIMATE REPORT
NATIONAL WEATHER SERVICE WICHITA KS
1224 AM CST SUN DEC 21 2014


...................................

...THE SALINA KS CLIMATE SUMMARY FOR DECEMBER 20 2014...

CLIMATE NORMAL PERIOD 1981 TO 2010
CLIMATE RECORD PERIOD 1894 TO 2014


WEATHER ITEM   OBSERVED TIME   RECORD YEAR NORMAL DEPARTURE LAST
                VALUE   (LST)  VALUE       VALUE  FROM      YEAR
                                                  NORMAL
..................................................................
TEMPERATURE (F)
 YESTERDAY
  MAXIMUM         52    333 PM  69    2004  41     11       23
  MINIMUM         26    501 AM -10    1983  21      5       16
  AVERAGE         39                        31      8       20

PRECIPITATION (IN)
  YESTERDAY        0.00          1.00 1911   0.03  -0.03      T
  MONTH TO DATE    1.51                      0.66   0.85      T
  SINCE DEC 1      1.51                      0.66   0.85      T
  SINCE JAN 1     28.62                     31.22  -2.60    29.41

DEGREE DAYS
 HEATING
  YESTERDAY       26                        34     -8       45
  MONTH TO DATE  526                       636   -110      690
  SINCE DEC 1    526                       636   -110      690
  SINCE JUL 1   1523                      1588    -65     1678

 COOLING
  YESTERDAY        0                         0      0        0
  MONTH TO DATE    0                         0      0        0
  SINCE DEC 1      0                         0      0        0
  SINCE JAN 1   1801                      1647    154     1750
..................................................................


WIND (MPH)
  HIGHEST WIND SPEED    17   HIGHEST WIND DIRECTION     S (190)
  HIGHEST GUST SPEED    22   HIGHEST GUST DIRECTION     S (200)
  AVERAGE WIND SPEED     9.8


SKY COVER
  POSSIBLE SUNSHINE  MM
  AVERAGE SKY COVER 0.2


WEATHER CONDITIONS
 THE FOLLOWING WEATHER WAS RECORDED YESTERDAY.
  FOG
  FOG W/VISIBILITY <= 1/4 MILE
  HAZE


RELATIVE HUMIDITY (PERCENT)
 HIGHEST   100           500 AM
 LOWEST     68           300 PM
 AVERAGE    84

..........................................................


THE SALINA KS CLIMATE NORMALS FOR TODAY
                         NORMAL    RECORD    YEAR
 MAXIMUM TEMPERATURE (F)   41        66      1941
 MINIMUM TEMPERATURE (F)   21       -11      1989


SUNRISE AND SUNSET
DECEMBER 21 2014......SUNRISE   745 AM CST   SUNSET   512 PM CST
DECEMBER 22 2014......SUNRISE   746 AM CST   SUNSET   513 PM CST


-  INDICATES NEGATIVE NUMBERS.
R  INDICATES RECORD WAS SET OR TIED.
MM INDICATES DATA IS MISSING.
T  INDICATES TRACE AMOUNT.




$$
