000
CDUS43 KICT 270624
CLISLN


CLIMATE REPORT
NATIONAL WEATHER SERVICE WICHITA KS
124 AM CDT SAT MAY 27 2017


...................................

...THE SALINA KS CLIMATE SUMMARY FOR MAY 26 2017...

CLIMATE NORMAL PERIOD 1981 TO 2010
CLIMATE RECORD PERIOD 1894 TO 2017


WEATHER ITEM   OBSERVED TIME   RECORD YEAR NORMAL DEPARTURE LAST
                VALUE   (LST)  VALUE       VALUE  FROM      YEAR
                                                  NORMAL
..................................................................
TEMPERATURE (F)
 YESTERDAY
  MAXIMUM         85    434 PM 100    2012  80      5       85
  MINIMUM         59    523 AM  44    2001  58      1       59
  AVERAGE         72                        69      3       72

PRECIPITATION (IN)
  YESTERDAY        T             1.85 2016   0.17  -0.17     1.85
  MONTH TO DATE    3.35                      3.88  -0.53     4.22
  SINCE MAR 1     10.62                      9.32   1.30     9.29
  SINCE JAN 1     12.72                     11.12   1.60    10.53

DEGREE DAYS
 HEATING
  YESTERDAY        0                         1     -1        0
  MONTH TO DATE   76                        91    -15      100
  SINCE MAR 1    785                      1018   -233      732
  SINCE JUL 1   3453                      4859  -1406     3718

 COOLING
  YESTERDAY        7                         5      2        7
  MONTH TO DATE   82                        75      7       63
  SINCE MAR 1    133                       100     33       97
  SINCE JAN 1    133                       100     33       97
..................................................................


WIND (MPH)
  HIGHEST WIND SPEED    21   HIGHEST WIND DIRECTION    SE (130)
  HIGHEST GUST SPEED    26   HIGHEST GUST DIRECTION    SE (140)
  AVERAGE WIND SPEED     6.8


SKY COVER
  POSSIBLE SUNSHINE  MM
  AVERAGE SKY COVER 0.0


WEATHER CONDITIONS
 THE FOLLOWING WEATHER WAS RECORDED YESTERDAY.
  NO SIGNIFICANT WEATHER WAS OBSERVED.


RELATIVE HUMIDITY (PERCENT)
 HIGHEST    97           400 AM
 LOWEST     43           700 PM
 AVERAGE    70

..........................................................


THE SALINA KS CLIMATE NORMALS FOR TODAY
                         NORMAL    RECORD    YEAR
 MAXIMUM TEMPERATURE (F)   80        97      2006
 MINIMUM TEMPERATURE (F)   58        45      1992
                                             1989
                                             1961


SUNRISE AND SUNSET
MAY 27 2017...........SUNRISE   610 AM CDT   SUNSET   846 PM CDT
MAY 28 2017...........SUNRISE   609 AM CDT   SUNSET   847 PM CDT


-  INDICATES NEGATIVE NUMBERS.
R  INDICATES RECORD WAS SET OR TIED.
MM INDICATES DATA IS MISSING.
T  INDICATES TRACE AMOUNT.




$$
