000
CDUS46 KLOX 310856
CLISMX


CLIMATE REPORT
NATIONAL WEATHER SERVICE LOS ANGELES/OXNARD CA
156 AM PDT FRI JUL 31 2015


...................................

...THE SANTA MARIA AIRPORT CA CLIMATE SUMMARY FOR JULY 30 2015...

CLIMATE NORMAL PERIOD 1981 TO 2010
CLIMATE RECORD PERIOD 1906 TO 2015


WEATHER ITEM   OBSERVED TIME   RECORD YEAR NORMAL DEPARTURE LAST
                VALUE   (LST)  VALUE       VALUE  FROM      YEAR
                                                  NORMAL
..................................................................
TEMPERATURE (F)
 YESTERDAY
  MAXIMUM         78    151 PM  87    1995  73      5       77
  MINIMUM         61   1218 AM  43    1920  54      7       62
  AVERAGE         70                        64      6       70

PRECIPITATION (IN)
  YESTERDAY        0.00          0.16 1966   0.00   0.00     0.00
  MONTH TO DATE    0.14                      0.03   0.11      T
  SINCE OCT 1      7.78                     13.79  -6.01     4.50
  SINCE JAN 1      2.22                      9.74  -7.52     4.01

SNOWFALL (IN)
  YESTERDAY        0.0
  MONTH TO DATE    0.0
  SINCE JUN 1      0.0
  SINCE JUL 1      0.0

DEGREE DAYS
 HEATING
  YESTERDAY        0                         2     -2
  MONTH TO DATE    0                        71    -71
  SINCE JUN 1     43                       212   -169
  SINCE JUL 1      0                        71    -71

 COOLING
  YESTERDAY        5                         1      4
  MONTH TO DATE  113                        25     88
  SINCE JUN 1    133                        31    102
  SINCE JAN 1    161                        41    120
..................................................................


WIND (MPH)
  HIGHEST WIND SPEED    15   HIGHEST WIND DIRECTION    NW (300)
  HIGHEST GUST SPEED    22   HIGHEST GUST DIRECTION    NW (310)
  AVERAGE WIND SPEED     6.4


SKY COVER
  POSSIBLE SUNSHINE  MM
  AVERAGE SKY COVER 0.6


WEATHER CONDITIONS
 THE FOLLOWING WEATHER WAS RECORDED YESTERDAY.
  FOG
  HAZE


RELATIVE HUMIDITY (PERCENT)
 HIGHEST    93           600 AM
 LOWEST     54           200 PM
 AVERAGE    74

..........................................................


THE SANTA MARIA AIRPORT CA CLIMATE NORMALS FOR TODAY
                         NORMAL    RECORD    YEAR
 MAXIMUM TEMPERATURE (F)   73        91      1977
 MINIMUM TEMPERATURE (F)   54        42      1924


SUNRISE AND SUNSET
JULY 31 2015..........SUNRISE   611 AM PDT   SUNSET   805 PM PDT
AUGUST  1 2015........SUNRISE   611 AM PDT   SUNSET   804 PM PDT


-  INDICATES NEGATIVE NUMBERS.
R  INDICATES RECORD WAS SET OR TIED.
MM INDICATES DATA IS MISSING.
T  INDICATES TRACE AMOUNT.




$$
