000
CDUS46 KLOX 030115
CLISMX


CLIMATE REPORT
NATIONAL WEATHER SERVICE LOS ANGELES/OXNARD CA
615 PM PDT MON MAY 2 2016


...................................

...THE SANTA MARIA AIRPORT CA CLIMATE SUMMARY FOR MAY 2 2016...
VALID TODAY AS OF 0600 PM LOCAL TIME.

CLIMATE NORMAL PERIOD 1981 TO 2010
CLIMATE RECORD PERIOD 1906 TO 2016


WEATHER ITEM   OBSERVED TIME   RECORD YEAR NORMAL DEPARTURE LAST
                VALUE   (LST)  VALUE       VALUE  FROM      YEAR
                                                  NORMAL
..................................................................
TEMPERATURE (F)
 TODAY
  MAXIMUM         70    206 PM  98    2014  68      2       70
  MINIMUM         55    636 AM  31    1964  46      9       50
  AVERAGE         63                        57      6       60

PRECIPITATION (IN)
  TODAY            0.00          0.62 2003   0.02  -0.02     0.00
  MONTH TO DATE    0.00                      0.04  -0.04     0.00
  SINCE OCT 1      8.76                     13.45  -4.69     7.37
  SINCE JAN 1      6.88                      9.40  -2.52     1.81

SNOWFALL (IN)
  TODAY            0.0
  MONTH TO DATE    0.0
  SINCE MAR 1      0.0
  SINCE JUL 1      0.0

DEGREE DAYS
 HEATING
  TODAY            2                         8     -6
  MONTH TO DATE    4                        16    -12
  SINCE MAR 1    333                       642   -309
  SINCE JUL 1   1456                      2475  -1019

 COOLING
  TODAY            0                         0      0
  MONTH TO DATE    0                         0      0
  SINCE MAR 1     20                         5     15
  SINCE JAN 1     38                         6     32
..................................................................


WIND (MPH)
  HIGHEST WIND SPEED    14   HIGHEST WIND DIRECTION    NW (310)
  HIGHEST GUST SPEED    MM   HIGHEST GUST DIRECTION    MM
  AVERAGE WIND SPEED     5.6


SKY COVER
  POSSIBLE SUNSHINE  MM
  AVERAGE SKY COVER 0.8


WEATHER CONDITIONS
 THE FOLLOWING WEATHER WAS RECORDED TODAY.
  FOG
  HAZE


RELATIVE HUMIDITY (PERCENT)
 HIGHEST    93          1200 AM
 LOWEST     57           100 PM
 AVERAGE    75

..........................................................


THE SANTA MARIA AIRPORT CA CLIMATE NORMALS FOR TOMORROW
                         NORMAL    RECORD    YEAR
 MAXIMUM TEMPERATURE (F)   68        94      2013
 MINIMUM TEMPERATURE (F)   46        34      1920


SUNRISE AND SUNSET
MAY  2 2016...........SUNRISE   609 AM PDT   SUNSET   748 PM PDT
MAY  3 2016...........SUNRISE   608 AM PDT   SUNSET   749 PM PDT


-  INDICATES NEGATIVE NUMBERS.
R  INDICATES RECORD WAS SET OR TIED.
MM INDICATES DATA IS MISSING.
T  INDICATES TRACE AMOUNT.




$$
