000
CDUS46 KSGX 140016
CLISNA


CLIMATE REPORT
NATIONAL WEATHER SERVICE SAN DIEGO, CA
415 PM PST SAT FEB 13 2016


...................................

...THE JOHN WAYNE AIRPORT CA CLIMATE SUMMARY FOR FEBRUARY 13 2016...
VALID TODAY AS OF 0400 PM LOCAL TIME.

CLIMATE NORMAL PERIOD 1981 TO 2010
CLIMATE RECORD PERIOD 1999 TO 2016


WEATHER ITEM   OBSERVED TIME   RECORD YEAR NORMAL DEPARTURE LAST
                VALUE   (LST)  VALUE       VALUE  FROM      YEAR
                                                  NORMAL
..................................................................
TEMPERATURE (F)
 TODAY
  MAXIMUM         68   1232 PM  88    2015  66      2       88
  MINIMUM         50    711 AM  40    2004  48      2       55
                                      1999
  AVERAGE         59                        57      2       72

PRECIPITATION (IN)
  TODAY            0.00          0.78 2001   0.13  -0.13     0.00
  MONTH TO DATE    0.00                      1.08  -1.08      T
  SINCE OCT 1      3.26                      8.07  -4.81     4.62
  SINCE JAN 1      2.04                      3.99  -1.95     0.82

DEGREE DAYS
 HEATING
  TODAY            6                         8     -2        0
  MONTH TO DATE   61                       104    -43        2
  SINCE DEC 1    610                       643    -33      203
  SINCE JUL 1    740                       796    -56      207

 COOLING
  TODAY            0                         0      0        7
  MONTH TO DATE   21                         0     21       31
  SINCE DEC 1     21                         6     15       79
  SINCE JAN 1     21                         5     16       61
..................................................................


WIND (MPH)
  RESULTANT WIND SPEED   3   RESULTANT WIND DIRECTION  SW (210)
  HIGHEST WIND SPEED    14   HIGHEST WIND DIRECTION     S (190)
  HIGHEST GUST SPEED    17   HIGHEST GUST DIRECTION     S (190)
  AVERAGE WIND SPEED     3.1


SKY COVER
  POSSIBLE SUNSHINE  MM
  AVERAGE SKY COVER 0.6


WEATHER CONDITIONS
 THE FOLLOWING WEATHER WAS RECORDED TODAY.
  FOG
  FOG W/VISIBILITY <= 1/4 MILE
  HAZE


RELATIVE HUMIDITY (PERCENT)
 HIGHEST   100          1200 AM
 LOWEST     63          1200 PM
 AVERAGE    82

..........................................................


THE JOHN WAYNE AIRPORT CA CLIMATE NORMALS FOR TOMORROW
                         NORMAL    RECORD    YEAR
 MAXIMUM TEMPERATURE (F)   66        85      2015
 MINIMUM TEMPERATURE (F)   48        43      2009
                                             2001


SUNRISE AND SUNSET
FEBRUARY 13 2016......SUNRISE   638 AM PST   SUNSET   534 PM PST
FEBRUARY 14 2016......SUNRISE   637 AM PST   SUNSET   535 PM PST


-  INDICATES NEGATIVE NUMBERS.
R  INDICATES RECORD WAS SET OR TIED.
MM INDICATES DATA IS MISSING.
T  INDICATES TRACE AMOUNT.




$$
