000
CDUS46 KSGX 270018
CLISNA


CLIMATE REPORT
NATIONAL WEATHER SERVICE SAN DIEGO, CA
518 PM PDT MON SEP 26 2016


...................................

...THE JOHN WAYNE AIRPORT CA CLIMATE SUMMARY FOR SEPTEMBER 26 2016...
VALID TODAY AS OF 0500 PM LOCAL TIME.

CLIMATE NORMAL PERIOD 1981 TO 2010
CLIMATE RECORD PERIOD 1999 TO 2016


WEATHER ITEM   OBSERVED TIME   RECORD YEAR NORMAL DEPARTURE LAST
                VALUE   (LST)  VALUE       VALUE  FROM      YEAR
                                                  NORMAL
..................................................................
TEMPERATURE (F)
 TODAY
  MAXIMUM        106R  1050 AM 101    2010  78     28       85
  MINIMUM         67    554 AM  59    2005  63      4       68
  AVERAGE         87                        70     17       77

PRECIPITATION (IN)
  TODAY            0.00          0.00 2006   0.01  -0.01     0.00
  MONTH TO DATE    T                         0.18  -0.18     1.78
  SINCE OCT 1      4.98                     13.29  -8.31     9.08
  SINCE JAN 1      3.76                      9.21  -5.45     5.28

DEGREE DAYS
 HEATING
  TODAY            0                         0      0        0
  MONTH TO DATE    0                         0      0        0
  SINCE SEP 1      0                         0      0        0
  SINCE JUL 1      0                         0      0        0

 COOLING
  TODAY           22                         5     17       12
  MONTH TO DATE  184                       179      5      311
  SINCE SEP 1    184                       179      5      311
  SINCE JAN 1    962                       750    212     1272
..................................................................


WIND (MPH)
  RESULTANT WIND SPEED   3   RESULTANT WIND DIRECTION  SW (210)
  HIGHEST WIND SPEED    14   HIGHEST WIND DIRECTION     S (190)
  HIGHEST GUST SPEED    17   HIGHEST GUST DIRECTION     S (200)
  AVERAGE WIND SPEED     4.0


SKY COVER
  POSSIBLE SUNSHINE  MM
  AVERAGE SKY COVER 0.2


WEATHER CONDITIONS
 THE FOLLOWING WEATHER WAS RECORDED TODAY.
  NO SIGNIFICANT WEATHER WAS OBSERVED.


RELATIVE HUMIDITY (PERCENT)
 HIGHEST    59           300 AM
 LOWEST      9          1100 AM
 AVERAGE    34

..........................................................


THE JOHN WAYNE AIRPORT CA CLIMATE NORMALS FOR TOMORROW
                         NORMAL    RECORD    YEAR
 MAXIMUM TEMPERATURE (F)   78       110      2010
 MINIMUM TEMPERATURE (F)   62        57      2013


SUNRISE AND SUNSET
SEPTEMBER 26 2016.....SUNRISE   643 AM PDT   SUNSET   642 PM PDT
SEPTEMBER 27 2016.....SUNRISE   643 AM PDT   SUNSET   641 PM PDT


-  INDICATES NEGATIVE NUMBERS.
R  INDICATES RECORD WAS SET OR TIED.
MM INDICATES DATA IS MISSING.
T  INDICATES TRACE AMOUNT.




$$
