000
CDUS46 KSGX 231150
CLISNA


CLIMATE REPORT
NATIONAL WEATHER SERVICE SAN DIEGO, CA
450 AM PDT FRI JUN 23 2017


...................................

...THE JOHN WAYNE AIRPORT CA CLIMATE SUMMARY FOR JUNE 22 2017...

CLIMATE NORMAL PERIOD 1981 TO 2010
CLIMATE RECORD PERIOD 1999 TO 2017


WEATHER ITEM   OBSERVED TIME   RECORD YEAR NORMAL DEPARTURE LAST
                VALUE   (LST)  VALUE       VALUE  FROM      YEAR
                                                  NORMAL
..................................................................
TEMPERATURE (F)
 YESTERDAY
  MAXIMUM         73    151 PM  90    2008  74     -1       80
  MINIMUM         62    145 AM  58    2007  62      0       64
  AVERAGE         68                        68      0       72

PRECIPITATION (IN)
  YESTERDAY        0.00          0.00 2006   0.00   0.00     0.00
                                      2005
  MONTH TO DATE    T                         0.07  -0.07     0.01
  SINCE OCT 1     15.88                     13.03   2.85     4.98
  SINCE JAN 1      9.69                      8.95   0.74     3.76

DEGREE DAYS
 HEATING
  YESTERDAY        0                         0      0        0
  MONTH TO DATE    1                         0      1        1
  SINCE JUN 1      1                         0      1        1
  SINCE JUL 1    881                      1245   -364      971

 COOLING
  YESTERDAY        3                         3      0        7
  MONTH TO DATE   77                        49     28       86
  SINCE JUN 1     77                        49     28       86
  SINCE JAN 1    187                       116     71      182
..................................................................


WIND (MPH)
  RESULTANT WIND SPEED   6   RESULTANT WIND DIRECTION   S (190)
  HIGHEST WIND SPEED    15   HIGHEST WIND DIRECTION    SW (210)
  HIGHEST GUST SPEED    20   HIGHEST GUST DIRECTION    SW (210)
  AVERAGE WIND SPEED     7.2


SKY COVER
  POSSIBLE SUNSHINE  MM
  AVERAGE SKY COVER 0.7


WEATHER CONDITIONS
 THE FOLLOWING WEATHER WAS RECORDED YESTERDAY.
  FOG


RELATIVE HUMIDITY (PERCENT)
 HIGHEST   100           200 AM
 LOWEST     73          1200 PM
 AVERAGE    87

..........................................................


THE JOHN WAYNE AIRPORT CA CLIMATE NORMALS FOR TODAY
                         NORMAL    RECORD    YEAR
 MAXIMUM TEMPERATURE (F)   75        83      2001
 MINIMUM TEMPERATURE (F)   62        58      1999


SUNRISE AND SUNSET
JUNE 23 2017..........SUNRISE   542 AM PDT   SUNSET   806 PM PDT
JUNE 24 2017..........SUNRISE   542 AM PDT   SUNSET   806 PM PDT


-  INDICATES NEGATIVE NUMBERS.
R  INDICATES RECORD WAS SET OR TIED.
MM INDICATES DATA IS MISSING.
T  INDICATES TRACE AMOUNT.




$$
