000
CDUS46 KSGX 270021
CLISNA


CLIMATE REPORT
NATIONAL WEATHER SERVICE SAN DIEGO, CA
421 PM PST THU FEB 26 2015


...................................

...THE JOHN WAYNE AIRPORT CA CLIMATE SUMMARY FOR FEBRUARY 26 2015...
VALID TODAY AS OF 0400 PM LOCAL TIME.

CLIMATE NORMAL PERIOD 1981 TO 2010
CLIMATE RECORD PERIOD 1999 TO 2015


WEATHER ITEM   OBSERVED TIME   RECORD YEAR NORMAL DEPARTURE LAST
                VALUE   (LST)  VALUE       VALUE  FROM      YEAR
                                                  NORMAL
..................................................................
TEMPERATURE (F)
 TODAY
  MAXIMUM         70   1114 AM  80    2002  67      3       68
  MINIMUM         53    705 AM  42    2013  50      3       58
  AVERAGE         62                        58      4       63

PRECIPITATION (IN)
  TODAY            0.00          1.26 2004   0.12  -0.12     0.00
  MONTH TO DATE    0.35                      2.76  -2.41     0.18
  SINCE OCT 1      4.97                      9.75  -4.78     1.13
  SINCE JAN 1      1.17                      5.67  -4.50     0.20

SNOWFALL (IN)
  TODAY            0.0
  MONTH TO DATE    0.0
  SINCE JAN 1      0.0
  SINCE JUL 1      0.0
  SNOW DEPTH       0

DEGREE DAYS
 HEATING
  TODAY            3                         7     -4        2
  MONTH TO DATE   16                       201   -185      104
  SINCE DEC 1    217                       740   -523      413
  SINCE JUL 1    221                       893   -672      486

 COOLING
  TODAY            0                         0      0        0
  MONTH TO DATE   42                         0     42        0
  SINCE DEC 1     90                         6     84       31
  SINCE JAN 1     72                         5     67       27
..................................................................


WIND (MPH)
  RESULTANT WIND SPEED   2   RESULTANT WIND DIRECTION  SW (210)
  HIGHEST WIND SPEED    13   HIGHEST WIND DIRECTION    SW (220)
  HIGHEST GUST SPEED    16   HIGHEST GUST DIRECTION    SW (220)
  AVERAGE WIND SPEED     3.6


SKY COVER
  POSSIBLE SUNSHINE  MM
  AVERAGE SKY COVER 0.5


WEATHER CONDITIONS
 THE FOLLOWING WEATHER WAS RECORDED TODAY.
  FOG
  FOG W/VISIBILITY <= 1/4 MILE
  HAZE


RELATIVE HUMIDITY (PERCENT)
 HIGHEST    89           600 AM
 LOWEST     45           200 PM
 AVERAGE    67

..........................................................


THE JOHN WAYNE AIRPORT CA CLIMATE NORMALS FOR TOMORROW
                         NORMAL    RECORD    YEAR
 MAXIMUM TEMPERATURE (F)   67        78      2008
 MINIMUM TEMPERATURE (F)   50        37      2011


SUNRISE AND SUNSET
FEBRUARY 26 2015......SUNRISE   624 AM PST   SUNSET   545 PM PST
FEBRUARY 27 2015......SUNRISE   623 AM PST   SUNSET   546 PM PST


-  INDICATES NEGATIVE NUMBERS.
R  INDICATES RECORD WAS SET OR TIED.
MM INDICATES DATA IS MISSING.
T  INDICATES TRACE AMOUNT.




$$
