000
CDUS46 KSGX 300017
CLISNA


CLIMATE REPORT
NATIONAL WEATHER SERVICE SAN DIEGO, CA
517 PM PDT SUN MAR 29 2015


...................................

...THE JOHN WAYNE AIRPORT CA CLIMATE SUMMARY FOR MARCH 29 2015...
VALID TODAY AS OF 0500 PM LOCAL TIME.

CLIMATE NORMAL PERIOD 1981 TO 2010
CLIMATE RECORD PERIOD 1999 TO 2015


WEATHER ITEM   OBSERVED TIME   RECORD YEAR NORMAL DEPARTURE LAST
                VALUE   (LST)  VALUE       VALUE  FROM      YEAR
                                                  NORMAL
..................................................................
TEMPERATURE (F)
 TODAY
  MAXIMUM         76    212 PM  88    2004  68      8       74
  MINIMUM         60    701 AM  48    2007  52      8       53
  AVERAGE         68                        60      8       64

PRECIPITATION (IN)
  TODAY            0.00          0.14 2006   0.03  -0.03     0.00
  MONTH TO DATE    0.77                      1.86  -1.09     0.70
  SINCE OCT 1      5.74                     11.80  -6.06     3.20
  SINCE JAN 1      1.94                      7.72  -5.78     2.27

SNOWFALL (IN)
  TODAY            0.0
  MONTH TO DATE    0.0
  SINCE MAR 1      0.0
  SINCE JUL 1      0.0
  SNOW DEPTH       0

DEGREE DAYS
 HEATING
  TODAY            0                         5     -5        1
  MONTH TO DATE   24                       169   -145       62
  SINCE MAR 1     24                       169   -145       62
  SINCE JUL 1    249                      1075   -826      552

 COOLING
  TODAY            3                         0      3        0
  MONTH TO DATE  104                         0    104       20
  SINCE MAR 1    104                         0    104       20
  SINCE JAN 1    176                         8    168       47
..................................................................


WIND (MPH)
  RESULTANT WIND SPEED   3   RESULTANT WIND DIRECTION  SW (230)
  HIGHEST WIND SPEED    13   HIGHEST WIND DIRECTION     S (200)
  HIGHEST GUST SPEED    17   HIGHEST GUST DIRECTION     S (200)
  AVERAGE WIND SPEED     4.3


SKY COVER
  POSSIBLE SUNSHINE  MM
  AVERAGE SKY COVER 0.6


WEATHER CONDITIONS
 THE FOLLOWING WEATHER WAS RECORDED TODAY.
  FOG


RELATIVE HUMIDITY (PERCENT)
 HIGHEST    97          1200 AM
 LOWEST     46           200 PM
 AVERAGE    72

..........................................................


THE JOHN WAYNE AIRPORT CA CLIMATE NORMALS FOR TOMORROW
                         NORMAL    RECORD    YEAR
 MAXIMUM TEMPERATURE (F)   68        90      2003
 MINIMUM TEMPERATURE (F)   53        50      2007


SUNRISE AND SUNSET
MARCH 29 2015.........SUNRISE   643 AM PDT   SUNSET   710 PM PDT
MARCH 30 2015.........SUNRISE   642 AM PDT   SUNSET   711 PM PDT


-  INDICATES NEGATIVE NUMBERS.
R  INDICATES RECORD WAS SET OR TIED.
MM INDICATES DATA IS MISSING.
T  INDICATES TRACE AMOUNT.




$$
