000
CDUS46 KSGX 211250
CLISNA


CLIMATE REPORT
NATIONAL WEATHER SERVICE SAN DIEGO, CA
450 AM PST TUE NOV 21 2017


...................................

...THE JOHN WAYNE AIRPORT CA CLIMATE SUMMARY FOR NOVEMBER 20 2017...

CLIMATE NORMAL PERIOD 1981 TO 2010
CLIMATE RECORD PERIOD 1999 TO 2017


WEATHER ITEM   OBSERVED TIME   RECORD YEAR NORMAL DEPARTURE LAST
                VALUE   (LST)  VALUE       VALUE  FROM      YEAR
                                                  NORMAL
..................................................................
TEMPERATURE (F)
 YESTERDAY
  MAXIMUM         74    202 PM  90    2002  70      4       67
  MINIMUM         50    510 AM  45    2000  51     -1       56
  AVERAGE         62                        60      2       62

PRECIPITATION (IN)
  YESTERDAY        0.00          0.47 2010   0.04  -0.04     0.23
  MONTH TO DATE    T                         0.90  -0.90     0.23
  SINCE OCT 1      T                         1.65  -1.65     1.21
  SINCE JAN 1      9.69                     10.90  -1.21     4.97

DEGREE DAYS
 HEATING
  YESTERDAY        3                         5     -2        3
  MONTH TO DATE   15                        65    -50       16
  SINCE SEP 1     15                        92    -77       17
  SINCE JUL 1     15                        92    -77       17

 COOLING
  YESTERDAY        0                         1     -1        0
  MONTH TO DATE   20                        22     -2       73
  SINCE SEP 1    472                       305    167      448
  SINCE JAN 1   1258                       876    382     1226
..................................................................


WIND (MPH)
  RESULTANT WIND SPEED   1   RESULTANT WIND DIRECTION   S (200)
  HIGHEST WIND SPEED    10   HIGHEST WIND DIRECTION    SW (220)
  HIGHEST GUST SPEED    14   HIGHEST GUST DIRECTION    SW (220)
  AVERAGE WIND SPEED     1.9


SKY COVER
  POSSIBLE SUNSHINE  MM
  AVERAGE SKY COVER 0.4


WEATHER CONDITIONS
 THE FOLLOWING WEATHER WAS RECORDED YESTERDAY.
  NO SIGNIFICANT WEATHER WAS OBSERVED.


RELATIVE HUMIDITY (PERCENT)
 HIGHEST    84           800 PM
 LOWEST     35           300 PM
 AVERAGE    60

..........................................................


THE JOHN WAYNE AIRPORT CA CLIMATE NORMALS FOR TODAY
                         NORMAL    RECORD    YEAR
 MAXIMUM TEMPERATURE (F)   70        87      2015
 MINIMUM TEMPERATURE (F)   51        45      2004


SUNRISE AND SUNSET
NOVEMBER 21 2017......SUNRISE   629 AM PST   SUNSET   445 PM PST
NOVEMBER 22 2017......SUNRISE   630 AM PST   SUNSET   445 PM PST


-  INDICATES NEGATIVE NUMBERS.
R  INDICATES RECORD WAS SET OR TIED.
MM INDICATES DATA IS MISSING.
T  INDICATES TRACE AMOUNT.




$$
