000
CDAK48 PASN 071118
CLISNP

CLIMATE REPORT
NATIONAL WEATHER SERVICE ST PAUL, AK
318 AM AKDT TUE JUL 7 2015

...................................
...THE ST PAUL AIRPORT CLIMATE SUMMARY FOR JULY 6 2015...

CLIMATE NORMAL PERIOD  1981 TO  2010
CLIMATE RECORD PERIOD  1892 TO  2015

WEATHER ITEM   OBSERVED TIME    RECORD YEAR NORMAL DEPARTURE LAST
               VALUE    (LST)   VALUE       VALUE  FROM      YEAR
                                                   NORMAL
...................................................................
TEMPERATURE
YESTERDAY
 MAXIMUM            51  0153 PM    60  1996     50       1     52
 MINIMUM            47  1159 PM    32  1956     43       4     48
 AVERAGE            49                          46       3     50

PRECIPITATION
(INCHES)
 YESTERDAY        0.01           0.77  1951   0.06   -0.05   0.10
 MONTH TO DATE    0.32                        0.30    0.02   0.53
 SINCE JUN 1      1.24                        1.65   -0.41   1.55
 SINCE JAN 1      7.52                        7.81   -0.29   8.69

SNOWFALL
(INCHES)
 YESTERDAY         0.0            0.0  2015    0.0     0.0    0.0
 MONTH TO DATE     0.0                         0.0     0.0    0.0
 SINCE JUN 1       0.0                         0.0     0.0    0.0
 SINCE JUL 1       0.0                         0.0     0.0    0.0
 SNOW DEPTH (IN)     0                                          0

DEGREE DAYS
 HEATING
  YESTERDAY         16                          19      -3     15
  MONTH TO DATE     98                         115     -17    100
  SINCE JUN 1      718                         794     -76    728
  SINCE JUL 1       98                         115     -17    100

 COOLING
  YESTERDAY          0                           0       0      0
  MONTH TO DATE      0                           0       0      0
  SINCE JUN 1        0                           0       0      0
  SINCE JAN 1        0                           0       0      0
...................................................................

WIND (MPH)
 HIGHEST WIND SPEED    32     HIGHEST WIND DIRECTION    140
 HIGHEST GUST SPEED    41     HIGHEST GUST DIRECTION    140
 AVERAGE WIND SPEED  20.1

SKY COVER
  POSSIBLE SUNSHINE    MM          AVERAGE SKY COVER     MM

WEATHER CONDITIONS
 THE FOLLOWING WEATHER WAS RECORDED YESTERDAY.
  SMOKE OR HAZE
  FOG
  RAIN


RELATIVE HUMIDITY
 HIGHEST RH     MM PERCENT       MM
 LOWEST  RH     MM PERCENT       MM
 AVERAGE RH     MM PERCENT       MM
...................................................................

THE ST PAUL CLIMATE NORMALS FOR TODAY
                           NORMAL    RECORD   YEAR
 MAXIMUM TEMPERATURE (F)     50        65     2008
 MINIMUM TEMPERATURE (F)     43        30     2001

SUNRISE AND SUNSET
 JUL 7 2015..........SUNRISE  6:37 AM      SUNSET 12:15 AM
 JUL 8 2015..........SUNRISE  6:38 AM      SUNSET 12:14 AM

-  INDICATES NEGATIVE NUMBERS.
R  INDICATES RECORD HAS BEEN SET OR TIED.
MM INDICATES DATA IS MISSING.
T  INDICATES TRACE OF PRECIPITATION.

&&
-------------------------------------------------------------------

AMOUNT OF DAYLIGHT TODAY  (HOUR:MIN)........17 HOURS 38 MINUTES
GAIN/LOSS SINCE YESTERDAY (HOUR:MIN:SEC)....-0:02:03

$$
HCH JUL 15
