000
CDAK48 PAFC 011240
CLISNP

CLIMATE REPORT
NATIONAL WEATHER SERVICE ANCHORAGE, AK
438 AM AKDT SAT OCT 1 2016


...................................

...THE SAINT PAUL ISLAND CLIMATE SUMMARY FOR SEPTEMBER 30 2016...

CLIMATE NORMAL PERIOD 1981 TO 2010
CLIMATE RECORD PERIOD 1892 TO 2016


WEATHER ITEM   OBSERVED TIME   RECORD YEAR NORMAL DEPARTURE LAST
                VALUE   (LST)  VALUE       VALUE  FROM      YEAR
                                                  NORMAL
..................................................................
TEMPERATURE (F)
 YESTERDAY
  MAXIMUM         53R   540 PM  53    1978  47      6       52
  MINIMUM         50   1159 PM  25    1965  37     13       47
  AVERAGE         52                        42     10       50

PRECIPITATION (IN)
  YESTERDAY        0.52          0.73 1966   0.10   0.42      T
  MONTH TO DATE    4.45                      2.99   1.46     4.14
  SINCE SEP 1      4.45                      2.99   1.46     4.14
  SINCE JAN 1     15.19                     15.42  -0.23    15.57

SNOWFALL (IN)
  YESTERDAY        0.0          MM      MM   0.0    0.0     MM
  MONTH TO DATE    0.0                       T      0.0      0.0
  SINCE SEP 1      0.0                       T      0.0      0.0
  SINCE JUL 1      0.0                       T      0.0      0.0
  SNOW DEPTH       0

DEGREE DAYS
 HEATING
  YESTERDAY       13                        23    -10       15
  MONTH TO DATE  418                       591   -173      458
  SINCE SEP 1    418                       590   -172      458
  SINCE JUL 1   1031                      1643   -612     1318

 COOLING
  YESTERDAY        0                         0      0        0
  MONTH TO DATE    0                         0      0        0
  SINCE SEP 1      0                         0      0        0
  SINCE JAN 1      0                         0      0        0
..................................................................


WIND (MPH)
  RESULTANT WIND SPEED  20   RESULTANT WIND DIRECTION  SE (130)
  HIGHEST WIND SPEED    31   HIGHEST WIND DIRECTION     E (90)
  HIGHEST GUST SPEED    39   HIGHEST GUST DIRECTION     E (80)
  AVERAGE WIND SPEED    20.5



WEATHER CONDITIONS
 THE FOLLOWING WEATHER WAS RECORDED YESTERDAY.
  HEAVY RAIN
  RAIN
  LIGHT RAIN
  FOG


..........................................................


THE SAINT PAUL ISLAND CLIMATE NORMALS FOR TODAY
                         NORMAL    RECORD    YEAR
 MAXIMUM TEMPERATURE (F)   47        53      1978
 MINIMUM TEMPERATURE (F)   37        25      1975


SUNRISE AND SUNSET
OCTOBER  1 2016.......SUNRISE   926 AM AKDT  SUNSET   853 PM AKDT
OCTOBER  2 2016.......SUNRISE   928 AM AKDT  SUNSET   850 PM AKDT

CIVIL TWILIGHT
OCTOBER 1 2016          START   726 AM AKDT     END   812 PM AKDT
OCTOBER 2 2016          START   728 AM AKDT     END   809 PM AKDT



-  INDICATES NEGATIVE NUMBERS.
R  INDICATES RECORD WAS SET OR TIED.
MM INDICATES DATA IS MISSING.
T  INDICATES TRACE AMOUNT.




$$
&&
------------------------------------------------------
AMOUNT OF DAYLIGHT TODAY  (HOUR:MIN)........11:21
GAIN/LOSS SINCE YESTERDAY (HOUR:MIN:SEC)....-0:05:39
