000
CDAK48 PASN 021207
CLISNP

CLIMATE REPORT
NATIONAL WEATHER SERVICE ST PAUL, AK
407 AM AKDT THU OCT 2 2014

...................................
...THE ST PAUL AIRPORT CLIMATE SUMMARY FOR OCTOBER 1 2014...

CLIMATE NORMAL PERIOD  1981 TO  2010
CLIMATE RECORD PERIOD  1892 TO  2014

WEATHER ITEM   OBSERVED TIME    RECORD YEAR NORMAL DEPARTURE LAST
               VALUE    (LST)   VALUE       VALUE  FROM      YEAR
                                                   NORMAL
...................................................................
TEMPERATURE
YESTERDAY
 MAXIMUM            52  0316 PM    53  1978     47       5     44
 MINIMUM            45  0826 AM    25  1975     37       8     41
 AVERAGE            49                          42       7     43

PRECIPITATION
(INCHES)
 YESTERDAY        0.00           0.51  2009   0.10   -0.10      T
 MONTH TO DATE    0.00                        0.10   -0.10      T
 SINCE SEP 1      3.57                        3.09    0.48   3.01
 SINCE JAN 1     16.80                       15.52    1.28  17.04

SNOWFALL
(INCHES)
 YESTERDAY         0.0            0.5  1965    0.0     0.0    0.0
 MONTH TO DATE     0.0                         0.0     0.0    0.0
 SINCE SEP 1       0.0                         0.0     0.0    0.0
 SINCE JUL 1       0.0                         0.0     0.0    0.0
 SNOW DEPTH (IN)     0                                          0

DEGREE DAYS
 HEATING
  YESTERDAY         16                          23      -7     22
  MONTH TO DATE     16                          23      -7     22
  SINCE SEP 1      475                         614    -139    614
  SINCE JUL 1     1292                        1666    -374   1657

 COOLING
  YESTERDAY          0                           0       0      0
  MONTH TO DATE      0                           0       0      0
  SINCE SEP 1        0                           0       0      0
  SINCE JAN 1        0                           0       0      0
...................................................................

WIND (MPH)
 HIGHEST WIND SPEED    26     HIGHEST WIND DIRECTION     70
 HIGHEST GUST SPEED    32     HIGHEST GUST DIRECTION     60
 AVERAGE WIND SPEED  19.4

SKY COVER
  POSSIBLE SUNSHINE    MM          AVERAGE SKY COVER     MM

WEATHER CONDITIONS
 THE FOLLOWING WEATHER WAS RECORDED YESTERDAY.
  NO SIGNIFICANT WEATHER WAS OBSERVED.

RELATIVE HUMIDITY
 HIGHEST RH     MM PERCENT       MM
 LOWEST  RH     MM PERCENT       MM
 AVERAGE RH     MM PERCENT       MM
...................................................................

THE ST PAUL CLIMATE NORMALS FOR TODAY
                           NORMAL    RECORD   YEAR
 MAXIMUM TEMPERATURE (F)     46        51     1981
 MINIMUM TEMPERATURE (F)     37        26     1982

SUNRISE AND SUNSET
 OCT 2 2014..........SUNRISE  9:28 AM      SUNSET  8:52 PM
 OCT 3 2014..........SUNRISE  9:30 AM      SUNSET  8:50 PM

-  INDICATES NEGATIVE NUMBERS.
R  INDICATES RECORD HAS BEEN SET OR TIED.
MM INDICATES DATA IS MISSING.
T  INDICATES TRACE OF PRECIPITATION.

&&
-------------------------------------------------------------------

AMOUNT OF DAYLIGHT TODAY  (HOUR:MIN)........11 HOURS 24 MINUTES
GAIN/LOSS SINCE YESTERDAY (HOUR:MIN:SEC)....-0:04:49

$$
WIW OCT 14
