000
CDAK48 PASN 010047
CLISNP


CLIMATE REPORT
NATIONAL WEATHER SERVICE ANCHORAGE, AK
446 PM AKDT SUN APR 30 2017


...................................

...THE SAINT PAUL ISLAND CLIMATE SUMMARY FOR APRIL 30 2017...
VALID TODAY AS OF 0400 PM LOCAL TIME.

CLIMATE NORMAL PERIOD 1981 TO 2010
CLIMATE RECORD PERIOD 1892 TO 2017


WEATHER ITEM   OBSERVED TIME   RECORD YEAR NORMAL DEPARTURE LAST
                VALUE   (LST)  VALUE       VALUE  FROM      YEAR
                                                  NORMAL
..................................................................
TEMPERATURE (F)
 TODAY
  MAXIMUM         38        MM  45    1981  37      1       MM
  MINIMUM         34        MM  12    1975  29      5       MM
  AVERAGE         36                        33      3       MM

PRECIPITATION (IN)
  TODAY            T             0.29 1987   0.03  -0.03      T
                                      1979
  MONTH TO DATE    1.06                      1.08  -0.02     1.14
  SINCE MAR 1      1.16                      2.15  -0.99     2.16
  SINCE JAN 1      4.25                      5.03  -0.78     4.92

SNOWFALL (IN)
  TODAY            T            MM      MM   0.1   -0.1     MM
  MONTH TO DATE    0.2                       5.7   -5.5      0.0
  SINCE MAR 1      0.6                      13.7  -13.1      0.0
  SINCE JUL 1     48.8                      58.7   -9.9     23.7
  SNOW DEPTH       0

DEGREE DAYS
 HEATING
  TODAY           29                        32     -3       MM
  MONTH TO DATE  978                      1071    -93      664
  SINCE MAR 1   2187                      2318   -131     1616
  SINCE JUL 1   8062                      9235  -1173     6801

 COOLING
  TODAY            0                         0      0       MM
  MONTH TO DATE    0                         0      0        0
  SINCE MAR 1      0                         0      0        0
  SINCE JAN 1      0                         0      0        0
..................................................................


WIND (MPH)
  RESULTANT WIND SPEED  10   RESULTANT WIND DIRECTION   E (80)
  HIGHEST WIND SPEED    15   HIGHEST WIND DIRECTION    NE (60)
  HIGHEST GUST SPEED    MM   HIGHEST GUST DIRECTION    MM
  AVERAGE WIND SPEED    10.4



WEATHER CONDITIONS
 THE FOLLOWING WEATHER WAS RECORDED TODAY.
  FOG
  FOG W/VISIBILITY <= 1/4 MILE


..........................................................


THE SAINT PAUL ISLAND CLIMATE NORMALS FOR TOMORROW
                         NORMAL    RECORD    YEAR
 MAXIMUM TEMPERATURE (F)   37        44      2015
 MINIMUM TEMPERATURE (F)   29        14      2010


SUNRISE AND SUNSET
APRIL 30 2017.........SUNRISE   733 AM AKDT  SUNSET  1104 PM AKDT
MAY  1 2017...........SUNRISE   731 AM AKDT  SUNSET  1106 PM AKDT


-  INDICATES NEGATIVE NUMBERS.
R  INDICATES RECORD WAS SET OR TIED.
MM INDICATES DATA IS MISSING.
T  INDICATES TRACE AMOUNT.




$$
