000
CDAK48 PASN 242311
CLISNP

CLIMATE REPORT
NATIONAL WEATHER SERVICE ST PAUL, AK
311 PM AKDT THU JUL 24 2014

...................................
...THE ST PAUL AIRPORT CLIMATE SUMMARY FOR JULY 24 2014...
VALID TODAY AS OF 2:00 PM LOCAL TIME

CLIMATE NORMAL PERIOD  1981 TO  2010
CLIMATE RECORD PERIOD  1949 TO  2014

WEATHER ITEM   OBSERVED TIME    RECORD YEAR NORMAL DEPARTURE LAST
               VALUE    (LST)   VALUE       VALUE  FROM      YEAR
                                                   NORMAL
...................................................................
TEMPERATURE
TODAY
 MAXIMUM            55  0159 PM    62  2013     51       4     62
 MINIMUM            49  0703 AM    32  2008     45       4     50
 AVERAGE            52                          48       4     56

PRECIPITATION
(INCHES)
 TODAY               T           1.23  1965   0.07   -0.07   0.01
 MONTH TO DATE    1.07                        1.35   -0.28   1.40
 SINCE JUN 1      2.09                        2.70   -0.61   2.95
 SINCE JAN 1      9.23                        8.86    0.37  10.13

SNOWFALL
(INCHES)
 TODAY             0.0            0.0  2014    0.0     0.0    0.0
 MONTH TO DATE     0.0                         0.0     0.0    0.0
 SINCE JUN 1       0.0                         0.0     0.0    0.0
 SINCE JUL 1       0.0                         0.0     0.0    0.0
 SNOW DEPTH (IN)     0                                          0

DEGREE DAYS
 HEATING
  TODAY             13                          17      -4      9
  MONTH TO DATE    357                         434     -77    449
  SINCE JUN 1      985                        1113    -128   1159
  SINCE JUL 1      357                         434     -77    449

 COOLING
  TODAY              0                           0       0      0
  MONTH TO DATE      0                           0       0      0
  SINCE JUN 1        0                           0       0      0
  SINCE JAN 1        0                           0       0      0
...................................................................

WIND (MPH)
 HIGHEST WIND SPEED    21     HIGHEST WIND DIRECTION    280
 HIGHEST GUST SPEED    26     HIGHEST GUST DIRECTION    280
 AVERAGE WIND SPEED    MM

SKY COVER
  POSSIBLE SUNSHINE  MM            AVERAGE SKY COVER MM

WEATHER CONDITIONS
 THE FOLLOWING WEATHER WAS RECORDED TODAY.
 FOG
 DRIZZLE
 RAIN


RELATIVE HUMIDITY
 HIGHEST RH     MM PERCENT       MM
 LOWEST  RH     MM PERCENT       MM
 AVERAGE RH     MM PERCENT       MM
...................................................................

THE ST PAUL CLIMATE NORMALS FOR TOMORROW
                        NORMAL    RECORD   YEAR
 MAXIMUM TEMPERATURE      52        59     2013
 MINIMUM TEMPERATURE      45        38     1975

SUNRISE AND SUNSET
 JUL 24 2014..........SUNRISE  7:04 AM      SUNSET 11:50 PM
 JUL 25 2014..........SUNRISE  7:06 AM      SUNSET 11:48 PM

-  INDICATES NEGATIVE NUMBERS.
R  INDICATES RECORD HAS BEEN SET OR TIED.
MM INDICATES DATA IS MISSING.
T  INDICATES TRACE OF PRECIPITATION.

&&
-------------------------------------------------------------------

AMOUNT OF DAYLIGHT TODAY  (HOUR:MIN)........16 HOURS 46 MINUTES
GAIN/LOSS SINCE YESTERDAY (HOUR:MIN:SEC)....-0:03:40

$$
HCH JUL 14
