000
CDAK48 PASN 261131
CLISNP

CLIMATE REPORT
NATIONAL WEATHER SERVICE ST PAUL, AK
331 AM AKDT TUE JUL 26 2016

...................................
...THE ST PAUL AIRPORT CLIMATE SUMMARY FOR JULY 25 2016...

CLIMATE NORMAL PERIOD  1981 TO  2010
CLIMATE RECORD PERIOD  1892 TO  2016

WEATHER ITEM   OBSERVED TIME    RECORD YEAR NORMAL DEPARTURE LAST
               VALUE    (LST)   VALUE       VALUE  FROM      YEAR
                                                   NORMAL
...................................................................
TEMPERATURE
YESTERDAY
 MAXIMUM            59R 0227 PM    59  2013     52       7     53
 MINIMUM            46  1121 PM    38  1975     45       1     48
 AVERAGE            53                          48       5     51

PRECIPITATION
(INCHES)
 YESTERDAY        0.00           0.61  1990   0.07   -0.07   0.02
 MONTH TO DATE    0.70                        1.42   -0.72   1.60
 SINCE JUN 1      2.39                        2.77   -0.38   2.52
 SINCE JAN 1      8.31                        8.93   -0.62   8.80

SNOWFALL
(INCHES)
 YESTERDAY         0.0            0.0  2016    0.0     0.0    0.0
 MONTH TO DATE     0.0                         0.0     0.0    0.0
 SINCE JUN 1       0.0                         0.0     0.0    0.0
 SINCE JUL 1       0.0                         0.0     0.0    0.0
 SNOW DEPTH (IN)     0                                          0

DEGREE DAYS
 HEATING
  YESTERDAY         12                          17      -5     14
  MONTH TO DATE    325                         451    -126    394
  SINCE JUN 1      857                        1130    -273   1014
  SINCE JUL 1      325                         451    -126    394

 COOLING
  YESTERDAY          0                           0       0      0
  MONTH TO DATE      0                           0       0      0
  SINCE JUN 1        0                           0       0      0
  SINCE JAN 1        0                           0       0      0
...................................................................

WIND (MPH)
 HIGHEST WIND SPEED    22     HIGHEST WIND DIRECTION     10
 HIGHEST GUST SPEED    27     HIGHEST GUST DIRECTION    340
 AVERAGE WIND SPEED  12.9

SKY COVER
  POSSIBLE SUNSHINE    MM          AVERAGE SKY COVER     MM

WEATHER CONDITIONS
 THE FOLLOWING WEATHER WAS RECORDED YESTERDAY.
  NO SIGNIFICANT WEATHER WAS OBSERVED.

RELATIVE HUMIDITY
 HIGHEST RH     MM PERCENT       MM
 LOWEST  RH     MM PERCENT       MM
 AVERAGE RH     MM PERCENT       MM
...................................................................

THE ST PAUL CLIMATE NORMALS FOR TODAY
                           NORMAL    RECORD   YEAR
 MAXIMUM TEMPERATURE (F)     52        61     1962
 MINIMUM TEMPERATURE (F)     45        33     2007

SUNRISE AND SUNSET
 JUL 26 2016..........SUNRISE  7:09 AM      SUNSET 11:45 PM
 JUL 27 2016..........SUNRISE  7:11 AM      SUNSET 11:43 PM

-  INDICATES NEGATIVE NUMBERS.
R  INDICATES RECORD HAS BEEN SET OR TIED.
MM INDICATES DATA IS MISSING.
T  INDICATES TRACE OF PRECIPITATION.

&&
-------------------------------------------------------------------

AMOUNT OF DAYLIGHT TODAY  (HOUR:MIN)........16 HOURS 36 MINUTES
GAIN/LOSS SINCE YESTERDAY (HOUR:MIN:SEC)....-0:03:49

$$
WIW JUL 16
