000
CDAK48 PASN 242333
CLISNP

CLIMATE REPORT
NATIONAL WEATHER SERVICE ST PAUL, AK
233 PM AKST WED DEC 24 2014

...................................
...THE ST PAUL AIRPORT CLIMATE SUMMARY FOR DECEMBER 24 2014...
VALID TODAY AS OF 2:00 PM LOCAL TIME

CLIMATE NORMAL PERIOD  1981 TO  2010
CLIMATE RECORD PERIOD  1892 TO  2014

WEATHER ITEM   OBSERVED TIME    RECORD YEAR NORMAL DEPARTURE LAST
               VALUE    (LST)   VALUE       VALUE  FROM      YEAR
                                                   NORMAL
...................................................................
TEMPERATURE
TODAY
 MAXIMUM            39  0313 AM    41  1983     32       7     40
 MINIMUM            29  0946 AM     8  1893     24       5     34
 AVERAGE            34                          28       6     37

PRECIPITATION
(INCHES)
 TODAY            0.01           0.42  1988   0.07   -0.06   0.09
 MONTH TO DATE    2.13                        1.79    0.34   3.06
 SINCE DEC 1      2.13                        1.79    0.34   3.06
 SINCE JAN 1     22.91                       23.21   -0.30  27.35

SNOWFALL
(INCHES)
 TODAY               T            3.6  1987    0.3    -0.3      T
 MONTH TO DATE     2.7                         9.2    -6.5    5.4
 SINCE DEC 1       2.7                         9.2    -6.5    5.4
 SINCE JUL 1       3.4                        19.5   -16.1    8.1
 SNOW DEPTH (IN)     0                                          0

DEGREE DAYS
 HEATING
  TODAY             31                          37      -6     28
  MONTH TO DATE    754                         857    -103    764
  SINCE DEC 1      754                         857    -103    764
  SINCE JUL 1     3659                        4277    -618   4046

 COOLING
  TODAY              0                           0       0      0
  MONTH TO DATE      0                           0       0      0
  SINCE DEC 1        0                           0       0      0
  SINCE JAN 1        0                           0       0      0
...................................................................

WIND (MPH)
 HIGHEST WIND SPEED    35     HIGHEST WIND DIRECTION    250
 HIGHEST GUST SPEED    43     HIGHEST GUST DIRECTION    240
 AVERAGE WIND SPEED    MM

SKY COVER
  POSSIBLE SUNSHINE  MM            AVERAGE SKY COVER MM

WEATHER CONDITIONS
 THE FOLLOWING WEATHER WAS RECORDED TODAY.
FOG
RAIN
SNOW


RELATIVE HUMIDITY
 HIGHEST RH     MM PERCENT       MM
 LOWEST  RH     MM PERCENT       MM
 AVERAGE RH     MM PERCENT       MM
...................................................................

THE ST PAUL CLIMATE NORMALS FOR TOMORROW
                        NORMAL    RECORD   YEAR
 MAXIMUM TEMPERATURE      32        40     2003
 MINIMUM TEMPERATURE      24         7     2006

SUNRISE AND SUNSET
 DEC 24 2014..........SUNRISE 11:01 AM      SUNSET  5:42 PM
 DEC 25 2014..........SUNRISE 11:01 AM      SUNSET  5:43 PM

-  INDICATES NEGATIVE NUMBERS.
R  INDICATES RECORD HAS BEEN SET OR TIED.
MM INDICATES DATA IS MISSING.
T  INDICATES TRACE OF PRECIPITATION.

&&
-------------------------------------------------------------------

AMOUNT OF DAYLIGHT TODAY  (HOUR:MIN)........6 HOURS 41 MINUTES
GAIN/LOSS SINCE YESTERDAY (HOUR:MIN:SEC)....+0:00:22

$$
WIW DEC 14
