000
CDAK48 PAFC 280120
CLISNP

CLIMATE REPORT
NATIONAL WEATHER SERVICE ANCHORAGE, AK
418 PM AKST MON FEB 27 2017


...................................

...THE SAINT PAUL ISLAND CLIMATE SUMMARY FOR FEBRUARY 27 2017...
VALID TODAY AS OF 0400 PM LOCAL TIME.

CLIMATE NORMAL PERIOD 1981 TO 2010
CLIMATE RECORD PERIOD 1892 TO 2017


WEATHER ITEM   OBSERVED TIME   RECORD YEAR NORMAL DEPARTURE LAST
                VALUE   (LST)  VALUE       VALUE  FROM      YEAR
                                                  NORMAL
..................................................................
TEMPERATURE (F)
 TODAY
  MAXIMUM         34    100 PM  38    2015  29      5       37
                                      1981
                                      1979
  MINIMUM         24        MM -13    1894  20      4       34
  AVERAGE         29                        25      4       36

PRECIPITATION (IN)
  TODAY            T             0.45 1990   0.04  -0.04     0.02
  MONTH TO DATE    1.58                      1.26   0.32     0.99
  SINCE DEC 1      6.29                      5.09   1.20     7.34
  SINCE JAN 1      3.09                      2.84   0.25     2.61

SNOWFALL (IN)
  TODAY            T            MM      MM   0.3   -0.3     MM
  MONTH TO DATE    9.9                       9.7    0.2      0.0
  SINCE DEC 1     41.4                      34.4    7.0     11.7
  SINCE JUL 1     48.0                      44.7    3.3     23.7
  SNOW DEPTH       0

DEGREE DAYS
 HEATING
  TODAY           36                        40     -4       29
  MONTH TO DATE 1088                      1100    -12      735
  SINCE DEC 1   3263                      3458   -195     2609
  SINCE JUL 1   5832                      6879  -1047     5157

 COOLING
  TODAY            0                         0      0        0
  MONTH TO DATE    0                         0      0        0
  SINCE DEC 1      0                         0      0        0
  SINCE JAN 1      0                         0      0        0
..................................................................


WIND (MPH)
  RESULTANT WIND SPEED  11   RESULTANT WIND DIRECTION  NW (310)
  HIGHEST WIND SPEED    16   HIGHEST WIND DIRECTION    NW (300)
  HIGHEST GUST SPEED    MM   HIGHEST GUST DIRECTION    MM
  AVERAGE WIND SPEED    11.6



WEATHER CONDITIONS
 THE FOLLOWING WEATHER WAS RECORDED TODAY.
  LIGHT SNOW


..........................................................


THE SAINT PAUL ISLAND CLIMATE NORMALS FOR TOMORROW
                         NORMAL    RECORD    YEAR
 MAXIMUM TEMPERATURE (F)   29        39      1952
 MINIMUM TEMPERATURE (F)   20       -13      1894


SUNRISE AND SUNSET
FEBRUARY 27 2017......SUNRISE   918 AM AKST  SUNSET   750 PM AKST
FEBRUARY 28 2017......SUNRISE   915 AM AKST  SUNSET   752 PM AKST

CIVIL TWILIGHT
FEBRUARY 27 2017        START    840 AM GMT     END    829 PM GMT
FEBRUARY 28 2017        START    837 AM GMT     END    832 PM GMT



-  INDICATES NEGATIVE NUMBERS.
R  INDICATES RECORD WAS SET OR TIED.
MM INDICATES DATA IS MISSING.
T  INDICATES TRACE AMOUNT.




$$
&&
------------------------------------------------------
AMOUNT OF DAYLIGHT TODAY  (HOUR:MIN)........10:32
GAIN/LOSS SINCE YESTERDAY (HOUR:MIN:SEC)....+0:04:50
