000
CDAK48 PASN 292312
CLISNP

CLIMATE REPORT
NATIONAL WEATHER SERVICE ST PAUL, AK
312 PM AKDT FRI APR 29 2016

...................................
...THE ST PAUL AIRPORT CLIMATE SUMMARY FOR APRIL 29 2016...
VALID TODAY AS OF 2:00 PM LOCAL TIME

CLIMATE NORMAL PERIOD  1981 TO  2010
CLIMATE RECORD PERIOD  1892 TO  2016

WEATHER ITEM   OBSERVED TIME    RECORD YEAR NORMAL DEPARTURE LAST
               VALUE    (LST)   VALUE       VALUE  FROM      YEAR
                                                   NORMAL
...................................................................
TEMPERATURE
TODAY
 MAXIMUM            41  0159 PM    46  1989     37       4     37
 MINIMUM            35  0824 AM    12  1982     29       6     32
 AVERAGE            38                          33       5     35

PRECIPITATION
(INCHES)
 TODAY            0.01           0.41  1976   0.04   -0.03   0.02
 MONTH TO DATE    1.20                        1.05    0.15   1.25
 SINCE MAR 1      2.31                        2.12    0.19   1.93
 SINCE JAN 1      5.12                        5.00    0.12   4.25

SNOWFALL
(INCHES)
 TODAY             0.0            1.6  2012    0.1    -0.1    0.1
 MONTH TO DATE     0.8                         5.6    -4.8    9.2
 SINCE MAR 1      11.7                        13.6    -1.9   18.6
 SINCE JUL 1      52.5                        58.6    -6.1   48.3
 SNOW DEPTH (IN)     0                                          0

DEGREE DAYS
 HEATING
  TODAY             27                          32      -5     30
  MONTH TO DATE    828                        1039    -211   1025
  SINCE MAR 1     1953                        2276    -323   2200
  SINCE JUL 1     7978                        9195   -1217   8157

 COOLING
  TODAY              0                           0       0      0
  MONTH TO DATE      0                           0       0      0
  SINCE MAR 1        0                           0       0      0
  SINCE JAN 1        0                           0       0      0
...................................................................

WIND (MPH)
 HIGHEST WIND SPEED    29     HIGHEST WIND DIRECTION     10
 HIGHEST GUST SPEED    34     HIGHEST GUST DIRECTION     10
 AVERAGE WIND SPEED    MM

SKY COVER
  POSSIBLE SUNSHINE  MM            AVERAGE SKY COVER MM

WEATHER CONDITIONS
 THE FOLLOWING WEATHER WAS RECORDED TODAY.
  RAIN


RELATIVE HUMIDITY
 HIGHEST RH     MM PERCENT       MM
 LOWEST  RH     MM PERCENT       MM
 AVERAGE RH     MM PERCENT       MM
...................................................................

THE ST PAUL CLIMATE NORMALS FOR TOMORROW
                        NORMAL    RECORD   YEAR
 MAXIMUM TEMPERATURE      37        45     1981
 MINIMUM TEMPERATURE      29        12     1975

SUNRISE AND SUNSET
 APR 29 2016..........SUNRISE  7:36 AM      SUNSET 11:03 PM
 APR 30 2016..........SUNRISE  7:33 AM      SUNSET 11:05 PM

-  INDICATES NEGATIVE NUMBERS.
R  INDICATES RECORD HAS BEEN SET OR TIED.
MM INDICATES DATA IS MISSING.
T  INDICATES TRACE OF PRECIPITATION.

&&
-------------------------------------------------------------------

AMOUNT OF DAYLIGHT TODAY  (HOUR:MIN)........15 HOURS 27 MINUTES
GAIN/LOSS SINCE YESTERDAY (HOUR:MIN:SEC)....+0:04:32

$$
HCH APR 16
