000
CDAK48 PASN 032317
CLISNP

CLIMATE REPORT
NATIONAL WEATHER SERVICE ST PAUL, AK
217 PM AKST TUE MAR 3 2015

...................................
...THE ST PAUL AIRPORT CLIMATE SUMMARY FOR MARCH 3 2015...
VALID TODAY AS OF 2:00 PM LOCAL TIME

CLIMATE NORMAL PERIOD  1981 TO  2010
CLIMATE RECORD PERIOD  1892 TO  2015

WEATHER ITEM   OBSERVED TIME    RECORD YEAR NORMAL DEPARTURE LAST
               VALUE    (LST)   VALUE       VALUE  FROM      YEAR
                                                   NORMAL
...................................................................
TEMPERATURE
TODAY
 MAXIMUM            34  0248 AM    40  2003     29       5     32
 MINIMUM            30  1233 PM   -10  1956     20      10     28
 AVERAGE            32                          25       7     30

PRECIPITATION
(INCHES)
 TODAY               T            0.6  1893   0.04   -0.04      T
 MONTH TO DATE    0.17                        0.11    0.06      T
 SINCE MAR 1      0.17                        0.11    0.06   0.00
 SINCE JAN 1      2.49                        2.99   -0.50   4.33

SNOWFALL
(INCHES)
 TODAY             0.2            6.1  1954    0.3    -0.1      T
 MONTH TO DATE     0.2                         0.8    -0.6      T
 SINCE MAR 1       0.2                         0.8    -0.6    0.0
 SINCE JUL 1      29.9                        45.8   -15.9   34.3
 SNOW DEPTH (IN)     T                                          5

DEGREE DAYS
 HEATING
  TODAY             33                          40      -7     35
  MONTH TO DATE     90                         120     -30    100
  SINCE MAR 1       90                         120     -30    100
  SINCE JUL 1     6047                        7039    -992   6546

 COOLING
  TODAY              0                           0       0      0
  MONTH TO DATE      0                           0       0      0
  SINCE MAR 1        0                           0       0      0
  SINCE JAN 1        0                           0       0      0
...................................................................

WIND (MPH)
 HIGHEST WIND SPEED    30     HIGHEST WIND DIRECTION    320
 HIGHEST GUST SPEED    38     HIGHEST GUST DIRECTION    320
 AVERAGE WIND SPEED    MM

SKY COVER
  POSSIBLE SUNSHINE  MM            AVERAGE SKY COVER MM

WEATHER CONDITIONS
 THE FOLLOWING WEATHER WAS RECORDED TODAY.
  FOG
  RAIN
  SNOW


RELATIVE HUMIDITY
 HIGHEST RH     MM PERCENT       MM
 LOWEST  RH     MM PERCENT       MM
 AVERAGE RH     MM PERCENT       MM
...................................................................

THE ST PAUL CLIMATE NORMALS FOR TOMORROW
                        NORMAL    RECORD   YEAR
 MAXIMUM TEMPERATURE      29        40     1980
 MINIMUM TEMPERATURE      20        -5     2010

SUNRISE AND SUNSET
 MAR 3 2015..........SUNRISE  9:09 AM      SUNSET  7:58 PM
 MAR 4 2015..........SUNRISE  9:07 AM      SUNSET  8:01 PM

-  INDICATES NEGATIVE NUMBERS.
R  INDICATES RECORD HAS BEEN SET OR TIED.
MM INDICATES DATA IS MISSING.
T  INDICATES TRACE OF PRECIPITATION.

&&
-------------------------------------------------------------------

AMOUNT OF DAYLIGHT TODAY  (HOUR:MIN)........10 HOURS 49 MINUTES
GAIN/LOSS SINCE YESTERDAY (HOUR:MIN:SEC)....+0:04:51

$$
SAH MAR 15
