000
CDAK48 PAFC 031257
CLISNP

CLIMATE REPORT
NATIONAL WEATHER SERVICE ANCHORAGE, AK
356 AM AKST SAT DEC 3 2016


...................................

...THE SAINT PAUL ISLAND CLIMATE SUMMARY FOR DECEMBER 2 2016...

CLIMATE NORMAL PERIOD 1981 TO 2010
CLIMATE RECORD PERIOD 1892 TO 2016


WEATHER ITEM   OBSERVED TIME   RECORD YEAR NORMAL DEPARTURE LAST
                VALUE   (LST)  VALUE       VALUE  FROM      YEAR
                                                  NORMAL
..................................................................
TEMPERATURE (F)
 YESTERDAY
  MAXIMUM         36    707 AM  41    2002  35      1       32
                                      1958
  MINIMUM         16   1159 PM   6    1987  26    -10       14
  AVERAGE         26                        30     -4       23

PRECIPITATION (IN)
  YESTERDAY        0.04          0.53 1965   0.08  -0.04     0.03
  MONTH TO DATE    0.13                      0.16  -0.03     0.11
  SINCE DEC 1      0.13                      0.16  -0.03     0.11
  SINCE JAN 1     24.20                     21.58   2.62    23.12

SNOWFALL (IN)
  YESTERDAY        0.7           2.6  1952   0.3    0.4      0.3
  MONTH TO DATE    1.6                       0.7    0.9      1.0
  SINCE DEC 1      1.6                       0.7    0.9      1.0
  SINCE JUL 1      8.2                      11.0   -2.8     13.0
  SNOW DEPTH       1

DEGREE DAYS
 HEATING
  YESTERDAY       39                        34      5       42
  MONTH TO DATE   78                        68     10       77
  SINCE DEC 1     78                        68     10       77
  SINCE JUL 1   2647                      3489   -842     2625

 COOLING
  YESTERDAY        0                         0      0        0
  MONTH TO DATE    0                         0      0        0
  SINCE DEC 1      0                         0      0        0
  SINCE JAN 1      0                         0      0        0
..................................................................


WIND (MPH)
  RESULTANT WIND SPEED  10   RESULTANT WIND DIRECTION   W (250)
  HIGHEST WIND SPEED    28   HIGHEST WIND DIRECTION     S (200)
  HIGHEST GUST SPEED    33   HIGHEST GUST DIRECTION    SW (210)
  AVERAGE WIND SPEED    10.0



WEATHER CONDITIONS
 THE FOLLOWING WEATHER WAS RECORDED YESTERDAY.
  LIGHT SNOW
  FOG


..........................................................


THE SAINT PAUL ISLAND CLIMATE NORMALS FOR TODAY
                         NORMAL    RECORD    YEAR
 MAXIMUM TEMPERATURE (F)   35        44      1979
 MINIMUM TEMPERATURE (F)   26         1      2009


SUNRISE AND SUNSET
DECEMBER  3 2016......SUNRISE  1040 AM AKST  SUNSET   542 PM AKST
DECEMBER  4 2016......SUNRISE  1041 AM AKST  SUNSET   541 PM AKST

CIVIL TWILIGHT
DECEMBER 3 2016         START    952 AM GMT     END    631 PM GMT
DECEMBER 4 2016         START    954 AM GMT     END    630 PM GMT



-  INDICATES NEGATIVE NUMBERS.
R  INDICATES RECORD WAS SET OR TIED.
MM INDICATES DATA IS MISSING.
T  INDICATES TRACE AMOUNT.




$$
&&
------------------------------------------------------
AMOUNT OF DAYLIGHT TODAY  (HOUR:MIN)........ 7:02
GAIN/LOSS SINCE YESTERDAY (HOUR:MIN:SEC)....-0:02:27
