000
CDAK48 PASN 052340
CLISNP

CLIMATE REPORT
NATIONAL WEATHER SERVICE ST PAUL, AK
240 PM AKST FRI FEB 5 2016

...................................
...THE ST PAUL AIRPORT CLIMATE SUMMARY FOR FEBRUARY 5 2016...
VALID TODAY AS OF 2:00 PM LOCAL TIME

CLIMATE NORMAL PERIOD  1981 TO  2010
CLIMATE RECORD PERIOD  1892 TO  2016

WEATHER ITEM   OBSERVED TIME    RECORD YEAR NORMAL DEPARTURE LAST
               VALUE    (LST)   VALUE       VALUE  FROM      YEAR
                                                   NORMAL
...................................................................
TEMPERATURE
TODAY
 MAXIMUM            35  0159 PM    40  1994     28       7     33
 MINIMUM            30  0604 AM   -15  1991     20      10     28
 AVERAGE            33                          24       9     31

PRECIPITATION
(INCHES)
 TODAY            0.02           0.72  1959   0.05   -0.03   0.00
 MONTH TO DATE    0.28                        0.25    0.03   0.00
 SINCE DEC 1      6.52                        4.08    2.44   4.16
 SINCE JAN 1      1.89                        1.83    0.06   1.20

SNOWFALL
(INCHES)
 TODAY               T            7.9  1995    0.3    -0.3    0.0
 MONTH TO DATE     2.6                         1.9     0.7    0.0
 SINCE DEC 1      26.7                        26.6     0.1   18.5
 SINCE JUL 1      38.7                        36.9     1.8   19.2
 SNOW DEPTH (IN)     1                                          2

DEGREE DAYS
 HEATING
  TODAY             32                          41      -9     34
  MONTH TO DATE    158                         205     -47    175
  SINCE DEC 1     2231                        2564    -333   2211
  SINCE JUL 1     5261                        5984    -723   5116

 COOLING
  TODAY              0                           0       0      0
  MONTH TO DATE      0                           0       0      0
  SINCE DEC 1        0                           0       0      0
  SINCE JAN 1        0                           0       0      0
...................................................................

WIND (MPH)
 HIGHEST WIND SPEED     9     HIGHEST WIND DIRECTION    360
 HIGHEST GUST SPEED    11     HIGHEST GUST DIRECTION    360
 AVERAGE WIND SPEED    MM

SKY COVER
  POSSIBLE SUNSHINE  MM            AVERAGE SKY COVER MM

WEATHER CONDITIONS
 THE FOLLOWING WEATHER WAS RECORDED TODAY.
  FOG
  DRIZZLE
  RAIN
  SNOW


RELATIVE HUMIDITY
 HIGHEST RH     MM PERCENT       MM
 LOWEST  RH     MM PERCENT       MM
 AVERAGE RH     MM PERCENT       MM
...................................................................

THE ST PAUL CLIMATE NORMALS FOR TOMORROW
                        NORMAL    RECORD   YEAR
 MAXIMUM TEMPERATURE      28        39     1994
 MINIMUM TEMPERATURE      20       -16     1991

SUNRISE AND SUNSET
 FEB 5 2016..........SUNRISE 10:13 AM      SUNSET  6:58 PM
 FEB 6 2016..........SUNRISE 10:11 AM      SUNSET  7:01 PM

-  INDICATES NEGATIVE NUMBERS.
R  INDICATES RECORD HAS BEEN SET OR TIED.
MM INDICATES DATA IS MISSING.
T  INDICATES TRACE OF PRECIPITATION.

&&
-------------------------------------------------------------------

AMOUNT OF DAYLIGHT TODAY  (HOUR:MIN)........8 HOURS 45 MINUTES
GAIN/LOSS SINCE YESTERDAY (HOUR:MIN:SEC)....+0:04:26

$$
WIW FEB 16
