000
CDAK48 PASN 271149
CLISNP

CLIMATE REPORT
NATIONAL WEATHER SERVICE ST PAUL, AK
349 AM AKDT FRI MAY 27 2016

...................................
...THE ST PAUL AIRPORT CLIMATE SUMMARY FOR MAY 26 2016...

CLIMATE NORMAL PERIOD  1981 TO  2010
CLIMATE RECORD PERIOD  1892 TO  2016

WEATHER ITEM   OBSERVED TIME    RECORD YEAR NORMAL DEPARTURE LAST
               VALUE    (LST)   VALUE       VALUE  FROM      YEAR
                                                   NORMAL
...................................................................
TEMPERATURE
YESTERDAY
 MAXIMUM            48  0159 PM    52  1957     43       5     46
 MINIMUM            43  0903 AM    25  1988     34       9     41
 AVERAGE            46                          38       8     44

PRECIPITATION
(INCHES)
 YESTERDAY        0.00           0.31  1972   0.04   -0.04   0.10
 MONTH TO DATE    0.79                        0.95   -0.16   1.81
 SINCE MAR 1      3.10                        3.10    0.00   3.74
 SINCE JAN 1      5.91                        5.98   -0.07   6.06

SNOWFALL
(INCHES)
 YESTERDAY         0.0            0.4  1973    0.1    -0.1    0.0
 MONTH TO DATE       T                         1.1    -1.1    0.3
 SINCE MAR 1      11.8                        14.8    -3.0   18.9
 SINCE JUL 1      52.6                        59.8    -7.2   48.6
 SNOW DEPTH (IN)     0                                          0

DEGREE DAYS
 HEATING
  YESTERDAY         19                          27      -8     21
  MONTH TO DATE    646                         762    -116    664
  SINCE MAR 1     2630                        3070    -440   2893
  SINCE JUL 1     8655                        9989   -1334   8850

 COOLING
  YESTERDAY          0                           0       0      0
  MONTH TO DATE      0                           0       0      0
  SINCE MAR 1        0                           0       0      0
  SINCE JAN 1        0                           0       0      0
...................................................................

WIND (MPH)
 HIGHEST WIND SPEED    23     HIGHEST WIND DIRECTION    140
 HIGHEST GUST SPEED    29     HIGHEST GUST DIRECTION    140
 AVERAGE WIND SPEED  16.1

SKY COVER
  POSSIBLE SUNSHINE    MM          AVERAGE SKY COVER     MM

WEATHER CONDITIONS
 THE FOLLOWING WEATHER WAS RECORDED YESTERDAY.
  FOG


RELATIVE HUMIDITY
 HIGHEST RH     MM PERCENT       MM
 LOWEST  RH     MM PERCENT       MM
 AVERAGE RH     MM PERCENT       MM
...................................................................

THE ST PAUL CLIMATE NORMALS FOR TODAY
                           NORMAL    RECORD   YEAR
 MAXIMUM TEMPERATURE (F)     43        59     1997
 MINIMUM TEMPERATURE (F)     34        26     1981

SUNRISE AND SUNSET
 MAY 27 2016..........SUNRISE  6:40 AM      SUNSET 11:58 PM
 MAY 28 2016..........SUNRISE  6:39 AM      SUNSET 12:00 PM

-  INDICATES NEGATIVE NUMBERS.
R  INDICATES RECORD HAS BEEN SET OR TIED.
MM INDICATES DATA IS MISSING.
T  INDICATES TRACE OF PRECIPITATION.

&&
-------------------------------------------------------------------

AMOUNT OF DAYLIGHT TODAY  (HOUR:MIN)........17 HOURS 18 MINUTES
GAIN/LOSS SINCE YESTERDAY (HOUR:MIN:SEC)....+0:03:02

$$
WIW MAY 16
