000
CDUS46 KMTR 240826
CLISNS


CLIMATE REPORT
NATIONAL WEATHER SERVICE SAN FRANCISCO BAY AREA
126 AM PDT FRI MAR 24 2017


...................................

...THE SALINAS AIRPORT CLIMATE SUMMARY FOR MARCH 23 2017...

CLIMATE NORMAL PERIOD 1981 TO 2010
CLIMATE RECORD PERIOD 1930 TO 2017


WEATHER ITEM   OBSERVED TIME   RECORD YEAR NORMAL DEPARTURE LAST
                VALUE   (LST)  VALUE       VALUE  FROM      YEAR
                                                  NORMAL
..................................................................
TEMPERATURE (F)
 YESTERDAY
  MAXIMUM         62    246 PM  82    1953  65     -3       68
  MINIMUM         47    514 AM  33    1936  45      2       43
  AVERAGE         55                        55      0       56

PRECIPITATION (IN)
  YESTERDAY        0.00          0.70 1958   0.06  -0.06     0.00
  MONTH TO DATE    1.04                      1.79  -0.75     3.45
  SINCE OCT 1     15.33                     10.79   4.54    12.84
  SINCE JAN 1     11.33                      6.88   4.45     7.94

DEGREE DAYS
 HEATING
  YESTERDAY       10                        10      0        9
  MONTH TO DATE  177                       242    -65      163
  SINCE MAR 1    177                       242    -65      163
  SINCE JUL 1   1939                      2056   -117     1554

 COOLING
  YESTERDAY        0                         0      0        0
  MONTH TO DATE    1                         0      1        0
  SINCE MAR 1      1                         0      1        0
  SINCE JAN 1      1                         0      1        3
..................................................................


WIND (MPH)
  RESULTANT WIND SPEED   4   RESULTANT WIND DIRECTION   W (290)
  HIGHEST WIND SPEED    16   HIGHEST WIND DIRECTION     W (280)
  HIGHEST GUST SPEED    23   HIGHEST GUST DIRECTION     W (270)
  AVERAGE WIND SPEED     4.9


SKY COVER
  POSSIBLE SUNSHINE  MM
  AVERAGE SKY COVER 0.4


WEATHER CONDITIONS
 THE FOLLOWING WEATHER WAS RECORDED YESTERDAY.
  NO SIGNIFICANT WEATHER WAS OBSERVED.


RELATIVE HUMIDITY (PERCENT)
 HIGHEST    86          1200 AM
 LOWEST     55           100 PM
 AVERAGE    71

..........................................................


THE SALINAS AIRPORT CLIMATE NORMALS FOR TODAY
                         NORMAL    RECORD    YEAR
 MAXIMUM TEMPERATURE (F)   65        84      1951
 MINIMUM TEMPERATURE (F)   45        32      1935


SUNRISE AND SUNSET
MARCH 24 2017.........SUNRISE   704 AM PDT   SUNSET   722 PM PDT
MARCH 25 2017.........SUNRISE   702 AM PDT   SUNSET   723 PM PDT


-  INDICATES NEGATIVE NUMBERS.
R  INDICATES RECORD WAS SET OR TIED.
MM INDICATES DATA IS MISSING.
T  INDICATES TRACE AMOUNT.




$$
