000
CDUS46 KMTR 070827
CLISNS


CLIMATE REPORT
NATIONAL WEATHER SERVICE SAN FRANCISCO BAY AREA
1226 AM PST SUN FEB 7 2016


...................................

...THE SALINAS AIRPORT CLIMATE SUMMARY FOR FEBRUARY 6 2016...

CLIMATE NORMAL PERIOD 1981 TO 2010
CLIMATE RECORD PERIOD 1930 TO 2016


WEATHER ITEM   OBSERVED TIME   RECORD YEAR NORMAL DEPARTURE LAST
                VALUE   (LST)  VALUE       VALUE  FROM      YEAR
                                                  NORMAL
..................................................................
TEMPERATURE (F)
 YESTERDAY
  MAXIMUM         73    432 PM  83    1954  62     11       70
  MINIMUM         45    731 AM  28    1989  43      2       51
  AVERAGE         59                        52      7       61

PRECIPITATION (IN)
  YESTERDAY        0.00          2.03 1937   0.10  -0.10     0.20
  MONTH TO DATE    0.01                      0.56  -0.55     0.20
  SINCE OCT 1      8.95                      7.07   1.88     8.20
  SINCE JAN 1      4.05                      3.16   0.89     0.21

DEGREE DAYS
 HEATING
  YESTERDAY        6                        13     -7        4
  MONTH TO DATE   77                        78     -1       30
  SINCE DEC 1    917                       938    -21      516
  SINCE JUL 1   1277                      1556   -279      730

 COOLING
  YESTERDAY        0                         0      0        0
  MONTH TO DATE    0                         0      0        0
  SINCE DEC 1      0                         0      0        2
  SINCE JAN 1      0                         0      0        1
..................................................................


WIND (MPH)
  RESULTANT WIND SPEED   4   RESULTANT WIND DIRECTION   E (80)
  HIGHEST WIND SPEED    18   HIGHEST WIND DIRECTION     E (90)
  HIGHEST GUST SPEED    23   HIGHEST GUST DIRECTION     E (100)
  AVERAGE WIND SPEED     6.2


SKY COVER
  POSSIBLE SUNSHINE  MM
  AVERAGE SKY COVER 0.0


WEATHER CONDITIONS
 THE FOLLOWING WEATHER WAS RECORDED YESTERDAY.
  NO SIGNIFICANT WEATHER WAS OBSERVED.


RELATIVE HUMIDITY (PERCENT)
 HIGHEST    86          1200 AM
 LOWEST     34           200 PM
 AVERAGE    60

..........................................................


THE SALINAS AIRPORT CLIMATE NORMALS FOR TODAY
                         NORMAL    RECORD    YEAR
 MAXIMUM TEMPERATURE (F)   62        84      1954
 MINIMUM TEMPERATURE (F)   43        26      1989


SUNRISE AND SUNSET
FEBRUARY  7 2016......SUNRISE   703 AM PST   SUNSET   538 PM PST
FEBRUARY  8 2016......SUNRISE   702 AM PST   SUNSET   539 PM PST


-  INDICATES NEGATIVE NUMBERS.
R  INDICATES RECORD WAS SET OR TIED.
MM INDICATES DATA IS MISSING.
T  INDICATES TRACE AMOUNT.




$$
