007
CDUS46 KMTR 220826
CLISNS


CLIMATE REPORT
NATIONAL WEATHER SERVICE SAN FRANCISCO BAY AREA
125 AM PDT FRI MAY 22 2015


...................................

...THE SALINAS AIRPORT CLIMATE SUMMARY FOR MAY 21 2015...

CLIMATE NORMAL PERIOD 1981 TO 2010
CLIMATE RECORD PERIOD 1930 TO 2015


WEATHER ITEM   OBSERVED TIME   RECORD YEAR NORMAL DEPARTURE LAST
                VALUE   (LST)  VALUE       VALUE  FROM      YEAR
                                                  NORMAL
..................................................................
TEMPERATURE (F)
 YESTERDAY
  MAXIMUM         68    111 PM  94    2000  69     -1       63
  MINIMUM         56   1159 PM  40    1971  51      5       54
  AVERAGE         62                        60      2       59

PRECIPITATION (IN)
  YESTERDAY        T             0.61 2006   0.01  -0.01      T
  MONTH TO DATE    0.20                      0.27  -0.07      T
  SINCE OCT 1      9.66                     12.46  -2.80     5.78
  SINCE JAN 1      1.67                      8.55  -6.88     4.95

DEGREE DAYS
 HEATING
  YESTERDAY        3                         6     -3        6
  MONTH TO DATE  114                       133    -19       82
  SINCE MAR 1    404                       708   -304      464
  SINCE JUL 1   1253                      2522  -1269     1896

 COOLING
  YESTERDAY        0                         0      0        0
  MONTH TO DATE    0                         0      0       34
  SINCE MAR 1     23                         7     16       48
  SINCE JAN 1     31                         7     24       50
..................................................................


WIND (MPH)
  RESULTANT WIND SPEED   7   RESULTANT WIND DIRECTION   W (270)
  HIGHEST WIND SPEED    18   HIGHEST WIND DIRECTION     W (260)
  HIGHEST GUST SPEED    23   HIGHEST GUST DIRECTION     W (270)
  AVERAGE WIND SPEED     7.8


SKY COVER
  POSSIBLE SUNSHINE  MM
  AVERAGE SKY COVER 0.9


WEATHER CONDITIONS
 THE FOLLOWING WEATHER WAS RECORDED YESTERDAY.
  LIGHT RAIN


RELATIVE HUMIDITY (PERCENT)
 HIGHEST    86          1000 PM
 LOWEST     48           200 PM
 AVERAGE    67

..........................................................


THE SALINAS AIRPORT CLIMATE NORMALS FOR TODAY
                         NORMAL    RECORD    YEAR
 MAXIMUM TEMPERATURE (F)   69        88      1943
 MINIMUM TEMPERATURE (F)   51        36      1960


SUNRISE AND SUNSET
MAY 22 2015...........SUNRISE   454 AM PST   SUNSET   712 PM PST
MAY 23 2015...........SUNRISE   454 AM PST   SUNSET   713 PM PST


-  INDICATES NEGATIVE NUMBERS.
R  INDICATES RECORD WAS SET OR TIED.
MM INDICATES DATA IS MISSING.
T  INDICATES TRACE AMOUNT.




$$
