020
CDUS46 KMTR 200825
CLISNS


CLIMATE REPORT
NATIONAL WEATHER SERVICE SAN FRANCISCO BAY AREA
125 AM PDT WED SEP 20 2017


...................................

...THE SALINAS AIRPORT CLIMATE SUMMARY FOR SEPTEMBER 19 2017...

CLIMATE NORMAL PERIOD 1981 TO 2010
CLIMATE RECORD PERIOD 1930 TO 2017


WEATHER ITEM   OBSERVED TIME   RECORD YEAR NORMAL DEPARTURE LAST
                VALUE   (LST)  VALUE       VALUE  FROM      YEAR
                                                  NORMAL
..................................................................
TEMPERATURE (F)
 YESTERDAY
  MAXIMUM         72    242 PM 101    1946  74     -2       77
  MINIMUM         55    630 AM  43    1978  54      1       56
  AVERAGE         64                        64      0       67

PRECIPITATION (IN)
  YESTERDAY        0.00          0.19 1966   0.01  -0.01     0.00
  MONTH TO DATE    0.04                      0.07  -0.03     0.00
  SINCE OCT 1     16.49                     12.73   3.76    13.47
  SINCE JAN 1     12.49                      8.82   3.67     8.57

DEGREE DAYS
 HEATING
  YESTERDAY        1                         2     -1        0
  MONTH TO DATE    9                        38    -29       50
  SINCE SEP 1      9                        38    -29       50
  SINCE JUL 1    100                       173    -73      198

 COOLING
  YESTERDAY        0                         1     -1        2
  MONTH TO DATE  125                        19    106       14
  SINCE SEP 1    125                        19    106       14
  SINCE JAN 1    193                        88    105       47
..................................................................


WIND (MPH)
  RESULTANT WIND SPEED   7   RESULTANT WIND DIRECTION   W (250)
  HIGHEST WIND SPEED    18   HIGHEST WIND DIRECTION    SW (240)
  HIGHEST GUST SPEED    23   HIGHEST GUST DIRECTION    SW (240)
  AVERAGE WIND SPEED     8.3


SKY COVER
  POSSIBLE SUNSHINE  MM
  AVERAGE SKY COVER 0.0


WEATHER CONDITIONS
 THE FOLLOWING WEATHER WAS RECORDED YESTERDAY.
  NO SIGNIFICANT WEATHER WAS OBSERVED.


RELATIVE HUMIDITY (PERCENT)
 HIGHEST    93           200 AM
 LOWEST     44          1200 PM
 AVERAGE    69

..........................................................


THE SALINAS AIRPORT CLIMATE NORMALS FOR TODAY
                         NORMAL    RECORD    YEAR
 MAXIMUM TEMPERATURE (F)   74       100      1939
 MINIMUM TEMPERATURE (F)   54        40      1944


SUNRISE AND SUNSET
SEPTEMBER 20 2017.....SUNRISE   653 AM PDT   SUNSET   706 PM PDT
SEPTEMBER 21 2017.....SUNRISE   654 AM PDT   SUNSET   704 PM PDT


-  INDICATES NEGATIVE NUMBERS.
R  INDICATES RECORD WAS SET OR TIED.
MM INDICATES DATA IS MISSING.
T  INDICATES TRACE AMOUNT.




$$
