000
CDUS46 KMTR 280845
CLISNS


CLIMATE REPORT
NATIONAL WEATHER SERVICE SAN FRANCISCO BAY AREA
145 AM PDT SUN AUG 28 2016


...................................

...THE SALINAS AIRPORT CLIMATE SUMMARY FOR AUGUST 27 2016...

CLIMATE NORMAL PERIOD 1981 TO 2010
CLIMATE RECORD PERIOD 1930 TO 2016


WEATHER ITEM   OBSERVED TIME   RECORD YEAR NORMAL DEPARTURE LAST
                VALUE   (LST)  VALUE       VALUE  FROM      YEAR
                                                  NORMAL
..................................................................
TEMPERATURE (F)
 YESTERDAY
  MAXIMUM         70    246 PM  95    1962  73     -3       89
  MINIMUM         59   1159 PM  43    1938  56      3       58
  AVERAGE         65                        64      1       74

PRECIPITATION (IN)
  YESTERDAY        0.00          0.03 1949   0.00   0.00     0.00
  MONTH TO DATE    T                         0.03  -0.03     0.06
  SINCE OCT 1     13.47                     12.66   0.81     9.88
  SINCE JAN 1      8.57                      8.75  -0.18     1.89

DEGREE DAYS
 HEATING
  YESTERDAY        0                         2     -2        0
  MONTH TO DATE   55                        54      1        1
  SINCE JUN 1    223                       245    -22       84
  SINCE JUL 1    147                       132     15        3

 COOLING
  YESTERDAY        0                         1     -1        9
  MONTH TO DATE    0                        24    -24       91
  SINCE JUN 1      8                        54    -46      157
  SINCE JAN 1     31                        70    -39      188
..................................................................


WIND (MPH)
  RESULTANT WIND SPEED   7   RESULTANT WIND DIRECTION   W (280)
  HIGHEST WIND SPEED    16   HIGHEST WIND DIRECTION     W (260)
  HIGHEST GUST SPEED    43   HIGHEST GUST DIRECTION    NW (330)
  AVERAGE WIND SPEED     7.0


SKY COVER
  POSSIBLE SUNSHINE  MM
  AVERAGE SKY COVER 0.5


WEATHER CONDITIONS
 THE FOLLOWING WEATHER WAS RECORDED YESTERDAY.
  HAZE


RELATIVE HUMIDITY (PERCENT)
 HIGHEST    78          1200 AM
 LOWEST     57           100 PM
 AVERAGE    68

..........................................................


THE SALINAS AIRPORT CLIMATE NORMALS FOR TODAY
                         NORMAL    RECORD    YEAR
 MAXIMUM TEMPERATURE (F)   73        97      2009
 MINIMUM TEMPERATURE (F)   56        45      1939


SUNRISE AND SUNSET
AUGUST 28 2016........SUNRISE   635 AM PDT   SUNSET   739 PM PDT
AUGUST 29 2016........SUNRISE   636 AM PDT   SUNSET   738 PM PDT


-  INDICATES NEGATIVE NUMBERS.
R  INDICATES RECORD WAS SET OR TIED.
MM INDICATES DATA IS MISSING.
T  INDICATES TRACE AMOUNT.




$$
