000
CDUS46 KMTR 190826
CLISNS


CLIMATE REPORT
NATIONAL WEATHER SERVICE SAN FRANCISCO BAY AREA
1226 AM PST MON FEB 19 2018


...................................

...THE SALINAS AIRPORT CLIMATE SUMMARY FOR FEBRUARY 18 2018...

CLIMATE NORMAL PERIOD 1981 TO 2010
CLIMATE RECORD PERIOD 1930 TO 2018


WEATHER ITEM   OBSERVED TIME   RECORD YEAR NORMAL DEPARTURE LAST
                VALUE   (LST)  VALUE       VALUE  FROM      YEAR
                                                  NORMAL
..................................................................
TEMPERATURE (F)
 YESTERDAY
  MAXIMUM         60   1225 PM  79    1935  63     -3       57
  MINIMUM         46   1159 PM  30    1933  44      2       46
  AVERAGE         53                        53      0       52

PRECIPITATION (IN)
  YESTERDAY        T             0.78 2001   0.09  -0.09     0.01
  MONTH TO DATE    T                         1.60  -1.60     2.58
  SINCE OCT 1      2.51                      8.11  -5.60    12.44
  SINCE JAN 1      1.73                      4.20  -2.47     8.44

DEGREE DAYS
 HEATING
  YESTERDAY       12                        12      0       13
  MONTH TO DATE  124                       222    -98      148
  SINCE DEC 1    754                      1082   -328     1039
  SINCE JUL 1   1190                      1700   -510     1609

 COOLING
  YESTERDAY        0                         0      0        0
  MONTH TO DATE    0                         0      0        0
  SINCE DEC 1      0                         0      0        0
  SINCE JAN 1      0                         0      0        0
..................................................................


WIND (MPH)
  RESULTANT WIND SPEED  12   RESULTANT WIND DIRECTION   W (260)
  HIGHEST WIND SPEED    30   HIGHEST WIND DIRECTION     W (260)
  HIGHEST GUST SPEED    38   HIGHEST GUST DIRECTION     W (260)
  AVERAGE WIND SPEED    12.8


SKY COVER
  POSSIBLE SUNSHINE  MM
  AVERAGE SKY COVER 0.7


WEATHER CONDITIONS
 THE FOLLOWING WEATHER WAS RECORDED YESTERDAY.
  FOG


RELATIVE HUMIDITY (PERCENT)
 HIGHEST    96           400 AM
 LOWEST     47           300 PM
 AVERAGE    72

..........................................................


THE SALINAS AIRPORT CLIMATE NORMALS FOR TODAY
                         NORMAL    RECORD    YEAR
 MAXIMUM TEMPERATURE (F)   63        80      1964
 MINIMUM TEMPERATURE (F)   44        29      1933


SUNRISE AND SUNSET
FEBRUARY 19 2018......SUNRISE   650 AM PST   SUNSET   551 PM PST
FEBRUARY 20 2018......SUNRISE   648 AM PST   SUNSET   552 PM PST


-  INDICATES NEGATIVE NUMBERS.
R  INDICATES RECORD WAS SET OR TIED.
MM INDICATES DATA IS MISSING.
T  INDICATES TRACE AMOUNT.




$$
