000
CDUS46 KMTR 220829
CLISNS


CLIMATE REPORT
NATIONAL WEATHER SERVICE SAN FRANCISCO BAY AREA
129 AM PDT SAT JUL 22 2017


...................................

...THE SALINAS AIRPORT CLIMATE SUMMARY FOR JULY 21 2017...

CLIMATE NORMAL PERIOD 1981 TO 2010
CLIMATE RECORD PERIOD 1930 TO 2017


WEATHER ITEM   OBSERVED TIME   RECORD YEAR NORMAL DEPARTURE LAST
                VALUE   (LST)  VALUE       VALUE  FROM      YEAR
                                                  NORMAL
..................................................................
TEMPERATURE (F)
 YESTERDAY
  MAXIMUM         68    252 PM  82    2006  71     -3       75
  MINIMUM         54    549 AM  45    1943  55     -1       55
  AVERAGE         61                        63     -2       65

PRECIPITATION (IN)
  YESTERDAY        0.00          0.11 1979   0.00   0.00     0.00
  MONTH TO DATE    0.00                      0.00   0.00      T
  SINCE OCT 1     16.45                     12.63   3.82    13.47
  SINCE JAN 1     12.45                      8.72   3.73     8.57

DEGREE DAYS
 HEATING
  YESTERDAY        4                         2      2        0
  MONTH TO DATE   54                        62     -8       66
  SINCE JUN 1    124                       175    -51      142
  SINCE JUL 1     54                        62     -8       66

 COOLING
  YESTERDAY        0                         1     -1        0
  MONTH TO DATE    9                        21    -12        0
  SINCE JUN 1     18                        33    -15        8
  SINCE JAN 1     36                        49    -13       31
..................................................................


WIND (MPH)
  RESULTANT WIND SPEED  10   RESULTANT WIND DIRECTION   W (280)
  HIGHEST WIND SPEED    20   HIGHEST WIND DIRECTION     W (280)
  HIGHEST GUST SPEED    26   HIGHEST GUST DIRECTION     W (280)
  AVERAGE WIND SPEED    10.6


SKY COVER
  POSSIBLE SUNSHINE  MM
  AVERAGE SKY COVER 0.2


WEATHER CONDITIONS
 THE FOLLOWING WEATHER WAS RECORDED YESTERDAY.
  FOG


RELATIVE HUMIDITY (PERCENT)
 HIGHEST    93           600 AM
 LOWEST     63          1000 AM
 AVERAGE    78

..........................................................


THE SALINAS AIRPORT CLIMATE NORMALS FOR TODAY
                         NORMAL    RECORD    YEAR
 MAXIMUM TEMPERATURE (F)   71        91      2006
 MINIMUM TEMPERATURE (F)   55        47      1982


SUNRISE AND SUNSET
JULY 22 2017..........SUNRISE   605 AM PDT   SUNSET   821 PM PDT
JULY 23 2017..........SUNRISE   606 AM PDT   SUNSET   820 PM PDT


-  INDICATES NEGATIVE NUMBERS.
R  INDICATES RECORD WAS SET OR TIED.
MM INDICATES DATA IS MISSING.
T  INDICATES TRACE AMOUNT.




$$
