000
CDUS45 KPIH 010731
CLISNT


CLIMATE REPORT
NATIONAL WEATHER SERVICE POCATELLO ID
131 AM MDT FRI AUG 1 2014


...................................

...THE STANLEY ID CLIMATE SUMMARY FOR JULY 31 2014...

CLIMATE NORMAL PERIOD 1981 TO 2010
CLIMATE RECORD PERIOD 1916 TO 2014


WEATHER ITEM   OBSERVED TIME   RECORD YEAR NORMAL DEPARTURE LAST
                VALUE   (LST)  VALUE       VALUE  FROM      YEAR
                                                  NORMAL
..................................................................
TEMPERATURE (F)
 YESTERDAY
  MAXIMUM         83    346 PM  92    2000  80      3       80
  MINIMUM         43    406 AM  24    1981  38      5       32
  AVERAGE         63                        59      4       56

PRECIPITATION (IN)
  YESTERDAY        0.00          0.35 2011   0.02  -0.02     0.02
  MONTH TO DATE    0.36                      0.69  -0.33     0.30
  SINCE OCT 1     17.23                     15.46   1.77    14.42
  SINCE JAN 1     13.62                     10.61   3.01     6.23

SNOWFALL (IN)
  YESTERDAY       MM
  MONTH TO DATE   MM
  SINCE JUN 1     MM
  SINCE JUL 1     MM
  SNOW DEPTH      MM

DEGREE DAYS
 HEATING
  YESTERDAY        2                         6     -4        9
  MONTH TO DATE  112                       239   -127      143
  SINCE JUN 1    582                       695   -113      512
  SINCE JUL 1    112                       241   -129      143

 COOLING
  YESTERDAY        0                         0      0        0
  MONTH TO DATE   12                         3      9       16
  SINCE JUN 1     12                         3      9       19
  SINCE JAN 1     12                         3      9       19
..................................................................


WIND (MPH)
  HIGHEST WIND SPEED    15   HIGHEST WIND DIRECTION    SE (140)
  HIGHEST GUST SPEED    22   HIGHEST GUST DIRECTION     S (170)
  AVERAGE WIND SPEED     4.8


SKY COVER
  POSSIBLE SUNSHINE  MM
  AVERAGE SKY COVER 0.0


WEATHER CONDITIONS
 THE FOLLOWING WEATHER WAS RECORDED YESTERDAY.
  NO SIGNIFICANT WEATHER WAS OBSERVED.


RELATIVE HUMIDITY (PERCENT)
 HIGHEST   100           100 AM
 LOWEST     21           400 PM
 AVERAGE    61

..........................................................


THE STANLEY ID CLIMATE NORMALS FOR TODAY
                         NORMAL    RECORD    YEAR
 MAXIMUM TEMPERATURE (F)   80        90      2000
 MINIMUM TEMPERATURE (F)   38        22      1923


SUNRISE AND SUNSET
AUGUST  1 2014........SUNRISE   627 AM MDT   SUNSET   904 PM MDT
AUGUST  2 2014........SUNRISE   629 AM MDT   SUNSET   903 PM MDT


-  INDICATES NEGATIVE NUMBERS.
R  INDICATES RECORD WAS SET OR TIED.
MM INDICATES DATA IS MISSING.
T  INDICATES TRACE AMOUNT.




$$
