000
CDUS45 KPIH 020730
CLISNT


CLIMATE REPORT
NATIONAL WEATHER SERVICE POCATELLO ID
129 AM MDT TUE JUN 2 2015


...................................

...THE STANLEY ID CLIMATE SUMMARY FOR JUNE 1 2015...

CLIMATE NORMAL PERIOD 1981 TO 2010
CLIMATE RECORD PERIOD 1916 TO 2015


WEATHER ITEM   OBSERVED TIME   RECORD YEAR NORMAL DEPARTURE LAST
                VALUE   (LST)  VALUE       VALUE  FROM      YEAR
                                                  NORMAL
..................................................................
TEMPERATURE (F)
 YESTERDAY
  MAXIMUM         63    555 PM  82    1986  62      1       68
  MINIMUM         42   1159 PM  19    1984  31     11       27
  AVERAGE         53                        47      6       48

PRECIPITATION (IN)
  YESTERDAY        0.46          0.67 1971   0.06   0.40     0.00
  MONTH TO DATE    0.46                      0.06   0.40     0.00
  SINCE OCT 1     14.94                     13.44   1.50    16.04
  SINCE JAN 1      8.23                      8.59  -0.36    12.43

SNOWFALL (IN)
  YESTERDAY       MM
  MONTH TO DATE   MM
  SINCE JUN 1     MM
  SINCE JUL 1     MM
  SNOW DEPTH      MM

DEGREE DAYS
 HEATING
  YESTERDAY       12                        18     -6       17
  MONTH TO DATE   12                        18     -6       17
  SINCE JUN 1     12                        18     -6       17
  SINCE JUL 1   8714                     10360  -1646     9938

 COOLING
  YESTERDAY        0                         0      0        0
  MONTH TO DATE    0                         0      0        0
  SINCE JUN 1      0                         0      0        0
  SINCE JAN 1      0                         0      0        0
..................................................................


WIND (MPH)
  HIGHEST WIND SPEED    18   HIGHEST WIND DIRECTION    SW (240)
  HIGHEST GUST SPEED    24   HIGHEST GUST DIRECTION    SW (230)
  AVERAGE WIND SPEED     5.2


SKY COVER
  POSSIBLE SUNSHINE  MM
  AVERAGE SKY COVER 0.0


WEATHER CONDITIONS
 THE FOLLOWING WEATHER WAS RECORDED YESTERDAY.
  NO SIGNIFICANT WEATHER WAS OBSERVED.


RELATIVE HUMIDITY (PERCENT)
 HIGHEST    93           800 AM
 LOWEST     46          1200 AM
 AVERAGE    70

..........................................................


THE STANLEY ID CLIMATE NORMALS FOR TODAY
                         NORMAL    RECORD    YEAR
 MAXIMUM TEMPERATURE (F)   63        81      2001
 MINIMUM TEMPERATURE (F)   31        15      1920


SUNRISE AND SUNSET
JUNE  2 2015..........SUNRISE   559 AM MDT   SUNSET   917 PM MDT
JUNE  3 2015..........SUNRISE   558 AM MDT   SUNSET   918 PM MDT


-  INDICATES NEGATIVE NUMBERS.
R  INDICATES RECORD WAS SET OR TIED.
MM INDICATES DATA IS MISSING.
T  INDICATES TRACE AMOUNT.




$$
