000
CDUS45 KPIH 132327
CLISNT


CLIMATE REPORT
NATIONAL WEATHER SERVICE POCATELLO ID
425 PM MST WED DEC 13 2017


...................................

...THE STANLEY ID CLIMATE SUMMARY FOR DECEMBER 13 2017...
VALID TODAY AS OF 0400 PM LOCAL TIME.

CLIMATE NORMAL PERIOD 1981 TO 2010
CLIMATE RECORD PERIOD 1916 TO 2017


WEATHER ITEM   OBSERVED TIME   RECORD YEAR NORMAL DEPARTURE LAST
                VALUE   (LST)  VALUE       VALUE  FROM      YEAR
                                                  NORMAL
..................................................................
TEMPERATURE (F)
 TODAY
  MAXIMUM         30    334 PM  50    1924  25      5        9
  MINIMUM         12    334 AM -36    1967   4      8      -13
  AVERAGE         21                        14      7       -2

PRECIPITATION (IN)
  TODAY            0.08          0.87 1995   0.04   0.04     0.00
  MONTH TO DATE    0.45                      0.49  -0.04     2.12
  SINCE OCT 1      7.35                      4.07   3.28     7.58
  SINCE JAN 1     27.40                     16.28  11.12    18.57

SNOWFALL (IN)
  TODAY           MM
  MONTH TO DATE   MM
  SINCE DEC 1     MM
  SINCE JUL 1     MM
  SNOW DEPTH      MM

DEGREE DAYS
 HEATING
  TODAY           44                        51     -7       67
  MONTH TO DATE  645                       645      0      699
  SINCE DEC 1    645                       645      0      699
  SINCE JUL 1   3286                      3742   -456     3316

 COOLING
  TODAY            0                         0      0        0
  MONTH TO DATE    0                         0      0        0
  SINCE DEC 1      0                         0      0        0
  SINCE JAN 1     25                         3     22        4
..................................................................


WIND (MPH)
  HIGHEST WIND SPEED     8   HIGHEST WIND DIRECTION     E (110)
  HIGHEST GUST SPEED    11   HIGHEST GUST DIRECTION     E (110)
  AVERAGE WIND SPEED     1.8


SKY COVER
  POSSIBLE SUNSHINE  MM
  AVERAGE SKY COVER 0.0


WEATHER CONDITIONS
 THE FOLLOWING WEATHER WAS RECORDED TODAY.
  NO SIGNIFICANT WEATHER WAS OBSERVED.


RELATIVE HUMIDITY (PERCENT)
 HIGHEST    92          1200 AM
 LOWEST     81          1200 PM
 AVERAGE    87

..........................................................


THE STANLEY ID CLIMATE NORMALS FOR TOMORROW
                         NORMAL    RECORD    YEAR
 MAXIMUM TEMPERATURE (F)   25        50      1924
 MINIMUM TEMPERATURE (F)    4       -33      1926


SUNRISE AND SUNSET
DECEMBER 13 2017......SUNRISE   807 AM MST   SUNSET   501 PM MST
DECEMBER 14 2017......SUNRISE   808 AM MST   SUNSET   502 PM MST


-  INDICATES NEGATIVE NUMBERS.
R  INDICATES RECORD WAS SET OR TIED.
MM INDICATES DATA IS MISSING.
T  INDICATES TRACE AMOUNT.




$$
