000
CDUS45 KPIH 250734
CLISNT


CLIMATE REPORT
NATIONAL WEATHER SERVICE POCATELLO ID
1231 AM MST SUN FEB 25 2018


...................................

...THE STANLEY ID CLIMATE SUMMARY FOR FEBRUARY 24 2018...

CLIMATE NORMAL PERIOD 1981 TO 2010
CLIMATE RECORD PERIOD 1916 TO 2018


WEATHER ITEM   OBSERVED TIME   RECORD YEAR NORMAL DEPARTURE LAST
                VALUE   (LST)  VALUE       VALUE  FROM      YEAR
                                                  NORMAL
..................................................................
TEMPERATURE (F)
 YESTERDAY
  MAXIMUM         22    505 PM  48    2015  36    -14       25
                                      1981
  MINIMUM         10    209 AM -35    1982   6      4        6
  AVERAGE         16                        21     -5       16

PRECIPITATION (IN)
  YESTERDAY        0.05          0.96 1917   0.06  -0.01     0.05
  MONTH TO DATE    0.96                      1.52  -0.56     6.74
  SINCE OCT 1     11.43                      7.89   3.54    18.33
  SINCE JAN 1      3.19                      3.04   0.15     7.00

SNOWFALL (IN)
  YESTERDAY       MM
  MONTH TO DATE   MM
  SINCE DEC 1     MM
  SINCE JUL 1     MM
  SNOW DEPTH      MM

DEGREE DAYS
 HEATING
  YESTERDAY       49                        44      5       49
  MONTH TO DATE 1060                      1133    -73      916
  SINCE DEC 1   3801                      4265   -464     4442
  SINCE JUL 1   6442                      7362   -920     7059

 COOLING
  YESTERDAY        0                         0      0        0
  MONTH TO DATE    0                         0      0        0
  SINCE DEC 1      0                         0      0        0
  SINCE JAN 1      0                         0      0        0
..................................................................


WIND (MPH)
  HIGHEST WIND SPEED    14   HIGHEST WIND DIRECTION    SE (150)
  HIGHEST GUST SPEED    20   HIGHEST GUST DIRECTION    SE (150)
  AVERAGE WIND SPEED     3.8


SKY COVER
  POSSIBLE SUNSHINE  MM
  AVERAGE SKY COVER 0.0


WEATHER CONDITIONS
 THE FOLLOWING WEATHER WAS RECORDED YESTERDAY.
  NO SIGNIFICANT WEATHER WAS OBSERVED.


RELATIVE HUMIDITY (PERCENT)
 HIGHEST    84           900 AM
 LOWEST     62          1200 PM
 AVERAGE    73

..........................................................


THE STANLEY ID CLIMATE NORMALS FOR TODAY
                         NORMAL    RECORD    YEAR
 MAXIMUM TEMPERATURE (F)   37        53      1986
 MINIMUM TEMPERATURE (F)    6       -29      1975


SUNRISE AND SUNSET
FEBRUARY 25 2018......SUNRISE   723 AM MST   SUNSET   623 PM MST
FEBRUARY 26 2018......SUNRISE   722 AM MST   SUNSET   624 PM MST


-  INDICATES NEGATIVE NUMBERS.
R  INDICATES RECORD WAS SET OR TIED.
MM INDICATES DATA IS MISSING.
T  INDICATES TRACE AMOUNT.




$$
