000
CDUS45 KPIH 240753
CLISNT


CLIMATE REPORT
NATIONAL WEATHER SERVICE POCATELLO ID
1249 AM MST FRI FEB 24 2017


...................................

...THE STANLEY ID CLIMATE SUMMARY FOR FEBRUARY 23 2017...

CLIMATE NORMAL PERIOD 1981 TO 2010
CLIMATE RECORD PERIOD 1916 TO 2017


WEATHER ITEM   OBSERVED TIME   RECORD YEAR NORMAL DEPARTURE LAST
                VALUE   (LST)  VALUE       VALUE  FROM      YEAR
                                                  NORMAL
..................................................................
TEMPERATURE (F)
 YESTERDAY
  MAXIMUM         27    243 PM  52    1921  36     -9       35
  MINIMUM         17   1159 PM -29    1975   6     11      -12
  AVERAGE         22                        21      1       12

PRECIPITATION (IN)
  YESTERDAY        0.15          0.35 2000   0.06   0.09     0.00
  MONTH TO DATE    6.69                      1.46   5.23     1.03
  SINCE OCT 1     18.28                      7.83  10.45    11.05
  SINCE JAN 1      6.95                      2.98   3.97     3.48

SNOWFALL (IN)
  YESTERDAY       MM
  MONTH TO DATE   MM
  SINCE DEC 1     MM
  SINCE JUL 1     MM
  SNOW DEPTH      MM

DEGREE DAYS
 HEATING
  YESTERDAY       43                        44     -1       53
  MONTH TO DATE  867                      1089   -222      951
  SINCE DEC 1   4393                      4221    172     3944
  SINCE JUL 1   7010                      7318   -308     6716

 COOLING
  YESTERDAY        0                         0      0        0
  MONTH TO DATE    0                         0      0        0
  SINCE DEC 1      0                         0      0        0
  SINCE JAN 1      0                         0      0        0
..................................................................


WIND (MPH)
  HIGHEST WIND SPEED    12   HIGHEST WIND DIRECTION    NW (330)
  HIGHEST GUST SPEED    16   HIGHEST GUST DIRECTION    NW (320)
  AVERAGE WIND SPEED     4.9


SKY COVER
  POSSIBLE SUNSHINE  MM
  AVERAGE SKY COVER 0.0


WEATHER CONDITIONS
 THE FOLLOWING WEATHER WAS RECORDED YESTERDAY.
  NO SIGNIFICANT WEATHER WAS OBSERVED.


RELATIVE HUMIDITY (PERCENT)
 HIGHEST    92           200 AM
 LOWEST     63           200 PM
 AVERAGE    78

..........................................................


THE STANLEY ID CLIMATE NORMALS FOR TODAY
                         NORMAL    RECORD    YEAR
 MAXIMUM TEMPERATURE (F)   36        48      2015
                                             1981
 MINIMUM TEMPERATURE (F)    6       -35      1982


SUNRISE AND SUNSET
FEBRUARY 24 2017......SUNRISE   725 AM MST   SUNSET   622 PM MST
FEBRUARY 25 2017......SUNRISE   723 AM MST   SUNSET   623 PM MST


-  INDICATES NEGATIVE NUMBERS.
R  INDICATES RECORD WAS SET OR TIED.
MM INDICATES DATA IS MISSING.
T  INDICATES TRACE AMOUNT.




$$
