000
CDUS45 KPIH 290731
CLISNT


CLIMATE REPORT
NATIONAL WEATHER SERVICE POCATELLO ID
129 AM MDT FRI APR 29 2016


...................................

...THE STANLEY ID CLIMATE SUMMARY FOR APRIL 28 2016...

CLIMATE NORMAL PERIOD 1981 TO 2010
CLIMATE RECORD PERIOD 1916 TO 2016


WEATHER ITEM   OBSERVED TIME   RECORD YEAR NORMAL DEPARTURE LAST
                VALUE   (LST)  VALUE       VALUE  FROM      YEAR
                                                  NORMAL
..................................................................
TEMPERATURE (F)
 YESTERDAY
  MAXIMUM         49    224 PM  77    1987  52     -3       70
  MINIMUM         32   1159 PM   7    1921  23      9       22
                                      1984
  AVERAGE         41                        37      4       46

PRECIPITATION (IN)
  YESTERDAY        0.00          1.16 1990   0.06  -0.06     0.00
  MONTH TO DATE    1.18                      1.62  -0.44     1.07
  SINCE OCT 1     15.38                     11.59   3.79    12.25
  SINCE JAN 1      7.81                      6.74   1.07     5.54

SNOWFALL (IN)
  YESTERDAY       MM
  MONTH TO DATE   MM
  SINCE MAR 1     MM
  SINCE JUL 1     MM
  SNOW DEPTH      MM

DEGREE DAYS
 HEATING
  YESTERDAY       24                        28     -4       19
  MONTH TO DATE  692                       889   -197      791
  SINCE MAR 1   1768                      2073   -305     1727
  SINCE JUL 1   8718                      9607   -889     8105

 COOLING
  YESTERDAY        0                         0      0        0
  MONTH TO DATE    0                         0      0        0
  SINCE MAR 1      0                         0      0        0
  SINCE JAN 1      0                         0      0        0
..................................................................


WIND (MPH)
  HIGHEST WIND SPEED    10   HIGHEST WIND DIRECTION     N (360)
  HIGHEST GUST SPEED    16   HIGHEST GUST DIRECTION     N (360)
  AVERAGE WIND SPEED     4.4


SKY COVER
  POSSIBLE SUNSHINE  MM
  AVERAGE SKY COVER 0.0


WEATHER CONDITIONS
 THE FOLLOWING WEATHER WAS RECORDED YESTERDAY.
  NO SIGNIFICANT WEATHER WAS OBSERVED.


RELATIVE HUMIDITY (PERCENT)
 HIGHEST    96           400 AM
 LOWEST     42           100 PM
 AVERAGE    69

..........................................................


THE STANLEY ID CLIMATE NORMALS FOR TODAY
                         NORMAL    RECORD    YEAR
 MAXIMUM TEMPERATURE (F)   52        77      1987
 MINIMUM TEMPERATURE (F)   23         5      2011


SUNRISE AND SUNSET
APRIL 29 2016.........SUNRISE   633 AM MDT   SUNSET   842 PM MDT
APRIL 30 2016.........SUNRISE   632 AM MDT   SUNSET   843 PM MDT


-  INDICATES NEGATIVE NUMBERS.
R  INDICATES RECORD WAS SET OR TIED.
MM INDICATES DATA IS MISSING.
T  INDICATES TRACE AMOUNT.




$$
