000
CDUS45 KPIH 040729
CLISNT


CLIMATE REPORT
NATIONAL WEATHER SERVICE POCATELLO ID
1229 AM MST SUN DEC 4 2016


...................................

...THE STANLEY ID CLIMATE SUMMARY FOR DECEMBER 3 2016...

CLIMATE NORMAL PERIOD 1981 TO 2010
CLIMATE RECORD PERIOD 1916 TO 2016


WEATHER ITEM   OBSERVED TIME   RECORD YEAR NORMAL DEPARTURE LAST
                VALUE   (LST)  VALUE       VALUE  FROM      YEAR
                                                  NORMAL
..................................................................
TEMPERATURE (F)
 YESTERDAY
  MAXIMUM         34    223 PM  51    1918  26      8       42
  MINIMUM         17   1011 PM -29    1984   6     11        8
  AVERAGE         26                        16     10       25

PRECIPITATION (IN)
  YESTERDAY        0.00          0.50 2007   0.03  -0.03     0.00
                                      1994
  MONTH TO DATE    0.00                      0.10  -0.10     0.00
  SINCE OCT 1      5.46                      3.68   1.78     2.61
  SINCE JAN 1     16.45                     15.89   0.56    15.22

SNOWFALL (IN)
  YESTERDAY       MM
  MONTH TO DATE   MM
  SINCE DEC 1     MM
  SINCE JUL 1     MM
  SNOW DEPTH      MM

DEGREE DAYS
 HEATING
  YESTERDAY       39                        49    -10       40
  MONTH TO DATE  133                       145    -12      148
  SINCE DEC 1    133                       145    -12      148
  SINCE JUL 1   2750                      3242   -492     2920

 COOLING
  YESTERDAY        0                         0      0        0
  MONTH TO DATE    0                         0      0        0
  SINCE DEC 1      0                         0      0        0
  SINCE JAN 1      4                         3      1       25
..................................................................


WIND (MPH)
  HIGHEST WIND SPEED    13   HIGHEST WIND DIRECTION    NW (330)
  HIGHEST GUST SPEED    22   HIGHEST GUST DIRECTION    NW (320)
  AVERAGE WIND SPEED     3.6


SKY COVER
  POSSIBLE SUNSHINE  MM
  AVERAGE SKY COVER 0.0


WEATHER CONDITIONS
 THE FOLLOWING WEATHER WAS RECORDED YESTERDAY.
  NO SIGNIFICANT WEATHER WAS OBSERVED.


RELATIVE HUMIDITY (PERCENT)
 HIGHEST    88           500 AM
 LOWEST     51           200 PM
 AVERAGE    70

..........................................................


THE STANLEY ID CLIMATE NORMALS FOR TODAY
                         NORMAL    RECORD    YEAR
 MAXIMUM TEMPERATURE (F)   26        53      1918
 MINIMUM TEMPERATURE (F)    6       -33      1984


SUNRISE AND SUNSET
DECEMBER  4 2016......SUNRISE   759 AM MST   SUNSET   501 PM MST
DECEMBER  5 2016......SUNRISE   800 AM MST   SUNSET   501 PM MST


-  INDICATES NEGATIVE NUMBERS.
R  INDICATES RECORD WAS SET OR TIED.
MM INDICATES DATA IS MISSING.
T  INDICATES TRACE AMOUNT.




$$
