000
CDUS45 KPIH 240730
CLISNT


CLIMATE REPORT
NATIONAL WEATHER SERVICE POCATELLO ID
129 AM MDT TUE MAY 24 2016


...................................

...THE STANLEY ID CLIMATE SUMMARY FOR MAY 23 2016...

CLIMATE NORMAL PERIOD 1981 TO 2010
CLIMATE RECORD PERIOD 1916 TO 2016


WEATHER ITEM   OBSERVED TIME   RECORD YEAR NORMAL DEPARTURE LAST
                VALUE   (LST)  VALUE       VALUE  FROM      YEAR
                                                  NORMAL
..................................................................
TEMPERATURE (F)
 YESTERDAY
  MAXIMUM         53    512 PM  78    2001  60     -7       66
  MINIMUM         30   1159 PM  14    1966  30      0       38
  AVERAGE         42                        45     -3       52

PRECIPITATION (IN)
  YESTERDAY        0.00          0.40 1965   0.06  -0.06     0.02
  MONTH TO DATE    0.99                      1.30  -0.31     1.91
  SINCE OCT 1     16.41                     12.99   3.42    14.16
  SINCE JAN 1      8.84                      8.14   0.70     7.45

SNOWFALL (IN)
  YESTERDAY       MM
  MONTH TO DATE   MM
  SINCE MAR 1     MM
  SINCE JUL 1     MM
  SNOW DEPTH      MM

DEGREE DAYS
 HEATING
  YESTERDAY       23                        20      3       13
  MONTH TO DATE  456                       530    -74      448
  SINCE MAR 1   2272                      2656   -384     2213
  SINCE JUL 1   9222                     10190   -968     8591

 COOLING
  YESTERDAY        0                         0      0        0
  MONTH TO DATE    0                         0      0        0
  SINCE MAR 1      0                         0      0        0
  SINCE JAN 1      0                         0      0        0
..................................................................


WIND (MPH)
  HIGHEST WIND SPEED    10   HIGHEST WIND DIRECTION    NW (300)
  HIGHEST GUST SPEED    17   HIGHEST GUST DIRECTION    NW (330)
  AVERAGE WIND SPEED     4.1


SKY COVER
  POSSIBLE SUNSHINE  MM
  AVERAGE SKY COVER 0.0


WEATHER CONDITIONS
 THE FOLLOWING WEATHER WAS RECORDED YESTERDAY.
  NO SIGNIFICANT WEATHER WAS OBSERVED.


RELATIVE HUMIDITY (PERCENT)
 HIGHEST    82           200 AM
 LOWEST     36          1200 PM
 AVERAGE    59

..........................................................


THE STANLEY ID CLIMATE NORMALS FOR TODAY
                         NORMAL    RECORD    YEAR
 MAXIMUM TEMPERATURE (F)   60        81      2003
 MINIMUM TEMPERATURE (F)   30        19      1964


SUNRISE AND SUNSET
MAY 24 2016...........SUNRISE   604 AM MDT   SUNSET   910 PM MDT
MAY 25 2016...........SUNRISE   603 AM MDT   SUNSET   911 PM MDT


-  INDICATES NEGATIVE NUMBERS.
R  INDICATES RECORD WAS SET OR TIED.
MM INDICATES DATA IS MISSING.
T  INDICATES TRACE AMOUNT.




$$
