308
CDUS45 KPIH 110752
CLISNT


CLIMATE REPORT
NATIONAL WEATHER SERVICE POCATELLO ID
1248 AM MST THU FEB 11 2016


...................................

...THE STANLEY ID CLIMATE SUMMARY FOR FEBRUARY 10 2016...

CLIMATE NORMAL PERIOD 1981 TO 2010
CLIMATE RECORD PERIOD 1916 TO 2016


WEATHER ITEM   OBSERVED TIME   RECORD YEAR NORMAL DEPARTURE LAST
                VALUE   (LST)  VALUE       VALUE  FROM      YEAR
                                                  NORMAL
..................................................................
TEMPERATURE (F)
 YESTERDAY
  MAXIMUM         41    406 PM  50    1964  32      9       43
  MINIMUM          0    847 AM -37    1982   2     -2       23
  AVERAGE         21                        17      4       33

PRECIPITATION (IN)
  YESTERDAY        0.00          1.00 1993   0.07  -0.07     0.00
  MONTH TO DATE    0.03                      0.77  -0.74     1.80
  SINCE OCT 1     10.05                      7.14   2.91     9.95
  SINCE JAN 1      2.48                      2.29   0.19     3.24

SNOWFALL (IN)
  YESTERDAY       MM
  MONTH TO DATE   MM
  SINCE DEC 1     MM
  SINCE JUL 1     MM
  SNOW DEPTH      MM

DEGREE DAYS
 HEATING
  YESTERDAY       44                        48     -4       32
  MONTH TO DATE  484                       489     -5      308
  SINCE DEC 1   3477                      3621   -144     3088
  SINCE JUL 1   6249                      6718   -469     5681

 COOLING
  YESTERDAY        0                         0      0        0
  MONTH TO DATE    0                         0      0        0
  SINCE DEC 1      0                         0      0        0
  SINCE JAN 1      0                         0      0        0
..................................................................


WIND (MPH)
  HIGHEST WIND SPEED     9   HIGHEST WIND DIRECTION    SE (150)
  HIGHEST GUST SPEED    10   HIGHEST GUST DIRECTION    SE (150)
  AVERAGE WIND SPEED     2.0


SKY COVER
  POSSIBLE SUNSHINE  MM
  AVERAGE SKY COVER 0.0


WEATHER CONDITIONS
 THE FOLLOWING WEATHER WAS RECORDED YESTERDAY.
  NO SIGNIFICANT WEATHER WAS OBSERVED.


RELATIVE HUMIDITY (PERCENT)
 HIGHEST    87           600 AM
 LOWEST     44           300 PM
 AVERAGE    66

..........................................................


THE STANLEY ID CLIMATE NORMALS FOR TODAY
                         NORMAL    RECORD    YEAR
 MAXIMUM TEMPERATURE (F)   32        52      1921
 MINIMUM TEMPERATURE (F)    3       -34      1965


SUNRISE AND SUNSET
FEBRUARY 11 2016......SUNRISE   745 AM MST   SUNSET   603 PM MST
FEBRUARY 12 2016......SUNRISE   744 AM MST   SUNSET   604 PM MST


-  INDICATES NEGATIVE NUMBERS.
R  INDICATES RECORD WAS SET OR TIED.
MM INDICATES DATA IS MISSING.
T  INDICATES TRACE AMOUNT.




$$
