000
CDUS45 KPIH 220733
CLISNT


CLIMATE REPORT
NATIONAL WEATHER SERVICE POCATELLO ID
1232 AM MST SAT NOV 22 2014


...................................

...THE STANLEY ID CLIMATE SUMMARY FOR NOVEMBER 21 2014...

CLIMATE NORMAL PERIOD 1981 TO 2010
CLIMATE RECORD PERIOD 1916 TO 2014


WEATHER ITEM   OBSERVED TIME   RECORD YEAR NORMAL DEPARTURE LAST
                VALUE   (LST)  VALUE       VALUE  FROM      YEAR
                                                  NORMAL
..................................................................
TEMPERATURE (F)
 YESTERDAY
  MAXIMUM         38    416 PM  51    1986  32      6       30
  MINIMUM         16    437 AM -17    1994  10      6       -2
  AVERAGE         27                        21      6       14

PRECIPITATION (IN)
  YESTERDAY        0.01          1.69 2006   0.05  -0.04     0.00
  MONTH TO DATE    1.54                      1.68  -0.14     1.69
  SINCE OCT 1      2.85                      3.15  -0.30     2.06
  SINCE JAN 1     18.76                     15.36   3.40    12.56

SNOWFALL (IN)
  YESTERDAY       MM
  MONTH TO DATE   MM
  SINCE SEP 1     MM
  SINCE JUL 1     MM
  SNOW DEPTH      MM

DEGREE DAYS
 HEATING
  YESTERDAY       38                        44     -6       51
  MONTH TO DATE  853                       817     36      768
  SINCE SEP 1   1940                      2161   -221     2069
  SINCE JUL 1   2279                      2681   -402     2396

 COOLING
  YESTERDAY        0                         0      0        0
  MONTH TO DATE    0                         0      0        0
  SINCE SEP 1      0                         0      0        0
  SINCE JAN 1     16                         3     13       19
..................................................................


WIND (MPH)
  HIGHEST WIND SPEED    20   HIGHEST WIND DIRECTION     S (160)
  HIGHEST GUST SPEED    26   HIGHEST GUST DIRECTION    SE (140)
  AVERAGE WIND SPEED     3.5


SKY COVER
  POSSIBLE SUNSHINE  MM
  AVERAGE SKY COVER 0.0


WEATHER CONDITIONS
 THE FOLLOWING WEATHER WAS RECORDED YESTERDAY.
  NO SIGNIFICANT WEATHER WAS OBSERVED.


RELATIVE HUMIDITY (PERCENT)
 HIGHEST    91           100 AM
 LOWEST     59           700 PM
 AVERAGE    75

..........................................................


THE STANLEY ID CLIMATE NORMALS FOR TODAY
                         NORMAL    RECORD    YEAR
 MAXIMUM TEMPERATURE (F)   31        50      1989
 MINIMUM TEMPERATURE (F)   10       -26      1994


SUNRISE AND SUNSET
NOVEMBER 22 2014......SUNRISE   744 AM MST   SUNSET   507 PM MST
NOVEMBER 23 2014......SUNRISE   745 AM MST   SUNSET   506 PM MST


-  INDICATES NEGATIVE NUMBERS.
R  INDICATES RECORD WAS SET OR TIED.
MM INDICATES DATA IS MISSING.
T  INDICATES TRACE AMOUNT.




$$
