000
CDUS45 KPIH 240732
CLISNT


CLIMATE REPORT
NATIONAL WEATHER SERVICE POCATELLO ID
131 AM MDT SAT JUN 24 2017


...................................

...THE STANLEY ID CLIMATE SUMMARY FOR JUNE 23 2017...

CLIMATE NORMAL PERIOD 1981 TO 2010
CLIMATE RECORD PERIOD 1916 TO 2017


WEATHER ITEM   OBSERVED TIME   RECORD YEAR NORMAL DEPARTURE LAST
                VALUE   (LST)  VALUE       VALUE  FROM      YEAR
                                                  NORMAL
..................................................................
TEMPERATURE (F)
 YESTERDAY
  MAXIMUM         76    445 PM  90    1922  70      6       78
  MINIMUM         29    532 AM  22    2003  34     -5       34
  AVERAGE         53                        52      1       56

PRECIPITATION (IN)
  YESTERDAY        0.00          0.74 1918   0.04  -0.04     0.00
  MONTH TO DATE    0.82                      1.10  -0.28     0.38
  SINCE OCT 1     27.51                     14.48  13.03    16.97
  SINCE JAN 1     16.18                      9.63   6.55     9.40

SNOWFALL (IN)
  YESTERDAY       MM
  MONTH TO DATE   MM
  SINCE JUN 1     MM
  SINCE JUL 1     MM
  SNOW DEPTH      MM

DEGREE DAYS
 HEATING
  YESTERDAY       12                        13     -1        9
  MONTH TO DATE  288                       368    -80      254
  SINCE JUN 1    288                       368    -80      254
  SINCE JUL 1  10091                     10710   -619     9631

 COOLING
  YESTERDAY        0                         0      0        0
  MONTH TO DATE    2                         0      2        0
  SINCE JUN 1      2                         0      2        0
  SINCE JAN 1      2                         0      2        0
..................................................................


WIND (MPH)
  HIGHEST WIND SPEED    12   HIGHEST WIND DIRECTION     W (260)
  HIGHEST GUST SPEED    17   HIGHEST GUST DIRECTION     W (270)
  AVERAGE WIND SPEED     4.2


SKY COVER
  POSSIBLE SUNSHINE  MM
  AVERAGE SKY COVER 0.0


WEATHER CONDITIONS
 THE FOLLOWING WEATHER WAS RECORDED YESTERDAY.
  NO SIGNIFICANT WEATHER WAS OBSERVED.


RELATIVE HUMIDITY (PERCENT)
 HIGHEST    82           500 AM
 LOWEST     13           500 PM
 AVERAGE    48

..........................................................


THE STANLEY ID CLIMATE NORMALS FOR TODAY
                         NORMAL    RECORD    YEAR
 MAXIMUM TEMPERATURE (F)   70        86      1992
 MINIMUM TEMPERATURE (F)   34        20      1920


SUNRISE AND SUNSET
JUNE 24 2017..........SUNRISE   557 AM MDT   SUNSET   927 PM MDT
JUNE 25 2017..........SUNRISE   558 AM MDT   SUNSET   927 PM MDT


-  INDICATES NEGATIVE NUMBERS.
R  INDICATES RECORD WAS SET OR TIED.
MM INDICATES DATA IS MISSING.
T  INDICATES TRACE AMOUNT.




$$
