000
CDUS45 KPIH 260732
CLISNT


CLIMATE REPORT
NATIONAL WEATHER SERVICE POCATELLO ID
132 AM MDT SUN MAR 26 2017


...................................

...THE STANLEY ID CLIMATE SUMMARY FOR MARCH 25 2017...

CLIMATE NORMAL PERIOD 1981 TO 2010
CLIMATE RECORD PERIOD 1916 TO 2017


WEATHER ITEM   OBSERVED TIME   RECORD YEAR NORMAL DEPARTURE LAST
                VALUE   (LST)  VALUE       VALUE  FROM      YEAR
                                                  NORMAL
..................................................................
TEMPERATURE (F)
 YESTERDAY
  MAXIMUM         41    402 PM  54    2012  43     -2       33
  MINIMUM         20   1140 PM -11    1923  15      5       10
  AVERAGE         31                        29      2       22

PRECIPITATION (IN)
  YESTERDAY        0.01          0.58 2006   0.06  -0.05     0.03
  MONTH TO DATE    3.84                      1.42   2.42     3.00
  SINCE OCT 1     22.27                      9.58  12.69    14.18
  SINCE JAN 1     10.94                      4.73   6.21     6.61

SNOWFALL (IN)
  YESTERDAY       MM
  MONTH TO DATE   MM
  SINCE MAR 1     MM
  SINCE JUL 1     MM
  SNOW DEPTH      MM

DEGREE DAYS
 HEATING
  YESTERDAY       34                        36     -2       43
  MONTH TO DATE  801                       970   -169      859
  SINCE MAR 1    801                       970   -169      859
  SINCE JUL 1   8058                      8504   -446     7809

 COOLING
  YESTERDAY        0                         0      0        0
  MONTH TO DATE    0                         0      0        0
  SINCE MAR 1      0                         0      0        0
  SINCE JAN 1      0                         0      0        0
..................................................................


WIND (MPH)
  HIGHEST WIND SPEED    12   HIGHEST WIND DIRECTION     N (350)
  HIGHEST GUST SPEED    16   HIGHEST GUST DIRECTION     N (340)
  AVERAGE WIND SPEED     3.3


SKY COVER
  POSSIBLE SUNSHINE  MM
  AVERAGE SKY COVER 0.0


WEATHER CONDITIONS
 THE FOLLOWING WEATHER WAS RECORDED YESTERDAY.
  NO SIGNIFICANT WEATHER WAS OBSERVED.


RELATIVE HUMIDITY (PERCENT)
 HIGHEST   100           300 AM
 LOWEST     41           400 PM
 AVERAGE    71

..........................................................


THE STANLEY ID CLIMATE NORMALS FOR TODAY
                         NORMAL    RECORD    YEAR
 MAXIMUM TEMPERATURE (F)   43        59      2015
 MINIMUM TEMPERATURE (F)   15       -28      1917


SUNRISE AND SUNSET
MARCH 26 2017.........SUNRISE   731 AM MDT   SUNSET   800 PM MDT
MARCH 27 2017.........SUNRISE   729 AM MDT   SUNSET   801 PM MDT


-  INDICATES NEGATIVE NUMBERS.
R  INDICATES RECORD WAS SET OR TIED.
MM INDICATES DATA IS MISSING.
T  INDICATES TRACE AMOUNT.




$$
