000
CDUS45 KPIH 010733
CLISNT


CLIMATE REPORT
NATIONAL WEATHER SERVICE POCATELLO ID
132 AM MDT TUE SEP 1 2015


...................................

...THE STANLEY ID CLIMATE SUMMARY FOR AUGUST 31 2015...

CLIMATE NORMAL PERIOD 1981 TO 2010
CLIMATE RECORD PERIOD 1916 TO 2015


WEATHER ITEM   OBSERVED TIME   RECORD YEAR NORMAL DEPARTURE LAST
                VALUE   (LST)  VALUE       VALUE  FROM      YEAR
                                                  NORMAL
..................................................................
TEMPERATURE (F)
 YESTERDAY
  MAXIMUM         72    415 PM  86    1991  73     -1       65
  MINIMUM         29    628 AM  18    2006  31     -2       36
                                      1969
  AVERAGE         51                        52     -1       51

PRECIPITATION (IN)
  YESTERDAY        0.00          0.44 1963   0.03  -0.03     0.00
  MONTH TO DATE    0.57                      0.68  -0.11     1.09
  SINCE OCT 1     17.23                     16.14   1.09    18.32
  SINCE JAN 1     10.52                     11.29  -0.77    14.71

SNOWFALL (IN)
  YESTERDAY       MM
  MONTH TO DATE   MM
  SINCE JUN 1     MM
  SINCE JUL 1     MM
  SNOW DEPTH      MM

DEGREE DAYS
 HEATING
  YESTERDAY       14                        13      1       14
  MONTH TO DATE  199                       279    -80      227
  SINCE JUN 1    649                       974   -325      809
  SINCE JUL 1    415                       520   -105      339

 COOLING
  YESTERDAY        0                         0      0        0
  MONTH TO DATE    7                         0      7        4
  SINCE JUN 1     25                         3     22       16
  SINCE JAN 1     25                         3     22       16
..................................................................


WIND (MPH)
  HIGHEST WIND SPEED    12   HIGHEST WIND DIRECTION    SW (210)
  HIGHEST GUST SPEED    18   HIGHEST GUST DIRECTION    SW (240)
  AVERAGE WIND SPEED     3.7


SKY COVER
  POSSIBLE SUNSHINE  MM
  AVERAGE SKY COVER 0.0


WEATHER CONDITIONS
 THE FOLLOWING WEATHER WAS RECORDED YESTERDAY.
  NO SIGNIFICANT WEATHER WAS OBSERVED.


RELATIVE HUMIDITY (PERCENT)
 HIGHEST    85           600 AM
 LOWEST     22           300 PM
 AVERAGE    54

..........................................................


THE STANLEY ID CLIMATE NORMALS FOR TODAY
                         NORMAL    RECORD    YEAR
 MAXIMUM TEMPERATURE (F)   73        88      1967
 MINIMUM TEMPERATURE (F)   31        18      1965


SUNRISE AND SUNSET
SEPTEMBER  1 2015.....SUNRISE   703 AM MDT   SUNSET   816 PM MDT
SEPTEMBER  2 2015.....SUNRISE   704 AM MDT   SUNSET   814 PM MDT


-  INDICATES NEGATIVE NUMBERS.
R  INDICATES RECORD WAS SET OR TIED.
MM INDICATES DATA IS MISSING.
T  INDICATES TRACE AMOUNT.




$$
