000
CDUS45 KPIH 210733
CLISNT


CLIMATE REPORT
NATIONAL WEATHER SERVICE POCATELLO ID
1232 AM MST SAT JAN 21 2017


...................................

...THE STANLEY ID CLIMATE SUMMARY FOR JANUARY 20 2017...

CLIMATE NORMAL PERIOD 1981 TO 2010
CLIMATE RECORD PERIOD 1916 TO 2017


WEATHER ITEM   OBSERVED TIME   RECORD YEAR NORMAL DEPARTURE LAST
                VALUE   (LST)  VALUE       VALUE  FROM      YEAR
                                                  NORMAL
..................................................................
TEMPERATURE (F)
 YESTERDAY
  MAXIMUM         30    308 PM  48    1986  27      3       33
  MINIMUM         10    837 AM -37    1988   2      8        5
  AVERAGE         20                        14      6       19

PRECIPITATION (IN)
  YESTERDAY       MM             0.90 1969   0.05  MM        0.15
  MONTH TO DATE    0.05                      1.05  -1.00     1.54
  SINCE OCT 1     11.38                      5.90   5.48     9.11
  SINCE JAN 1      0.05                      1.05  -1.00     1.54

SNOWFALL (IN)
  YESTERDAY       MM
  MONTH TO DATE   MM
  SINCE DEC 1     MM
  SINCE JUL 1     MM
  SNOW DEPTH      MM

DEGREE DAYS
 HEATING
  YESTERDAY       45                        51     -6       46
  MONTH TO DATE 1205                      1020    185      978
  SINCE DEC 1   2950                      2585    365     2481
  SINCE JUL 1   5567                      5682   -115     5253

 COOLING
  YESTERDAY        0                         0      0        0
  MONTH TO DATE    0                         0      0        0
  SINCE DEC 1      0                         0      0        0
  SINCE JAN 1      0                         0      0        0
..................................................................


WIND (MPH)
  HIGHEST WIND SPEED    18   HIGHEST WIND DIRECTION    SE (150)
  HIGHEST GUST SPEED    28   HIGHEST GUST DIRECTION     S (160)
  AVERAGE WIND SPEED     4.6


SKY COVER
  POSSIBLE SUNSHINE  MM
  AVERAGE SKY COVER 0.0


WEATHER CONDITIONS
 THE FOLLOWING WEATHER WAS RECORDED YESTERDAY.
  NO SIGNIFICANT WEATHER WAS OBSERVED.


RELATIVE HUMIDITY (PERCENT)
 HIGHEST    92          1200 AM
 LOWEST     63           200 PM
 AVERAGE    78

..........................................................


THE STANLEY ID CLIMATE NORMALS FOR TODAY
                         NORMAL    RECORD    YEAR
 MAXIMUM TEMPERATURE (F)   28        42      1978
 MINIMUM TEMPERATURE (F)    2       -33      1984


SUNRISE AND SUNSET
JANUARY 21 2017.......SUNRISE   808 AM MST   SUNSET   535 PM MST
JANUARY 22 2017.......SUNRISE   807 AM MST   SUNSET   536 PM MST


-  INDICATES NEGATIVE NUMBERS.
R  INDICATES RECORD WAS SET OR TIED.
MM INDICATES DATA IS MISSING.
T  INDICATES TRACE AMOUNT.




$$
