000
CDUS45 KPIH 230730
CLISNT


CLIMATE REPORT
NATIONAL WEATHER SERVICE POCATELLO ID
130 AM MDT SAT AUG 23 2014


...................................

...THE STANLEY ID CLIMATE SUMMARY FOR AUGUST 22 2014...

CLIMATE NORMAL PERIOD 1981 TO 2010
CLIMATE RECORD PERIOD 1916 TO 2014


WEATHER ITEM   OBSERVED TIME   RECORD YEAR NORMAL DEPARTURE LAST
                VALUE   (LST)  VALUE       VALUE  FROM      YEAR
                                                  NORMAL
..................................................................
TEMPERATURE (F)
 YESTERDAY
  MAXIMUM         50   1224 AM  91    1969  76    -26       83
  MINIMUM         36    634 AM  20    1969  33      3       46
  AVERAGE         43                        55    -12       65

PRECIPITATION (IN)
  YESTERDAY        0.52R         0.28 1973   0.02   0.50     0.00
  MONTH TO DATE    0.96                      0.41   0.55     0.04
  SINCE OCT 1     18.19                     15.87   2.32    14.46
  SINCE JAN 1     14.58                     11.02   3.56     6.27

SNOWFALL (IN)
  YESTERDAY       MM
  MONTH TO DATE   MM
  SINCE JUN 1     MM
  SINCE JUL 1     MM
  SNOW DEPTH      MM

DEGREE DAYS
 HEATING
  YESTERDAY       22                        10     12        0
  MONTH TO DATE  120                       172    -52      132
  SINCE JUN 1    702                       867   -165      644
  SINCE JUL 1    232                       413   -181      275

 COOLING
  YESTERDAY        0                         0      0        0
  MONTH TO DATE    4                         0      4        0
  SINCE JUN 1     16                         3     13       19
  SINCE JAN 1     16                         3     13       19
..................................................................


WIND (MPH)
  HIGHEST WIND SPEED    16   HIGHEST WIND DIRECTION     E (70)
  HIGHEST GUST SPEED    21   HIGHEST GUST DIRECTION     E (70)
  AVERAGE WIND SPEED     2.2


SKY COVER
  POSSIBLE SUNSHINE  MM
  AVERAGE SKY COVER 0.0


WEATHER CONDITIONS
 THE FOLLOWING WEATHER WAS RECORDED YESTERDAY.
  NO SIGNIFICANT WEATHER WAS OBSERVED.


RELATIVE HUMIDITY (PERCENT)
 HIGHEST   100          1000 PM
 LOWEST     71          1200 AM
 AVERAGE    86

..........................................................


THE STANLEY ID CLIMATE NORMALS FOR TODAY
                         NORMAL    RECORD    YEAR
 MAXIMUM TEMPERATURE (F)   76        92      1969
 MINIMUM TEMPERATURE (F)   33        22      1985


SUNRISE AND SUNSET
AUGUST 23 2014........SUNRISE   652 AM MDT   SUNSET   831 PM MDT
AUGUST 24 2014........SUNRISE   654 AM MDT   SUNSET   830 PM MDT


-  INDICATES NEGATIVE NUMBERS.
R  INDICATES RECORD WAS SET OR TIED.
MM INDICATES DATA IS MISSING.
T  INDICATES TRACE AMOUNT.




$$
