000
CDUS45 KCYS 250326
CLISNY


CLIMATE REPORT
NATIONAL WEATHER SERVICE CHEYENNE WY
925 PM MDT TUE MAY 24 2016


...................................

...THE SIDNEY NE AIRPORT CLIMATE SUMMARY FOR MAY 24 2016...
VALID TODAY AS OF 0900 PM LOCAL TIME.

CLIMATE NORMAL PERIOD 1981 TO 2010
CLIMATE RECORD PERIOD 1948 TO 2016


WEATHER ITEM   OBSERVED TIME   RECORD YEAR NORMAL DEPARTURE LAST
                VALUE   (LST)  VALUE       VALUE  FROM      YEAR
                                                  NORMAL
..................................................................
TEMPERATURE (F)
 TODAY
  MAXIMUM         78    214 PM  93    1967  74      4       66
  MINIMUM         38    257 AM  30    2001  46     -8       49
  AVERAGE         58                        60     -2       58

PRECIPITATION (IN)
  TODAY            0.21          1.26 1968   0.10   0.11     0.20
  MONTH TO DATE    0.96                      2.32  -1.36     7.25
  SINCE JAN 1      5.41                      5.99  -0.58    13.78

DEGREE DAYS
 HEATING
  TODAY            7                         6      1        7
  MONTH TO DATE  289                       215     74      342
  SINCE MAR 1   1593                      1545     48     1518
  SINCE JUL 1   6159                      6127     32     6250

 COOLING
  TODAY            0                         1     -1        0
  MONTH TO DATE    3                        15    -12        0
  SINCE MAR 1      3                        16    -13        0
  SINCE JAN 1      3                        16    -13        0
..................................................................


WIND (MPH)
  HIGHEST WIND SPEED    35   HIGHEST WIND DIRECTION     W (270)
  HIGHEST GUST SPEED    43   HIGHEST GUST DIRECTION     W (270)
  AVERAGE WIND SPEED    10.1


SKY COVER
  AVERAGE SKY COVER 0.4


WEATHER CONDITIONS
 THE FOLLOWING WEATHER WAS RECORDED TODAY.
  THUNDERSTORM
  HEAVY RAIN
  RAIN
  LIGHT RAIN


RELATIVE HUMIDITY (PERCENT)
 HIGHEST   100           300 AM
 LOWEST     33           200 PM
 AVERAGE    67

..........................................................


THE SIDNEY NE AIRPORT CLIMATE NORMALS FOR TOMORROW
                         NORMAL    RECORD    YEAR
 MAXIMUM TEMPERATURE (F)   74        90      1964
 MINIMUM TEMPERATURE (F)   46        28      2001


SUNRISE AND SUNSET
MAY 24 2016...........SUNRISE   526 AM MDT   SUNSET   812 PM MDT
MAY 25 2016...........SUNRISE   525 AM MDT   SUNSET   813 PM MDT


-  INDICATES NEGATIVE NUMBERS.
R  INDICATES RECORD WAS SET OR TIED.
MM INDICATES DATA IS MISSING.
T  INDICATES TRACE AMOUNT.




$$
