000
CDUS45 KCYS 200729
CLISNY


CLIMATE REPORT
NATIONAL WEATHER SERVICE CHEYENNE WY
129 AM MDT SUN APR 20 2014


...................................

...THE SIDNEY NE AIRPORT CLIMATE SUMMARY FOR APRIL 19 2014...

CLIMATE NORMAL PERIOD 1981 TO 2010
CLIMATE RECORD PERIOD 1948 TO 2014


WEATHER ITEM   OBSERVED TIME   RECORD YEAR NORMAL DEPARTURE LAST
                VALUE   (LST)  VALUE       VALUE  FROM      YEAR
                                                  NORMAL
..................................................................
TEMPERATURE (F)
 YESTERDAY
  MAXIMUM         64    233 PM  86    1987  63      1       51
  MINIMUM         41   1127 PM   9    1966  34      7       21
  AVERAGE         53                        49      4       36

PRECIPITATION (IN)
  YESTERDAY        0.00          0.75 1973   0.07  -0.07     0.00
  MONTH TO DATE    0.20                      1.16  -0.96     1.74
  SINCE JAN 1      1.71                      2.78  -1.07     2.69

DEGREE DAYS
 HEATING
  YESTERDAY       12                        16     -4       29
  MONTH TO DATE  363                       371     -8      541
  SINCE MAR 1   1176                      1174      2     1418
  SINCE JUL 1   6165                      5756    409     6148

 COOLING
  YESTERDAY        0                         0      0        0
  MONTH TO DATE    0                         0      0        0
  SINCE MAR 1      0                         0      0        0
  SINCE JAN 1      0                         0      0        0
..................................................................


WIND (MPH)
  HIGHEST WIND SPEED    21   HIGHEST WIND DIRECTION     N (20)
  HIGHEST GUST SPEED    27   HIGHEST GUST DIRECTION     N (20)
  AVERAGE WIND SPEED    12.1


SKY COVER
  AVERAGE SKY COVER 0.2


WEATHER CONDITIONS
 THE FOLLOWING WEATHER WAS RECORDED YESTERDAY.
  NO SIGNIFICANT WEATHER WAS OBSERVED.


RELATIVE HUMIDITY (PERCENT)
 HIGHEST    70           900 PM
 LOWEST     34           200 PM
 AVERAGE    52

..........................................................


THE SIDNEY NE AIRPORT CLIMATE NORMALS FOR TODAY
                         NORMAL    RECORD    YEAR
 MAXIMUM TEMPERATURE (F)   63        86      1962
 MINIMUM TEMPERATURE (F)   34         8      1966


SUNRISE AND SUNSET
APRIL 20 2014.........SUNRISE   605 AM MDT   SUNSET   737 PM MDT
APRIL 21 2014.........SUNRISE   604 AM MDT   SUNSET   738 PM MDT


-  INDICATES NEGATIVE NUMBERS.
R  INDICATES RECORD WAS SET OR TIED.
MM INDICATES DATA IS MISSING.
T  INDICATES TRACE AMOUNT.




$$
