000
CDUS45 KCYS 252138
CLISNY


CLIMATE REPORT
NATIONAL WEATHER SERVICE CHEYENNE WY
337 PM MDT THU AUG 25 2016


...................................

...THE SIDNEY NE AIRPORT CLIMATE SUMMARY FOR AUGUST 25 2016...
VALID AS OF 0300 PM LOCAL TIME.

CLIMATE NORMAL PERIOD 1981 TO 2010
CLIMATE RECORD PERIOD 1948 TO 2016


WEATHER ITEM   OBSERVED TIME   RECORD YEAR NORMAL DEPARTURE LAST
                VALUE   (LST)  VALUE       VALUE  FROM      YEAR
                                                  NORMAL
..................................................................
TEMPERATURE (F)
 TODAY
  MAXIMUM         74    159 PM 101    2011  87    -13       95
  MINIMUM         42    531 AM  39    1964  57    -15       46
  AVERAGE         58                        72    -14       71

PRECIPITATION (IN)
  TODAY            0.00          0.98 2005   0.07  -0.07     0.00
  MONTH TO DATE    1.80                      1.86  -0.06     0.54
  SINCE JAN 1     11.00                     14.76  -3.76    19.27

DEGREE DAYS
 HEATING
  TODAY            7                         0      7        0
  MONTH TO DATE   23                         0     23       31
  SINCE JUN 1     33                        62    -29       38
  SINCE JUL 1     23                         3     20       38

 COOLING
  TODAY            0                         7     -7        6
  MONTH TO DATE  159                       225    -66      168
  SINCE JUN 1    680                       681     -1      517
  SINCE JAN 1    684                       703    -19      517
..................................................................


WIND (MPH)
  HIGHEST WIND SPEED    16   HIGHEST WIND DIRECTION    SE (120)
  HIGHEST GUST SPEED    24   HIGHEST GUST DIRECTION    SE (130)
  AVERAGE WIND SPEED     8.7


SKY COVER
  AVERAGE SKY COVER 0.0


WEATHER CONDITIONS
 THE FOLLOWING WEATHER WAS RECORDED TODAY.
  NO SIGNIFICANT WEATHER WAS OBSERVED.


RELATIVE HUMIDITY (PERCENT)
 HIGHEST    89           300 AM
 LOWEST     31           100 PM
 AVERAGE    60

..........................................................


THE SIDNEY NE AIRPORT CLIMATE NORMALS FOR TOMORROW
                         NORMAL    RECORD    YEAR
 MAXIMUM TEMPERATURE (F)   87       101      2015
 MINIMUM TEMPERATURE (F)   56        41      1975


SUNRISE AND SUNSET
AUGUST 25 2016........SUNRISE   612 AM MDT   SUNSET   735 PM MDT
AUGUST 26 2016........SUNRISE   613 AM MDT   SUNSET   733 PM MDT


-  INDICATES NEGATIVE NUMBERS.
R  INDICATES RECORD WAS SET OR TIED.
MM INDICATES DATA IS MISSING.
T  INDICATES TRACE AMOUNT.




$$
