000
CDUS45 KCYS 310727
CLISNY


CLIMATE REPORT
NATIONAL WEATHER SERVICE CHEYENNE WY
1226 AM MST SAT JAN 31 2015


...................................

...THE SIDNEY NE AIRPORT CLIMATE SUMMARY FOR JANUARY 30 2015...

CLIMATE NORMAL PERIOD 1981 TO 2010
CLIMATE RECORD PERIOD 1948 TO 2015


WEATHER ITEM   OBSERVED TIME   RECORD YEAR NORMAL DEPARTURE LAST
                VALUE   (LST)  VALUE       VALUE  FROM      YEAR
                                                  NORMAL
..................................................................
TEMPERATURE (F)
 YESTERDAY
  MAXIMUM         46    319 PM  66    2012  42      4       50
  MINIMUM         26    612 AM -15    1951  17      9       19
  AVERAGE         36                        30      6       35

PRECIPITATION (IN)
  YESTERDAY        0.00          0.15 1996   0.01  -0.01     0.03
  MONTH TO DATE    0.03                      0.19  -0.16     0.08
  SINCE JAN 1      0.03                      0.19  -0.16     0.08

DEGREE DAYS
 HEATING
  YESTERDAY       29                        35     -6       30
  MONTH TO DATE 1078                      1078      0     1058
  SINCE DEC 1   2281                      2203     78     2200
  SINCE JUL 1   3771                      3625    146     3692

 COOLING
  YESTERDAY        0                         0      0        0
  MONTH TO DATE    0                         0      0        0
  SINCE DEC 1      0                         0      0        0
  SINCE JAN 1      0                         0      0        0
..................................................................


WIND (MPH)
  HIGHEST WIND SPEED    13   HIGHEST WIND DIRECTION     S (190)
  HIGHEST GUST SPEED    14   HIGHEST GUST DIRECTION     S (200)
  AVERAGE WIND SPEED     6.0


SKY COVER
  AVERAGE SKY COVER 0.0


WEATHER CONDITIONS
 THE FOLLOWING WEATHER WAS RECORDED YESTERDAY.
  NO SIGNIFICANT WEATHER WAS OBSERVED.


RELATIVE HUMIDITY (PERCENT)
 HIGHEST    85          1100 PM
 LOWEST     49           200 PM
 AVERAGE    67

..........................................................


THE SIDNEY NE AIRPORT CLIMATE NORMALS FOR TODAY
                         NORMAL    RECORD    YEAR
 MAXIMUM TEMPERATURE (F)   42        65      1954
 MINIMUM TEMPERATURE (F)   17       -23      1951


SUNRISE AND SUNSET
JANUARY 31 2015.......SUNRISE   704 AM MST   SUNSET   507 PM MST
FEBRUARY  1 2015......SUNRISE   703 AM MST   SUNSET   509 PM MST


-  INDICATES NEGATIVE NUMBERS.
R  INDICATES RECORD WAS SET OR TIED.
MM INDICATES DATA IS MISSING.
T  INDICATES TRACE AMOUNT.




$$
