000
CDUS45 KCYS 280739
CLISNY


CLIMATE REPORT
NATIONAL WEATHER SERVICE CHEYENNE WY
138 AM MDT FRI AUG 28 2015


...................................

...THE SIDNEY NE AIRPORT CLIMATE SUMMARY FOR AUGUST 27 2015...

CLIMATE NORMAL PERIOD 1981 TO 2010
CLIMATE RECORD PERIOD 1948 TO 2015


WEATHER ITEM   OBSERVED TIME   RECORD YEAR NORMAL DEPARTURE LAST
                VALUE   (LST)  VALUE       VALUE  FROM      YEAR
                                                  NORMAL
..................................................................
TEMPERATURE (F)
 YESTERDAY
  MAXIMUM         89    203 PM 101    2012  87      2       81
                                      2010
  MINIMUM         56   1047 PM  40    1964  56      0       59
  AVERAGE         73                        71      2       70

PRECIPITATION (IN)
  YESTERDAY        0.00          0.45 2006   0.06  -0.06     0.15
  MONTH TO DATE    0.54                      1.99  -1.45     2.86
  SINCE JAN 1     19.27                     14.89   4.38    11.63

DEGREE DAYS
 HEATING
  YESTERDAY        0                         0      0        0
  MONTH TO DATE   31                         0     31        0
  SINCE JUN 1     38                        62    -24       64
  SINCE JUL 1     38                         3     35        9

 COOLING
  YESTERDAY        8                         7      1        5
  MONTH TO DATE  187                       239    -52      205
  SINCE JUN 1    536                       695   -159      532
  SINCE JAN 1    536                       717   -181      548
..................................................................


WIND (MPH)
  HIGHEST WIND SPEED    29   HIGHEST WIND DIRECTION    NW (320)
  HIGHEST GUST SPEED    39   HIGHEST GUST DIRECTION    NW (310)
  AVERAGE WIND SPEED    14.7


SKY COVER
  AVERAGE SKY COVER 0.0


WEATHER CONDITIONS
 THE FOLLOWING WEATHER WAS RECORDED YESTERDAY.
  NO SIGNIFICANT WEATHER WAS OBSERVED.


RELATIVE HUMIDITY (PERCENT)
 HIGHEST    87           600 AM
 LOWEST     35          1100 AM
 AVERAGE    61

..........................................................


THE SIDNEY NE AIRPORT CLIMATE NORMALS FOR TODAY
                         NORMAL    RECORD    YEAR
 MAXIMUM TEMPERATURE (F)   86       102      2012
                                             1948
 MINIMUM TEMPERATURE (F)   56        36      1964


SUNRISE AND SUNSET
AUGUST 28 2015........SUNRISE   614 AM MDT   SUNSET   731 PM MDT
AUGUST 29 2015........SUNRISE   615 AM MDT   SUNSET   730 PM MDT


-  INDICATES NEGATIVE NUMBERS.
R  INDICATES RECORD WAS SET OR TIED.
MM INDICATES DATA IS MISSING.
T  INDICATES TRACE AMOUNT.




$$
