000
CDUS45 KPUB 241043
CLISPD


CLIMATE REPORT
NATIONAL WEATHER SERVICE PUEBLO
443 AM MDT FRI MAR 24 2017


...................................

...THE SPRINGFIELD CO CLIMATE SUMMARY FOR MARCH 23 2017...

CLIMATE NORMAL PERIOD 1981 TO 2010
CLIMATE RECORD PERIOD 9999 TO 9999


WEATHER ITEM   OBSERVED TIME   NORMAL DEPARTURE LAST
                VALUE   (LST)  VALUE  FROM      YEAR
                                      NORMAL
......................................................
TEMPERATURE (F)
 YESTERDAY
  MAXIMUM         82    411 PM  60     22       51
  MINIMUM         44    630 AM  30     14       27
  AVERAGE         63                            39

PRECIPITATION (IN)
  YESTERDAY        0.00          0.04  -0.04     0.03
  MONTH TO DATE    0.00          0.77  -0.77     0.04
  SINCE MAR 1      0.00          0.77  -0.77     0.04
  SINCE JAN 1      0.19          1.58  -1.39     0.36

DEGREE DAYS
 HEATING
  YESTERDAY        2            20    -18       26
  MONTH TO DATE  360           535   -175      478
  SINCE MAR 1    360           535   -175      478
  SINCE JUL 1   3950          4541   -591     4154

 COOLING
  YESTERDAY        0             0      0        0
  MONTH TO DATE    0             0      0        0
  SINCE MAR 1      0             0      0        0
  SINCE JAN 1      0             0      0        0
......................................................


WIND (MPH)
  HIGHEST WIND SPEED    43   HIGHEST WIND DIRECTION     S (190)
  HIGHEST GUST SPEED    54   HIGHEST GUST DIRECTION     S (190)
  AVERAGE WIND SPEED    19.3


SKY COVER
  POSSIBLE SUNSHINE  MM



RELATIVE HUMIDITY (PERCENT)
 HIGHEST   100           400 AM
 LOWEST      8           400 PM
 AVERAGE    54

..........................................................


THE SPRINGFIELD CO CLIMATE NORMALS FOR TODAY
                         NORMAL    RECORD    YEAR
 MAXIMUM TEMPERATURE (F)   61        MM        MM
 MINIMUM TEMPERATURE (F)   30        MM        MM


SUNRISE AND SUNSET
MARCH 24 2017.........SUNRISE   648 AM MDT   SUNSET   706 PM MDT
MARCH 25 2017.........SUNRISE   646 AM MDT   SUNSET   707 PM MDT


-  INDICATES NEGATIVE NUMBERS.
R  INDICATES RECORD WAS SET OR TIED.
MM INDICATES DATA IS MISSING.
T  INDICATES TRACE AMOUNT.




$$
