000
CDUS45 KPUB 191137
CLISPD


CLIMATE REPORT
NATIONAL WEATHER SERVICE PUEBLO
436 AM MST FRI DEC 19 2014


...................................

...THE SPRINGFIELD CO CLIMATE SUMMARY FOR DECEMBER 18 2014...

CLIMATE NORMAL PERIOD 1981 TO 2010
CLIMATE RECORD PERIOD 9999 TO 9999


WEATHER ITEM   OBSERVED TIME   NORMAL DEPARTURE LAST
                VALUE   (LST)  VALUE  FROM      YEAR
                                      NORMAL
......................................................
TEMPERATURE (F)
 YESTERDAY
  MAXIMUM         45    159 PM  45      0       72
  MINIMUM         22    809 PM  18      4       30
  AVERAGE         34                            51

PRECIPITATION (IN)
  YESTERDAY        0.00          0.02  -0.02     0.00
  MONTH TO DATE    0.55          0.34   0.21     0.00
  SINCE DEC 1      0.55          0.34   0.21     0.00
  SINCE JAN 1     13.91         17.38  -3.47    14.25

DEGREE DAYS
 HEATING
  YESTERDAY       31            33     -2       14
  MONTH TO DATE  485           573    -88      609
  SINCE DEC 1    485           573    -88      609
  SINCE JUL 1   1617          1719   -102     1721

 COOLING
  YESTERDAY        0             0      0        0
  MONTH TO DATE    0             0      0        0
  SINCE DEC 1      0             0      0        0
  SINCE JAN 1   1042          1028     14     1358
......................................................


WIND (MPH)
  HIGHEST WIND SPEED    17   HIGHEST WIND DIRECTION     N (340)
  HIGHEST GUST SPEED    20   HIGHEST GUST DIRECTION     N (350)
  AVERAGE WIND SPEED     5.1


SKY COVER
  POSSIBLE SUNSHINE  MM



RELATIVE HUMIDITY (PERCENT)
 HIGHEST   100           600 AM
 LOWEST     53           300 PM
 AVERAGE    77

..........................................................


THE SPRINGFIELD CO CLIMATE NORMALS FOR TODAY
                         NORMAL    RECORD    YEAR
 MAXIMUM TEMPERATURE (F)   45        MM        MM
 MINIMUM TEMPERATURE (F)   18        MM        MM


SUNRISE AND SUNSET
DECEMBER 19 2014......SUNRISE   700 AM MST   SUNSET   436 PM MST
DECEMBER 20 2014......SUNRISE   700 AM MST   SUNSET   436 PM MST


-  INDICATES NEGATIVE NUMBERS.
R  INDICATES RECORD WAS SET OR TIED.
MM INDICATES DATA IS MISSING.
T  INDICATES TRACE AMOUNT.




$$
