000
CDUS45 KPUB 011155
CLISPD


CLIMATE REPORT
NATIONAL WEATHER SERVICE PUEBLO
455 AM MST SUN MAR 1 2015


...................................

...THE SPRINGFIELD CO CLIMATE SUMMARY FOR FEBRUARY 28 2015...

CLIMATE NORMAL PERIOD 1981 TO 2010
CLIMATE RECORD PERIOD 9999 TO 9999


WEATHER ITEM   OBSERVED TIME   NORMAL DEPARTURE LAST
                VALUE   (LST)  VALUE  FROM      YEAR
                                      NORMAL
......................................................
TEMPERATURE (F)
 YESTERDAY
  MAXIMUM         25    155 PM  53    -28       67
  MINIMUM          9    419 AM  24    -15       24
  AVERAGE         17                            46

PRECIPITATION (IN)
  YESTERDAY        0.00          0.02  -0.02     0.00
  MONTH TO DATE    0.80          0.44   0.36     0.13
  SINCE DEC 1      2.61          1.32   1.29     0.33
  SINCE JAN 1      1.84          0.81   1.03     0.33

DEGREE DAYS
 HEATING
  YESTERDAY       48            27     21       19
  MONTH TO DATE  849           831     18      877
  SINCE DEC 1   2772          2860    -88     2885
  SINCE JUL 1   3904          4006   -102     3997

 COOLING
  YESTERDAY        0             0      0        0
  MONTH TO DATE    0             0      0        0
  SINCE DEC 1      0             0      0        0
  SINCE JAN 1      0             0      0        0
......................................................


WIND (MPH)
  HIGHEST WIND SPEED    24   HIGHEST WIND DIRECTION     S (170)
  HIGHEST GUST SPEED    27   HIGHEST GUST DIRECTION     S (170)
  AVERAGE WIND SPEED     9.9


SKY COVER
  POSSIBLE SUNSHINE  MM



RELATIVE HUMIDITY (PERCENT)
 HIGHEST    96          1100 PM
 LOWEST     62           200 PM
 AVERAGE    79

..........................................................


THE SPRINGFIELD CO CLIMATE NORMALS FOR TODAY
                         NORMAL    RECORD    YEAR
 MAXIMUM TEMPERATURE (F)   53        MM        MM
 MINIMUM TEMPERATURE (F)   24        MM        MM


SUNRISE AND SUNSET
MARCH  1 2015.........SUNRISE   622 AM MST   SUNSET   544 PM MST
MARCH  2 2015.........SUNRISE   620 AM MST   SUNSET   545 PM MST


-  INDICATES NEGATIVE NUMBERS.
R  INDICATES RECORD WAS SET OR TIED.
MM INDICATES DATA IS MISSING.
T  INDICATES TRACE AMOUNT.




$$
