000
CDUS45 KPUB 011101
CLISPD


CLIMATE REPORT
NATIONAL WEATHER SERVICE PUEBLO
501 AM MDT FRI AUG 1 2014


...................................

...THE SPRINGFIELD CO CLIMATE SUMMARY FOR JULY 31 2014...

CLIMATE NORMAL PERIOD 1981 TO 2010
CLIMATE RECORD PERIOD 9999 TO 9999


WEATHER ITEM   OBSERVED TIME   NORMAL DEPARTURE LAST
                VALUE   (LST)  VALUE  FROM      YEAR
                                      NORMAL
......................................................
TEMPERATURE (F)
 YESTERDAY
  MAXIMUM         77    342 PM  90    -13       91
  MINIMUM         52    451 AM  62    -10       65
  AVERAGE         65                            78

PRECIPITATION (IN)
  YESTERDAY        0.00          0.10  -0.10     0.14
  MONTH TO DATE    3.59          2.83   0.76     3.73
  SINCE JUN 1      5.52          5.33   0.19     5.47
  SINCE JAN 1      9.41         10.90  -1.49     7.45

DEGREE DAYS
 HEATING
  YESTERDAY        0             0      0        0
  MONTH TO DATE    6             0      6        0
  SINCE JUN 1     28            23      5       19
  SINCE JUL 1      6             2      4        0

 COOLING
  YESTERDAY        0            11    -11       13
  MONTH TO DATE  318           349    -31      359
  SINCE JUN 1    537           557    -20      710
  SINCE JAN 1    595           611    -16      827
......................................................


WIND (MPH)
  HIGHEST WIND SPEED    12   HIGHEST WIND DIRECTION    NE (40)
  HIGHEST GUST SPEED    18   HIGHEST GUST DIRECTION     N (20)
  AVERAGE WIND SPEED     3.6


SKY COVER
  POSSIBLE SUNSHINE  MM



RELATIVE HUMIDITY (PERCENT)
 HIGHEST   100           100 AM
 LOWEST     41           400 PM
 AVERAGE    71

..........................................................


THE SPRINGFIELD CO CLIMATE NORMALS FOR TODAY
                         NORMAL    RECORD    YEAR
 MAXIMUM TEMPERATURE (F)   90        MM        MM
 MINIMUM TEMPERATURE (F)   62        MM        MM


SUNRISE AND SUNSET
AUGUST  1 2014........SUNRISE   555 AM MDT   SUNSET   758 PM MDT
AUGUST  2 2014........SUNRISE   556 AM MDT   SUNSET   757 PM MDT


-  INDICATES NEGATIVE NUMBERS.
R  INDICATES RECORD WAS SET OR TIED.
MM INDICATES DATA IS MISSING.
T  INDICATES TRACE AMOUNT.




$$
