000
CDUS45 KPUB 071028
CLISPD


CLIMATE REPORT
NATIONAL WEATHER SERVICE PUEBLO
428 AM MDT TUE JUL 7 2015


...................................

...THE SPRINGFIELD CO CLIMATE SUMMARY FOR JULY 6 2015...

CLIMATE NORMAL PERIOD 1981 TO 2010
CLIMATE RECORD PERIOD 9999 TO 9999


WEATHER ITEM   OBSERVED TIME   NORMAL DEPARTURE LAST
                VALUE   (LST)  VALUE  FROM      YEAR
                                      NORMAL
......................................................
TEMPERATURE (F)
 YESTERDAY
  MAXIMUM         74   1125 AM  91    -17       98
  MINIMUM         63   1159 PM  61      2       60
  AVERAGE         69                            79

PRECIPITATION (IN)
  YESTERDAY        0.08          0.09  -0.01     0.00
  MONTH TO DATE    0.70          0.54   0.16     0.05
  SINCE JUN 1      1.56          3.04  -1.48     1.98
  SINCE JAN 1      9.13          8.61   0.52     5.87

DEGREE DAYS
 HEATING
  YESTERDAY        0             0      0        0
  MONTH TO DATE    0             0      0        0
  SINCE JUN 1      0            21    -21       22
  SINCE JUL 1      0             0      0        0

 COOLING
  YESTERDAY        4            11     -7       14
  MONTH TO DATE   66            64      2       58
  SINCE JUN 1    313           272     41      277
  SINCE JAN 1    314           326    -12      335
......................................................


WIND (MPH)
  HIGHEST WIND SPEED    28   HIGHEST WIND DIRECTION     N (350)
  HIGHEST GUST SPEED    33   HIGHEST GUST DIRECTION     N (340)
  AVERAGE WIND SPEED    16.3


SKY COVER
  POSSIBLE SUNSHINE  MM



RELATIVE HUMIDITY (PERCENT)
 HIGHEST    93           100 PM
 LOWEST     64           900 AM
 AVERAGE    79

..........................................................


THE SPRINGFIELD CO CLIMATE NORMALS FOR TODAY
                         NORMAL    RECORD    YEAR
 MAXIMUM TEMPERATURE (F)   91        MM        MM
 MINIMUM TEMPERATURE (F)   61        MM        MM


SUNRISE AND SUNSET
JULY  7 2015..........SUNRISE   537 AM MDT   SUNSET   814 PM MDT
JULY  8 2015..........SUNRISE   537 AM MDT   SUNSET   814 PM MDT


-  INDICATES NEGATIVE NUMBERS.
R  INDICATES RECORD WAS SET OR TIED.
MM INDICATES DATA IS MISSING.
T  INDICATES TRACE AMOUNT.




$$
