000
CDUS43 KILX 280635
CLISPI


CLIMATE REPORT
NATIONAL WEATHER SERVICE LINCOLN IL
134 AM CDT SAT MAR 28 2015


...................................

...THE SPRINGFIELD IL CLIMATE SUMMARY FOR MARCH 27 2015...

CLIMATE NORMAL PERIOD 1981 TO 2010
CLIMATE RECORD PERIOD 1879 TO 2015


WEATHER ITEM   OBSERVED TIME   RECORD YEAR NORMAL DEPARTURE LAST
                VALUE   (LST)  VALUE       VALUE  FROM      YEAR
                                                  NORMAL
..................................................................
TEMPERATURE (F)
 YESTERDAY
  MAXIMUM         41    339 PM  84    1910  57    -16       57
  MINIMUM         25   1159 PM  14    1955  36    -11       38
  AVERAGE         33                        46    -13       48

PRECIPITATION (IN)
  YESTERDAY        0.00          4.60 1898   0.09  -0.09     0.45
  MONTH TO DATE    1.55                      2.25  -0.70     1.79
  SINCE MAR 1      1.55                      2.25  -0.70     1.79
  SINCE JAN 1      4.83                      5.88  -1.05     7.22

SNOWFALL (IN)
  YESTERDAY        0.0           4.7  1934   0.1   -0.1      0.0
  MONTH TO DATE    3.7                       2.4    1.3      3.3
  SINCE MAR 1      3.7                       2.4    1.3      3.3
  SINCE JUL 1     33.9                      20.5   13.4     45.6
  SNOW DEPTH       0

DEGREE DAYS
 HEATING
  YESTERDAY       32                        19     13       17
  MONTH TO DATE  678                       639     39      782
  SINCE MAR 1    678                       639     39      782
  SINCE JUL 1   5247                      4910    337     5729

 COOLING
  YESTERDAY        0                         0      0        0
  MONTH TO DATE    0                         0      0        0
  SINCE MAR 1      0                         0      0        0
  SINCE JAN 1      0                         0      0        0
..................................................................


WIND (MPH)
  HIGHEST WIND SPEED    22   HIGHEST WIND DIRECTION    NW (320)
  HIGHEST GUST SPEED    27   HIGHEST GUST DIRECTION    NW (320)
  AVERAGE WIND SPEED     9.4


SKY COVER
  POSSIBLE SUNSHINE  MM
  AVERAGE SKY COVER 0.3


WEATHER CONDITIONS
 THE FOLLOWING WEATHER WAS RECORDED YESTERDAY.
  NO SIGNIFICANT WEATHER WAS OBSERVED.


RELATIVE HUMIDITY (PERCENT)
 HIGHEST    75           600 AM
 LOWEST     33           400 PM
 AVERAGE    54

..........................................................


THE SPRINGFIELD IL CLIMATE NORMALS FOR TODAY
                         NORMAL    RECORD    YEAR
 MAXIMUM TEMPERATURE (F)   57        86      1985
 MINIMUM TEMPERATURE (F)   36        14      1934


SUNRISE AND SUNSET
MARCH 28 2015.........SUNRISE   650 AM CDT   SUNSET   719 PM CDT
MARCH 29 2015.........SUNRISE   648 AM CDT   SUNSET   720 PM CDT


-  INDICATES NEGATIVE NUMBERS.
R  INDICATES RECORD WAS SET OR TIED.
MM INDICATES DATA IS MISSING.
T  INDICATES TRACE AMOUNT.




$$
