137
CDUS43 KILX 270631
CLISPI


CLIMATE REPORT
NATIONAL WEATHER SERVICE LINCOLN IL
130 AM CDT TUE SEP 27 2016


...................................

...THE SPRINGFIELD IL CLIMATE SUMMARY FOR SEPTEMBER 26 2016...

CLIMATE NORMAL PERIOD 1981 TO 2010
CLIMATE RECORD PERIOD 1879 TO 2016


WEATHER ITEM   OBSERVED TIME   RECORD YEAR NORMAL DEPARTURE LAST
                VALUE   (LST)  VALUE       VALUE  FROM      YEAR
                                                  NORMAL
..................................................................
TEMPERATURE (F)
 YESTERDAY
  MAXIMUM         76    327 PM  92    1897  75      1       83
                                      1891
  MINIMUM         53   1059 PM  35    2000  50      3       55
                                      1928
  AVERAGE         65                        62      3       69

PRECIPITATION (IN)
  YESTERDAY        0.10          5.12 1959   0.09   0.01     0.00
  MONTH TO DATE    1.55                      2.52  -0.97     4.27
  SINCE SEP 1      1.55                      2.52  -0.97     4.27
  SINCE JAN 1     37.40                     28.17   9.23    32.05

SNOWFALL (IN)
  YESTERDAY        0.0           T    1942   0.0    0.0      0.0
  MONTH TO DATE    0.0                       0.0    0.0      0.0
  SINCE SEP 1      0.0                       0.0    0.0      0.0
  SINCE JUL 1      0.0                       0.0    0.0      0.0
  SNOW DEPTH       0

DEGREE DAYS
 HEATING
  YESTERDAY        0                         5     -5        0
  MONTH TO DATE    0                        54    -54       18
  SINCE SEP 1      0                        54    -54       18
  SINCE JUL 1      1                        59    -58       24

 COOLING
  YESTERDAY        0                         2     -2        4
  MONTH TO DATE  258                       120    138      241
  SINCE SEP 1    258                       120    138      241
  SINCE JAN 1   1534                      1090    444     1336
..................................................................


WIND (MPH)
  HIGHEST WIND SPEED    21   HIGHEST WIND DIRECTION    NW (330)
  HIGHEST GUST SPEED    29   HIGHEST GUST DIRECTION    NW (300)
  AVERAGE WIND SPEED     8.6


SKY COVER
  POSSIBLE SUNSHINE  MM
  AVERAGE SKY COVER 0.2


WEATHER CONDITIONS
 THE FOLLOWING WEATHER WAS RECORDED YESTERDAY.
  RAIN
  LIGHT RAIN
  FOG


RELATIVE HUMIDITY (PERCENT)
 HIGHEST    90           200 AM
 LOWEST     19           300 PM
 AVERAGE    55

..........................................................


THE SPRINGFIELD IL CLIMATE NORMALS FOR TODAY
                         NORMAL    RECORD    YEAR
 MAXIMUM TEMPERATURE (F)   74        91      1998
 MINIMUM TEMPERATURE (F)   50        37      1942
                                             1889


SUNRISE AND SUNSET
SEPTEMBER 27 2016.....SUNRISE   652 AM CDT   SUNSET   647 PM CDT
SEPTEMBER 28 2016.....SUNRISE   653 AM CDT   SUNSET   645 PM CDT


-  INDICATES NEGATIVE NUMBERS.
R  INDICATES RECORD WAS SET OR TIED.
MM INDICATES DATA IS MISSING.
T  INDICATES TRACE AMOUNT.




$$
