000
CDUS43 KILX 250702
CLISPI


CLIMATE REPORT
NATIONAL WEATHER SERVICE LINCOLN IL
100 AM CST SAT NOV 25 2017


...................................

...THE SPRINGFIELD IL CLIMATE SUMMARY FOR NOVEMBER 24 2017...

CLIMATE NORMAL PERIOD 1981 TO 2010
CLIMATE RECORD PERIOD 1879 TO 2017


WEATHER ITEM   OBSERVED TIME   RECORD YEAR NORMAL DEPARTURE LAST
                VALUE   (LST)  VALUE       VALUE  FROM      YEAR
                                                  NORMAL
..................................................................
TEMPERATURE (F)
 YESTERDAY
  MAXIMUM         68R   316 PM  67    1966  48     20       44
                                      1931
  MINIMUM         31   1217 AM  -2    1950  30      1       41
  AVERAGE         50                        39     11       43

PRECIPITATION (IN)
  YESTERDAY        0.00          1.67 2001   0.10  -0.10     0.00
  MONTH TO DATE    0.71                      2.56  -1.85     1.47
  SINCE SEP 1      5.96                      8.61  -2.65     5.34
  SINCE JAN 1     31.00                     34.26  -3.26    41.19

SNOWFALL (IN)
  YESTERDAY        0.0           5.7  2004   0.0    0.0      0.0
  MONTH TO DATE    T                         0.3   -0.3      0.0
  SINCE SEP 1      T                         0.3   -0.3      0.0
  SINCE JUL 1      T                         0.3   -0.3      0.0
  SNOW DEPTH       0

DEGREE DAYS
 HEATING
  YESTERDAY       15                        26    -11       22
  MONTH TO DATE  506                       492     14      350
  SINCE SEP 1    767                       897   -130      523
  SINCE JUL 1    767                       902   -135      524

 COOLING
  YESTERDAY        0                         0      0        0
  MONTH TO DATE    0                         0      0       18
  SINCE SEP 1    289                       151    138      350
  SINCE JAN 1   1401                      1121    280     1626
..................................................................


WIND (MPH)
  HIGHEST WIND SPEED    28   HIGHEST WIND DIRECTION     S (180)
  HIGHEST GUST SPEED    34   HIGHEST GUST DIRECTION     S (200)
  AVERAGE WIND SPEED    11.9


SKY COVER
  POSSIBLE SUNSHINE  MM
  AVERAGE SKY COVER 0.0


WEATHER CONDITIONS
 THE FOLLOWING WEATHER WAS RECORDED YESTERDAY.
  NO SIGNIFICANT WEATHER WAS OBSERVED.


RELATIVE HUMIDITY (PERCENT)
 HIGHEST    82          1200 AM
 LOWEST     35           300 PM
 AVERAGE    59

..........................................................


THE SPRINGFIELD IL CLIMATE NORMALS FOR TODAY
                         NORMAL    RECORD    YEAR
 MAXIMUM TEMPERATURE (F)   47        69      2006
 MINIMUM TEMPERATURE (F)   30         0      1950


SUNRISE AND SUNSET
NOVEMBER 25 2017......SUNRISE   655 AM CST   SUNSET   436 PM CST
NOVEMBER 26 2017......SUNRISE   656 AM CST   SUNSET   436 PM CST


-  INDICATES NEGATIVE NUMBERS.
R  INDICATES RECORD WAS SET OR TIED.
MM INDICATES DATA IS MISSING.
T  INDICATES TRACE AMOUNT.




$$
