000
CDUS43 KILX 310628
CLISPI


CLIMATE REPORT
NATIONAL WEATHER SERVICE LINCOLN IL
128 AM CDT FRI JUL 31 2015


...................................

...THE SPRINGFIELD IL CLIMATE SUMMARY FOR JULY 30 2015...

CLIMATE NORMAL PERIOD 1981 TO 2010
CLIMATE RECORD PERIOD 1879 TO 2015


WEATHER ITEM   OBSERVED TIME   RECORD YEAR NORMAL DEPARTURE LAST
                VALUE   (LST)  VALUE       VALUE  FROM      YEAR
                                                  NORMAL
..................................................................
TEMPERATURE (F)
 YESTERDAY
  MAXIMUM         88    423 PM 101    1931  86      2       82
                                      1916
                                      1913
  MINIMUM         62    533 AM  52    1971  65     -3       57
  AVERAGE         75                        75      0       70

PRECIPITATION (IN)
  YESTERDAY        0.00          1.98 1915   0.11  -0.11     0.00
  MONTH TO DATE    4.16                      3.82   0.34     2.53
  SINCE JUN 1     13.30                      8.28   5.02    11.40
  SINCE JAN 1     26.21                     22.29   3.92    25.69

SNOWFALL (IN)
  YESTERDAY        0.0           0.0    MM   0.0    0.0      0.0
  MONTH TO DATE    0.0                       0.0    0.0      0.0
  SINCE JUN 1      0.0                       0.0    0.0      0.0
  SINCE JUL 1      0.0                       0.0    0.0      0.0
  SNOW DEPTH       0

DEGREE DAYS
 HEATING
  YESTERDAY        0                         0      0        0
  MONTH TO DATE    4                         0      4        3
  SINCE JUN 1      7                        15     -8        3
  SINCE JUL 1      4                         0      4        3

 COOLING
  YESTERDAY       10                        10      0        5
  MONTH TO DATE  352                       326     26      206
  SINCE JUN 1    650                       566     84      512
  SINCE JAN 1    816                       670    146      688
..................................................................


WIND (MPH)
  HIGHEST WIND SPEED    16   HIGHEST WIND DIRECTION    NW (310)
  HIGHEST GUST SPEED    20   HIGHEST GUST DIRECTION    NW (310)
  AVERAGE WIND SPEED     7.1


SKY COVER
  POSSIBLE SUNSHINE  MM
  AVERAGE SKY COVER 0.0


WEATHER CONDITIONS
 THE FOLLOWING WEATHER WAS RECORDED YESTERDAY.
  NO SIGNIFICANT WEATHER WAS OBSERVED.


RELATIVE HUMIDITY (PERCENT)
 HIGHEST    93           200 AM
 LOWEST     43           400 PM
 AVERAGE    68

..........................................................


THE SPRINGFIELD IL CLIMATE NORMALS FOR TODAY
                         NORMAL    RECORD    YEAR
 MAXIMUM TEMPERATURE (F)   86       101      2012
 MINIMUM TEMPERATURE (F)   65        48      1971


SUNRISE AND SUNSET
JULY 31 2015..........SUNRISE   556 AM CDT   SUNSET   813 PM CDT
AUGUST  1 2015........SUNRISE   557 AM CDT   SUNSET   812 PM CDT


-  INDICATES NEGATIVE NUMBERS.
R  INDICATES RECORD WAS SET OR TIED.
MM INDICATES DATA IS MISSING.
T  INDICATES TRACE AMOUNT.




$$
