000
CDUS43 KILX 200643
CLISPI


CLIMATE REPORT
NATIONAL WEATHER SERVICE LINCOLN IL
140 AM CDT WED SEP 20 2017


...................................

...THE SPRINGFIELD IL CLIMATE SUMMARY FOR SEPTEMBER 19 2017...

CLIMATE NORMAL PERIOD 1981 TO 2010
CLIMATE RECORD PERIOD 1879 TO 2017


WEATHER ITEM   OBSERVED TIME   RECORD YEAR NORMAL DEPARTURE LAST
                VALUE   (LST)  VALUE       VALUE  FROM      YEAR
                                                  NORMAL
..................................................................
TEMPERATURE (F)
 YESTERDAY
  MAXIMUM         88    310 PM  95    1978  78     10       89
                                      1931
                                      1925
  MINIMUM         64    340 AM  38    1991  53     11       56
  AVERAGE         76                        66     10       73

PRECIPITATION (IN)
  YESTERDAY        0.00          2.15 1880   0.09  -0.09     0.00
  MONTH TO DATE    0.01                      1.85  -1.84     1.45
  SINCE SEP 1      0.01                      1.85  -1.84     1.45
  SINCE JAN 1     25.05                     27.50  -2.45    37.30

SNOWFALL (IN)
  YESTERDAY        0.0           0.0    MM   0.0    0.0      0.0
  MONTH TO DATE    0.0                       0.0    0.0      0.0
  SINCE SEP 1      0.0                       0.0    0.0      0.0
  SINCE JUL 1      0.0                       0.0    0.0      0.0
  SNOW DEPTH       0

DEGREE DAYS
 HEATING
  YESTERDAY        0                         3     -3        0
  MONTH TO DATE   26                        26      0        0
  SINCE SEP 1     26                        26      0        0
  SINCE JUL 1     26                        31     -5        1

 COOLING
  YESTERDAY       11                         3      8        8
  MONTH TO DATE   89                       101    -12      174
  SINCE SEP 1     89                       101    -12      174
  SINCE JAN 1   1201                      1071    130     1450
..................................................................


WIND (MPH)
  HIGHEST WIND SPEED     9   HIGHEST WIND DIRECTION     E (110)
  HIGHEST GUST SPEED    11   HIGHEST GUST DIRECTION     E (110)
  AVERAGE WIND SPEED     3.4


SKY COVER
  POSSIBLE SUNSHINE  MM
  AVERAGE SKY COVER 0.5


WEATHER CONDITIONS
 THE FOLLOWING WEATHER WAS RECORDED YESTERDAY.
  FOG
  FOG W/VISIBILITY <= 1/4 MILE


RELATIVE HUMIDITY (PERCENT)
 HIGHEST   100          1200 AM
 LOWEST     48           200 PM
 AVERAGE    74

..........................................................


THE SPRINGFIELD IL CLIMATE NORMALS FOR TODAY
                         NORMAL    RECORD    YEAR
 MAXIMUM TEMPERATURE (F)   77        96      1931
 MINIMUM TEMPERATURE (F)   53        34      1991


SUNRISE AND SUNSET
SEPTEMBER 20 2017.....SUNRISE   645 AM CDT   SUNSET   659 PM CDT
SEPTEMBER 21 2017.....SUNRISE   646 AM CDT   SUNSET   657 PM CDT


-  INDICATES NEGATIVE NUMBERS.
R  INDICATES RECORD WAS SET OR TIED.
MM INDICATES DATA IS MISSING.
T  INDICATES TRACE AMOUNT.




$$
