000
CDUS43 KILX 012142
CLISPI


CLIMATE REPORT
NATIONAL WEATHER SERVICE LINCOLN IL
432 PM CDT FRI AUG 1 2014


...................................

...THE SPRINGFIELD IL CLIMATE SUMMARY FOR AUGUST 1 2014...
VALID TODAY AS OF 0400 PM LOCAL TIME.

CLIMATE NORMAL PERIOD 1981 TO 2010
CLIMATE RECORD PERIOD 1879 TO 2014


WEATHER ITEM   OBSERVED TIME   RECORD YEAR NORMAL DEPARTURE LAST
                VALUE   (LST)  VALUE       VALUE  FROM      YEAR
                                                  NORMAL
..................................................................
TEMPERATURE (F)
 TODAY
  MAXIMUM         85   1130 AM  99    1987  86     -1       84
                                      1964
                                      1935
  MINIMUM         59    450 AM  52    1962  65     -6       61
  AVERAGE         72                        75     -3       73

PRECIPITATION (IN)
  TODAY            0.67          2.84 1921   0.11   0.56     0.00
  MONTH TO DATE    0.67                      0.11   0.56     0.00
  SINCE JUN 1     12.07                      8.51   3.56     5.31
  SINCE JAN 1     26.36                     22.52   3.84    30.33

SNOWFALL (IN)
  TODAY            0.0           0.0    MM   0.0    0.0      0.0
  MONTH TO DATE    0.0                       0.0    0.0      0.0
  SINCE JUN 1      0.0                       0.0    0.0      0.0
  SINCE JUL 1      0.0                       0.0    0.0      0.0
  SNOW DEPTH       0

DEGREE DAYS
 HEATING
  TODAY            0                         0      0        0
  MONTH TO DATE    0                         0      0        0
  SINCE JUN 1      3                        16    -13       18
  SINCE JUL 1      3                         1      2        6

 COOLING
  TODAY            7                        10     -3        8
  MONTH TO DATE    7                        10     -3        8
  SINCE JUN 1    525                       585    -60      556
  SINCE JAN 1    701                       689     12      682
..................................................................


WIND (MPH)
  HIGHEST WIND SPEED    31   HIGHEST WIND DIRECTION     N (350)
  HIGHEST GUST SPEED    44   HIGHEST GUST DIRECTION     N (360)
  AVERAGE WIND SPEED     1.0


SKY COVER
  POSSIBLE SUNSHINE  MM
  AVERAGE SKY COVER 0.2


WEATHER CONDITIONS
 THE FOLLOWING WEATHER WAS RECORDED TODAY.
  THUNDERSTORM
  HEAVY RAIN
  RAIN
  FOG
  HAZE


RELATIVE HUMIDITY (PERCENT)
 HIGHEST    97           200 AM
 LOWEST     51          1200 PM
 AVERAGE    74

..........................................................


THE SPRINGFIELD IL CLIMATE NORMALS FOR TOMORROW
                         NORMAL    RECORD    YEAR
 MAXIMUM TEMPERATURE (F)   86       101      1964
                                             1947
 MINIMUM TEMPERATURE (F)   65        53      1927


SUNRISE AND SUNSET
AUGUST  1 2014........SUNRISE   557 AM CDT   SUNSET   812 PM CDT
AUGUST  2 2014........SUNRISE   558 AM CDT   SUNSET   811 PM CDT


-  INDICATES NEGATIVE NUMBERS.
R  INDICATES RECORD WAS SET OR TIED.
MM INDICATES DATA IS MISSING.
T  INDICATES TRACE AMOUNT.




$$
