000
CDUS43 KILX 260700
CLISPI


CLIMATE REPORT
NATIONAL WEATHER SERVICE LINCOLN IL
159 AM CDT FRI AUG 26 2016


...................................

...THE SPRINGFIELD IL CLIMATE SUMMARY FOR AUGUST 25 2016...

CLIMATE NORMAL PERIOD 1981 TO 2010
CLIMATE RECORD PERIOD 1879 TO 2016


WEATHER ITEM   OBSERVED TIME   RECORD YEAR NORMAL DEPARTURE LAST
                VALUE   (LST)  VALUE       VALUE  FROM      YEAR
                                                  NORMAL
..................................................................
TEMPERATURE (F)
 YESTERDAY
  MAXIMUM         88    458 PM 100    1936  85      3       77
  MINIMUM         68    553 AM  45    1958  63      5       49
  AVERAGE         78                        74      4       63

PRECIPITATION (IN)
  YESTERDAY        0.30          1.95 1975   0.10   0.20     0.00
  MONTH TO DATE    8.47                      2.62   5.85     1.54
  SINCE JUN 1     19.91                     11.02   8.89    14.84
  SINCE JAN 1     33.50                     25.03   8.47    27.75

SNOWFALL (IN)
  YESTERDAY        0.0           0.0    MM   0.0    0.0      0.0
  MONTH TO DATE    0.0                       0.0    0.0      0.0
  SINCE JUN 1      0.0                       0.0    0.0      0.0
  SINCE JUL 1      0.0                       0.0    0.0      0.0
  SNOW DEPTH       0

DEGREE DAYS
 HEATING
  YESTERDAY        0                         0      0        2
  MONTH TO DATE    0                         0      0        2
  SINCE JUN 1      1                        16    -15        9
  SINCE JUL 1      1                         1      0        6

 COOLING
  YESTERDAY       13                         9      4        0
  MONTH TO DATE  308                       242     66      224
  SINCE JUN 1   1068                       817    251      886
  SINCE JAN 1   1193                       921    272     1052
..................................................................


WIND (MPH)
  HIGHEST WIND SPEED    38   HIGHEST WIND DIRECTION    NW (310)
  HIGHEST GUST SPEED    52   HIGHEST GUST DIRECTION    NW (310)
  AVERAGE WIND SPEED     5.6


SKY COVER
  POSSIBLE SUNSHINE  MM
  AVERAGE SKY COVER 0.3


WEATHER CONDITIONS
 THE FOLLOWING WEATHER WAS RECORDED YESTERDAY.
  THUNDERSTORM
  HEAVY RAIN
  RAIN
  LIGHT RAIN
  FOG


RELATIVE HUMIDITY (PERCENT)
 HIGHEST    93           500 AM
 LOWEST     59           400 PM
 AVERAGE    76

..........................................................


THE SPRINGFIELD IL CLIMATE NORMALS FOR TODAY
                         NORMAL    RECORD    YEAR
 MAXIMUM TEMPERATURE (F)   84       103      1936
 MINIMUM TEMPERATURE (F)   62        48      1885


SUNRISE AND SUNSET
AUGUST 26 2016........SUNRISE   621 AM CDT   SUNSET   739 PM CDT
AUGUST 27 2016........SUNRISE   622 AM CDT   SUNSET   737 PM CDT


-  INDICATES NEGATIVE NUMBERS.
R  INDICATES RECORD WAS SET OR TIED.
MM INDICATES DATA IS MISSING.
T  INDICATES TRACE AMOUNT.




$$
