000
CDUS43 KILX 302149
CLISPI


CLIMATE REPORT
NATIONAL WEATHER SERVICE LINCOLN IL
449 PM CDT MON MAY 30 2016


...................................

...THE SPRINGFIELD IL CLIMATE SUMMARY FOR MAY 30 2016...
VALID TODAY AS OF 0400 PM LOCAL TIME.

CLIMATE NORMAL PERIOD 1981 TO 2010
CLIMATE RECORD PERIOD 1879 TO 2016


WEATHER ITEM   OBSERVED TIME   RECORD YEAR NORMAL DEPARTURE LAST
                VALUE   (LST)  VALUE       VALUE  FROM      YEAR
                                                  NORMAL
..................................................................
TEMPERATURE (F)
 TODAY
  MAXIMUM         88    152 PM  96    1934  79      9       73
  MINIMUM         63    333 AM  40    1966  57      6       53
                                      1930
                                      1889
  AVERAGE         76                        68      8       63

PRECIPITATION (IN)
  TODAY            0.00          1.89 2008   0.15  -0.15     1.36
  MONTH TO DATE    2.40                      4.10  -1.70     5.95
  SINCE MAR 1     10.76                     10.24   0.52     9.63
  SINCE JAN 1     13.09                     13.87  -0.78    12.91

SNOWFALL (IN)
  TODAY            0.0           0.0    MM   0.0    0.0      0.0
  MONTH TO DATE    0.0                       0.0    0.0      0.0
  SINCE MAR 1      0.1                       2.8   -2.7      3.7
  SINCE JUL 1     15.7                      20.9   -5.2     33.9
  SNOW DEPTH       0

DEGREE DAYS
 HEATING
  TODAY            0                         2     -2        2
  MONTH TO DATE  119                       124     -5       72
  SINCE MAR 1    891                      1198   -307     1087
  SINCE JUL 1   4317                      5469  -1152     5656

 COOLING
  TODAY           11                         5      6        0
  MONTH TO DATE   96                        79     17      156
  SINCE MAR 1    116                        99     17      166
  SINCE JAN 1    116                        99     17      166
..................................................................


WIND (MPH)
  HIGHEST WIND SPEED    12   HIGHEST WIND DIRECTION    NW (320)
  HIGHEST GUST SPEED    16   HIGHEST GUST DIRECTION     W (280)
  AVERAGE WIND SPEED     3.4


SKY COVER
  POSSIBLE SUNSHINE  MM
  AVERAGE SKY COVER 0.1


WEATHER CONDITIONS
 THE FOLLOWING WEATHER WAS RECORDED TODAY.
  NO SIGNIFICANT WEATHER WAS OBSERVED.


RELATIVE HUMIDITY (PERCENT)
 HIGHEST    87           100 AM
 LOWEST     39          1200 PM
 AVERAGE    63

..........................................................


THE SPRINGFIELD IL CLIMATE NORMALS FOR TOMORROW
                         NORMAL    RECORD    YEAR
 MAXIMUM TEMPERATURE (F)   79       101      1934
 MINIMUM TEMPERATURE (F)   57        39      1889


SUNRISE AND SUNSET
MAY 30 2016...........SUNRISE   533 AM CDT   SUNSET   820 PM CDT
MAY 31 2016...........SUNRISE   533 AM CDT   SUNSET   821 PM CDT


-  INDICATES NEGATIVE NUMBERS.
R  INDICATES RECORD WAS SET OR TIED.
MM INDICATES DATA IS MISSING.
T  INDICATES TRACE AMOUNT.




$$
