000
CDUS43 KILX 202233
CLISPI


CLIMATE REPORT
NATIONAL WEATHER SERVICE LINCOLN IL
432 PM CST TUE FEB 20 2018


...................................

...THE SPRINGFIELD IL CLIMATE SUMMARY FOR FEBRUARY 20 2018...
VALID TODAY AS OF 0400 PM LOCAL TIME.

CLIMATE NORMAL PERIOD 1981 TO 2010
CLIMATE RECORD PERIOD 1879 TO 2018


WEATHER ITEM   OBSERVED TIME   RECORD YEAR NORMAL DEPARTURE LAST
                VALUE   (LST)  VALUE       VALUE  FROM      YEAR
                                                  NORMAL
..................................................................
TEMPERATURE (F)
 TODAY
  MAXIMUM         68   1251 PM  76    2017  42     26       76
  MINIMUM         49    359 PM  -9    1885  24     25       51
  AVERAGE         59                        33     26       64

PRECIPITATION (IN)
  TODAY            0.96          3.38 1882   0.07   0.89     0.00
  MONTH TO DATE    1.91                      1.22   0.69     0.17
  SINCE DEC 1      2.81                      5.56  -2.75     2.10
  SINCE JAN 1      2.44                      3.04  -0.60     1.19

SNOWFALL (IN)
  TODAY            0.0           8.9  2015   0.1   -0.1      0.0
  MONTH TO DATE    1.3                       4.1   -2.8      2.1
  SINCE DEC 1      7.0                      16.1   -9.1      5.7
  SINCE JUL 1      7.0                      16.7   -9.7      5.7
  SNOW DEPTH       0

DEGREE DAYS
 HEATING
  TODAY            6                        32    -26        1
  MONTH TO DATE  685                       702    -17      479
  SINCE DEC 1   2936                      2960    -24     2474
  SINCE JUL 1   3801                      4028   -227     3125

 COOLING
  TODAY            0                         0      0        0
  MONTH TO DATE    0                         0      0        0
  SINCE DEC 1      0                         0      0        0
  SINCE JAN 1      0                         0      0        0
..................................................................


WIND (MPH)
  HIGHEST WIND SPEED    32   HIGHEST WIND DIRECTION     S (190)
  HIGHEST GUST SPEED    45   HIGHEST GUST DIRECTION     S (180)
  AVERAGE WIND SPEED    12.9


SKY COVER
  POSSIBLE SUNSHINE  MM
  AVERAGE SKY COVER 0.3


WEATHER CONDITIONS
 THE FOLLOWING WEATHER WAS RECORDED TODAY.
  THUNDERSTORM
  HEAVY RAIN
  RAIN
  LIGHT RAIN
  FOG


RELATIVE HUMIDITY (PERCENT)
 HIGHEST    93           400 PM
 LOWEST     73           800 AM
 AVERAGE    83

..........................................................


THE SPRINGFIELD IL CLIMATE NORMALS FOR TOMORROW
                         NORMAL    RECORD    YEAR
 MAXIMUM TEMPERATURE (F)   42        69      1930
 MINIMUM TEMPERATURE (F)   24        -6      1963


SUNRISE AND SUNSET
FEBRUARY 20 2018......SUNRISE   645 AM CST   SUNSET   541 PM CST
FEBRUARY 21 2018......SUNRISE   643 AM CST   SUNSET   542 PM CST


-  INDICATES NEGATIVE NUMBERS.
R  INDICATES RECORD WAS SET OR TIED.
MM INDICATES DATA IS MISSING.
T  INDICATES TRACE AMOUNT.




$$
