000
CDUS43 KILX 160632
CLISPI

CLIMATE REPORT
NATIONAL WEATHER SERVICE LINCOLN IL
130 AM CDT WED APR 16 2014

...................................

...THE SPRINGFIELD IL CLIMATE SUMMARY FOR APRIL 15 2014...

CLIMATE NORMAL PERIOD 1981 TO 2010
CLIMATE RECORD PERIOD 1879 TO 2014

WEATHER ITEM   OBSERVED TIME   RECORD YEAR NORMAL DEPARTURE LAST
                VALUE   (LST)  VALUE       VALUE  FROM      YEAR
                                                  NORMAL
..................................................................
TEMPERATURE (F)
 YESTERDAY
  MAXIMUM         47    316 PM  86    2002  65    -18       63
  MINIMUM         29    540 AM  25    1928  42    -13       46
  AVERAGE         38                        53    -15       55

PRECIPITATION (IN)
  YESTERDAY        0.00          2.80 1939   0.12  -0.12     0.55
  MONTH TO DATE    2.34                      1.62   0.72     2.18
  SINCE MAR 1      4.13                      4.25  -0.12     5.51
  SINCE JAN 1      9.56                      7.88   1.68    11.23

SNOWFALL (IN)
  YESTERDAY        0.0           1.0  1980   0.1   -0.1      0.0
  MONTH TO DATE    0.1                       0.3   -0.2      0.0
  SINCE MAR 1      3.4                       2.8    0.6     19.6
  SINCE JUL 1     45.7                      20.9   24.8     33.1
  SNOW DEPTH       0

DEGREE DAYS
 HEATING
  YESTERDAY       27                        12     15       10
  MONTH TO DATE  191                       220    -29      212
  SINCE MAR 1   1046                       931    115     1120
  SINCE JUL 1   5993                      5202    791     5029

 COOLING
  YESTERDAY        0                         1     -1        0
  MONTH TO DATE    4                         4      0        7
  SINCE MAR 1      4                         6     -2        7
  SINCE JAN 1      4                         6     -2        7
..................................................................

WIND (MPH)
  HIGHEST WIND SPEED    21   HIGHEST WIND DIRECTION     W (290)
  HIGHEST GUST SPEED    27   HIGHEST GUST DIRECTION    NW (300)
  AVERAGE WIND SPEED     9.9

SKY COVER
  POSSIBLE SUNSHINE  MM
  AVERAGE SKY COVER 0.2

WEATHER CONDITIONS
 THE FOLLOWING WEATHER WAS RECORDED YESTERDAY.
  NO SIGNIFICANT WEATHER WAS OBSERVED.

RELATIVE HUMIDITY (PERCENT)
 HIGHEST    72           100 AM
 LOWEST     31           400 PM
 AVERAGE    52

..........................................................

THE SPRINGFIELD IL CLIMATE NORMALS FOR TODAY
                         NORMAL    RECORD    YEAR
 MAXIMUM TEMPERATURE (F)   65        88      2002
 MINIMUM TEMPERATURE (F)   43        26      1962

SUNRISE AND SUNSET
APRIL 16 2014.........SUNRISE   620 AM CDT   SUNSET   738 PM CDT
APRIL 17 2014.........SUNRISE   618 AM CDT   SUNSET   739 PM CDT

-  INDICATES NEGATIVE NUMBERS.
R  INDICATES RECORD WAS SET OR TIED.
MM INDICATES DATA IS MISSING.
T  INDICATES TRACE AMOUNT.

$$
GEELHART
