612
CDUS43 KILX 202136
CLISPI


CLIMATE REPORT
NATIONAL WEATHER SERVICE LINCOLN IL
436 PM CDT THU JUL 20 2017


...................................

...THE SPRINGFIELD IL CLIMATE SUMMARY FOR JULY 20 2017...
VALID TODAY AS OF 0400 PM LOCAL TIME.

CLIMATE NORMAL PERIOD 1981 TO 2010
CLIMATE RECORD PERIOD 1879 TO 2017


WEATHER ITEM   OBSERVED TIME   RECORD YEAR NORMAL DEPARTURE LAST
                VALUE   (LST)  VALUE       VALUE  FROM      YEAR
                                                  NORMAL
..................................................................
TEMPERATURE (F)
 TODAY
  MAXIMUM         96    258 PM 106    1934  86     10       86
  MINIMUM         75    234 AM  52    2009  66      9       71
  AVERAGE         86                        76     10       79

PRECIPITATION (IN)
  TODAY            0.00          1.92 1935   0.13  -0.13     0.35
  MONTH TO DATE    2.20                      2.60  -0.40     4.83
  SINCE JUN 1      3.77                      7.06  -3.29     6.76
  SINCE JAN 1     20.49                     21.07  -0.58    20.35

SNOWFALL (IN)
  TODAY            0.0           0.0    MM   0.0    0.0      0.0
  MONTH TO DATE    0.0                       0.0    0.0      0.0
  SINCE JUN 1      0.0                       0.0    0.0      0.0
  SINCE JUL 1      0.0                       0.0    0.0      0.0
  SNOW DEPTH       0

DEGREE DAYS
 HEATING
  TODAY            0                         0      0        0
  MONTH TO DATE    0                         0      0        1
  SINCE JUN 1      2                        15    -13        1
  SINCE JUL 1      0                         0      0        1

 COOLING
  TODAY           21                        11     10       14
  MONTH TO DATE  288                       220     68      230
  SINCE JUN 1    607                       460    147      597
  SINCE JAN 1    751                       564    187      722
..................................................................


WIND (MPH)
  HIGHEST WIND SPEED    15   HIGHEST WIND DIRECTION    SW (220)
  HIGHEST GUST SPEED    23   HIGHEST GUST DIRECTION    SW (230)
  AVERAGE WIND SPEED     5.7


SKY COVER
  POSSIBLE SUNSHINE  MM
  AVERAGE SKY COVER 0.1


WEATHER CONDITIONS
 THE FOLLOWING WEATHER WAS RECORDED TODAY.
  NO SIGNIFICANT WEATHER WAS OBSERVED.


RELATIVE HUMIDITY (PERCENT)
 HIGHEST    94          1200 AM
 LOWEST     56           300 PM
 AVERAGE    75

..........................................................


THE SPRINGFIELD IL CLIMATE NORMALS FOR TOMORROW
                         NORMAL    RECORD    YEAR
 MAXIMUM TEMPERATURE (F)   86       106      1934
                                             1901
 MINIMUM TEMPERATURE (F)   65        50      1970


SUNRISE AND SUNSET
JULY 20 2017..........SUNRISE   547 AM CDT   SUNSET   823 PM CDT
JULY 21 2017..........SUNRISE   548 AM CDT   SUNSET   822 PM CDT


-  INDICATES NEGATIVE NUMBERS.
R  INDICATES RECORD WAS SET OR TIED.
MM INDICATES DATA IS MISSING.
T  INDICATES TRACE AMOUNT.




$$
