000
CDUS43 KILX 270636
CLISPI

CLIMATE REPORT
NATIONAL WEATHER SERVICE LINCOLN IL
131 AM CDT SAT MAY 27 2017

...................................

...THE SPRINGFIELD IL CLIMATE SUMMARY FOR MAY 26 2017...

CLIMATE NORMAL PERIOD 1981 TO 2010
CLIMATE RECORD PERIOD 1879 TO 2017


WEATHER ITEM   OBSERVED TIME   RECORD YEAR NORMAL DEPARTURE LAST
                VALUE   (LST)  VALUE       VALUE  FROM      YEAR
                                                  NORMAL
..................................................................
TEMPERATURE (F)
 YESTERDAY
  MAXIMUM         83    312 PM  95    1911  78      5       84
  MINIMUM         57    417 AM  38    1961  56      1       66
                                      1925
  AVERAGE         70                        67      3       75

PRECIPITATION (IN)
  YESTERDAY        0.01          4.20 1893   0.14  -0.13     0.48
  MONTH TO DATE    4.06                      3.53   0.53     2.40
  SINCE MAR 1     15.24                      9.67   5.57    10.76
  SINCE JAN 1     16.71                     13.30   3.41    13.09

SNOWFALL (IN)
  YESTERDAY        0.0           0.0    MM   0.0    0.0      0.0
  MONTH TO DATE    0.0                       0.0    0.0      0.0
  SINCE MAR 1      4.6                       2.8    1.8      0.1
  SINCE JUL 1     10.3                      20.9  -10.6     15.7
  SNOW DEPTH       0

DEGREE DAYS
 HEATING
  YESTERDAY        0                         2     -2        0
  MONTH TO DATE  110                       116     -6      119
  SINCE MAR 1    909                      1190   -281      891
  SINCE JUL 1   4164                      5461  -1297     4317

 COOLING
  YESTERDAY        5                         4      1       10
  MONTH TO DATE   78                        62     16       52
  SINCE MAR 1    115                        82     33       72
  SINCE JAN 1    115                        82     33       72
..................................................................


WIND (MPH)
  HIGHEST WIND SPEED    30   HIGHEST WIND DIRECTION    SE (140)
  HIGHEST GUST SPEED    35   HIGHEST GUST DIRECTION    SE (140)
  AVERAGE WIND SPEED     6.3


SKY COVER
  POSSIBLE SUNSHINE  MM
  AVERAGE SKY COVER 0.4


WEATHER CONDITIONS
 THE FOLLOWING WEATHER WAS RECORDED YESTERDAY.
  LIGHT RAIN


RELATIVE HUMIDITY (PERCENT)
 HIGHEST    93          1200 AM
 LOWEST     58           300 PM
 AVERAGE    76

..........................................................


THE SPRINGFIELD IL CLIMATE NORMALS FOR TODAY
                         NORMAL    RECORD    YEAR
 MAXIMUM TEMPERATURE (F)   78        94      1911
 MINIMUM TEMPERATURE (F)   56        34      1992


SUNRISE AND SUNSET
MAY 27 2017...........SUNRISE   535 AM CDT   SUNSET   817 PM CDT
MAY 28 2017...........SUNRISE   534 AM CDT   SUNSET   818 PM CDT


-  INDICATES NEGATIVE NUMBERS.
R  INDICATES RECORD WAS SET OR TIED.
MM INDICATES DATA IS MISSING.
T  INDICATES TRACE AMOUNT.


$$
