000
CDUS43 KILX 250649
CLISPI


CLIMATE REPORT
NATIONAL WEATHER SERVICE LINCOLN IL
143 AM CDT MON JUL 25 2016


...................................

...THE SPRINGFIELD IL CLIMATE SUMMARY FOR JULY 24 2016...

CLIMATE NORMAL PERIOD 1981 TO 2010
CLIMATE RECORD PERIOD 1879 TO 2016


WEATHER ITEM   OBSERVED TIME   RECORD YEAR NORMAL DEPARTURE LAST
                VALUE   (LST)  VALUE       VALUE  FROM      YEAR
                                                  NORMAL
..................................................................
TEMPERATURE (F)
 YESTERDAY
  MAXIMUM         94    257 PM 107    1934  86      8       88
  MINIMUM         74   1159 PM  50    2000  65      9       63
  AVERAGE         84                        76      8       76

PRECIPITATION (IN)
  YESTERDAY        3.27R         1.90 1896   0.13   3.14     0.00
  MONTH TO DATE    8.54                      3.12   5.42     4.00
  SINCE JUN 1     10.47                      7.58   2.89    13.14
  SINCE JAN 1     24.06                     21.59   2.47    26.05

SNOWFALL (IN)
  YESTERDAY        0.0           0.0    MM   0.0    0.0      0.0
  MONTH TO DATE    0.0                       0.0    0.0      0.0
  SINCE JUN 1      0.0                       0.0    0.0      0.0
  SINCE JUL 1      0.0                       0.0    0.0      0.0
  SNOW DEPTH       0

DEGREE DAYS
 HEATING
  YESTERDAY        0                         0      0        0
  MONTH TO DATE    1                         0      1        4
  SINCE JUN 1      1                        15    -14        7
  SINCE JUL 1      1                         0      1        4

 COOLING
  YESTERDAY       19                        11      8       11
  MONTH TO DATE  304                       264     40      258
  SINCE JUN 1    671                       504    167      556
  SINCE JAN 1    796                       608    188      722
..................................................................


WIND (MPH)
  HIGHEST WIND SPEED    24   HIGHEST WIND DIRECTION    SW (210)
  HIGHEST GUST SPEED    44   HIGHEST GUST DIRECTION    SW (230)
  AVERAGE WIND SPEED     8.8


SKY COVER
  POSSIBLE SUNSHINE  MM
  AVERAGE SKY COVER 0.1


WEATHER CONDITIONS
 THE FOLLOWING WEATHER WAS RECORDED YESTERDAY.
  THUNDERSTORM
  HEAVY RAIN
  RAIN
  LIGHT RAIN
  FOG


RELATIVE HUMIDITY (PERCENT)
 HIGHEST    91           400 AM
 LOWEST     62           400 PM
 AVERAGE    77

..........................................................


THE SPRINGFIELD IL CLIMATE NORMALS FOR TODAY
                         NORMAL    RECORD    YEAR
 MAXIMUM TEMPERATURE (F)   86       103      2012
                                             1936
 MINIMUM TEMPERATURE (F)   65        54      2013
                                             2000
                                             1991


SUNRISE AND SUNSET
JULY 25 2016..........SUNRISE   552 AM CDT   SUNSET   818 PM CDT
JULY 26 2016..........SUNRISE   553 AM CDT   SUNSET   817 PM CDT


-  INDICATES NEGATIVE NUMBERS.
R  INDICATES RECORD WAS SET OR TIED.
MM INDICATES DATA IS MISSING.
T  INDICATES TRACE AMOUNT.




$$
