000
CDUS44 KOUN 100639 RRA
CLISPS

CLIMATE REPORT
NATIONAL WEATHER SERVICE NORMAN OK
137 AM CDT THU JUL 10 2014


...................................

...THE WICHITA FALLS CLIMATE SUMMARY FOR JULY 9 2014...

CLIMATE NORMAL PERIOD 1981 TO 2010
CLIMATE RECORD PERIOD 1897 TO 2014


WEATHER ITEM   OBSERVED TIME   RECORD YEAR NORMAL DEPARTURE LAST
                VALUE   (LST)  VALUE       VALUE  FROM      YEAR
                                                  NORMAL
..................................................................
TEMPERATURE (F)
 YESTERDAY
  MAXIMUM         94    423 PM 111    2011  96     -2      102
  MINIMUM         72    623 AM  59    1983  72      0       78
  AVERAGE         83                        84     -1       90

PRECIPITATION (IN)
  YESTERDAY        0.00          2.03 2010   0.05  -0.05     0.00
  MONTH TO DATE    2.13                      0.53   1.60     0.00
  SINCE JAN 1     10.37                     16.17  -5.80    10.12

DEGREE DAYS
 COOLING
  YESTERDAY       18                        19     -1       25
  MONTH TO DATE  151                       165    -14      159
  SINCE JAN 1   1041                       920    121     1046
..................................................................


WIND (MPH)
  HIGHEST WIND SPEED    23   HIGHEST WIND DIRECTION     E (110)
  HIGHEST GUST SPEED    36   HIGHEST GUST DIRECTION     E (110)
  AVERAGE WIND SPEED    11.1


SKY COVER
  AVERAGE SKY COVER 0.2


WEATHER CONDITIONS
 THE FOLLOWING WEATHER WAS RECORDED YESTERDAY.
  NO SIGNIFICANT WEATHER WAS OBSERVED.


RELATIVE HUMIDITY (PERCENT)
 HIGHEST    84           600 AM
 LOWEST     41           400 PM
 AVERAGE    63

..........................................................


THE WICHITA FALLS CLIMATE NORMALS FOR TODAY
                         NORMAL    RECORD    YEAR
 MAXIMUM TEMPERATURE (F)   96       109      1964
 MINIMUM TEMPERATURE (F)   72        58      1961


SUNRISE AND SUNSET
JULY 10 2014..........SUNRISE   631 AM CDT   SUNSET   847 PM CDT
JULY 11 2014..........SUNRISE   631 AM CDT   SUNSET   847 PM CDT


-  INDICATES NEGATIVE NUMBERS.
R  INDICATES RECORD WAS SET OR TIED.
MM INDICATES DATA IS MISSING.
T  INDICATES TRACE AMOUNT.




$$
