000
CDUS44 KOUN 022213 RRA
CLISPS

CLIMATE REPORT
NATIONAL WEATHER SERVICE NORMAN OK
512 PM CDT TUE SEP 2 2014


...................................

...THE WICHITA FALLS CLIMATE SUMMARY FOR SEPTEMBER 2 2014...
VALID TODAY AS OF 0500 PM LOCAL TIME.

CLIMATE NORMAL PERIOD 1981 TO 2010
CLIMATE RECORD PERIOD 1897 TO 2014


WEATHER ITEM   OBSERVED TIME   RECORD YEAR NORMAL DEPARTURE LAST
                VALUE   (LST)  VALUE       VALUE  FROM      YEAR
                                                  NORMAL
..................................................................
TEMPERATURE (F)
 TODAY
  MAXIMUM         99    230 PM 108    2000  93      6      100
                                      1939
  MINIMUM         78    646 AM  56    1974  68     10       75
                                      1952
  AVERAGE         89                        81      8       88

PRECIPITATION (IN)
  TODAY            0.00          2.05 1918   0.10  -0.10     0.00
  MONTH TO DATE    0.00                      0.20  -0.20     0.00
  SINCE JAN 1     15.81                     19.93  -4.12    15.48

DEGREE DAYS
 HEATING
  TODAY            0                         0      0        0
  MONTH TO DATE    0                         0      0        0
  SINCE JUL 1      0                         0      0        0

 COOLING
  TODAY           24                        16      8       23
  MONTH TO DATE   49                        32     17       49
  SINCE JAN 1   2043                      1977     66     2108
..................................................................


WIND (MPH)
  HIGHEST WIND SPEED    23   HIGHEST WIND DIRECTION    SE (140)
  HIGHEST GUST SPEED    29   HIGHEST GUST DIRECTION    SE (150)
  AVERAGE WIND SPEED    14.5


SKY COVER
  AVERAGE SKY COVER 0.2


WEATHER CONDITIONS
 THE FOLLOWING WEATHER WAS RECORDED TODAY.
  NO SIGNIFICANT WEATHER WAS OBSERVED.


RELATIVE HUMIDITY (PERCENT)
 HIGHEST    74           600 AM
 LOWEST     38           100 PM
 AVERAGE    56

..........................................................


THE WICHITA FALLS CLIMATE NORMALS FOR TOMORROW
                         NORMAL    RECORD    YEAR
 MAXIMUM TEMPERATURE (F)   93       108      2000
 MINIMUM TEMPERATURE (F)   68        52      1974


SUNRISE AND SUNSET
SEPTEMBER  2 2014.....SUNRISE   708 AM CDT   SUNSET   758 PM CDT
SEPTEMBER  3 2014.....SUNRISE   709 AM CDT   SUNSET   757 PM CDT


-  INDICATES NEGATIVE NUMBERS.
R  INDICATES RECORD WAS SET OR TIED.
MM INDICATES DATA IS MISSING.
T  INDICATES TRACE AMOUNT.

$$
