000
CDUS44 KOUN 190636 RRA
CLISPS

CLIMATE REPORT
NATIONAL WEATHER SERVICE NORMAN OK
134 AM CDT SAT AUG 19 2017


...................................

...THE WICHITA FALLS CLIMATE SUMMARY FOR AUGUST 18 2017...

CLIMATE NORMAL PERIOD 1981 TO 2010
CLIMATE RECORD PERIOD 1897 TO 2017


WEATHER ITEM   OBSERVED TIME   RECORD YEAR NORMAL DEPARTURE LAST
                VALUE   (LST)  VALUE       VALUE  FROM      YEAR
                                                  NORMAL
..................................................................
TEMPERATURE (F)
 YESTERDAY
  MAXIMUM         92    521 PM 107    2011  97     -5       79
  MINIMUM         69    607 AM  61    1943  72     -3       69
  AVERAGE         81                        84     -3       74

PRECIPITATION (IN)
  YESTERDAY        0.00          3.36 2008   0.08  -0.08      T
  MONTH TO DATE    3.70                      1.37   2.33     0.45
  SINCE JUN 1      9.30                      7.11   2.19     5.56
  SINCE JAN 1     19.62                     18.60   1.02    22.05

SNOWFALL (IN)
  YESTERDAY        0.0

DEGREE DAYS
 HEATING
  YESTERDAY        0                         0      0        0
  MONTH TO DATE    0                         0      0        0
  SINCE JUN 1      0                         1     -1        0
  SINCE JUL 1      0                         0      0        0

 COOLING
  YESTERDAY       16                        19     -3        9
  MONTH TO DATE  298                       357    -59      366
  SINCE JUN 1   1314                      1394    -80     1475
  SINCE JAN 1   1663                      1713    -50     1728
..................................................................


WIND (MPH)
  HIGHEST WIND SPEED    22   HIGHEST WIND DIRECTION     S (170)
  HIGHEST GUST SPEED    27   HIGHEST GUST DIRECTION     S (170)
  AVERAGE WIND SPEED     8.2


SKY COVER
  AVERAGE SKY COVER 0.1


WEATHER CONDITIONS
 THE FOLLOWING WEATHER WAS RECORDED YESTERDAY.
  NO SIGNIFICANT WEATHER WAS OBSERVED.


RELATIVE HUMIDITY (PERCENT)
 HIGHEST   100           200 AM
 LOWEST     52           300 PM
 AVERAGE    76

..........................................................


THE WICHITA FALLS CLIMATE NORMALS FOR TODAY
                         NORMAL    RECORD    YEAR
 MAXIMUM TEMPERATURE (F)   97       108      2011
 MINIMUM TEMPERATURE (F)   71        59      1950


SUNRISE AND SUNSET
AUGUST 19 2017........SUNRISE   659 AM CDT   SUNSET   816 PM CDT
AUGUST 20 2017........SUNRISE   659 AM CDT   SUNSET   815 PM CDT


-  INDICATES NEGATIVE NUMBERS.
R  INDICATES RECORD WAS SET OR TIED.
MM INDICATES DATA IS MISSING.
T  INDICATES TRACE AMOUNT.




$$
