000
CDUS44 KOUN 220641
CLISPS

CLIMATE REPORT
NATIONAL WEATHER SERVICE NORMAN OK
1238 AM CST MON DEC 22 2014


...................................

...THE WICHITA FALLS CLIMATE SUMMARY FOR DECEMBER 21 2014...

CLIMATE NORMAL PERIOD 1981 TO 2010
CLIMATE RECORD PERIOD 1897 TO 2014


WEATHER ITEM   OBSERVED TIME   RECORD YEAR NORMAL DEPARTURE LAST
                VALUE   (LST)  VALUE       VALUE  FROM      YEAR
                                                  NORMAL
..................................................................
TEMPERATURE (F)
 YESTERDAY
  MAXIMUM         56    413 PM  83    1981  54      2       36
  MINIMUM         41    221 AM   4    1983  30     11       31
  AVERAGE         49                        42      7       34

PRECIPITATION (IN)
  YESTERDAY        0.00          0.88 1997   0.05  -0.05     0.72
  MONTH TO DATE    0.80                      1.14  -0.34     1.29
  SINCE JAN 1     23.62                     28.44  -4.82    21.33

SNOWFALL (IN)
  YESTERDAY        0.0                       0.0    0.0      0.0
  MONTH TO DATE    0.0                       0.6   -0.6      0.5
  SINCE JUL 1      0.3                       0.9   -0.6      0.7
  SNOW DEPTH       0

DEGREE DAYS
 HEATING
  YESTERDAY       16                        23     -7       31
  MONTH TO DATE  341                       453   -112      533
  SINCE JUL 1    853                       960   -107     1091
..................................................................


WIND (MPH)
  HIGHEST WIND SPEED    23   HIGHEST WIND DIRECTION     S (160)
  HIGHEST GUST SPEED    28   HIGHEST GUST DIRECTION     S (160)
  AVERAGE WIND SPEED    15.0


SKY COVER
  AVERAGE SKY COVER 0.7


WEATHER CONDITIONS
 THE FOLLOWING WEATHER WAS RECORDED YESTERDAY.
  FOG


RELATIVE HUMIDITY (PERCENT)
 HIGHEST    92           700 AM
 LOWEST     66           400 PM
 AVERAGE    79

..........................................................


THE WICHITA FALLS CLIMATE NORMALS FOR TODAY
                         NORMAL    RECORD    YEAR
 MAXIMUM TEMPERATURE (F)   53        80      1982
 MINIMUM TEMPERATURE (F)   30        -4      1989


SUNRISE AND SUNSET
DECEMBER 22 2014......SUNRISE   736 AM CST   SUNSET   529 PM CST
DECEMBER 23 2014......SUNRISE   736 AM CST   SUNSET   530 PM CST


-  INDICATES NEGATIVE NUMBERS.
R  INDICATES RECORD WAS SET OR TIED.
MM INDICATES DATA IS MISSING.
T  INDICATES TRACE AMOUNT.




$$
