000
CDUS44 KOUN 260636
CLISPS

CLIMATE REPORT
NATIONAL WEATHER SERVICE NORMAN OK
136 AM CDT TUE MAY 26 2015


...................................

...THE WICHITA FALLS CLIMATE SUMMARY FOR MAY 25 2015...

CLIMATE NORMAL PERIOD 1981 TO 2010
CLIMATE RECORD PERIOD 1897 TO 2015


WEATHER ITEM   OBSERVED TIME   RECORD YEAR NORMAL DEPARTURE LAST
                VALUE   (LST)  VALUE       VALUE  FROM      YEAR
                                                  NORMAL
..................................................................
TEMPERATURE (F)
 YESTERDAY
  MAXIMUM         76    927 AM 100    1984  86    -10       82
  MINIMUM         57   1149 PM  48    1947  62     -5       64
  AVERAGE         67                        74     -7       73

PRECIPITATION (IN)
  YESTERDAY        0.19          2.00 2003   0.14   0.05     0.01
  MONTH TO DATE   14.15                      2.95  11.20     0.84
  SINCE JAN 1     22.26                     10.65  11.61     4.86

DEGREE DAYS
 COOLING
  YESTERDAY        2                         9     -7        8
  MONTH TO DATE  120                       164    -44      221
  SINCE JAN 1    200                       256    -56      327
..................................................................


WIND (MPH)
  HIGHEST WIND SPEED    35   HIGHEST WIND DIRECTION    SW (240)
  HIGHEST GUST SPEED    47   HIGHEST GUST DIRECTION    SW (230)
  AVERAGE WIND SPEED     9.0


SKY COVER
  AVERAGE SKY COVER 0.3


WEATHER CONDITIONS
 THE FOLLOWING WEATHER WAS RECORDED YESTERDAY.
  THUNDERSTORM
  RAIN
  LIGHT RAIN
  FOG


RELATIVE HUMIDITY (PERCENT)
 HIGHEST   100           200 AM
 LOWEST     78           500 PM
 AVERAGE    89

..........................................................


THE WICHITA FALLS CLIMATE NORMALS FOR TODAY
                         NORMAL    RECORD    YEAR
 MAXIMUM TEMPERATURE (F)   86       102      1990
                                             1963
 MINIMUM TEMPERATURE (F)   63        51      1946


SUNRISE AND SUNSET
MAY 26 2015...........SUNRISE   626 AM CDT   SUNSET   836 PM CDT
MAY 27 2015...........SUNRISE   626 AM CDT   SUNSET   837 PM CDT


-  INDICATES NEGATIVE NUMBERS.
R  INDICATES RECORD WAS SET OR TIED.
MM INDICATES DATA IS MISSING.
T  INDICATES TRACE AMOUNT.




$$
