000
CDUS44 KOUN 020639 RRA
CLISPS

CLIMATE REPORT
NATIONAL WEATHER SERVICE NORMAN OK
1238 AM CST MON MAR 2 2015


...................................

...THE WICHITA FALLS CLIMATE SUMMARY FOR MARCH 1 2015...

CLIMATE NORMAL PERIOD 1981 TO 2010
CLIMATE RECORD PERIOD 1897 TO 2015


WEATHER ITEM   OBSERVED TIME   RECORD YEAR NORMAL DEPARTURE LAST
                VALUE   (LST)  VALUE       VALUE  FROM      YEAR
                                                  NORMAL
..................................................................
TEMPERATURE (F)
 YESTERDAY
  MAXIMUM         35    627 PM  98    2006  62    -27       62
  MINIMUM         29    224 AM  12    1980  37     -8       27
  AVERAGE         32                        50    -18       45

PRECIPITATION (IN)
  YESTERDAY        0.01          3.60 1988   0.08  -0.07     0.00
  MONTH TO DATE    0.01                      0.08  -0.07     0.00
  SINCE JAN 1      2.61                      2.97  -0.36     0.35

SNOWFALL (IN)
  YESTERDAY        0.0                       0.0    0.0      0.0
  MONTH TO DATE    0.0                       0.0    0.0      0.0
  SINCE JUL 1      4.7                       3.4    1.3      5.0
  SNOW DEPTH       0

DEGREE DAYS
 HEATING
  YESTERDAY       33                        16     17       20
  MONTH TO DATE   33                        16     17       20
  SINCE JUL 1   2472                      2462     10     2790
..................................................................


WIND (MPH)
  HIGHEST WIND SPEED    15   HIGHEST WIND DIRECTION     N (20)
  HIGHEST GUST SPEED    17   HIGHEST GUST DIRECTION     N (20)
  AVERAGE WIND SPEED     8.5


SKY COVER
  AVERAGE SKY COVER 1.0


WEATHER CONDITIONS
 THE FOLLOWING WEATHER WAS RECORDED YESTERDAY.
  LT FREEZING RAIN
  FOG
  HAZE


RELATIVE HUMIDITY (PERCENT)
 HIGHEST   100           100 AM
 LOWEST     82           400 PM
 AVERAGE    91

..........................................................


THE WICHITA FALLS CLIMATE NORMALS FOR TODAY
                         NORMAL    RECORD    YEAR
 MAXIMUM TEMPERATURE (F)   62        92      1974
 MINIMUM TEMPERATURE (F)   38        10      1980


SUNRISE AND SUNSET
MARCH  2 2015.........SUNRISE   702 AM CST   SUNSET   631 PM CST
MARCH  3 2015.........SUNRISE   700 AM CST   SUNSET   632 PM CST


-  INDICATES NEGATIVE NUMBERS.
R  INDICATES RECORD WAS SET OR TIED.
MM INDICATES DATA IS MISSING.
T  INDICATES TRACE AMOUNT.




$$
