000
CDUS44 KOUN 182208
CLISPS

CLIMATE REPORT
NATIONAL WEATHER SERVICE NORMAN OK
506 PM CDT WED OCT 18 2017


...................................

...THE WICHITA FALLS CLIMATE SUMMARY FOR OCTOBER 18 2017...
VALID TODAY AS OF 0500 PM LOCAL TIME.

CLIMATE NORMAL PERIOD 1981 TO 2010
CLIMATE RECORD PERIOD 1897 TO 2017


WEATHER ITEM   OBSERVED TIME   RECORD YEAR NORMAL DEPARTURE LAST
                VALUE   (LST)  VALUE       VALUE  FROM      YEAR
                                                  NORMAL
..................................................................
TEMPERATURE (F)
 TODAY
  MAXIMUM         83    314 PM  94    1932  76      7       82
  MINIMUM         46    624 AM  33    1989  51     -5       63
  AVERAGE         65                        64      1       73

PRECIPITATION (IN)
  TODAY            0.00          2.10 1965   0.12  -0.12     0.00
  MONTH TO DATE    0.80                      1.78  -0.98     2.03
  SINCE SEP 1      3.87                      4.59  -0.72    11.85
  SINCE JAN 1     23.95                     24.32  -0.37    34.23

SNOWFALL (IN)
  TODAY            0.0

DEGREE DAYS
 HEATING
  TODAY            0                         4     -4        0
  MONTH TO DATE   30                        43    -13       18
  SINCE SEP 1     34                        56    -22       20
  SINCE JUL 1     34                        56    -22       20

 COOLING
  TODAY            0                         3     -3        8
  MONTH TO DATE  110                        75     35      113
  SINCE SEP 1    443                       409     34      513
  SINCE JAN 1   2285                      2354    -69     2449
..................................................................


WIND (MPH)
  HIGHEST WIND SPEED    23   HIGHEST WIND DIRECTION     S (190)
  HIGHEST GUST SPEED    27   HIGHEST GUST DIRECTION     S (190)
  AVERAGE WIND SPEED    10.8


SKY COVER
  AVERAGE SKY COVER 0.0


WEATHER CONDITIONS
 THE FOLLOWING WEATHER WAS RECORDED TODAY.
  NO SIGNIFICANT WEATHER WAS OBSERVED.


RELATIVE HUMIDITY (PERCENT)
 HIGHEST    86           500 AM
 LOWEST     26           200 PM
 AVERAGE    56

..........................................................


THE WICHITA FALLS CLIMATE NORMALS FOR TOMORROW
                         NORMAL    RECORD    YEAR
 MAXIMUM TEMPERATURE (F)   76        95      1936
 MINIMUM TEMPERATURE (F)   51        30      1989


SUNRISE AND SUNSET
OCTOBER 18 2017.......SUNRISE   742 AM CDT   SUNSET   656 PM CDT
OCTOBER 19 2017.......SUNRISE   742 AM CDT   SUNSET   655 PM CDT


-  INDICATES NEGATIVE NUMBERS.
R  INDICATES RECORD WAS SET OR TIED.
MM INDICATES DATA IS MISSING.
T  INDICATES TRACE AMOUNT.




$$
