000
CDUS44 KOUN 030654
CLISPS

CLIMATE REPORT
NATIONAL WEATHER SERVICE NORMAN OK
1253 AM CST SAT DEC 3 2016


...................................

...THE WICHITA FALLS CLIMATE SUMMARY FOR DECEMBER 2 2016...

CLIMATE NORMAL PERIOD 1981 TO 2010
CLIMATE RECORD PERIOD 1897 TO 2016


WEATHER ITEM   OBSERVED TIME   RECORD YEAR NORMAL DEPARTURE LAST
                VALUE   (LST)  VALUE       VALUE  FROM      YEAR
                                                  NORMAL
..................................................................
TEMPERATURE (F)
 YESTERDAY
  MAXIMUM         58    134 PM  83    1995  58      0       56
  MINIMUM         36    555 AM  15    1985  34      2       34
  AVERAGE         47                        46      1       45

PRECIPITATION (IN)
  YESTERDAY        0.20          1.20 1971   0.05   0.15     0.00
  MONTH TO DATE    0.20                      0.11   0.09     0.00
  SINCE JAN 1     36.54                     27.41   9.13    44.76

SNOWFALL (IN)
  YESTERDAY        0.0                       0.0    0.0      0.0
  MONTH TO DATE    0.0                       0.0    0.0      0.0
  SINCE JUL 1      0.0                       0.3   -0.3      0.0
  SNOW DEPTH       0

DEGREE DAYS
 HEATING
  YESTERDAY       18                        19     -1       20
  MONTH TO DATE   35                        38     -3       44
  SINCE JUL 1    286                       545   -259      420
..................................................................


WIND (MPH)
  HIGHEST WIND SPEED    21   HIGHEST WIND DIRECTION    NE (60)
  HIGHEST GUST SPEED    23   HIGHEST GUST DIRECTION    NE (60)
  AVERAGE WIND SPEED     6.6


SKY COVER
  AVERAGE SKY COVER 0.6


WEATHER CONDITIONS
 THE FOLLOWING WEATHER WAS RECORDED YESTERDAY.
  LIGHT RAIN
  FOG


RELATIVE HUMIDITY (PERCENT)
 HIGHEST    93           800 PM
 LOWEST     61           100 PM
 AVERAGE    77

..........................................................


THE WICHITA FALLS CLIMATE NORMALS FOR TODAY
                         NORMAL    RECORD    YEAR
 MAXIMUM TEMPERATURE (F)   58        84      2012
 MINIMUM TEMPERATURE (F)   33        21      1945


SUNRISE AND SUNSET
DECEMBER  3 2016......SUNRISE   723 AM CST   SUNSET   525 PM CST
DECEMBER  4 2016......SUNRISE   724 AM CST   SUNSET   525 PM CST


-  INDICATES NEGATIVE NUMBERS.
R  INDICATES RECORD WAS SET OR TIED.
MM INDICATES DATA IS MISSING.
T  INDICATES TRACE AMOUNT.

$$
