000
CDUS44 KOUN 232207
CLISPS

CLIMATE REPORT
NATIONAL WEATHER SERVICE NORMAN OK
506 PM CDT TUE MAY 23 2017


...................................

...THE WICHITA FALLS CLIMATE SUMMARY FOR MAY 23 2017...
VALID TODAY AS OF 0500 PM LOCAL TIME.

CLIMATE NORMAL PERIOD 1981 TO 2010
CLIMATE RECORD PERIOD 1897 TO 2017


WEATHER ITEM   OBSERVED TIME   RECORD YEAR NORMAL DEPARTURE LAST
                VALUE   (LST)  VALUE       VALUE  FROM      YEAR
                                                  NORMAL
..................................................................
TEMPERATURE (F)
 TODAY
  MAXIMUM         67    359 PM 110    2000  85    -18       80
  MINIMUM         59    305 AM  51    1963  62     -3       60
                                      1931
  AVERAGE         63                        74    -11       70

PRECIPITATION (IN)
  TODAY            0.01          2.65 1915   0.13  -0.12     2.23
  MONTH TO DATE    4.55                      2.68   1.87     5.37
  SINCE MAR 1      6.34                      7.49  -1.15    14.03
  SINCE JAN 1     10.31                     10.38  -0.07    15.73

SNOWFALL (IN)
  TODAY            0.0           0.0  2002   0.0    0.0      0.0
  MONTH TO DATE    0.0                       0.0    0.0      0.0
  SINCE MAR 1      0.0                       0.5   -0.5       T
  SINCE JUL 1      T                         3.9   -3.9      2.6
  SNOW DEPTH       0

DEGREE DAYS
 HEATING
  TODAY            2                         0      2        0
  MONTH TO DATE   14                        20     -6       41
  SINCE MAR 1    319                       519   -200      350
  SINCE JUL 1   2163                      2965   -802     2312

 COOLING
  TODAY            0                         9     -9        5
  MONTH TO DATE  117                       146    -29       93
  SINCE MAR 1    248                       235     13      152
  SINCE JAN 1    266                       238     28      161
..................................................................


WIND (MPH)
  HIGHEST WIND SPEED    21   HIGHEST WIND DIRECTION     N (360)
  HIGHEST GUST SPEED    26   HIGHEST GUST DIRECTION     N (350)
  AVERAGE WIND SPEED    11.8


SKY COVER
  AVERAGE SKY COVER 0.8


WEATHER CONDITIONS
 THE FOLLOWING WEATHER WAS RECORDED TODAY.
  LIGHT RAIN


RELATIVE HUMIDITY (PERCENT)
 HIGHEST   100           400 AM
 LOWEST     60           300 PM
 AVERAGE    80

..........................................................


THE WICHITA FALLS CLIMATE NORMALS FOR TOMORROW
                         NORMAL    RECORD    YEAR
 MAXIMUM TEMPERATURE (F)   86       110      2000
 MINIMUM TEMPERATURE (F)   62        49      1924


SUNRISE AND SUNSET
MAY 23 2017...........SUNRISE   627 AM CDT   SUNSET   834 PM CDT
MAY 24 2017...........SUNRISE   627 AM CDT   SUNSET   835 PM CDT


-  INDICATES NEGATIVE NUMBERS.
R  INDICATES RECORD WAS SET OR TIED.
MM INDICATES DATA IS MISSING.
T  INDICATES TRACE AMOUNT.

$$
