000
CDUS44 KOUN 062221
CLISPS

CLIMATE REPORT
NATIONAL WEATHER SERVICE NORMAN OK
520 PM CDT FRI MAY 6 2016


...................................

...THE WICHITA FALLS CLIMATE SUMMARY FOR MAY 6 2016...
VALID TODAY AS OF 0500 PM LOCAL TIME.

CLIMATE NORMAL PERIOD 1981 TO 2010
CLIMATE RECORD PERIOD 1897 TO 2016


WEATHER ITEM   OBSERVED TIME   RECORD YEAR NORMAL DEPARTURE LAST
                VALUE   (LST)  VALUE       VALUE  FROM      YEAR
                                                  NORMAL
..................................................................
TEMPERATURE (F)
 TODAY
  MAXIMUM         84    329 PM  97    2014  81      3       84
  MINIMUM         52    603 AM  42    1944  56     -4       62
                                      1935
  AVERAGE         68                        69     -1       73

PRECIPITATION (IN)
  TODAY            0.00          1.40 1919   0.11  -0.11     0.26
  MONTH TO DATE    0.30                      0.67  -0.37     2.84
  SINCE JAN 1     10.66                      8.37   2.29    10.95

DEGREE DAYS
 COOLING
  TODAY            3                         5     -2        8
  MONTH TO DATE    9                        27    -18       22
  SINCE JAN 1     77                       119    -42      102
..................................................................


WIND (MPH)
  HIGHEST WIND SPEED    17   HIGHEST WIND DIRECTION    SE (150)
  HIGHEST GUST SPEED    21   HIGHEST GUST DIRECTION    SE (130)
  AVERAGE WIND SPEED     8.5


SKY COVER
  AVERAGE SKY COVER 0.2


WEATHER CONDITIONS
 THE FOLLOWING WEATHER WAS RECORDED TODAY.
  NO SIGNIFICANT WEATHER WAS OBSERVED.


RELATIVE HUMIDITY (PERCENT)
 HIGHEST    77           500 AM
 LOWEST     30          1200 PM
 AVERAGE    54

..........................................................


THE WICHITA FALLS CLIMATE NORMALS FOR TOMORROW
                         NORMAL    RECORD    YEAR
 MAXIMUM TEMPERATURE (F)   81       101      2000
 MINIMUM TEMPERATURE (F)   57        40      1960


SUNRISE AND SUNSET
MAY  6 2016...........SUNRISE   640 AM CDT   SUNSET   822 PM CDT
MAY  7 2016...........SUNRISE   639 AM CDT   SUNSET   823 PM CDT


-  INDICATES NEGATIVE NUMBERS.
R  INDICATES RECORD WAS SET OR TIED.
MM INDICATES DATA IS MISSING.
T  INDICATES TRACE AMOUNT.

$$
