000
CDUS44 KOUN 210635 RRA
CLISPS

CLIMATE REPORT
NATIONAL WEATHER SERVICE NORMAN OK
1234 AM CST TUE FEB 21 2017


...................................

...THE WICHITA FALLS CLIMATE SUMMARY FOR FEBRUARY 20 2017...

CLIMATE NORMAL PERIOD 1981 TO 2010
CLIMATE RECORD PERIOD 1897 TO 2017


WEATHER ITEM   OBSERVED TIME   RECORD YEAR NORMAL DEPARTURE LAST
                VALUE   (LST)  VALUE       VALUE  FROM      YEAR
                                                  NORMAL
..................................................................
TEMPERATURE (F)
 YESTERDAY
  MAXIMUM         71    435 PM  89    1976  59     12       84
  MINIMUM         54   1159 PM  19    1955  35     19       62
  AVERAGE         63                        47     16       73

PRECIPITATION (IN)
  YESTERDAY        0.13          1.51 1997   0.07   0.06     0.00
  MONTH TO DATE    2.10                      1.16   0.94     0.01
  SINCE JAN 1      3.97                      2.30   1.67     0.44

SNOWFALL (IN)
  YESTERDAY        0.0                       0.0    0.0      0.0
  MONTH TO DATE    0.0                       0.5   -0.5      0.0
  SINCE JUL 1      T                         3.2   -3.2      2.6
  SNOW DEPTH       0

DEGREE DAYS
 HEATING
  YESTERDAY        2                        18    -16        0
  MONTH TO DATE  250                       402   -152      278
  SINCE JUL 1   1778                      2312   -534     1847
..................................................................


WIND (MPH)
  HIGHEST WIND SPEED    16   HIGHEST WIND DIRECTION    SE (130)
  HIGHEST GUST SPEED    20   HIGHEST GUST DIRECTION    SE (130)
  AVERAGE WIND SPEED     9.7


SKY COVER
  AVERAGE SKY COVER 0.2


WEATHER CONDITIONS
 THE FOLLOWING WEATHER WAS RECORDED YESTERDAY.
  LIGHT RAIN
  FOG


RELATIVE HUMIDITY (PERCENT)
 HIGHEST    93           100 AM
 LOWEST     37           500 PM
 AVERAGE    65

..........................................................


THE WICHITA FALLS CLIMATE NORMALS FOR TODAY
                         NORMAL    RECORD    YEAR
 MAXIMUM TEMPERATURE (F)   60        90      1996
 MINIMUM TEMPERATURE (F)   35        13      1939


SUNRISE AND SUNSET
FEBRUARY 21 2017......SUNRISE   712 AM CST   SUNSET   624 PM CST
FEBRUARY 22 2017......SUNRISE   711 AM CST   SUNSET   625 PM CST


-  INDICATES NEGATIVE NUMBERS.
R  INDICATES RECORD WAS SET OR TIED.
MM INDICATES DATA IS MISSING.
T  INDICATES TRACE AMOUNT.




$$
