000
CDUS42 KTBW 260833
CLISRQ


CLIMATE REPORT
NATIONAL WEATHER SERVICE TAMPA BAY FL
431 AM EDT FRI AUG 26 2016


...................................

...THE SARASOTA BRADENTON CLIMATE SUMMARY FOR AUGUST 25 2016...

CLIMATE NORMAL PERIOD 1981 TO 2010
CLIMATE RECORD PERIOD 1911 TO 2016


WEATHER ITEM   OBSERVED TIME   RECORD YEAR NORMAL DEPARTURE LAST
                VALUE   (LST)  VALUE       VALUE  FROM      YEAR
                                                  NORMAL
..................................................................
TEMPERATURE (F)
 YESTERDAY
  MAXIMUM         97R   326 PM  96    1989  90      7       92
                                      1918
  MINIMUM         78    606 AM  66    1971  75      3       77
  AVERAGE         88                        82      6       85

PRECIPITATION (IN)
  YESTERDAY        T             4.54 1913   0.28  -0.28      T
  MONTH TO DATE    5.03                      7.41  -2.38     4.26
  SINCE JUN 1     17.97                     22.90  -4.93    14.80
  SINCE JAN 1     30.25                     36.60  -6.35    27.12

DEGREE DAYS
 HEATING
  YESTERDAY        0                         0      0        0
  MONTH TO DATE    0                         0      0        0
  SINCE JUN 1      0                         0      0        0
  SINCE JUL 1      0                         0      0        0

 COOLING
  YESTERDAY       23                        17      6       20
  MONTH TO DATE  503                       425     78      446
  SINCE JUN 1   1700                      1436    264     1494
  SINCE JAN 1   2664                      2187    477     2534
..................................................................


WIND (MPH)
  HIGHEST WIND SPEED    21   HIGHEST WIND DIRECTION     E (90)
  HIGHEST GUST SPEED    27   HIGHEST GUST DIRECTION     E (100)
  AVERAGE WIND SPEED     9.2


SKY COVER
  POSSIBLE SUNSHINE  MM
  AVERAGE SKY COVER 0.2


WEATHER CONDITIONS
 THE FOLLOWING WEATHER WAS RECORDED YESTERDAY.
  THUNDERSTORM
  HAZE


RELATIVE HUMIDITY (PERCENT)
 HIGHEST    85           300 AM
 LOWEST     42           300 PM

..........................................................


THE SARASOTA BRADENTON CLIMATE NORMALS FOR TODAY
                         NORMAL    RECORD    YEAR
 MAXIMUM TEMPERATURE (F)   90        97      1938
 MINIMUM TEMPERATURE (F)   75        67      1973


SUNRISE AND SUNSET
AUGUST 26 2016........SUNRISE   707 AM EDT   SUNSET   756 PM EDT
AUGUST 27 2016........SUNRISE   707 AM EDT   SUNSET   755 PM EDT


-  INDICATES NEGATIVE NUMBERS.
R  INDICATES RECORD WAS SET OR TIED.
MM INDICATES DATA IS MISSING.
T  INDICATES TRACE AMOUNT.




$$


&&
------------------------------------------------------------------
******************** SUPPLEMENTAL DATA ***************************

...GULF WATER TEMPERATURE AT VENICE 85 DEGREES
