000
CDUS42 KTBW 200832
CLISRQ


CLIMATE REPORT
NATIONAL WEATHER SERVICE TAMPA BAY FL
430 AM EDT SAT SEP 20 2014


...................................

...THE SARASOTA BRADENTON CLIMATE SUMMARY FOR SEPTEMBER 19 2014...

CLIMATE NORMAL PERIOD 1981 TO 2010
CLIMATE RECORD PERIOD 1911 TO 2014


WEATHER ITEM   OBSERVED TIME   RECORD YEAR NORMAL DEPARTURE LAST
                VALUE   (LST)  VALUE       VALUE  FROM      YEAR
                                                  NORMAL
..................................................................
TEMPERATURE (F)
 YESTERDAY
  MAXIMUM         82   1046 AM  95    1988  89     -7       90
                                      1974
  MINIMUM         70    710 PM  65    1928  74     -4       74
  AVERAGE         76                        81     -5       82

PRECIPITATION (IN)
  YESTERDAY        1.45          8.00 1926   0.23   1.22      T
  MONTH TO DATE    3.09                      5.23  -2.14     5.05
  SINCE SEP 1      3.09                      5.23  -2.14     5.05
  SINCE JAN 1     34.57                     43.56  -8.99    43.66

DEGREE DAYS
 HEATING
  YESTERDAY        0                         0      0        0
  MONTH TO DATE    0                         0      0        0
  SINCE SEP 1      0                         0      0        0
  SINCE JUL 1      0                         0      0        0

 COOLING
  YESTERDAY       11                        16     -5       17
  MONTH TO DATE  287                       321    -34      340
  SINCE SEP 1    287                       321    -34      340
  SINCE JAN 1   2833                      2618    215     2840
..................................................................


WIND (MPH)
  HIGHEST WIND SPEED    15   HIGHEST WIND DIRECTION     E (90)
  HIGHEST GUST SPEED    20   HIGHEST GUST DIRECTION     E (70)
  AVERAGE WIND SPEED     8.0


SKY COVER
  POSSIBLE SUNSHINE  MM
  AVERAGE SKY COVER 0.5


WEATHER CONDITIONS
 THE FOLLOWING WEATHER WAS RECORDED YESTERDAY.
  THUNDERSTORM
  HEAVY RAIN
  RAIN
  LIGHT RAIN
  FOG


RELATIVE HUMIDITY (PERCENT)
 HIGHEST   100           700 PM
 LOWEST     79          1000 AM

..........................................................


THE SARASOTA BRADENTON CLIMATE NORMALS FOR TODAY
                         NORMAL    RECORD    YEAR
 MAXIMUM TEMPERATURE (F)   89        96      1925
 MINIMUM TEMPERATURE (F)   74        60      1981


SUNRISE AND SUNSET
SEPTEMBER 20 2014.....SUNRISE   718 AM EDT   SUNSET   729 PM EDT
SEPTEMBER 21 2014.....SUNRISE   718 AM EDT   SUNSET   728 PM EDT


-  INDICATES NEGATIVE NUMBERS.
R  INDICATES RECORD WAS SET OR TIED.
MM INDICATES DATA IS MISSING.
T  INDICATES TRACE AMOUNT.




$$


&&
------------------------------------------------------------------
******************** SUPPLEMENTAL DATA ***************************

...GULF WATER TEMPERATURE AT NEW PASS 85
