000
CDUS42 KTBW 311245
CLISRQ


CLIMATE REPORT
NATIONAL WEATHER SERVICE TAMPA BAY FL
845 AM EDT FRI JUL 31 2015


...................................

...THE SARASOTA BRADENTON CLIMATE SUMMARY FOR JULY 30 2015...

CLIMATE NORMAL PERIOD 1981 TO 2010
CLIMATE RECORD PERIOD 1911 TO 2015


WEATHER ITEM   OBSERVED TIME   RECORD YEAR NORMAL DEPARTURE LAST
                VALUE   (LST)  VALUE       VALUE  FROM      YEAR
                                                  NORMAL
..................................................................
TEMPERATURE (F)
 YESTERDAY
  MAXIMUM         89    149 PM  96    1998  90     -1       92
                                      1990
                                      1927
  MINIMUM         74    627 PM  65    1976  75     -1       76
  AVERAGE         82                        82      0       84

PRECIPITATION (IN)
  YESTERDAY        0.72          4.47 1960   0.27   0.45     0.03
  MONTH TO DATE    6.62                      7.71  -1.09     2.15
  SINCE JUN 1     10.35                     15.22  -4.87     9.13
  SINCE JAN 1     22.67                     28.92  -6.25    27.51

DEGREE DAYS
 HEATING
  YESTERDAY        0                         0      0        0
  MONTH TO DATE    0                         0      0        0
  SINCE JUN 1      0                         0      0        0
  SINCE JUL 1      0                         0      0        0

 COOLING
  YESTERDAY       17                        17      0       19
  MONTH TO DATE  529                       523      6      579
  SINCE JUN 1   1030                       995     35     1089
  SINCE JAN 1   2070                      1746    324     1901
..................................................................


WIND (MPH)
  HIGHEST WIND SPEED    28   HIGHEST WIND DIRECTION    SW (240)
  HIGHEST GUST SPEED    36   HIGHEST GUST DIRECTION    SW (230)
  AVERAGE WIND SPEED     6.9


SKY COVER
  POSSIBLE SUNSHINE  MM
  AVERAGE SKY COVER 0.3


WEATHER CONDITIONS
 THE FOLLOWING WEATHER WAS RECORDED YESTERDAY.
  THUNDERSTORM
  HEAVY RAIN
  RAIN
  LIGHT RAIN
  FOG


RELATIVE HUMIDITY (PERCENT)
 HIGHEST   100          1100 PM
 LOWEST     68           500 PM

..........................................................


THE SARASOTA BRADENTON CLIMATE NORMALS FOR TODAY
                         NORMAL    RECORD    YEAR
 MAXIMUM TEMPERATURE (F)   90        97      1927
 MINIMUM TEMPERATURE (F)   75        65      1976


SUNRISE AND SUNSET
JULY 31 2015..........SUNRISE   653 AM EDT   SUNSET   820 PM EDT
AUGUST  1 2015........SUNRISE   654 AM EDT   SUNSET   819 PM EDT


-  INDICATES NEGATIVE NUMBERS.
R  INDICATES RECORD WAS SET OR TIED.
MM INDICATES DATA IS MISSING.
T  INDICATES TRACE AMOUNT.




$$
