000
CDUS42 KTBW 272115
CLISRQ


CLIMATE REPORT
NATIONAL WEATHER SERVICE TAMPA BAY FL
513 PM EDT THU APR 27 2017


...................................

...THE SARASOTA BRADENTON CLIMATE SUMMARY FOR APRIL 27 2017...
VALID TODAY AS OF 0500 PM LOCAL TIME.

CLIMATE NORMAL PERIOD 1981 TO 2010
CLIMATE RECORD PERIOD 1911 TO 2017


WEATHER ITEM   OBSERVED TIME   RECORD YEAR NORMAL DEPARTURE LAST
                VALUE   (LST)  VALUE       VALUE  FROM      YEAR
                                                  NORMAL
..................................................................
TEMPERATURE (F)
 TODAY
  MAXIMUM         86   1229 PM  92    1999  83      3       84
  MINIMUM         69    617 AM  45    1926  63      6       67
  AVERAGE         78                        73      5       76

PRECIPITATION (IN)
  TODAY            0.00          3.05 1997   0.06  -0.06     0.00
  MONTH TO DATE    T                         2.27  -2.27     0.91
  SINCE MAR 1      0.74                      6.13  -5.39     1.83
  SINCE JAN 1      3.23                     11.32  -8.09     7.51

DEGREE DAYS
 HEATING
  TODAY            0                         0      0        0
  MONTH TO DATE    1                         8     -7        0
  SINCE MAR 1     54                        57     -3       14
  SINCE JUL 1    202                       475   -273      320

 COOLING
  TODAY           13                         8      5       11
  MONTH TO DATE  255                       169     86      235
  SINCE MAR 1    372                       269    103      438
  SINCE JAN 1    546                       373    173      504
..................................................................


WIND (MPH)
  RESULTANT WIND SPEED   7   RESULTANT WIND DIRECTION   S (180)
  HIGHEST WIND SPEED    17   HIGHEST WIND DIRECTION     S (200)
  HIGHEST GUST SPEED    22   HIGHEST GUST DIRECTION    SW (210)
  AVERAGE WIND SPEED     9.9


SKY COVER
  POSSIBLE SUNSHINE  MM
  AVERAGE SKY COVER 0.2


WEATHER CONDITIONS
 THE FOLLOWING WEATHER WAS RECORDED TODAY.
  FOG


RELATIVE HUMIDITY (PERCENT)
 HIGHEST    93           700 AM
 LOWEST     61          1100 AM

..........................................................


THE SARASOTA BRADENTON CLIMATE NORMALS FOR TOMORROW
                         NORMAL    RECORD    YEAR
 MAXIMUM TEMPERATURE (F)   83        92      1974
                                             1932
 MINIMUM TEMPERATURE (F)   64        45      1977


SUNRISE AND SUNSET
APRIL 27 2017.........SUNRISE   654 AM EDT   SUNSET   802 PM EDT
APRIL 28 2017.........SUNRISE   653 AM EDT   SUNSET   802 PM EDT


-  INDICATES NEGATIVE NUMBERS.
R  INDICATES RECORD WAS SET OR TIED.
MM INDICATES DATA IS MISSING.
T  INDICATES TRACE AMOUNT.




$$


&&
------------------------------------------------------------------
******************** SUPPLEMENTAL DATA ***************************

...GULF WATER TEMPERATURE AT VENICE 80 DEGREES
