000
CDUS42 KTBW 282126
CLISRQ


CLIMATE REPORT
NATIONAL WEATHER SERVICE TAMPA BAY FL
524 PM EDT SAT MAY 28 2016


...................................

...THE SARASOTA BRADENTON CLIMATE SUMMARY FOR MAY 28 2016...
VALID TODAY AS OF 0500 PM LOCAL TIME.

CLIMATE NORMAL PERIOD 1981 TO 2010
CLIMATE RECORD PERIOD 1911 TO 2016


WEATHER ITEM   OBSERVED TIME   RECORD YEAR NORMAL DEPARTURE LAST
                VALUE   (LST)  VALUE       VALUE  FROM      YEAR
                                                  NORMAL
..................................................................
TEMPERATURE (F)
 TODAY
  MAXIMUM         89   1207 PM  98    1953  87      2       89
  MINIMUM         73    559 AM  59    1942  70      3       69
  AVERAGE         81                        78      3       79

PRECIPITATION (IN)
  TODAY            T             1.53 1963   0.10  -0.10     0.00
  MONTH TO DATE    4.77                      1.89   2.88     4.69
  SINCE MAR 1      6.60                      8.19  -1.59     7.33
  SINCE JAN 1     12.28                     13.38  -1.10    12.21

DEGREE DAYS
 HEATING
  TODAY            0                         0      0        0
  MONTH TO DATE    0                         0      0        0
  SINCE MAR 1     14                        59    -45       13
  SINCE JUL 1    320                       477   -157      470

 COOLING
  TODAY           16                        14      2       14
  MONTH TO DATE  371                       313     58      374
  SINCE MAR 1    851                       606    245      930
  SINCE JAN 1    917                       710    207      999
..................................................................


WIND (MPH)
  RESULTANT WIND SPEED   4   RESULTANT WIND DIRECTION   E (90)
  HIGHEST WIND SPEED    16   HIGHEST WIND DIRECTION    NW (300)
  HIGHEST GUST SPEED    22   HIGHEST GUST DIRECTION    NW (300)
  AVERAGE WIND SPEED     6.8


SKY COVER
  POSSIBLE SUNSHINE  MM
  AVERAGE SKY COVER 0.2


WEATHER CONDITIONS
 THE FOLLOWING WEATHER WAS RECORDED TODAY.
  LIGHT RAIN


RELATIVE HUMIDITY (PERCENT)
 HIGHEST    84           200 AM
 LOWEST     51          1100 AM

..........................................................


THE SARASOTA BRADENTON CLIMATE NORMALS FOR TOMORROW
                         NORMAL    RECORD    YEAR
 MAXIMUM TEMPERATURE (F)   87        95      2011
                                             2006
                                             1989
 MINIMUM TEMPERATURE (F)   70        57      1935


SUNRISE AND SUNSET
MAY 28 2016...........SUNRISE   636 AM EDT   SUNSET   819 PM EDT
MAY 29 2016...........SUNRISE   636 AM EDT   SUNSET   820 PM EDT


-  INDICATES NEGATIVE NUMBERS.
R  INDICATES RECORD WAS SET OR TIED.
MM INDICATES DATA IS MISSING.
T  INDICATES TRACE AMOUNT.




$$


&&
------------------------------------------------------------------
******************** SUPPLEMENTAL DATA ***************************

...GULF WATER TEMPERATURE AT VENICE 82 DEGREES
