000
CDUS42 KTBW 230828
CLISRQ


CLIMATE REPORT
NATIONAL WEATHER SERVICE TAMPA BAY FL
426 AM EDT WED APR 23 2014


...................................

...THE SARASOTA BRADENTON CLIMATE SUMMARY FOR APRIL 22 2014...

CLIMATE NORMAL PERIOD 1981 TO 2010
CLIMATE RECORD PERIOD 1911 TO 2014


WEATHER ITEM   OBSERVED TIME   RECORD YEAR NORMAL DEPARTURE LAST
                VALUE   (LST)  VALUE       VALUE  FROM      YEAR
                                                  NORMAL
..................................................................
TEMPERATURE (F)
 YESTERDAY
  MAXIMUM         77    125 PM  94    1974  82     -5       84
  MINIMUM         57    410 AM  49    1978  63     -6       67
  AVERAGE         67                        72     -5       76

PRECIPITATION (IN)
  YESTERDAY        0.00          1.19 2012   0.08  -0.08     0.26
  MONTH TO DATE    1.24                      1.88  -0.64     3.94
  SINCE MAR 1      7.71                      5.74   1.97     4.99
  SINCE JAN 1     11.33                     10.93   0.40     6.13

DEGREE DAYS
 HEATING
  YESTERDAY        0                         0      0        0
  MONTH TO DATE    0                         8     -8        0
  SINCE MAR 1     37                        57    -20      152
  SINCE JUL 1    345                       475   -130      397

 COOLING
  YESTERDAY        2                         7     -5       11
  MONTH TO DATE  129                       130     -1      204
  SINCE MAR 1    215                       230    -15      237
  SINCE JAN 1    331                       334     -3      439
..................................................................


WIND (MPH)
  HIGHEST WIND SPEED    16   HIGHEST WIND DIRECTION     W (290)
  HIGHEST GUST SPEED    19   HIGHEST GUST DIRECTION    NW (300)
  AVERAGE WIND SPEED     6.4


SKY COVER
  POSSIBLE SUNSHINE  MM
  AVERAGE SKY COVER 0.3


WEATHER CONDITIONS
 THE FOLLOWING WEATHER WAS RECORDED YESTERDAY.
  FOG


RELATIVE HUMIDITY (PERCENT)
 HIGHEST   100           600 AM
 LOWEST     60          1200 PM

..........................................................


THE SARASOTA BRADENTON CLIMATE NORMALS FOR TODAY
                         NORMAL    RECORD    YEAR
 MAXIMUM TEMPERATURE (F)   82        91      1965
 MINIMUM TEMPERATURE (F)   63        46      1993
                                             1940


SUNRISE AND SUNSET
APRIL 23 2014.........SUNRISE   658 AM EDT   SUNSET   759 PM EDT
APRIL 24 2014.........SUNRISE   657 AM EDT   SUNSET   800 PM EDT


-  INDICATES NEGATIVE NUMBERS.
R  INDICATES RECORD WAS SET OR TIED.
MM INDICATES DATA IS MISSING.
T  INDICATES TRACE AMOUNT.




$$


&&
------------------------------------------------------------------
******************** SUPPLEMENTAL DATA ***************************

...GULF WATER TEMPERATURE AT NEW PASS 73
