000
CDUS42 KTBW 210931
CLISRQ


CLIMATE REPORT
NATIONAL WEATHER SERVICE TAMPA BAY FL
429 AM EST SUN DEC 21 2014


...................................

...THE SARASOTA BRADENTON CLIMATE SUMMARY FOR DECEMBER 20 2014...

CLIMATE NORMAL PERIOD 1981 TO 2010
CLIMATE RECORD PERIOD 1911 TO 2014


WEATHER ITEM   OBSERVED TIME   RECORD YEAR NORMAL DEPARTURE LAST
                VALUE   (LST)  VALUE       VALUE  FROM      YEAR
                                                  NORMAL
..................................................................
TEMPERATURE (F)
 YESTERDAY
  MAXIMUM         77    137 PM  86    1990  72      5       85
  MINIMUM         52    104 AM  28    1981  53     -1       58
  AVERAGE         65                        63      2       72

PRECIPITATION (IN)
  YESTERDAY        0.00          1.77 1940   0.11  -0.11     0.00
  MONTH TO DATE    0.02                      1.60  -1.58     0.03
  SINCE DEC 1      0.02                      1.60  -1.58     0.03
  SINCE JAN 1     50.60                     52.08  -1.48    52.49

DEGREE DAYS
 HEATING
  YESTERDAY        0                         4     -4        0
  MONTH TO DATE   96                        67     29       20
  SINCE DEC 1     96                        67     29       20
  SINCE JUL 1    181                       100     81       38

 COOLING
  YESTERDAY        0                         2     -2        7
  MONTH TO DATE   42                        54    -12       93
  SINCE DEC 1     42                        54    -12       93
  SINCE JAN 1   3454                      3354    100     3721
..................................................................


WIND (MPH)
  HIGHEST WIND SPEED    13   HIGHEST WIND DIRECTION    SE (130)
  HIGHEST GUST SPEED    17   HIGHEST GUST DIRECTION     W (270)
  AVERAGE WIND SPEED     6.0


SKY COVER
  POSSIBLE SUNSHINE  MM
  AVERAGE SKY COVER 0.2


WEATHER CONDITIONS
 THE FOLLOWING WEATHER WAS RECORDED YESTERDAY.
  NO SIGNIFICANT WEATHER WAS OBSERVED.


RELATIVE HUMIDITY (PERCENT)
 HIGHEST   100           500 AM
 LOWEST     54           200 PM

..........................................................


THE SARASOTA BRADENTON CLIMATE NORMALS FOR TODAY
                         NORMAL    RECORD    YEAR
 MAXIMUM TEMPERATURE (F)   72        87      2013
 MINIMUM TEMPERATURE (F)   53        28      1981


SUNRISE AND SUNSET
DECEMBER 21 2014......SUNRISE   716 AM EST   SUNSET   541 PM EST
DECEMBER 22 2014......SUNRISE   716 AM EST   SUNSET   541 PM EST


-  INDICATES NEGATIVE NUMBERS.
R  INDICATES RECORD WAS SET OR TIED.
MM INDICATES DATA IS MISSING.
T  INDICATES TRACE AMOUNT.




$$


&&
------------------------------------------------------------------
******************** SUPPLEMENTAL DATA ***************************

...GULF WATER TEMPERATURE AT NEW PASS 66
