000
CDUS42 KTBW 280833
CLISRQ


CLIMATE REPORT
NATIONAL WEATHER SERVICE TAMPA BAY FL
432 AM EDT WED SEP 28 2016


...................................

...THE SARASOTA BRADENTON CLIMATE SUMMARY FOR SEPTEMBER 27 2016...

CLIMATE NORMAL PERIOD 1981 TO 2010
CLIMATE RECORD PERIOD 1911 TO 2016


WEATHER ITEM   OBSERVED TIME   RECORD YEAR NORMAL DEPARTURE LAST
                VALUE   (LST)  VALUE       VALUE  FROM      YEAR
                                                  NORMAL
..................................................................
TEMPERATURE (F)
 YESTERDAY
  MAXIMUM         90    256 PM  94    1925  88      2       86
  MINIMUM         73    354 AM  59    1991  73      0       75
  AVERAGE         82                        80      2       81

PRECIPITATION (IN)
  YESTERDAY        0.00          7.08 1997   0.14  -0.14     0.24
  MONTH TO DATE    4.64                      6.67  -2.03     5.25
  SINCE SEP 1      4.64                      6.67  -2.03     5.25
  SINCE JAN 1     44.36                     45.00  -0.64    32.58

DEGREE DAYS
 HEATING
  YESTERDAY        0                         0      0        0
  MONTH TO DATE    0                         0      0        0
  SINCE SEP 1      0                         0      0        0
  SINCE JUL 1      0                         0      0        0

 COOLING
  YESTERDAY       17                        15      2       16
  MONTH TO DATE  522                       448     74      455
  SINCE SEP 1    522                       448     74      455
  SINCE JAN 1   3301                      2745    556     3090
..................................................................


WIND (MPH)
  HIGHEST WIND SPEED    12   HIGHEST WIND DIRECTION     W (280)
  HIGHEST GUST SPEED    17   HIGHEST GUST DIRECTION     W (260)
  AVERAGE WIND SPEED     4.5


SKY COVER
  POSSIBLE SUNSHINE  MM
  AVERAGE SKY COVER 0.1


WEATHER CONDITIONS
 THE FOLLOWING WEATHER WAS RECORDED YESTERDAY.
  NO SIGNIFICANT WEATHER WAS OBSERVED.


RELATIVE HUMIDITY (PERCENT)
 HIGHEST    87          1200 AM
 LOWEST     56           100 PM

..........................................................


THE SARASOTA BRADENTON CLIMATE NORMALS FOR TODAY
                         NORMAL    RECORD    YEAR
 MAXIMUM TEMPERATURE (F)   88        96      1925
 MINIMUM TEMPERATURE (F)   73        62      1991
                                             1961


SUNRISE AND SUNSET
SEPTEMBER 28 2016.....SUNRISE   722 AM EDT   SUNSET   719 PM EDT
SEPTEMBER 29 2016.....SUNRISE   722 AM EDT   SUNSET   718 PM EDT


-  INDICATES NEGATIVE NUMBERS.
R  INDICATES RECORD WAS SET OR TIED.
MM INDICATES DATA IS MISSING.
T  INDICATES TRACE AMOUNT.




$$


&&
------------------------------------------------------------------
******************** SUPPLEMENTAL DATA ***************************

...GULF WATER TEMPERATURE AT VENICE 87 DEGREES
