000
CDUS42 KTBW 302115
CLISRQ


CLIMATE REPORT
NATIONAL WEATHER SERVICE TAMPA BAY FL
512 PM EDT SAT AUG 30 2014


...................................

...THE SARASOTA BRADENTON CLIMATE SUMMARY FOR AUGUST 30 2014...
VALID TODAY AS OF 0500 PM LOCAL TIME.

CLIMATE NORMAL PERIOD 1981 TO 2010
CLIMATE RECORD PERIOD 1911 TO 2014


WEATHER ITEM   OBSERVED TIME   RECORD YEAR NORMAL DEPARTURE LAST
                VALUE   (LST)  VALUE       VALUE  FROM      YEAR
                                                  NORMAL
..................................................................
TEMPERATURE (F)
 TODAY
  MAXIMUM         97R   248 PM  96    1998  90      7       88
                                      1923
  MINIMUM         75    647 AM  64    1930  75      0       75
  AVERAGE         86                        82      4       82

PRECIPITATION (IN)
  TODAY            0.00          4.36 1959   0.30  -0.30     1.36
  MONTH TO DATE    2.27                      8.86  -6.59    11.32
  SINCE JUN 1     11.40                     24.35 -12.95    30.47
  SINCE JAN 1     29.78                     38.05  -8.27    38.61

DEGREE DAYS
 HEATING
  TODAY            0                         0      0        0
  MONTH TO DATE    0                         0      0        0
  SINCE JUN 1      0                         0      0        0
  SINCE JUL 1      0                         0      0        0

 COOLING
  TODAY           21                        17      4       17
  MONTH TO DATE  607                       510     97      553
  SINCE JUN 1   1714                      1521    193     1615
  SINCE JAN 1   2526                      2272    254     2483
..................................................................


WIND (MPH)
  RESULTANT WIND SPEED   7   RESULTANT WIND DIRECTION   E (110)
  HIGHEST WIND SPEED    15   HIGHEST WIND DIRECTION     E (110)
  HIGHEST GUST SPEED    20   HIGHEST GUST DIRECTION    SE (150)
  AVERAGE WIND SPEED     8.3


SKY COVER
  POSSIBLE SUNSHINE  MM
  AVERAGE SKY COVER 0.1


WEATHER CONDITIONS
 THE FOLLOWING WEATHER WAS RECORDED TODAY.
  NO SIGNIFICANT WEATHER WAS OBSERVED.


RELATIVE HUMIDITY (PERCENT)
 HIGHEST    94           700 AM
 LOWEST     46           200 PM

..........................................................


THE SARASOTA BRADENTON CLIMATE NORMALS FOR TOMORROW
                         NORMAL    RECORD    YEAR
 MAXIMUM TEMPERATURE (F)   90        97      1970
 MINIMUM TEMPERATURE (F)   75        65      1927


SUNRISE AND SUNSET
AUGUST 30 2014........SUNRISE   708 AM EDT   SUNSET   753 PM EDT
AUGUST 31 2014........SUNRISE   709 AM EDT   SUNSET   752 PM EDT


-  INDICATES NEGATIVE NUMBERS.
R  INDICATES RECORD WAS SET OR TIED.
MM INDICATES DATA IS MISSING.
T  INDICATES TRACE AMOUNT.




$$


&&
------------------------------------------------------------------
******************** SUPPLEMENTAL DATA ***************************

...GULF WATER TEMPERATURE AT NEW PASS 87
