000
CDUS42 KJAX 300531
CLISSI


CLIMATE REPORT
NATIONAL WEATHER SERVICE JACKSONVILLE FL
130 AM EDT TUE JUN 30 2015


...................................

...THE ST SIMONS ISLAND CLIMATE SUMMARY FOR JUNE 29 2015...

CLIMATE NORMAL PERIOD 1981 TO 2010
CLIMATE RECORD PERIOD 1948 TO 2015


WEATHER ITEM   OBSERVED TIME   RECORD YEAR NORMAL DEPARTURE LAST
                VALUE   (LST)  VALUE       VALUE  FROM      YEAR
                                                  NORMAL
..................................................................
TEMPERATURE (F)
 YESTERDAY
  MAXIMUM         86    533 PM  99    1959  89     -3       89
  MINIMUM         73    757 AM  64    1962  75     -2       73
  AVERAGE         80                        82     -2       81

PRECIPITATION (IN)
  YESTERDAY        0.00          2.84 2005   0.15  -0.15     0.00
  MONTH TO DATE    4.01                      4.69  -0.68     4.76
  SINCE JUN 1      4.01                      4.69  -0.68     4.76
  SINCE JAN 1     18.13                     19.61  -1.48    23.25

SNOWFALL (IN)
  YESTERDAY        0.0           0.0    MM                   0.0
  MONTH TO DATE    0.0                                       0.0
  SINCE JUN 1      0.0                                       0.0
  SINCE JUL 1      0.0                                        T
  SNOW DEPTH       0

DEGREE DAYS
 HEATING
  YESTERDAY        0                         0      0        0
  MONTH TO DATE    0                         0      0        0
  SINCE JUN 1      0                         0      0        0
  SINCE JUL 1   1495                      1488      7     1494

 COOLING
  YESTERDAY       15                        17     -2       16
  MONTH TO DATE  478                       443     35      450
  SINCE JUN 1    478                       443     35      450
  SINCE JAN 1   1026                       885    141      893
..................................................................


WIND (MPH)
  HIGHEST WIND SPEED    12   HIGHEST WIND DIRECTION    SE (150)
  HIGHEST GUST SPEED    16   HIGHEST GUST DIRECTION    SE (140)
  AVERAGE WIND SPEED     5.3


SKY COVER
  POSSIBLE SUNSHINE  MM
  AVERAGE SKY COVER 0.4


WEATHER CONDITIONS
 THE FOLLOWING WEATHER WAS RECORDED YESTERDAY.
  FOG


RELATIVE HUMIDITY (PERCENT)
 HIGHEST   100          1200 AM
 LOWEST     61          1200 PM
 AVERAGE    81

..........................................................


THE ST SIMONS ISLAND CLIMATE NORMALS FOR TODAY
                         NORMAL    RECORD    YEAR
 MAXIMUM TEMPERATURE (F)   90       100      1998
 MINIMUM TEMPERATURE (F)   75        65      1981


SUNRISE AND SUNSET
JUNE 30 2015..........SUNRISE   625 AM EDT   SUNSET   834 PM EDT
JULY  1 2015..........SUNRISE   625 AM EDT   SUNSET   834 PM EDT


-  INDICATES NEGATIVE NUMBERS.
R  INDICATES RECORD WAS SET OR TIED.
MM INDICATES DATA IS MISSING.
T  INDICATES TRACE AMOUNT.




$$
