000
CDUS42 KJAX 190552
CLISSI


CLIMATE REPORT
NATIONAL WEATHER SERVICE JACKSONVILLE FL
1251 AM EST FRI DEC 19 2014


...................................

...THE ST SIMONS ISLAND CLIMATE SUMMARY FOR DECEMBER 18 2014...

CLIMATE NORMAL PERIOD 1981 TO 2010
CLIMATE RECORD PERIOD 1948 TO 2014


WEATHER ITEM   OBSERVED TIME   RECORD YEAR NORMAL DEPARTURE LAST
                VALUE   (LST)  VALUE       VALUE  FROM      YEAR
                                                  NORMAL
..................................................................
TEMPERATURE (F)
 YESTERDAY
  MAXIMUM         62    221 PM  78    2008  62      0       60
  MINIMUM         42    739 AM  25    1953  45     -3       41
  AVERAGE         52                        53     -1       51

PRECIPITATION (IN)
  YESTERDAY        0.00          1.74 1966   0.10  -0.10     0.00
  MONTH TO DATE    0.00                      1.49  -1.49     1.25
  SINCE DEC 1      0.00                      1.49  -1.49     1.25
  SINCE JAN 1     42.72                     43.85  -1.13    51.42

SNOWFALL (IN)
  YESTERDAY        0.0           0.0    MM                   0.0
  MONTH TO DATE    0.0                                       0.0
  SINCE DEC 1      0.0                                       0.0
  SINCE JUL 1      0.0                                       0.0
  SNOW DEPTH       0

DEGREE DAYS
 HEATING
  YESTERDAY       13                        12      1       14
  MONTH TO DATE  167                       182    -15      121
  SINCE DEC 1    167                       182    -15      121
  SINCE JUL 1    453                       362     91      311

 COOLING
  YESTERDAY        0                         0      0        0
  MONTH TO DATE    1                         9     -8       11
  SINCE DEC 1      1                         9     -8       11
  SINCE JAN 1   2587                      2624    -37     2598
..................................................................


WIND (MPH)
  HIGHEST WIND SPEED     9   HIGHEST WIND DIRECTION    SW (240)
  HIGHEST GUST SPEED    13   HIGHEST GUST DIRECTION    SW (240)
  AVERAGE WIND SPEED     3.9


SKY COVER
  POSSIBLE SUNSHINE  MM
  AVERAGE SKY COVER 0.0


WEATHER CONDITIONS
 THE FOLLOWING WEATHER WAS RECORDED YESTERDAY.
  NO SIGNIFICANT WEATHER WAS OBSERVED.


RELATIVE HUMIDITY (PERCENT)
 HIGHEST    93          1200 AM
 LOWEST     49           200 PM
 AVERAGE    71

..........................................................


THE ST SIMONS ISLAND CLIMATE NORMALS FOR TODAY
                         NORMAL    RECORD    YEAR
 MAXIMUM TEMPERATURE (F)   62        83      1967
 MINIMUM TEMPERATURE (F)   45        22      1953


SUNRISE AND SUNSET
DECEMBER 19 2014......SUNRISE   719 AM EST   SUNSET   527 PM EST
DECEMBER 20 2014......SUNRISE   719 AM EST   SUNSET   527 PM EST


-  INDICATES NEGATIVE NUMBERS.
R  INDICATES RECORD WAS SET OR TIED.
MM INDICATES DATA IS MISSING.
T  INDICATES TRACE AMOUNT.




$$
