000
CDUS42 KJAX 300533
CLISSI


CLIMATE REPORT
NATIONAL WEATHER SERVICE JACKSONVILLE FL
133 AM EDT MON MAR 30 2015


...................................

...THE ST SIMONS ISLAND CLIMATE SUMMARY FOR MARCH 29 2015...

CLIMATE NORMAL PERIOD 1981 TO 2010
CLIMATE RECORD PERIOD 1948 TO 2015


WEATHER ITEM   OBSERVED TIME   RECORD YEAR NORMAL DEPARTURE LAST
                VALUE   (LST)  VALUE       VALUE  FROM      YEAR
                                                  NORMAL
..................................................................
TEMPERATURE (F)
 YESTERDAY
  MAXIMUM         56    234 PM  85    2012  71    -15       77
  MINIMUM         39    658 AM  34    1955  54    -15       63
  AVERAGE         48                        63    -15       70

PRECIPITATION (IN)
  YESTERDAY        0.00          0.95 1970   0.12  -0.12     0.16
  MONTH TO DATE    2.37                      3.64  -1.27     2.54
  SINCE MAR 1      2.37                      3.64  -1.27     2.54
  SINCE JAN 1      8.09                     10.33  -2.24     9.02

SNOWFALL (IN)
  YESTERDAY        0.0           0.0    MM                   0.0
  MONTH TO DATE    0.0                                       0.0
  SINCE MAR 1      0.0                                       0.0
  SINCE JUL 1      0.0                                        T
  SNOW DEPTH       0

DEGREE DAYS
 HEATING
  YESTERDAY       17                         4     13        0
  MONTH TO DATE  110                       171    -61      217
  SINCE MAR 1    110                       171    -61      217
  SINCE JUL 1   1490                      1422     68     1445

 COOLING
  YESTERDAY        0                         1     -1        5
  MONTH TO DATE   27                        28     -1       14
  SINCE MAR 1     27                        28     -1       14
  SINCE JAN 1     33                        37     -4       22
..................................................................


WIND (MPH)
  HIGHEST WIND SPEED    20   HIGHEST WIND DIRECTION     N (10)
  HIGHEST GUST SPEED    26   HIGHEST GUST DIRECTION    NE (40)
  AVERAGE WIND SPEED     9.9


SKY COVER
  POSSIBLE SUNSHINE  MM
  AVERAGE SKY COVER 0.0


WEATHER CONDITIONS
 THE FOLLOWING WEATHER WAS RECORDED YESTERDAY.
  NO SIGNIFICANT WEATHER WAS OBSERVED.


RELATIVE HUMIDITY (PERCENT)
 HIGHEST    82           200 AM
 LOWEST     43           300 PM
 AVERAGE    63

..........................................................


THE ST SIMONS ISLAND CLIMATE NORMALS FOR TODAY
                         NORMAL    RECORD    YEAR
 MAXIMUM TEMPERATURE (F)   72        88      1954
 MINIMUM TEMPERATURE (F)   55        34      1964


SUNRISE AND SUNSET
MARCH 30 2015.........SUNRISE   717 AM EDT   SUNSET   743 PM EDT
MARCH 31 2015.........SUNRISE   716 AM EDT   SUNSET   744 PM EDT


-  INDICATES NEGATIVE NUMBERS.
R  INDICATES RECORD WAS SET OR TIED.
MM INDICATES DATA IS MISSING.
T  INDICATES TRACE AMOUNT.




$$
