000
CDUS42 KJAX 050532
CLISSI


CLIMATE REPORT
NATIONAL WEATHER SERVICE JACKSONVILLE FL
1232 AM EST MON DEC 5 2016


...................................

...THE ST SIMONS ISLAND CLIMATE SUMMARY FOR DECEMBER 4 2016...

CLIMATE NORMAL PERIOD 1981 TO 2010
CLIMATE RECORD PERIOD 1948 TO 2016


WEATHER ITEM   OBSERVED TIME   RECORD YEAR NORMAL DEPARTURE LAST
                VALUE   (LST)  VALUE       VALUE  FROM      YEAR
                                                  NORMAL
..................................................................
TEMPERATURE (F)
 YESTERDAY
  MAXIMUM         72   1147 AM  83    1978  65      7       61
  MINIMUM         60    210 AM  28    1989  48     12       52
                                      1960
  AVERAGE         66                        57      9       57

PRECIPITATION (IN)
  YESTERDAY        0.00          1.11 1964   0.08  -0.08     0.00
  MONTH TO DATE    0.18                      0.32  -0.14      T
  SINCE DEC 1      0.18                      0.32  -0.14      T
  SINCE JAN 1     43.43                     42.68   0.75    52.00

SNOWFALL (IN)
  YESTERDAY        0.0           0.0    MM                   0.0
  MONTH TO DATE    0.0                                       0.0
  SINCE DEC 1      0.0                                       0.0
  SINCE JUL 1      0.0                                       0.0
  SNOW DEPTH       0

DEGREE DAYS
 HEATING
  YESTERDAY        0                         9     -9        8
  MONTH TO DATE   19                        35    -16       14
  SINCE DEC 1     19                        35    -16       14
  SINCE JUL 1    124                       215    -91       79

 COOLING
  YESTERDAY        1                         1      0        0
  MONTH TO DATE    1                         4     -3        8
  SINCE DEC 1      1                         4     -3        8
  SINCE JAN 1   3002                      2619    383     2817
..................................................................


WIND (MPH)
  HIGHEST WIND SPEED    16   HIGHEST WIND DIRECTION    NE (60)
  HIGHEST GUST SPEED    22   HIGHEST GUST DIRECTION    NE (60)
  AVERAGE WIND SPEED     8.9


SKY COVER
  POSSIBLE SUNSHINE  MM
  AVERAGE SKY COVER 0.7


WEATHER CONDITIONS
 THE FOLLOWING WEATHER WAS RECORDED YESTERDAY.
  NO SIGNIFICANT WEATHER WAS OBSERVED.


RELATIVE HUMIDITY (PERCENT)
 HIGHEST    93           800 PM
 LOWEST     64           100 AM
 AVERAGE    79

..........................................................


THE ST SIMONS ISLAND CLIMATE NORMALS FOR TODAY
                         NORMAL    RECORD    YEAR
 MAXIMUM TEMPERATURE (F)   65        78      1983
                                             1958
 MINIMUM TEMPERATURE (F)   48        31      2000


SUNRISE AND SUNSET
DECEMBER  5 2016......SUNRISE   710 AM EST   SUNSET   523 PM EST
DECEMBER  6 2016......SUNRISE   711 AM EST   SUNSET   523 PM EST


-  INDICATES NEGATIVE NUMBERS.
R  INDICATES RECORD WAS SET OR TIED.
MM INDICATES DATA IS MISSING.
T  INDICATES TRACE AMOUNT.




$$
