000
CDUS42 KJAX 230532
CLISSI


CLIMATE REPORT
NATIONAL WEATHER SERVICE JACKSONVILLE FL
131 AM EDT SAT AUG 23 2014


...................................

...THE ST SIMONS ISLAND CLIMATE SUMMARY FOR AUGUST 22 2014...

CLIMATE NORMAL PERIOD 1981 TO 2010
CLIMATE RECORD PERIOD 1948 TO 2014


WEATHER ITEM   OBSERVED TIME   RECORD YEAR NORMAL DEPARTURE LAST
                VALUE   (LST)  VALUE       VALUE  FROM      YEAR
                                                  NORMAL
..................................................................
TEMPERATURE (F)
 YESTERDAY
  MAXIMUM         98R   104 PM  97    1966  88     10       87
  MINIMUM         76    642 AM  65    1973  75      1       73
  AVERAGE         87                        81      6       80

PRECIPITATION (IN)
  YESTERDAY        0.00         12.36 1969   0.23  -0.23     0.94
  MONTH TO DATE    2.36                      4.12  -1.76     6.63
  SINCE JUN 1      9.82                     13.04  -3.22    21.25
  SINCE JAN 1     28.31                     27.96   0.35    33.67

SNOWFALL (IN)
  YESTERDAY        0.0           0.0    MM                   0.0
  MONTH TO DATE    0.0                                       0.0
  SINCE JUN 1      0.0                                       0.0
  SINCE JUL 1      0.0                                       0.0
  SNOW DEPTH       0

DEGREE DAYS
 HEATING
  YESTERDAY        0                         0      0        0
  MONTH TO DATE    0                         0      0        0
  SINCE JUN 1      0                         0      0        0
  SINCE JUL 1      0                         0      0        0

 COOLING
  YESTERDAY       22                        16      6       15
  MONTH TO DATE  414                       380     34      394
  SINCE JUN 1   1420                      1392     28     1404
  SINCE JAN 1   1863                      1834     29     1805
..................................................................


WIND (MPH)
  HIGHEST WIND SPEED    13   HIGHEST WIND DIRECTION    SE (120)
  HIGHEST GUST SPEED    16   HIGHEST GUST DIRECTION    NW (320)
  AVERAGE WIND SPEED     6.6


SKY COVER
  POSSIBLE SUNSHINE  MM
  AVERAGE SKY COVER 0.0


WEATHER CONDITIONS
 THE FOLLOWING WEATHER WAS RECORDED YESTERDAY.
  NO SIGNIFICANT WEATHER WAS OBSERVED.


RELATIVE HUMIDITY (PERCENT)
 HIGHEST    87           500 AM
 LOWEST     42           100 PM
 AVERAGE    65

..........................................................


THE ST SIMONS ISLAND CLIMATE NORMALS FOR TODAY
                         NORMAL    RECORD    YEAR
 MAXIMUM TEMPERATURE (F)   88        95      2006
                                             1966
 MINIMUM TEMPERATURE (F)   75        67      1973


SUNRISE AND SUNSET
AUGUST 23 2014........SUNRISE   656 AM EDT   SUNSET   800 PM EDT
AUGUST 24 2014........SUNRISE   657 AM EDT   SUNSET   758 PM EDT


-  INDICATES NEGATIVE NUMBERS.
R  INDICATES RECORD WAS SET OR TIED.
MM INDICATES DATA IS MISSING.
T  INDICATES TRACE AMOUNT.




$$
