000
CDUS42 KJAX 290532
CLISSI


CLIMATE REPORT
NATIONAL WEATHER SERVICE JACKSONVILLE FL
1232 AM EST THU JAN 29 2015


...................................

...THE ST SIMONS ISLAND CLIMATE SUMMARY FOR JANUARY 28 2015...

CLIMATE NORMAL PERIOD 1981 TO 2010
CLIMATE RECORD PERIOD 1948 TO 2015


WEATHER ITEM   OBSERVED TIME   RECORD YEAR NORMAL DEPARTURE LAST
                VALUE   (LST)  VALUE       VALUE  FROM      YEAR
                                                  NORMAL
..................................................................
TEMPERATURE (F)
 YESTERDAY
  MAXIMUM         53    232 PM  81    1972  61     -8       60
  MINIMUM         36    732 AM  17    1986  43     -7       35
  AVERAGE         45                        52     -7       48

PRECIPITATION (IN)
  YESTERDAY        0.00          1.56 1991   0.11  -0.11     0.36
  MONTH TO DATE    3.03                      2.87   0.16     3.92
  SINCE DEC 1      4.35                      5.51  -1.16     5.80
  SINCE JAN 1      3.03                      2.87   0.16     3.92

SNOWFALL (IN)
  YESTERDAY        0.0           0.0    MM                   0.0
  MONTH TO DATE    0.0                                       0.0
  SINCE DEC 1      0.0                                       0.0
  SINCE JUL 1      0.0                                       0.0
  SNOW DEPTH       0

DEGREE DAYS
 HEATING
  YESTERDAY       20                        13      7       17
  MONTH TO DATE  352                       385    -33      450
  SINCE DEC 1    608                       736   -128      679
  SINCE JUL 1    894                       916    -22      869

 COOLING
  YESTERDAY        0                         0      0        0
  MONTH TO DATE    6                         0      6        0
  SINCE DEC 1     12                        13     -1       18
  SINCE JAN 1      6                         0      6        0
..................................................................


WIND (MPH)
  HIGHEST WIND SPEED    17   HIGHEST WIND DIRECTION    NE (40)
  HIGHEST GUST SPEED    23   HIGHEST GUST DIRECTION    NE (50)
  AVERAGE WIND SPEED     7.3


SKY COVER
  POSSIBLE SUNSHINE  MM
  AVERAGE SKY COVER 0.0


WEATHER CONDITIONS
 THE FOLLOWING WEATHER WAS RECORDED YESTERDAY.
  NO SIGNIFICANT WEATHER WAS OBSERVED.


RELATIVE HUMIDITY (PERCENT)
 HIGHEST    82           700 AM
 LOWEST     29           100 PM
 AVERAGE    56

..........................................................


THE ST SIMONS ISLAND CLIMATE NORMALS FOR TODAY
                         NORMAL    RECORD    YEAR
 MAXIMUM TEMPERATURE (F)   61        81      1957
 MINIMUM TEMPERATURE (F)   43        27      2004


SUNRISE AND SUNSET
JANUARY 29 2015.......SUNRISE   720 AM EST   SUNSET   558 PM EST
JANUARY 30 2015.......SUNRISE   719 AM EST   SUNSET   559 PM EST


-  INDICATES NEGATIVE NUMBERS.
R  INDICATES RECORD WAS SET OR TIED.
MM INDICATES DATA IS MISSING.
T  INDICATES TRACE AMOUNT.




$$
