702
CDUS42 KJAX 230631
CLISSI


CLIMATE REPORT
NATIONAL WEATHER SERVICE JACKSONVILLE FL
131 AM EST THU NOV 23 2017


...................................

...THE ST SIMONS ISLAND CLIMATE SUMMARY FOR NOVEMBER 22 2017...

CLIMATE NORMAL PERIOD 1981 TO 2010
CLIMATE RECORD PERIOD 1948 TO 2017


WEATHER ITEM   OBSERVED TIME   RECORD YEAR NORMAL DEPARTURE LAST
                VALUE   (LST)  VALUE       VALUE  FROM      YEAR
                                                  NORMAL
..................................................................
TEMPERATURE (F)
 YESTERDAY
  MAXIMUM         71    208 PM  81    1997  69      2       67
  MINIMUM         56    351 AM  31    2000  51      5       41
  AVERAGE         64                        60      4       54

PRECIPITATION (IN)
  YESTERDAY        0.01          1.26 1984   0.05  -0.04     0.00
  MONTH TO DATE    0.73                      1.52  -0.79     0.04
  SINCE SEP 1     15.65                     11.74   3.91    19.44
  SINCE JAN 1     45.73                     41.85   3.88    43.25

SNOWFALL (IN)
  YESTERDAY        0.0           0.0    MM                   0.0
  MONTH TO DATE    0.0                                       0.0
  SINCE SEP 1      0.0                                       0.0
  SINCE JUL 1      0.0                                       0.0
  SNOW DEPTH       0

DEGREE DAYS
 HEATING
  YESTERDAY        1                         6     -5       11
  MONTH TO DATE   60                        93    -33       81
  SINCE SEP 1     93                       123    -30       90
  SINCE JUL 1     93                       123    -30       90

 COOLING
  YESTERDAY        0                         1     -1        0
  MONTH TO DATE   40                        45     -5       36
  SINCE SEP 1    789                       630    159      707
  SINCE JAN 1   3116                      2606    510     2978
..................................................................


WIND (MPH)
  HIGHEST WIND SPEED    14   HIGHEST WIND DIRECTION     N (350)
  HIGHEST GUST SPEED    MM   HIGHEST GUST DIRECTION    MM
  AVERAGE WIND SPEED     5.0


SKY COVER
  POSSIBLE SUNSHINE  MM
  AVERAGE SKY COVER 0.2


WEATHER CONDITIONS
 THE FOLLOWING WEATHER WAS RECORDED YESTERDAY.
  LIGHT RAIN
  FOG


RELATIVE HUMIDITY (PERCENT)
 HIGHEST   100           400 AM
 LOWEST     73           100 PM
 AVERAGE    87

..........................................................


THE ST SIMONS ISLAND CLIMATE NORMALS FOR TODAY
                         NORMAL    RECORD    YEAR
 MAXIMUM TEMPERATURE (F)   69        82      1992
 MINIMUM TEMPERATURE (F)   51        30      1956


SUNRISE AND SUNSET
NOVEMBER 23 2017......SUNRISE   700 AM EST   SUNSET   524 PM EST
NOVEMBER 24 2017......SUNRISE   701 AM EST   SUNSET   524 PM EST


-  INDICATES NEGATIVE NUMBERS.
R  INDICATES RECORD WAS SET OR TIED.
MM INDICATES DATA IS MISSING.
T  INDICATES TRACE AMOUNT.




$$
