000
CDUS43 KMPX 220624
CLISTC


CLIMATE REPORT
NATIONAL WEATHER SERVICE CHANHASSEN MN
1223 AM CST MON DEC 22 2014


...................................

...THE ST CLOUD MN CLIMATE SUMMARY FOR DECEMBER 21 2014...

CLIMATE NORMAL PERIOD 1981 TO 2010
CLIMATE RECORD PERIOD 1893 TO 2014


WEATHER ITEM   OBSERVED TIME   RECORD YEAR NORMAL DEPARTURE LAST
                VALUE   (LST)  VALUE       VALUE  FROM      YEAR
                                                  NORMAL
..................................................................
TEMPERATURE (F)
 YESTERDAY
  MAXIMUM         38   1159 PM  45    1899  23     15       14
  MINIMUM         32    404 AM -30    1916   5     27        5
  AVERAGE         35                        14     21       10

PRECIPITATION (IN)
  YESTERDAY        T             0.21 1951   0.02  -0.02      T
  MONTH TO DATE    0.57                      0.56   0.01     1.41
  SINCE DEC 1      0.57                      0.56   0.01     1.41
  SINCE JAN 1     36.54                     27.47   9.07    28.48

SNOWFALL (IN)
  YESTERDAY        0.0           6.0  1911   0.3   -0.3      0.2
  MONTH TO DATE    1.4                       6.3   -4.9     15.4
  SINCE DEC 1      1.4                       6.3   -4.9     15.4
  SINCE JUL 1     19.0                      15.5    3.5     19.0
  SNOW DEPTH       1

DEGREE DAYS
 HEATING
  YESTERDAY       30                        51    -21       55
  MONTH TO DATE  837                      1002   -165     1199
  SINCE DEC 1    837                      1002   -165     1199
  SINCE JUL 1   2769                      2927   -158     3072

 COOLING
  YESTERDAY        0                         0      0        0
  MONTH TO DATE    0                         0      0        0
  SINCE DEC 1      0                         0      0        0
  SINCE JAN 1    597                       465    132      578
..................................................................


WIND (MPH)
  HIGHEST WIND SPEED    17   HIGHEST WIND DIRECTION    SE (150)
  HIGHEST GUST SPEED    21   HIGHEST GUST DIRECTION     S (160)
  AVERAGE WIND SPEED    11.5


SKY COVER
  POSSIBLE SUNSHINE  MM
  AVERAGE SKY COVER 1.0


WEATHER CONDITIONS
 THE FOLLOWING WEATHER WAS RECORDED YESTERDAY.
  FOG
  FOG W/VISIBILITY <= 1/4 MILE
  HAZE


RELATIVE HUMIDITY (PERCENT)
 HIGHEST    96          1000 AM
 LOWEST     78          1200 AM
 AVERAGE    87

..........................................................


THE ST CLOUD MN CLIMATE NORMALS FOR TODAY
                         NORMAL    RECORD    YEAR
 MAXIMUM TEMPERATURE (F)   23        45      1899
 MINIMUM TEMPERATURE (F)    5       -24      1983


SUNRISE AND SUNSET
DECEMBER 22 2014......SUNRISE   754 AM CST   SUNSET   436 PM CST
DECEMBER 23 2014......SUNRISE   754 AM CST   SUNSET   436 PM CST


-  INDICATES NEGATIVE NUMBERS.
R  INDICATES RECORD WAS SET OR TIED.
MM INDICATES DATA IS MISSING.
T  INDICATES TRACE AMOUNT.




$$
