000
CDUS43 KMPX 290630
CLISTC


CLIMATE REPORT
NATIONAL WEATHER SERVICE CHANHASSEN MN
130 AM CDT SUN MAY 29 2016


...................................

...THE ST CLOUD MN CLIMATE SUMMARY FOR MAY 28 2016...

CLIMATE NORMAL PERIOD 1981 TO 2010
CLIMATE RECORD PERIOD 1893 TO 2016


WEATHER ITEM   OBSERVED TIME   RECORD YEAR NORMAL DEPARTURE LAST
                VALUE   (LST)  VALUE       VALUE  FROM      YEAR
                                                  NORMAL
..................................................................
TEMPERATURE (F)
 YESTERDAY
  MAXIMUM         64    513 PM 100    1934  72     -8       82
  MINIMUM         56    604 AM  31    1906  48      8       52
  AVERAGE         60                        60      0       67

PRECIPITATION (IN)
  YESTERDAY        0.07          0.93 1933   0.10  -0.03     0.00
  MONTH TO DATE    1.92                      2.64  -0.72     5.85
  SINCE MAR 1      5.16                      6.76  -1.60     7.90
  SINCE JAN 1      6.10                      8.00  -1.90     8.49

SNOWFALL (IN)
  YESTERDAY        0.0           0.0    MM   0.0    0.0      0.0
  MONTH TO DATE    0.0                       0.0    0.0      0.0
  SINCE MAR 1      4.6                      11.5   -6.9      4.3
  SINCE JUL 1     30.3                      45.7  -15.4     31.1
  SNOW DEPTH       0

DEGREE DAYS
 HEATING
  YESTERDAY        5                         6     -1        0
  MONTH TO DATE  264                       270     -6      272
  SINCE MAR 1   1686                      1991   -305     1824
  SINCE JUL 1   7137                      8437  -1300     8082

 COOLING
  YESTERDAY        0                         1     -1        2
  MONTH TO DATE   22                        20      2        5
  SINCE MAR 1     27                        22      5        5
  SINCE JAN 1     27                        22      5        5
..................................................................


WIND (MPH)
  HIGHEST WIND SPEED    10   HIGHEST WIND DIRECTION     N (10)
  HIGHEST GUST SPEED    14   HIGHEST GUST DIRECTION     N (350)
  AVERAGE WIND SPEED     4.2


SKY COVER
  POSSIBLE SUNSHINE  MM
  AVERAGE SKY COVER 1.0


WEATHER CONDITIONS
 THE FOLLOWING WEATHER WAS RECORDED YESTERDAY.
  RAIN
  LIGHT RAIN
  FOG


RELATIVE HUMIDITY (PERCENT)
 HIGHEST    97           900 PM
 LOWEST     84          1000 AM
 AVERAGE    91

..........................................................


THE ST CLOUD MN CLIMATE NORMALS FOR TODAY
                         NORMAL    RECORD    YEAR
 MAXIMUM TEMPERATURE (F)   72        92      2006
                                             1934
 MINIMUM TEMPERATURE (F)   48        31      1947


SUNRISE AND SUNSET
MAY 29 2016...........SUNRISE   532 AM CDT   SUNSET   856 PM CDT
MAY 30 2016...........SUNRISE   532 AM CDT   SUNSET   857 PM CDT


-  INDICATES NEGATIVE NUMBERS.
R  INDICATES RECORD WAS SET OR TIED.
MM INDICATES DATA IS MISSING.
T  INDICATES TRACE AMOUNT.




$$
