000
CDUS43 KMPX 250623
CLISTC


CLIMATE REPORT
NATIONAL WEATHER SERVICE CHANHASSEN MN
123 AM CDT THU AUG 25 2016


...................................

...THE ST CLOUD MN CLIMATE SUMMARY FOR AUGUST 24 2016...

CLIMATE NORMAL PERIOD 1981 TO 2010
CLIMATE RECORD PERIOD 1893 TO 2016


WEATHER ITEM   OBSERVED TIME   RECORD YEAR NORMAL DEPARTURE LAST
                VALUE   (LST)  VALUE       VALUE  FROM      YEAR
                                                  NORMAL
..................................................................
TEMPERATURE (F)
 YESTERDAY
  MAXIMUM         80   1218 PM  96    2003  78      2       67
  MINIMUM         58   1159 PM  37    1987  55      3       51
  AVERAGE         69                        67      2       59

PRECIPITATION (IN)
  YESTERDAY        0.00          2.35 2006   0.13  -0.13     0.00
  MONTH TO DATE    4.17                      2.85   1.32     3.10
  SINCE JUN 1     14.28                     10.33   3.95    14.94
  SINCE JAN 1     20.63                     18.64   1.99    23.61

SNOWFALL (IN)
  YESTERDAY        0.0           0.0    MM   0.0    0.0      0.0
  MONTH TO DATE    0.0                       0.0    0.0      0.0
  SINCE JUN 1      0.0                       0.0    0.0      0.0
  SINCE JUL 1      0.0                       0.0    0.0      0.0
  SNOW DEPTH       0

DEGREE DAYS
 HEATING
  YESTERDAY        0                         2     -2        6
  MONTH TO DATE    5                        26    -21       26
  SINCE JUN 1     45                       121    -76       66
  SINCE JUL 1     12                        43    -31       38

 COOLING
  YESTERDAY        4                         3      1        0
  MONTH TO DATE  138                       106     32       95
  SINCE JUN 1    428                       383     45      364
  SINCE JAN 1    459                       408     51      369
..................................................................


WIND (MPH)
  HIGHEST WIND SPEED    21   HIGHEST WIND DIRECTION     W (290)
  HIGHEST GUST SPEED    25   HIGHEST GUST DIRECTION     W (280)
  AVERAGE WIND SPEED     7.6


SKY COVER
  POSSIBLE SUNSHINE  MM
  AVERAGE SKY COVER 0.4


WEATHER CONDITIONS
 THE FOLLOWING WEATHER WAS RECORDED YESTERDAY.
  FOG


RELATIVE HUMIDITY (PERCENT)
 HIGHEST   100           100 AM
 LOWEST     42           100 PM
 AVERAGE    71

..........................................................


THE ST CLOUD MN CLIMATE NORMALS FOR TODAY
                         NORMAL    RECORD    YEAR
 MAXIMUM TEMPERATURE (F)   78        94      2013
 MINIMUM TEMPERATURE (F)   55        40      1945


SUNRISE AND SUNSET
AUGUST 25 2016........SUNRISE   630 AM CDT   SUNSET   806 PM CDT
AUGUST 26 2016........SUNRISE   631 AM CDT   SUNSET   804 PM CDT


-  INDICATES NEGATIVE NUMBERS.
R  INDICATES RECORD WAS SET OR TIED.
MM INDICATES DATA IS MISSING.
T  INDICATES TRACE AMOUNT.




$$
