000
CDUS43 KMPX 310026
CLISTC


CLIMATE REPORT
NATIONAL WEATHER SERVICE CHANHASSEN MN
726 PM CDT THU OCT 30 2014


...................................

...THE ST CLOUD MN CLIMATE SUMMARY FOR OCTOBER 30 2014...
VALID TODAY AS OF 0700 PM LOCAL TIME.

CLIMATE NORMAL PERIOD 1981 TO 2010
CLIMATE RECORD PERIOD 1893 TO 2014


WEATHER ITEM   OBSERVED TIME   RECORD YEAR NORMAL DEPARTURE LAST
                VALUE   (LST)  VALUE       VALUE  FROM      YEAR
                                                  NORMAL
..................................................................
TEMPERATURE (F)
 TODAY
  MAXIMUM         47   1258 PM  76    1950  49     -2       45
  MINIMUM         38    300 AM  10    1895  30      8       34
  AVERAGE         43                        40      3       40

PRECIPITATION (IN)
  TODAY            0.01          1.65 1971   0.06  -0.05     0.01
  MONTH TO DATE    0.65                      2.43  -1.78     4.34
  SINCE SEP 1      4.71                      5.89  -1.18     6.21
  SINCE JAN 1     34.08                     25.47   8.61    26.54

SNOWFALL (IN)
  TODAY            0.0           3.2  1951   0.0    0.0      0.0
  MONTH TO DATE    0.0                       0.7   -0.7      0.8
  SINCE SEP 1      0.0                       0.7   -0.7      0.8
  SINCE JUL 1      0.0                       0.7   -0.7      0.8
  SNOW DEPTH       0

DEGREE DAYS
 HEATING
  TODAY           22                        25     -3       25
  MONTH TO DATE  478                       573    -95      590
  SINCE SEP 1    630                       801   -171      719
  SINCE JUL 1    639                       859   -220      768

 COOLING
  TODAY            0                         0      0        0
  MONTH TO DATE    0                         0      0        0
  SINCE SEP 1     43                        34      9       74
  SINCE JAN 1    597                       463    134      578
..................................................................


WIND (MPH)
  HIGHEST WIND SPEED    20   HIGHEST WIND DIRECTION     N (340)
  HIGHEST GUST SPEED    28   HIGHEST GUST DIRECTION    NW (330)
  AVERAGE WIND SPEED     6.9


SKY COVER
  POSSIBLE SUNSHINE  MM
  AVERAGE SKY COVER 0.9


WEATHER CONDITIONS
 THE FOLLOWING WEATHER WAS RECORDED TODAY.
  LIGHT RAIN


RELATIVE HUMIDITY (PERCENT)
 HIGHEST    85           300 AM
 LOWEST     49           600 PM
 AVERAGE    67

..........................................................


THE ST CLOUD MN CLIMATE NORMALS FOR TOMORROW
                         NORMAL    RECORD    YEAR
 MAXIMUM TEMPERATURE (F)   49        77      1950
 MINIMUM TEMPERATURE (F)   30        10      1951


SUNRISE AND SUNSET
OCTOBER 30 2014.......SUNRISE   753 AM CDT   SUNSET   606 PM CDT
OCTOBER 31 2014.......SUNRISE   754 AM CDT   SUNSET   605 PM CDT


-  INDICATES NEGATIVE NUMBERS.
R  INDICATES RECORD WAS SET OR TIED.
MM INDICATES DATA IS MISSING.
T  INDICATES TRACE AMOUNT.




$$
