000
CDUS43 KMPX 220706
CLISTC


CLIMATE REPORT
NATIONAL WEATHER SERVICE CHANHASSEN MN
105 AM CST WED NOV 22 2017


...................................

...THE ST CLOUD MN CLIMATE SUMMARY FOR NOVEMBER 21 2017...

CLIMATE NORMAL PERIOD 1981 TO 2010
CLIMATE RECORD PERIOD 1893 TO 2017


WEATHER ITEM   OBSERVED TIME   RECORD YEAR NORMAL DEPARTURE LAST
                VALUE   (LST)  VALUE       VALUE  FROM      YEAR
                                                  NORMAL
..................................................................
TEMPERATURE (F)
 YESTERDAY
  MAXIMUM         35   1208 AM  63    1990  35      0       35
  MINIMUM         13   1159 PM  -7    2014  19     -6       19
  AVERAGE         24                        27     -3       27

PRECIPITATION (IN)
  YESTERDAY        T             1.40 1898   0.05  -0.05     0.00
  MONTH TO DATE    0.82                      1.02  -0.20     0.67
  SINCE SEP 1      8.83                      6.97   1.86     6.43
  SINCE JAN 1     29.76                     26.55   3.21    31.25

SNOWFALL (IN)
  YESTERDAY        T            12.0  1898   0.4   -0.4      0.0
  MONTH TO DATE    5.7                       5.2    0.5      4.1
  SINCE SEP 1      7.1                       6.0    1.1      4.1
  SINCE JUL 1      7.1                       6.0    1.1      4.1
  SNOW DEPTH       0

DEGREE DAYS
 HEATING
  YESTERDAY       41                        38      3       38
  MONTH TO DATE  764                       672     92      465
  SINCE SEP 1   1446                      1499    -53     1075
  SINCE JUL 1   1486                      1557    -71     1097

 COOLING
  YESTERDAY        0                         0      0        0
  MONTH TO DATE    0                         0      0        0
  SINCE SEP 1     71                        36     35       28
  SINCE JAN 1    361                       465   -104      506
..................................................................


WIND (MPH)
  HIGHEST WIND SPEED    37   HIGHEST WIND DIRECTION    NW (310)
  HIGHEST GUST SPEED    44   HIGHEST GUST DIRECTION    NW (310)
  AVERAGE WIND SPEED    18.6


SKY COVER
  POSSIBLE SUNSHINE  MM
  AVERAGE SKY COVER 0.4


WEATHER CONDITIONS
 THE FOLLOWING WEATHER WAS RECORDED YESTERDAY.
  LIGHT SNOW


RELATIVE HUMIDITY (PERCENT)
 HIGHEST    80          1100 PM
 LOWEST     46           200 PM
 AVERAGE    63

..........................................................


THE ST CLOUD MN CLIMATE NORMALS FOR TODAY
                         NORMAL    RECORD    YEAR
 MAXIMUM TEMPERATURE (F)   35        56      1980
 MINIMUM TEMPERATURE (F)   18       -13      1896


SUNRISE AND SUNSET
NOVEMBER 22 2017......SUNRISE   725 AM CST   SUNSET   439 PM CST
NOVEMBER 23 2017......SUNRISE   727 AM CST   SUNSET   439 PM CST


-  INDICATES NEGATIVE NUMBERS.
R  INDICATES RECORD WAS SET OR TIED.
MM INDICATES DATA IS MISSING.
T  INDICATES TRACE AMOUNT.




$$
