000
CDUS43 KMPX 032134
CLISTC


CLIMATE REPORT
NATIONAL WEATHER SERVICE CHANHASSEN MN
433 PM CDT WED JUN 3 2015


...................................

...THE ST CLOUD MN CLIMATE SUMMARY FOR JUNE 3 2015...
VALID AS OF 0400 PM LOCAL TIME.

CLIMATE NORMAL PERIOD 1981 TO 2010
CLIMATE RECORD PERIOD 1893 TO 2015


WEATHER ITEM   OBSERVED TIME   RECORD YEAR NORMAL DEPARTURE LAST
                VALUE   (LST)  VALUE       VALUE  FROM      YEAR
                                                  NORMAL
..................................................................
TEMPERATURE (F)
 TODAY
  MAXIMUM         67   1235 AM  92    1923  74     -7       76
  MINIMUM         61   1136 AM  35    1946  50     11       55
  AVERAGE         64                        62      2       66

PRECIPITATION (IN)
  TODAY            1.16          1.73 2007   0.13   1.03     0.00
  MONTH TO DATE    1.16                      0.37   0.79     0.66
  SINCE JUN 1      1.16                      0.37   0.79     0.66
  SINCE JAN 1      9.83                      8.68   1.15    17.01

SNOWFALL (IN)
  TODAY            0.0           0.0    MM   0.0    0.0      0.0
  MONTH TO DATE    0.0                       0.0    0.0      0.0
  SINCE JUN 1      0.0                       0.0    0.0      0.0
  SINCE JUL 1     31.1                      45.7  -14.6     75.5
  SNOW DEPTH       0

DEGREE DAYS
 HEATING
  TODAY            1                         5     -4        0
  MONTH TO DATE   10                        15     -5        0
  SINCE JUN 1     10                        15     -5        0
  SINCE JUL 1   8125                      8469   -344     9498

 COOLING
  TODAY            0                         2     -2        1
  MONTH TO DATE    0                         5     -5       12
  SINCE JUN 1      0                         5     -5       12
  SINCE JAN 1      5                        30    -25       56
..................................................................


WIND (MPH)
  HIGHEST WIND SPEED    17   HIGHEST WIND DIRECTION    SE (150)
  HIGHEST GUST SPEED    24   HIGHEST GUST DIRECTION     S (170)
  AVERAGE WIND SPEED    10.8


SKY COVER
  POSSIBLE SUNSHINE  MM
  AVERAGE SKY COVER 0.8


WEATHER CONDITIONS
 THE FOLLOWING WEATHER WAS RECORDED TODAY.
  THUNDERSTORM
  HEAVY RAIN
  RAIN
  LIGHT RAIN
  FOG
  FOG W/VISIBILITY <= 1/4 MILE


RELATIVE HUMIDITY (PERCENT)
 HIGHEST    93           100 PM
 LOWEST     63          1200 AM
 AVERAGE    78

..........................................................


THE ST CLOUD MN CLIMATE NORMALS FOR TOMORROW
                         NORMAL    RECORD    YEAR
 MAXIMUM TEMPERATURE (F)   74        95      1900
 MINIMUM TEMPERATURE (F)   50        33      1951


SUNRISE AND SUNSET
JUNE  3 2015..........SUNRISE   530 AM CDT   SUNSET   859 PM CDT
JUNE  4 2015..........SUNRISE   529 AM CDT   SUNSET   900 PM CDT


-  INDICATES NEGATIVE NUMBERS.
R  INDICATES RECORD WAS SET OR TIED.
MM INDICATES DATA IS MISSING.
T  INDICATES TRACE AMOUNT.




$$
