000
CDUS43 KMPX 010806
CLISTC


CLIMATE REPORT
NATIONAL WEATHER SERVICE CHANHASSEN MN
305 AM CDT WED OCT 1 2014


...................................

...THE ST CLOUD MN CLIMATE SUMMARY FOR SEPTEMBER 30 2014...

CLIMATE NORMAL PERIOD 1981 TO 2010
CLIMATE RECORD PERIOD 1893 TO 2014


WEATHER ITEM   OBSERVED TIME   RECORD YEAR NORMAL DEPARTURE LAST
                VALUE   (LST)  VALUE       VALUE  FROM      YEAR
                                                  NORMAL
..................................................................
TEMPERATURE (F)
 YESTERDAY
  MAXIMUM         59    400 PM  86    1976  64     -5       77
  MINIMUM         42    442 AM  24    1899  41      1       54
  AVERAGE         51                        52     -1       66

PRECIPITATION (IN)
  YESTERDAY        0.01          0.93 1903   0.09  -0.08     0.00
  MONTH TO DATE    4.06                      3.46   0.60     1.87
  SINCE SEP 1      4.06                      3.46   0.60     1.87
  SINCE JAN 1     33.43                     23.04  10.39    22.20

SNOWFALL (IN)
  YESTERDAY        0.0           T    1961   0.0    0.0      0.0
                                      1958
  MONTH TO DATE    0.0                       T      0.0      0.0
  SINCE SEP 1      0.0                       T      0.0      0.0
  SINCE JUL 1      0.0                       T      0.0      0.0
  SNOW DEPTH       0

DEGREE DAYS
 HEATING
  YESTERDAY       14                        13      1        0
  MONTH TO DATE  152                       230    -78      129
  SINCE SEP 1    152                       228    -76      129
  SINCE JUL 1    161                       286   -125      178

 COOLING
  YESTERDAY        0                         0      0        1
  MONTH TO DATE   43                        34      9       74
  SINCE SEP 1     43                        34      9       74
  SINCE JAN 1    597                       463    134      578
..................................................................


WIND (MPH)
  HIGHEST WIND SPEED    17   HIGHEST WIND DIRECTION     E (100)
  HIGHEST GUST SPEED    24   HIGHEST GUST DIRECTION    SE (120)
  AVERAGE WIND SPEED    10.2


SKY COVER
  POSSIBLE SUNSHINE  MM
  AVERAGE SKY COVER 0.6


WEATHER CONDITIONS
 THE FOLLOWING WEATHER WAS RECORDED YESTERDAY.
  FOG


RELATIVE HUMIDITY (PERCENT)
 HIGHEST    89           300 AM
 LOWEST     53           400 PM
 AVERAGE    71

..........................................................


THE ST CLOUD MN CLIMATE NORMALS FOR TODAY
                         NORMAL    RECORD    YEAR
 MAXIMUM TEMPERATURE (F)   64        86      1992
                                             1963
 MINIMUM TEMPERATURE (F)   40        18      1974


SUNRISE AND SUNSET
OCTOBER  1 2014.......SUNRISE   714 AM CDT   SUNSET   656 PM CDT
OCTOBER  2 2014.......SUNRISE   716 AM CDT   SUNSET   655 PM CDT


-  INDICATES NEGATIVE NUMBERS.
R  INDICATES RECORD WAS SET OR TIED.
MM INDICATES DATA IS MISSING.
T  INDICATES TRACE AMOUNT.




$$
