000
CDUS43 KEAX 300035
CLISTJ


CLIMATE REPORT
NATIONAL WEATHER SERVICE KANSAS CITY/PLEASANT HILL MO
734 PM CDT TUE JUL 29 2014


...................................

...THE ST. JOSEPH MO CLIMATE SUMMARY FOR JULY 29 2014...
VALID TODAY AS OF 0700 PM LOCAL TIME.

CLIMATE NORMAL PERIOD 1981 TO 2010
CLIMATE RECORD PERIOD 1892 TO 2014


WEATHER ITEM   OBSERVED TIME   RECORD YEAR NORMAL DEPARTURE LAST
                VALUE   (LST)  VALUE       VALUE  FROM      YEAR
                                                  NORMAL
..................................................................
TEMPERATURE (F)
 TODAY
  MAXIMUM         81    253 PM 104    1947  87     -6       69
  MINIMUM         54    511 AM  52    1971  67    -13       63
  AVERAGE         68                        77     -9       66

PRECIPITATION (IN)
  TODAY            0.00          3.13 1948   0.16  -0.16     2.02
  MONTH TO DATE    4.41                      4.84  -0.43     2.27
  SINCE JUN 1     12.32                      9.02   3.30     4.36
  SINCE JAN 1     20.09                     21.97  -1.88    18.41

DEGREE DAYS
 HEATING
  TODAY            0                         0      0        0
  MONTH TO DATE    6                         0      6        2
  SINCE JUN 1      7                         8     -1       17
  SINCE JUL 1      6                         0      6        2

 COOLING
  TODAY            3                        12     -9        1
  MONTH TO DATE  251                       346    -95      328
  SINCE JUN 1    530                       613    -83      603
  SINCE JAN 1    691                       726    -35      729
..................................................................


WIND (MPH)
  HIGHEST WIND SPEED    10   HIGHEST WIND DIRECTION     N (360)
  HIGHEST GUST SPEED    14   HIGHEST GUST DIRECTION    NW (320)
  AVERAGE WIND SPEED     3.3


SKY COVER
  AVERAGE SKY COVER 0.2


WEATHER CONDITIONS
 THE FOLLOWING WEATHER WAS RECORDED TODAY.
  FOG
  FOG W/VISIBILITY <= 1/4 MILE


RELATIVE HUMIDITY (PERCENT)
 HIGHEST   100           200 AM
 LOWEST     51           300 PM
 AVERAGE    76

..........................................................


THE ST. JOSEPH MO CLIMATE NORMALS FOR TOMORROW
                         NORMAL    RECORD    YEAR
 MAXIMUM TEMPERATURE (F)   87       107      1980
 MINIMUM TEMPERATURE (F)   67        43      1971


SUNRISE AND SUNSET
JULY 29 2014..........SUNRISE   616 AM CDT   SUNSET   836 PM CDT
JULY 30 2014..........SUNRISE   617 AM CDT   SUNSET   835 PM CDT


-  INDICATES NEGATIVE NUMBERS.
R  INDICATES RECORD WAS SET OR TIED.
MM INDICATES DATA IS MISSING.
T  INDICATES TRACE AMOUNT.




$$
