000
CDUS43 KEAX 300636
CLISTJ


CLIMATE REPORT
NATIONAL WEATHER SERVICE KANSAS CITY/PLEASANT HILL MO
136 AM CDT THU OCT 30 2014


...................................

...THE ST. JOSEPH MO CLIMATE SUMMARY FOR OCTOBER 29 2014...

CLIMATE NORMAL PERIOD 1981 TO 2010
CLIMATE RECORD PERIOD 1892 TO 2014


WEATHER ITEM   OBSERVED TIME   RECORD YEAR NORMAL DEPARTURE LAST
                VALUE   (LST)  VALUE       VALUE  FROM      YEAR
                                                  NORMAL
..................................................................
TEMPERATURE (F)
 YESTERDAY
  MAXIMUM         61    230 PM  86    1937  62     -1       61
  MINIMUM         29    637 AM  18    1925  38     -9       49
  AVERAGE         45                        50     -5       55

PRECIPITATION (IN)
  YESTERDAY        0.00          2.73 1961   0.08  -0.08     0.53
  MONTH TO DATE    6.45                      2.66   3.79     2.82
  SINCE SEP 1      8.16                      6.08   2.08     6.37
  SINCE JAN 1     30.71                     32.38  -1.67    26.04

DEGREE DAYS
 HEATING
  YESTERDAY       20                        15      5       10
  MONTH TO DATE  240                       306    -66      346
  SINCE SEP 1    318                       381    -63      382
  SINCE JUL 1    324                       386    -62      384

 COOLING
  YESTERDAY        0                         0      0        0
  MONTH TO DATE   14                        18     -4       26
  SINCE SEP 1    133                       140     -7      215
  SINCE JAN 1   1182                      1217    -35     1285
..................................................................


WIND (MPH)
  HIGHEST WIND SPEED    10   HIGHEST WIND DIRECTION    NW (300)
  HIGHEST GUST SPEED    14   HIGHEST GUST DIRECTION    NW (320)
  AVERAGE WIND SPEED     2.0


SKY COVER
  POSSIBLE SUNSHINE  MM
  AVERAGE SKY COVER 0.0


WEATHER CONDITIONS
 THE FOLLOWING WEATHER WAS RECORDED YESTERDAY.
  FOG


RELATIVE HUMIDITY (PERCENT)
 HIGHEST   100           700 AM
 LOWEST     31           300 PM
 AVERAGE    66

..........................................................


THE ST. JOSEPH MO CLIMATE NORMALS FOR TODAY
                         NORMAL    RECORD    YEAR
 MAXIMUM TEMPERATURE (F)   61        88      1950
 MINIMUM TEMPERATURE (F)   38        11      1925


SUNRISE AND SUNSET
OCTOBER 30 2014.......SUNRISE   746 AM CDT   SUNSET   620 PM CDT
OCTOBER 31 2014.......SUNRISE   747 AM CDT   SUNSET   619 PM CDT


-  INDICATES NEGATIVE NUMBERS.
R  INDICATES RECORD WAS SET OR TIED.
MM INDICATES DATA IS MISSING.
T  INDICATES TRACE AMOUNT.




$$
