000
CDUS43 KEAX 010632
CLISTJ


CLIMATE REPORT
NATIONAL WEATHER SERVICE KANSAS CITY/PLEASANT HILL MO
131 AM CDT TUE SEP 1 2015


...................................

...THE ST. JOSEPH MO CLIMATE SUMMARY FOR AUGUST 31 2015...

CLIMATE NORMAL PERIOD 1981 TO 2010
CLIMATE RECORD PERIOD 1892 TO 2015


WEATHER ITEM   OBSERVED TIME   RECORD YEAR NORMAL DEPARTURE LAST
                VALUE   (LST)  VALUE       VALUE  FROM      YEAR
                                                  NORMAL
..................................................................
TEMPERATURE (F)
 YESTERDAY
  MAXIMUM         88    440 PM 103    1913  84      4       93
  MINIMUM         63    617 AM  44    1967  60      3       65
  AVERAGE         76                        72      4       79

PRECIPITATION (IN)
  YESTERDAY        0.00          2.97 2003   0.14  -0.14     0.94
  MONTH TO DATE    0.22                      3.98  -3.76     2.46
  SINCE JUN 1     12.91                     13.35  -0.44    14.78
  SINCE JAN 1     28.60                     26.30   2.30    22.55

DEGREE DAYS
 HEATING
  YESTERDAY        0                         0      0        0
  MONTH TO DATE    4                         0      4        0
  SINCE JUN 1      5                        13     -8        7
  SINCE JUL 1      4                         5     -1        6

 COOLING
  YESTERDAY       11                         8      3       14
  MONTH TO DATE  260                       323    -63      350
  SINCE JUN 1    959                       964     -5      888
  SINCE JAN 1   1027                      1077    -50     1049
..................................................................


WIND (MPH)
  HIGHEST WIND SPEED    14   HIGHEST WIND DIRECTION     S (190)
  HIGHEST GUST SPEED    18   HIGHEST GUST DIRECTION     S (170)
  AVERAGE WIND SPEED     4.9


SKY COVER
  POSSIBLE SUNSHINE  MM
  AVERAGE SKY COVER 0.2


WEATHER CONDITIONS
 THE FOLLOWING WEATHER WAS RECORDED YESTERDAY.
  FOG
  FOG W/VISIBILITY <= 1/4 MILE
  HAZE


RELATIVE HUMIDITY (PERCENT)
 HIGHEST   100           200 AM
 LOWEST     53           200 PM
 AVERAGE    77

..........................................................


THE ST. JOSEPH MO CLIMATE NORMALS FOR TODAY
                         NORMAL    RECORD    YEAR
 MAXIMUM TEMPERATURE (F)   84       104      1922
 MINIMUM TEMPERATURE (F)   60        41      1967


SUNRISE AND SUNSET
SEPTEMBER  1 2015.....SUNRISE   647 AM CDT   SUNSET   751 PM CDT
SEPTEMBER  2 2015.....SUNRISE   648 AM CDT   SUNSET   750 PM CDT


-  INDICATES NEGATIVE NUMBERS.
R  INDICATES RECORD WAS SET OR TIED.
MM INDICATES DATA IS MISSING.
T  INDICATES TRACE AMOUNT.




$$
