000
CDUS43 KEAX 020648
CLISTJ


CLIMATE REPORT
NATIONAL WEATHER SERVICE KANSAS CITY/PLEASANT HILL MO
146 AM CDT THU OCT 2 2014


...................................

...THE ST. JOSEPH MO CLIMATE SUMMARY FOR OCTOBER 1 2014...

CLIMATE NORMAL PERIOD 1981 TO 2010
CLIMATE RECORD PERIOD 1892 TO 2014


WEATHER ITEM   OBSERVED TIME   RECORD YEAR NORMAL DEPARTURE LAST
                VALUE   (LST)  VALUE       VALUE  FROM      YEAR
                                                  NORMAL
..................................................................
TEMPERATURE (F)
 YESTERDAY
  MAXIMUM         79    332 PM  94    1976  73      6       87
  MINIMUM         64   1159 PM  29    1985  48     16       49
  AVERAGE         72                        60     12       68

PRECIPITATION (IN)
  YESTERDAY        1.95R         1.84 1904   0.09   1.86     0.00
  MONTH TO DATE    1.95                      0.09   1.86     0.00
  SINCE SEP 1      3.66                      3.51   0.15     3.55
  SINCE JAN 1     26.21                     29.81  -3.60    23.22

DEGREE DAYS
 HEATING
  YESTERDAY        0                         6     -6        0
  MONTH TO DATE    0                         6     -6        0
  SINCE SEP 1     78                        81     -3       36
  SINCE JUL 1     84                        86     -2       38

 COOLING
  YESTERDAY        7                         2      5        3
  MONTH TO DATE    7                         2      5        3
  SINCE SEP 1    126                       124      2      192
  SINCE JAN 1   1175                      1201    -26     1262
..................................................................


WIND (MPH)
  HIGHEST WIND SPEED    15   HIGHEST WIND DIRECTION    SE (130)
  HIGHEST GUST SPEED    19   HIGHEST GUST DIRECTION    SE (140)
  AVERAGE WIND SPEED     7.7


SKY COVER
  POSSIBLE SUNSHINE  MM
  AVERAGE SKY COVER 0.8


WEATHER CONDITIONS
 THE FOLLOWING WEATHER WAS RECORDED YESTERDAY.
  THUNDERSTORM
  HEAVY RAIN
  RAIN
  LIGHT RAIN
  FOG


RELATIVE HUMIDITY (PERCENT)
 HIGHEST   100           400 AM
 LOWEST     64          1200 AM
 AVERAGE    82

..........................................................


THE ST. JOSEPH MO CLIMATE NORMALS FOR TODAY
                         NORMAL    RECORD    YEAR
 MAXIMUM TEMPERATURE (F)   73        94      1963
 MINIMUM TEMPERATURE (F)   47        28      2004


SUNRISE AND SUNSET
OCTOBER  2 2014.......SUNRISE   717 AM CDT   SUNSET   700 PM CDT
OCTOBER  3 2014.......SUNRISE   718 AM CDT   SUNSET   659 PM CDT


-  INDICATES NEGATIVE NUMBERS.
R  INDICATES RECORD WAS SET OR TIED.
MM INDICATES DATA IS MISSING.
T  INDICATES TRACE AMOUNT.




$$
