000
CDUS43 KEAX 050642
CLISTJ


CLIMATE REPORT
NATIONAL WEATHER SERVICE KANSAS CITY/PLEASANT HILL MO
1241 AM CST THU MAR 5 2015


...................................

...THE ST. JOSEPH MO CLIMATE SUMMARY FOR MARCH 4 2015...

CLIMATE NORMAL PERIOD 1981 TO 2010
CLIMATE RECORD PERIOD 1892 TO 2015


WEATHER ITEM   OBSERVED TIME   RECORD YEAR NORMAL DEPARTURE LAST
                VALUE   (LST)  VALUE       VALUE  FROM      YEAR
                                                  NORMAL
..................................................................
TEMPERATURE (F)
 YESTERDAY
  MAXIMUM         30    502 PM  76    1921  49    -19       38
  MINIMUM         13   1159 PM -13    1978  27    -14        9
  AVERAGE         22                        38    -16       24

PRECIPITATION (IN)
  YESTERDAY        0.00          2.40 1976   0.06  -0.06     0.00
  MONTH TO DATE    T                         0.23  -0.23     0.01
  SINCE MAR 1      T                         0.23  -0.23     0.01
  SINCE JAN 1      1.75                      1.72   0.03     0.83

DEGREE DAYS
 HEATING
  YESTERDAY       43                        27     16       41
  MONTH TO DATE  146                       111     35      212
  SINCE MAR 1    146                       111     35      212
  SINCE JUL 1   4670                      4419    251     5152

 COOLING
  YESTERDAY        0                         0      0        0
  MONTH TO DATE    0                         0      0        0
  SINCE MAR 1      0                         0      0        0
  SINCE JAN 1      0                         0      0        0
..................................................................


WIND (MPH)
  HIGHEST WIND SPEED    24   HIGHEST WIND DIRECTION     N (350)
  HIGHEST GUST SPEED    29   HIGHEST GUST DIRECTION     N (350)
  AVERAGE WIND SPEED    12.9


SKY COVER
  POSSIBLE SUNSHINE  MM
  AVERAGE SKY COVER 0.3


WEATHER CONDITIONS
 THE FOLLOWING WEATHER WAS RECORDED YESTERDAY.
  NO SIGNIFICANT WEATHER WAS OBSERVED.


RELATIVE HUMIDITY (PERCENT)
 HIGHEST    74           800 AM
 LOWEST     31           200 PM
 AVERAGE    53

..........................................................


THE ST. JOSEPH MO CLIMATE NORMALS FOR TODAY
                         NORMAL    RECORD    YEAR
 MAXIMUM TEMPERATURE (F)   49        82      2009
 MINIMUM TEMPERATURE (F)   27       -11      1978
                                             1960


SUNRISE AND SUNSET
MARCH  5 2015.........SUNRISE   647 AM CST   SUNSET   616 PM CST
MARCH  6 2015.........SUNRISE   646 AM CST   SUNSET   617 PM CST


-  INDICATES NEGATIVE NUMBERS.
R  INDICATES RECORD WAS SET OR TIED.
MM INDICATES DATA IS MISSING.
T  INDICATES TRACE AMOUNT.




$$
