000
CDUS43 KEAX 050632
CLISTJ


CLIMATE REPORT
NATIONAL WEATHER SERVICE KANSAS CITY/PLEASANT HILL MO
132 AM CDT SUN JUL 5 2015


...................................

...THE ST. JOSEPH MO CLIMATE SUMMARY FOR JULY 4 2015...

CLIMATE NORMAL PERIOD 1981 TO 2010
CLIMATE RECORD PERIOD 1892 TO 2015


WEATHER ITEM   OBSERVED TIME   RECORD YEAR NORMAL DEPARTURE LAST
                VALUE   (LST)  VALUE       VALUE  FROM      YEAR
                                                  NORMAL
..................................................................
TEMPERATURE (F)
 YESTERDAY
  MAXIMUM         83    347 PM 106    1936  86     -3       83
  MINIMUM         57    508 AM  51    1924  67    -10       56
  AVERAGE         70                        76     -6       70

PRECIPITATION (IN)
  YESTERDAY        0.00          2.32 1984   0.15  -0.15     0.00
                                      1984
                                      2010
  MONTH TO DATE    0.38                      0.60  -0.22      T
  SINCE JUN 1      7.28                      4.78   2.50     7.91
  SINCE JAN 1     22.97                     17.73   5.24    15.68

DEGREE DAYS
 HEATING
  YESTERDAY        0                         0      0        0
  MONTH TO DATE    0                         0      0        4
  SINCE JUN 1      1                         8     -7        5
  SINCE JUL 1      0                         0      0        4

 COOLING
  YESTERDAY        5                        12     -7        5
  MONTH TO DATE   30                        46    -16       13
  SINCE JUN 1    344                       313     31      292
  SINCE JAN 1    412                       426    -14      453
..................................................................


WIND (MPH)
  HIGHEST WIND SPEED    12   HIGHEST WIND DIRECTION     S (180)
  HIGHEST GUST SPEED    14   HIGHEST GUST DIRECTION    SW (220)
  AVERAGE WIND SPEED     4.2


SKY COVER
  POSSIBLE SUNSHINE  MM
  AVERAGE SKY COVER 0.0


WEATHER CONDITIONS
 THE FOLLOWING WEATHER WAS RECORDED YESTERDAY.
  FOG
  HAZE


RELATIVE HUMIDITY (PERCENT)
 HIGHEST    97           100 AM
 LOWEST     51           100 PM
 AVERAGE    74

..........................................................


THE ST. JOSEPH MO CLIMATE NORMALS FOR TODAY
                         NORMAL    RECORD    YEAR
 MAXIMUM TEMPERATURE (F)   87       106      1911
 MINIMUM TEMPERATURE (F)   67        41      1972


SUNRISE AND SUNSET
JULY  5 2015..........SUNRISE   557 AM CDT   SUNSET   851 PM CDT
JULY  6 2015..........SUNRISE   558 AM CDT   SUNSET   851 PM CDT


-  INDICATES NEGATIVE NUMBERS.
R  INDICATES RECORD WAS SET OR TIED.
MM INDICATES DATA IS MISSING.
T  INDICATES TRACE AMOUNT.




$$
