104
CDUS43 KEAX 170632
CLISTJ


CLIMATE REPORT
NATIONAL WEATHER SERVICE KANSAS CITY/PLEASANT HILL MO
1231 AM CST FRI NOV 17 2017


...................................

...THE ST. JOSEPH MO CLIMATE SUMMARY FOR NOVEMBER 16 2017...

CLIMATE NORMAL PERIOD 1981 TO 2010
CLIMATE RECORD PERIOD 1892 TO 2017


WEATHER ITEM   OBSERVED TIME   RECORD YEAR NORMAL DEPARTURE LAST
                VALUE   (LST)  VALUE       VALUE  FROM      YEAR
                                                  NORMAL
..................................................................
TEMPERATURE (F)
 YESTERDAY
  MAXIMUM         52    309 PM  77    1963  53     -1       75
  MINIMUM         21    716 AM   6    1959  31    -10       34
  AVERAGE         37                        42     -5       55

PRECIPITATION (IN)
  YESTERDAY        0.00          2.95 1928   0.04  -0.04     0.00
  MONTH TO DATE    0.20                      0.97  -0.77     0.08
  SINCE SEP 1      5.35                      7.20  -1.85    10.40
  SINCE JAN 1     25.60                     33.50  -7.90    40.52

DEGREE DAYS
 HEATING
  YESTERDAY       28                        23      5       10
  MONTH TO DATE  391                       315     76      193
  SINCE SEP 1    699                       729    -30      387
  SINCE JUL 1    705                       734    -29      389

 COOLING
  YESTERDAY        0                         0      0        0
  MONTH TO DATE    0                         0      0        4
  SINCE SEP 1    227                       143     84      270
  SINCE JAN 1   1271                      1220     51     1542
..................................................................


WIND (MPH)
  HIGHEST WIND SPEED    14   HIGHEST WIND DIRECTION    SE (150)
  HIGHEST GUST SPEED    18   HIGHEST GUST DIRECTION    SE (120)
  AVERAGE WIND SPEED     6.6


SKY COVER
  POSSIBLE SUNSHINE  MM
  AVERAGE SKY COVER 0.1


WEATHER CONDITIONS
 THE FOLLOWING WEATHER WAS RECORDED YESTERDAY.
  FOG
  HAZE


RELATIVE HUMIDITY (PERCENT)
 HIGHEST   100           500 AM
 LOWEST     39           400 PM
 AVERAGE    70

..........................................................


THE ST. JOSEPH MO CLIMATE NORMALS FOR TODAY
                         NORMAL    RECORD    YEAR
 MAXIMUM TEMPERATURE (F)   52        76      1999
 MINIMUM TEMPERATURE (F)   30         5      1959


SUNRISE AND SUNSET
NOVEMBER 17 2017......SUNRISE   707 AM CST   SUNSET   502 PM CST
NOVEMBER 18 2017......SUNRISE   708 AM CST   SUNSET   501 PM CST


-  INDICATES NEGATIVE NUMBERS.
R  INDICATES RECORD WAS SET OR TIED.
MM INDICATES DATA IS MISSING.
T  INDICATES TRACE AMOUNT.




$$
