000
CDUS43 KEAX 270633
CLISTJ


CLIMATE REPORT
NATIONAL WEATHER SERVICE KANSAS CITY/PLEASANT HILL MO
132 AM CDT WED AUG 27 2014


...................................

...THE ST. JOSEPH MO CLIMATE SUMMARY FOR AUGUST 26 2014...

CLIMATE NORMAL PERIOD 1981 TO 2010
CLIMATE RECORD PERIOD 1892 TO 2014


WEATHER ITEM   OBSERVED TIME   RECORD YEAR NORMAL DEPARTURE LAST
                VALUE   (LST)  VALUE       VALUE  FROM      YEAR
                                                  NORMAL
..................................................................
TEMPERATURE (F)
 YESTERDAY
  MAXIMUM         89    331 PM 105    1936  85      4       95
  MINIMUM         68    553 AM  46    1910  62      6       69
  AVERAGE         79                        74      5       82

PRECIPITATION (IN)
  YESTERDAY        0.00          1.94 1982   0.15  -0.15     0.00
  MONTH TO DATE    1.23                      3.27  -2.04     1.26
  SINCE JUN 1     13.55                     12.64   0.91     5.62
  SINCE JAN 1     21.32                     25.59  -4.27    19.67

DEGREE DAYS
 HEATING
  YESTERDAY        0                         0      0        0
  MONTH TO DATE    0                         0      0        0
  SINCE JUN 1      7                         9     -2       17
  SINCE JUL 1      6                         1      5        2

 COOLING
  YESTERDAY       14                         9      5       17
  MONTH TO DATE  288                       283      5      241
  SINCE JUN 1    826                       924    -98      862
  SINCE JAN 1    987                      1037    -50      988
..................................................................


WIND (MPH)
  HIGHEST WIND SPEED    31   HIGHEST WIND DIRECTION     N (340)
  HIGHEST GUST SPEED    38   HIGHEST GUST DIRECTION     N (360)
  AVERAGE WIND SPEED     6.4


SKY COVER
  POSSIBLE SUNSHINE  MM
  AVERAGE SKY COVER 0.1


WEATHER CONDITIONS
 THE FOLLOWING WEATHER WAS RECORDED YESTERDAY.
  THUNDERSTORM


RELATIVE HUMIDITY (PERCENT)
 HIGHEST    94          1200 AM
 LOWEST     55           300 PM
 AVERAGE    75

..........................................................


THE ST. JOSEPH MO CLIMATE NORMALS FOR TODAY
                         NORMAL    RECORD    YEAR
 MAXIMUM TEMPERATURE (F)   85       103      1936
 MINIMUM TEMPERATURE (F)   62        43      1967


SUNRISE AND SUNSET
AUGUST 27 2014........SUNRISE   643 AM CDT   SUNSET   759 PM CDT
AUGUST 28 2014........SUNRISE   644 AM CDT   SUNSET   757 PM CDT


-  INDICATES NEGATIVE NUMBERS.
R  INDICATES RECORD WAS SET OR TIED.
MM INDICATES DATA IS MISSING.
T  INDICATES TRACE AMOUNT.




$$
