000
CDUS43 KEAX 200641
CLISTJ


CLIMATE REPORT
NATIONAL WEATHER SERVICE KANSAS CITY/PLEASANT HILL MO
140 AM CDT WED SEP 20 2017


...................................

...THE ST. JOSEPH MO CLIMATE SUMMARY FOR SEPTEMBER 19 2017...

CLIMATE NORMAL PERIOD 1981 TO 2010
CLIMATE RECORD PERIOD 1892 TO 2017


WEATHER ITEM   OBSERVED TIME   RECORD YEAR NORMAL DEPARTURE LAST
                VALUE   (LST)  VALUE       VALUE  FROM      YEAR
                                                  NORMAL
..................................................................
TEMPERATURE (F)
 YESTERDAY
  MAXIMUM         89    229 PM  96    1931  78     11       91
  MINIMUM         63    628 AM  31    1991  53     10       63
  AVERAGE         76                        65     11       77

PRECIPITATION (IN)
  YESTERDAY        0.00          1.19 2013   0.11  -0.11     0.00
  MONTH TO DATE    0.30                      2.39  -2.09     7.48
  SINCE SEP 1      0.30                      2.39  -2.09     7.48
  SINCE JAN 1     20.55                     28.69  -8.14    37.60

DEGREE DAYS
 HEATING
  YESTERDAY        0                         3     -3        0
  MONTH TO DATE   14                        26    -12        1
  SINCE SEP 1     14                        26    -12        1
  SINCE JUL 1     20                        31    -11        3

 COOLING
  YESTERDAY       11                         3      8       12
  MONTH TO DATE   95                        94      1      143
  SINCE SEP 1     95                        94      1      143
  SINCE JAN 1   1139                      1171    -32     1415
..................................................................


WIND (MPH)
  HIGHEST WIND SPEED    24   HIGHEST WIND DIRECTION     S (160)
  HIGHEST GUST SPEED    31   HIGHEST GUST DIRECTION    SE (150)
  AVERAGE WIND SPEED    11.7


SKY COVER
  POSSIBLE SUNSHINE  MM
  AVERAGE SKY COVER 0.2


WEATHER CONDITIONS
 THE FOLLOWING WEATHER WAS RECORDED YESTERDAY.
  FOG


RELATIVE HUMIDITY (PERCENT)
 HIGHEST   100          1200 AM
 LOWEST     52           200 PM
 AVERAGE    76

..........................................................


THE ST. JOSEPH MO CLIMATE NORMALS FOR TODAY
                         NORMAL    RECORD    YEAR
 MAXIMUM TEMPERATURE (F)   78        95      1980
 MINIMUM TEMPERATURE (F)   52        32      1991


SUNRISE AND SUNSET
SEPTEMBER 20 2017.....SUNRISE   706 AM CDT   SUNSET   720 PM CDT
SEPTEMBER 21 2017.....SUNRISE   707 AM CDT   SUNSET   718 PM CDT


-  INDICATES NEGATIVE NUMBERS.
R  INDICATES RECORD WAS SET OR TIED.
MM INDICATES DATA IS MISSING.
T  INDICATES TRACE AMOUNT.




$$
