000
CDUS43 KLSX 240732
CLISTL


CLIMATE REPORT
NATIONAL WEATHER SERVICE ST LOUIS MO
131 AM CST MON NOV 24 2014


...................................

...THE ST. LOUIS CLIMATE SUMMARY FOR NOVEMBER 23 2014...

CLIMATE NORMAL PERIOD 1981 TO 2010
CLIMATE RECORD PERIOD 1874 TO 2014


WEATHER ITEM   OBSERVED TIME   RECORD YEAR NORMAL DEPARTURE LAST
                VALUE   (LST)  VALUE       VALUE  FROM      YEAR
                                                  NORMAL
..................................................................
TEMPERATURE (F)
 YESTERDAY
  MAXIMUM         57   1159 PM  75    1931  52      5       34
  MINIMUM         53    639 AM   8    1950  35     18       19
  AVERAGE         55                        43     12       27

PRECIPITATION (IN)
  YESTERDAY        0.85          1.50 1983   0.13   0.72     0.00
  MONTH TO DATE    1.74                      2.99  -1.25     1.02
  SINCE SEP 1     11.02                      9.45   1.57     6.11
  SINCE JAN 1     39.99                     37.20   2.79    40.72

SNOWFALL (IN)
  YESTERDAY        0.0           3.4  1938   0.0    0.0      0.0
  MONTH TO DATE    2.4                       0.4    2.0       T
  SINCE SEP 1      2.4                       0.4    2.0       T
  SINCE JUL 1      2.4                       0.4    2.0       T
  SNOW DEPTH       0

DEGREE DAYS
 HEATING
  YESTERDAY       10                        22    -12       38
  MONTH TO DATE  554                       383    171      398
  SINCE SEP 1    790                       658    132      641
  SINCE JUL 1    790                       659    131      641

 COOLING
  YESTERDAY        0                         0      0        0
  MONTH TO DATE    0                         0      0        0
  SINCE SEP 1    227                       243    -16      342
  SINCE JAN 1   1732                      1642     90     1728
..................................................................


WIND (MPH)
  HIGHEST WIND SPEED    20   HIGHEST WIND DIRECTION    SE (140)
  HIGHEST GUST SPEED    23   HIGHEST GUST DIRECTION    SE (130)
  AVERAGE WIND SPEED    10.4


SKY COVER
  AVERAGE SKY COVER 0.9


WEATHER CONDITIONS
 THE FOLLOWING WEATHER WAS RECORDED YESTERDAY.
  RAIN
  LIGHT RAIN
  FOG


RELATIVE HUMIDITY (PERCENT)
 HIGHEST    93           300 PM
 LOWEST     62           200 AM
 AVERAGE    78

..........................................................


THE ST. LOUIS CLIMATE NORMALS FOR TODAY
                         NORMAL    RECORD    YEAR
 MAXIMUM TEMPERATURE (F)   51        74      1966
 MINIMUM TEMPERATURE (F)   34         3      1950


SUNRISE AND SUNSET
NOVEMBER 24 2014......SUNRISE   654 AM CST   SUNSET   443 PM CST
NOVEMBER 25 2014......SUNRISE   655 AM CST   SUNSET   442 PM CST


-  INDICATES NEGATIVE NUMBERS.
R  INDICATES RECORD WAS SET OR TIED.
MM INDICATES DATA IS MISSING.
T  INDICATES TRACE AMOUNT.




$$
