000
CDUS46 KMTR 270830
CLISTS


CLIMATE REPORT
NATIONAL WEATHER SERVICE SAN FRANCISCO BAY AREA
129 AM PDT WED AUG 27 2014


...................................

...THE SANTA ROSA AIRPORT CLIMATE SUMMARY FOR AUGUST 26 2014...

CLIMATE NORMAL PERIOD 1981 TO 2010
CLIMATE RECORD PERIOD 1998 TO 2014


WEATHER ITEM   OBSERVED TIME   RECORD YEAR NORMAL DEPARTURE LAST
                VALUE   (LST)  VALUE       VALUE  FROM      YEAR
                                                  NORMAL
..................................................................
TEMPERATURE (F)
 YESTERDAY
  MAXIMUM         82    311 PM  96    2002  84     -2       84
  MINIMUM         57    707 AM  46    2005  51      6       56
  AVERAGE         70                        68      2       70

PRECIPITATION (IN)
  YESTERDAY        0.00          0.01 2013   0.01  -0.01     0.01
  MONTH TO DATE    T                         0.05  -0.05     0.02
  SINCE JUL 1      T                         0.06  -0.06     0.03
  SINCE JAN 1     12.57                     22.15  -9.58     6.55

DEGREE DAYS
 HEATING
  YESTERDAY        0                                         0
  MONTH TO DATE    5                                        16
  SINCE JUN 1     34                                        74
  SINCE JUL 1      5                                        37

 COOLING
  YESTERDAY        5                                         5
  MONTH TO DATE   65                                        77
  SINCE JUN 1    254                                       254
  SINCE JAN 1    312                                       309
..................................................................


WIND (MPH)
  RESULTANT WIND SPEED   4   RESULTANT WIND DIRECTION   S (160)
  HIGHEST WIND SPEED    14   HIGHEST WIND DIRECTION     S (160)
  HIGHEST GUST SPEED    17   HIGHEST GUST DIRECTION    SE (150)
  AVERAGE WIND SPEED     4.1


SKY COVER
  POSSIBLE SUNSHINE  MM
  AVERAGE SKY COVER 0.5


WEATHER CONDITIONS
 THE FOLLOWING WEATHER WAS RECORDED YESTERDAY.
  NO SIGNIFICANT WEATHER WAS OBSERVED.


RELATIVE HUMIDITY (PERCENT)
 HIGHEST    87          1100 PM
 LOWEST     42           200 PM
 AVERAGE    65

..........................................................


THE SANTA ROSA AIRPORT CLIMATE NORMALS FOR TODAY
                         NORMAL    RECORD    YEAR
 MAXIMUM TEMPERATURE (F)   84       101      2008
 MINIMUM TEMPERATURE (F)   51        46      2012
                                             1998


SUNRISE AND SUNSET
AUGUST 27 2014........SUNRISE   636 AM PDT   SUNSET   748 PM PDT
AUGUST 28 2014........SUNRISE   637 AM PDT   SUNSET   747 PM PDT


-  INDICATES NEGATIVE NUMBERS.
R  INDICATES RECORD WAS SET OR TIED.
MM INDICATES DATA IS MISSING.
T  INDICATES TRACE AMOUNT.




$$
