000
CDUS46 KMTR 300835
CLISTS


CLIMATE REPORT
NATIONAL WEATHER SERVICE SAN FRANCISCO BAY AREA
134 AM PDT TUE JUN 30 2015


...................................

...THE SANTA ROSA AIRPORT CLIMATE SUMMARY FOR JUNE 29 2015...

CLIMATE NORMAL PERIOD 1981 TO 2010
CLIMATE RECORD PERIOD 1998 TO 2015


WEATHER ITEM   OBSERVED TIME   RECORD YEAR NORMAL DEPARTURE LAST
                VALUE   (LST)  VALUE       VALUE  FROM      YEAR
                                                  NORMAL
..................................................................
TEMPERATURE (F)
 YESTERDAY
  MAXIMUM         87    301 PM 102    2013  83      4       94
  MINIMUM         57   1159 PM  49    2009  52      5       51
  AVERAGE         72                        67      5       73

PRECIPITATION (IN)
  YESTERDAY        0.00          T    2011   0.00   0.00     0.00
  MONTH TO DATE    0.02                      0.23  -0.21     0.00
  SINCE OCT 1     24.51                     35.83 -11.32    14.07
  SINCE JAN 1      5.96                     22.08 -16.12    12.57

DEGREE DAYS
 HEATING
  YESTERDAY        0                                         0
  MONTH TO DATE   19                                        29
  SINCE JUN 1     19                                        29
  SINCE JUL 1   2053                                      2512

 COOLING
  YESTERDAY        7                                         8
  MONTH TO DATE   74                                        69
  SINCE JUN 1     74                                        69
  SINCE JAN 1     86                                       127
..................................................................


WIND (MPH)
  RESULTANT WIND SPEED   4   RESULTANT WIND DIRECTION   S (170)
  HIGHEST WIND SPEED    15   HIGHEST WIND DIRECTION    SE (140)
  HIGHEST GUST SPEED    17   HIGHEST GUST DIRECTION    SE (140)
  AVERAGE WIND SPEED     5.2


SKY COVER
  POSSIBLE SUNSHINE  MM
  AVERAGE SKY COVER 0.4


WEATHER CONDITIONS
 THE FOLLOWING WEATHER WAS RECORDED YESTERDAY.
  NO SIGNIFICANT WEATHER WAS OBSERVED.


RELATIVE HUMIDITY (PERCENT)
 HIGHEST    93           500 AM
 LOWEST     37           200 PM
 AVERAGE    65

..........................................................


THE SANTA ROSA AIRPORT CLIMATE NORMALS FOR TODAY
                         NORMAL    RECORD    YEAR
 MAXIMUM TEMPERATURE (F)   84       100      1999
 MINIMUM TEMPERATURE (F)   52        46      1998


SUNRISE AND SUNSET
JUNE 30 2015..........SUNRISE   550 AM PDT   SUNSET   839 PM PDT
JULY  1 2015..........SUNRISE   551 AM PDT   SUNSET   839 PM PDT


-  INDICATES NEGATIVE NUMBERS.
R  INDICATES RECORD WAS SET OR TIED.
MM INDICATES DATA IS MISSING.
T  INDICATES TRACE AMOUNT.




$$
