000
CDUS46 KMTR 260049
CLISTS


CLIMATE REPORT
NATIONAL WEATHER SERVICE SAN FRANCISCO BAY AREA
445 PM PST THU DEC 25 2014


...................................

...THE SANTA ROSA AIRPORT CLIMATE SUMMARY FOR DECEMBER 25 2014...
VALID TODAY AS OF 0400 PM LOCAL TIME.

CLIMATE NORMAL PERIOD 1981 TO 2010
CLIMATE RECORD PERIOD 1998 TO 2014


WEATHER ITEM   OBSERVED TIME   RECORD YEAR NORMAL DEPARTURE LAST
                VALUE   (LST)  VALUE       VALUE  FROM      YEAR
                                                  NORMAL
..................................................................
TEMPERATURE (F)
 TODAY
  MAXIMUM         58    309 PM  67    2013  56      2       67
  MINIMUM         40    744 AM  26    2011  36      4       28
                                      1998
  AVERAGE         49                        46      3       48

PRECIPITATION (IN)
  TODAY            0.00          0.99 2010   0.27  -0.27     0.00
  MONTH TO DATE   14.49                      5.43   9.06     0.41
  SINCE JUL 1     19.39                     12.59   6.80     2.02
  SINCE JAN 1     31.96                     34.68  -2.72     8.54

DEGREE DAYS
 HEATING
  TODAY           16                                        17
  MONTH TO DATE  254                                       434
  SINCE DEC 1    254                                       434
  SINCE JUL 1    612                                       997

 COOLING
  TODAY            0                                         0
  MONTH TO DATE    0                                         0
  SINCE DEC 1      0                                         0
  SINCE JAN 1    499                                       415
..................................................................


WIND (MPH)
  RESULTANT WIND SPEED   8   RESULTANT WIND DIRECTION   N (350)
  HIGHEST WIND SPEED    14   HIGHEST WIND DIRECTION     N (350)
  HIGHEST GUST SPEED    17   HIGHEST GUST DIRECTION    NW (330)
  AVERAGE WIND SPEED     8.8


SKY COVER
  POSSIBLE SUNSHINE  MM
  AVERAGE SKY COVER 0.0


WEATHER CONDITIONS
 THE FOLLOWING WEATHER WAS RECORDED TODAY.
  NO SIGNIFICANT WEATHER WAS OBSERVED.


RELATIVE HUMIDITY (PERCENT)
 HIGHEST    79           400 AM
 LOWEST     43           200 PM
 AVERAGE    61

..........................................................


THE SANTA ROSA AIRPORT CLIMATE NORMALS FOR TOMORROW
                         NORMAL    RECORD    YEAR
 MAXIMUM TEMPERATURE (F)   56        66      2013
 MINIMUM TEMPERATURE (F)   36        26      2011


SUNRISE AND SUNSET
DECEMBER 25 2014......SUNRISE   727 AM PST   SUNSET   456 PM PST
DECEMBER 26 2014......SUNRISE   727 AM PST   SUNSET   457 PM PST


-  INDICATES NEGATIVE NUMBERS.
R  INDICATES RECORD WAS SET OR TIED.
MM INDICATES DATA IS MISSING.
T  INDICATES TRACE AMOUNT.




$$
