000
CDUS46 KMTR 270025
CLISTS


CLIMATE REPORT
NATIONAL WEATHER SERVICE SAN FRANCISCO BAY AREA
425 PM PST THU FEB 26 2015


...................................

...THE SANTA ROSA AIRPORT CLIMATE SUMMARY FOR FEBRUARY 26 2015...
VALID TODAY AS OF 0400 PM LOCAL TIME.

CLIMATE NORMAL PERIOD 1981 TO 2010
CLIMATE RECORD PERIOD 1998 TO 2015


WEATHER ITEM   OBSERVED TIME   RECORD YEAR NORMAL DEPARTURE LAST
                VALUE   (LST)  VALUE       VALUE  FROM      YEAR
                                                  NORMAL
..................................................................
TEMPERATURE (F)
 TODAY
  MAXIMUM         73R   228 PM  73    2002  62     11       56
  MINIMUM         40    718 AM  26    2011  41     -1       49
  AVERAGE         57                        51      6       53

PRECIPITATION (IN)
  TODAY            0.00          1.56 2014   0.23  -0.23     1.56
  MONTH TO DATE    4.20                      5.95  -1.75     8.65
  SINCE OCT 1     22.87                     26.75  -3.88    10.25
  SINCE JAN 1      4.32                     13.00  -8.68     8.75

DEGREE DAYS
 HEATING
  TODAY            8                                        12
  MONTH TO DATE  252                                       348
  SINCE DEC 1   1072                                      1357
  SINCE JUL 1   1430                                      1920

 COOLING
  TODAY            0                                         0
  MONTH TO DATE    0                                         0
  SINCE DEC 1      0                                         0
  SINCE JAN 1      0                                         0
..................................................................


WIND (MPH)
  RESULTANT WIND SPEED   3   RESULTANT WIND DIRECTION   N (340)
  HIGHEST WIND SPEED    17   HIGHEST WIND DIRECTION    NW (320)
  HIGHEST GUST SPEED    22   HIGHEST GUST DIRECTION    NW (330)
  AVERAGE WIND SPEED     3.7


SKY COVER
  POSSIBLE SUNSHINE  MM
  AVERAGE SKY COVER 0.5


WEATHER CONDITIONS
 THE FOLLOWING WEATHER WAS RECORDED TODAY.
  FOG
  FOG W/VISIBILITY <= 1/4 MILE


RELATIVE HUMIDITY (PERCENT)
 HIGHEST   100          1200 AM
 LOWEST     40           100 PM
 AVERAGE    70

..........................................................


THE SANTA ROSA AIRPORT CLIMATE NORMALS FOR TOMORROW
                         NORMAL    RECORD    YEAR
 MAXIMUM TEMPERATURE (F)   62        78      2002
 MINIMUM TEMPERATURE (F)   41        27      2012


SUNRISE AND SUNSET
FEBRUARY 26 2015......SUNRISE   648 AM PST   SUNSET   601 PM PST
FEBRUARY 27 2015......SUNRISE   646 AM PST   SUNSET   602 PM PST


-  INDICATES NEGATIVE NUMBERS.
R  INDICATES RECORD WAS SET OR TIED.
MM INDICATES DATA IS MISSING.
T  INDICATES TRACE AMOUNT.




$$
