000
CDUS46 KMTR 050837
CLISTS


CLIMATE REPORT
NATIONAL WEATHER SERVICE SAN FRANCISCO BAY AREA
137 AM PDT THU MAY 5 2016


...................................

...THE SANTA ROSA AIRPORT CLIMATE SUMMARY FOR MAY 4 2016...

CLIMATE NORMAL PERIOD 1981 TO 2010
CLIMATE RECORD PERIOD 1998 TO 2016


WEATHER ITEM   OBSERVED TIME   RECORD YEAR NORMAL DEPARTURE LAST
                VALUE   (LST)  VALUE       VALUE  FROM      YEAR
                                                  NORMAL
..................................................................
TEMPERATURE (F)
 YESTERDAY
  MAXIMUM         67   1159 AM  89    2013  72     -5       68
                                      2011
  MINIMUM         53    512 AM  39    2008  45      8       45
  AVERAGE         60                        58      2       57

PRECIPITATION (IN)
  YESTERDAY        T             0.93 2009   0.07  -0.07     0.00
  MONTH TO DATE    T                         0.26  -0.26     0.00
  SINCE OCT 1     31.65                     34.53  -2.88    24.49
  SINCE JAN 1     23.07                     20.78   2.29     5.94

DEGREE DAYS
 HEATING
  YESTERDAY        5                                         8
  MONTH TO DATE   13                                        22
  SINCE MAR 1    482                                       445
  SINCE JUL 1   2212                                      1901

 COOLING
  YESTERDAY        0                                         0
  MONTH TO DATE    2                                         1
  SINCE MAR 1      4                                        12
  SINCE JAN 1      7                                        12
..................................................................


WIND (MPH)
  RESULTANT WIND SPEED   5   RESULTANT WIND DIRECTION   S (190)
  HIGHEST WIND SPEED    14   HIGHEST WIND DIRECTION     S (190)
  HIGHEST GUST SPEED    18   HIGHEST GUST DIRECTION     S (180)
  AVERAGE WIND SPEED     5.4


SKY COVER
  POSSIBLE SUNSHINE  MM
  AVERAGE SKY COVER 0.8


WEATHER CONDITIONS
 THE FOLLOWING WEATHER WAS RECORDED YESTERDAY.
  LIGHT RAIN
  FOG


RELATIVE HUMIDITY (PERCENT)
 HIGHEST    93          1200 AM
 LOWEST     58          1200 PM
 AVERAGE    76

..........................................................


THE SANTA ROSA AIRPORT CLIMATE NORMALS FOR TODAY
                         NORMAL    RECORD    YEAR
 MAXIMUM TEMPERATURE (F)   72        87      2011
 MINIMUM TEMPERATURE (F)   45        40      2015
                                             1999


SUNRISE AND SUNSET
MAY  5 2016...........SUNRISE   609 AM PDT   SUNSET   807 PM PDT
MAY  6 2016...........SUNRISE   608 AM PDT   SUNSET   808 PM PDT


-  INDICATES NEGATIVE NUMBERS.
R  INDICATES RECORD WAS SET OR TIED.
MM INDICATES DATA IS MISSING.
T  INDICATES TRACE AMOUNT.




$$
