000
CDUS43 KFSD 170641
CLISUX


CLIMATE REPORT
NATIONAL WEATHER SERVICE SIOUX FALLS SD
139 AM CDT THU APR 17 2014


...................................

...THE SIOUX CITY IA CLIMATE SUMMARY FOR APRIL 16 2014...

CLIMATE NORMAL PERIOD 1981 TO 2010
CLIMATE RECORD PERIOD 1889 TO 2014


WEATHER ITEM   OBSERVED TIME   RECORD YEAR NORMAL DEPARTURE LAST
                VALUE   (LST)  VALUE       VALUE  FROM      YEAR
                                                  NORMAL
..................................................................
TEMPERATURE (F)
 YESTERDAY
  MAXIMUM         61    104 PM  90    2004  63     -2       51
  MINIMUM         34   1159 PM  20    1904  37     -3       33
  AVERAGE         48                        50     -2       42

PRECIPITATION (IN)
  YESTERDAY        T             1.24 1938   0.10  -0.10     0.00
  MONTH TO DATE    0.87                      1.46  -0.59     2.96
  SINCE MAR 1      1.25                      3.46  -2.21     4.96
  SINCE JAN 1      2.02                      4.75  -2.73     6.16

SNOWFALL (IN)
  YESTERDAY        T             0.7  1999   0.0    0.0      0.0
  MONTH TO DATE    5.3                       1.3    4.0      5.0
  SINCE MAR 1     10.0                       7.8    2.2     16.7
  SINCE JUL 1     23.8                      34.3  -10.5     37.5
  SNOW DEPTH       0

DEGREE DAYS
 HEATING
  YESTERDAY       17                        15      2       23
  MONTH TO DATE  322                       297     25      373
  SINCE MAR 1   1302                      1181    121     1420
  SINCE JUL 1   6906                      6475    431     6569

 COOLING
  YESTERDAY        0                         0      0        0
  MONTH TO DATE    4                         0      4        0
  SINCE MAR 1      4                         0      4        0
  SINCE JAN 1      4                         0      4        0
..................................................................


WIND (MPH)
  HIGHEST WIND SPEED    35   HIGHEST WIND DIRECTION    NW (320)
  HIGHEST GUST SPEED    43   HIGHEST GUST DIRECTION    NW (330)
  AVERAGE WIND SPEED    22.1


SKY COVER
  POSSIBLE SUNSHINE  MM
  AVERAGE SKY COVER 0.7


WEATHER CONDITIONS
 THE FOLLOWING WEATHER WAS RECORDED YESTERDAY.
  LIGHT RAIN
  LIGHT SNOW


RELATIVE HUMIDITY (PERCENT)
 HIGHEST    85           500 PM
 LOWEST     27           100 PM
 AVERAGE    56

..........................................................


THE SIOUX CITY IA CLIMATE NORMALS FOR TODAY
                         NORMAL    RECORD    YEAR
 MAXIMUM TEMPERATURE (F)   63        88      1985
 MINIMUM TEMPERATURE (F)   37        20      1997
                                             1907


SUNRISE AND SUNSET
APRIL 17 2014.........SUNRISE   641 AM CDT   SUNSET   810 PM CDT
APRIL 18 2014.........SUNRISE   640 AM CDT   SUNSET   811 PM CDT


-  INDICATES NEGATIVE NUMBERS.
R  INDICATES RECORD WAS SET OR TIED.
MM INDICATES DATA IS MISSING.
T  INDICATES TRACE AMOUNT.




$$
