000
CDUS43 KFSD 020645
CLISUX


CLIMATE REPORT
NATIONAL WEATHER SERVICE SIOUX FALLS SD
1243 AM CST MON MAR 2 2015


...................................

...THE SIOUX CITY IA CLIMATE SUMMARY FOR MARCH 1 2015...

CLIMATE NORMAL PERIOD 1981 TO 2010
CLIMATE RECORD PERIOD 1889 TO 2015


WEATHER ITEM   OBSERVED TIME   RECORD YEAR NORMAL DEPARTURE LAST
                VALUE   (LST)  VALUE       VALUE  FROM      YEAR
                                                  NORMAL
..................................................................
TEMPERATURE (F)
 YESTERDAY
  MAXIMUM         39    459 PM  77    1992  40     -1       16
  MINIMUM         12    712 AM -15    1962  20     -8       -1
  AVERAGE         26                        30     -4        8

PRECIPITATION (IN)
  YESTERDAY        0.00          0.57 2007   0.04  -0.04     0.17
                                      1965
  MONTH TO DATE    0.00                      0.04  -0.04     0.17
  SINCE MAR 1      0.00                      0.04  -0.04     0.17
  SINCE JAN 1      0.96                      1.33  -0.37     0.94

SNOWFALL (IN)
  YESTERDAY        0.0           8.7  2007   0.3   -0.3      4.5
  MONTH TO DATE    0.0                       0.3   -0.3      4.5
  SINCE MAR 1      0.0                       0.3   -0.3      4.5
  SINCE JUL 1     21.5                      26.8   -5.3     18.3
  SNOW DEPTH       0

DEGREE DAYS
 HEATING
  YESTERDAY       39                        35      4       57
  MONTH TO DATE   39                        35      4       57
  SINCE MAR 1     39                        35      4       57
  SINCE JUL 1   5205                      5329   -124     5661

 COOLING
  YESTERDAY        0                         0      0        0
  MONTH TO DATE    0                         0      0        0
  SINCE MAR 1      0                         0      0        0
  SINCE JAN 1      0                         0      0        0
..................................................................


WIND (MPH)
  HIGHEST WIND SPEED    18   HIGHEST WIND DIRECTION    NW (320)
  HIGHEST GUST SPEED    23   HIGHEST GUST DIRECTION    NW (310)
  AVERAGE WIND SPEED     8.2


SKY COVER
  POSSIBLE SUNSHINE  MM
  AVERAGE SKY COVER 0.3


WEATHER CONDITIONS
 THE FOLLOWING WEATHER WAS RECORDED YESTERDAY.
  NO SIGNIFICANT WEATHER WAS OBSERVED.


RELATIVE HUMIDITY (PERCENT)
 HIGHEST    88          1200 AM
 LOWEST     35           500 PM
 AVERAGE    62

..........................................................


THE SIOUX CITY IA CLIMATE NORMALS FOR TODAY
                         NORMAL    RECORD    YEAR
 MAXIMUM TEMPERATURE (F)   40        76      1974
 MINIMUM TEMPERATURE (F)   21       -11      1913


SUNRISE AND SUNSET
MARCH  2 2015.........SUNRISE   700 AM CST   SUNSET   616 PM CST
MARCH  3 2015.........SUNRISE   658 AM CST   SUNSET   618 PM CST


-  INDICATES NEGATIVE NUMBERS.
R  INDICATES RECORD WAS SET OR TIED.
MM INDICATES DATA IS MISSING.
T  INDICATES TRACE AMOUNT.




$$
