000
CDUS43 KFSD 250647
CLISUX


CLIMATE REPORT
NATIONAL WEATHER SERVICE SIOUX FALLS SD
1245 AM CST SAT NOV 25 2017


...................................

...THE SIOUX CITY IA CLIMATE SUMMARY FOR NOVEMBER 24 2017...

CLIMATE NORMAL PERIOD 1981 TO 2010
CLIMATE RECORD PERIOD 1889 TO 2017


WEATHER ITEM   OBSERVED TIME   RECORD YEAR NORMAL DEPARTURE LAST
                VALUE   (LST)  VALUE       VALUE  FROM      YEAR
                                                  NORMAL
..................................................................
TEMPERATURE (F)
 YESTERDAY
  MAXIMUM         68R   210 PM  68    1990  41     27       41
  MINIMUM         33    707 AM   0    1893  21     12       36
  AVERAGE         51                        31     20       39

PRECIPITATION (IN)
  YESTERDAY        T             1.74 2001   0.04  -0.04     0.00
  MONTH TO DATE    0.08                      1.07  -0.99     1.60
  SINCE SEP 1      9.09                      6.16   2.93     5.98
  SINCE JAN 1     29.28                     26.70   2.58    30.33

SNOWFALL (IN)
  YESTERDAY        0.0           6.8  1903   0.2   -0.2      0.0
  MONTH TO DATE    0.0                       3.0   -3.0      1.0
  SINCE SEP 1      T                         4.0   -4.0      1.0
  SINCE JUL 1      T                         4.0   -4.0      1.0
  SNOW DEPTH       0

DEGREE DAYS
 HEATING
  YESTERDAY       14                        34    -20       26
  MONTH TO DATE  677                       660     17      442
  SINCE SEP 1   1167                      1245    -78      796
  SINCE JUL 1   1175                      1260    -85      796

 COOLING
  YESTERDAY        0                         0      0        0
  MONTH TO DATE    0                         0      0        0
  SINCE SEP 1    119                        92     27      143
  SINCE JAN 1    951                       869     82     1165
..................................................................


WIND (MPH)
  HIGHEST WIND SPEED    39   HIGHEST WIND DIRECTION     N (340)
  HIGHEST GUST SPEED    49   HIGHEST GUST DIRECTION     N (350)
  AVERAGE WIND SPEED    13.0


SKY COVER
  POSSIBLE SUNSHINE  MM
  AVERAGE SKY COVER 0.1


WEATHER CONDITIONS
 THE FOLLOWING WEATHER WAS RECORDED YESTERDAY.
  NO SIGNIFICANT WEATHER WAS OBSERVED.


RELATIVE HUMIDITY (PERCENT)
 HIGHEST   100           700 AM
 LOWEST     34           300 PM
 AVERAGE    67

..........................................................


THE SIOUX CITY IA CLIMATE NORMALS FOR TODAY
                         NORMAL    RECORD    YEAR
 MAXIMUM TEMPERATURE (F)   40        75      1960
 MINIMUM TEMPERATURE (F)   20        -1      1975


SUNRISE AND SUNSET
NOVEMBER 25 2017......SUNRISE   729 AM CST   SUNSET   456 PM CST
NOVEMBER 26 2017......SUNRISE   730 AM CST   SUNSET   456 PM CST


-  INDICATES NEGATIVE NUMBERS.
R  INDICATES RECORD WAS SET OR TIED.
MM INDICATES DATA IS MISSING.
T  INDICATES TRACE AMOUNT.




$$
