000
CDUS41 KBGM 271334
CLISYR


CLIMATE REPORT
NATIONAL WEATHER SERVICE BINGHAMTON NY
933 AM EDT SAT AUG 27 2016


...................................

...THE SYRACUSE NY CLIMATE SUMMARY FOR AUGUST 24 2016...

CLIMATE NORMAL PERIOD 1981 TO 2010
CLIMATE RECORD PERIOD 1902 TO 2016


WEATHER ITEM   OBSERVED TIME   RECORD YEAR NORMAL DEPARTURE LAST
                VALUE   (LST)  VALUE       VALUE  FROM      YEAR
                                                  NORMAL
..................................................................
TEMPERATURE (F)
 YESTERDAY
  MAXIMUM         86    322 PM  93    1947  79      7       78
  MINIMUM         57    548 AM  41    1940  59     -2       59
  AVERAGE         72                        69      3       69

PRECIPITATION (IN)
  YESTERDAY        0.00          2.91 1993   0.11  -0.11     0.01
  MONTH TO DATE    4.00                      2.78   1.22     1.76
  SINCE JUN 1      8.60                      9.87  -1.27    15.05
  SINCE JAN 1     23.16                     23.80  -0.64    27.17

SNOWFALL (IN)
  YESTERDAY        0.0           0.0  2002   0.0    0.0      0.0
                                      2000
                                      2001
  MONTH TO DATE    0.0                       0.0    0.0      0.0
  SINCE JUN 1      T                         0.0    0.0      0.0
  SINCE JUL 1      0.0                       0.0    0.0      0.0
  SNOW DEPTH       0

DEGREE DAYS
 HEATING
  YESTERDAY        0                         1     -1        0
  MONTH TO DATE    1                        11    -10        0
  SINCE JUN 1     54                        80    -26       58
  SINCE JUL 1      1                        19    -18        5

 COOLING
  YESTERDAY        7                         5      2        4
  MONTH TO DATE  231                       136     95      160
  SINCE JUN 1    597                       452    145      446
  SINCE JAN 1    653                       482    171      551
..................................................................


WIND (MPH)
  HIGHEST WIND SPEED    17   HIGHEST WIND DIRECTION     S (190)
  HIGHEST GUST SPEED    22   HIGHEST GUST DIRECTION    SW (210)
  AVERAGE WIND SPEED     7.8


SKY COVER
  POSSIBLE SUNSHINE  MM
  AVERAGE SKY COVER 0.5


WEATHER CONDITIONS
 THE FOLLOWING WEATHER WAS RECORDED YESTERDAY.
  NO SIGNIFICANT WEATHER WAS OBSERVED.


RELATIVE HUMIDITY (PERCENT)
 HIGHEST    93           600 AM
 LOWEST     44           100 PM
 AVERAGE    69

..........................................................


THE SYRACUSE NY CLIMATE NORMALS FOR TODAY
                         NORMAL    RECORD    YEAR
 MAXIMUM TEMPERATURE (F)   79        97      1948
 MINIMUM TEMPERATURE (F)   58        38      1940


SUNRISE AND SUNSET
AUGUST 25 2016........SUNRISE   622 AM EDT   SUNSET   750 PM EDT
AUGUST 26 2016........SUNRISE   623 AM EDT   SUNSET   749 PM EDT


-  INDICATES NEGATIVE NUMBERS.
R  INDICATES RECORD WAS SET OR TIED.
MM INDICATES DATA IS MISSING.
T  INDICATES TRACE AMOUNT.

$$
