000
CDUS41 KBGM 040608
CLISYR


CLIMATE REPORT
NATIONAL WEATHER SERVICE BINGHAMTON NY
208 AM EDT TUE AUG 4 2015


...................................

...THE SYRACUSE NY CLIMATE SUMMARY FOR AUGUST 3 2015...

CLIMATE NORMAL PERIOD 1981 TO 2010
CLIMATE RECORD PERIOD 1902 TO 2015


WEATHER ITEM   OBSERVED TIME   RECORD YEAR NORMAL DEPARTURE LAST
                VALUE   (LST)  VALUE       VALUE  FROM      YEAR
                                                  NORMAL
..................................................................
TEMPERATURE (F)
 YESTERDAY
  MAXIMUM         83    226 PM  96    1995  81      2       82
                                      1930
  MINIMUM         64   1131 PM  46    1976  61      3       62
                                      1953
  AVERAGE         74                        71      3       72

PRECIPITATION (IN)
  YESTERDAY        0.02          2.08 1957   0.12  -0.10     0.46
  MONTH TO DATE    0.03                      0.36  -0.33     0.51
  SINCE JUN 1     13.32                      7.45   5.87     8.43
  SINCE JAN 1     25.44                     21.38   4.06    25.81

SNOWFALL (IN)
  YESTERDAY        0.0           0.0  2002   0.0    0.0      0.0
                                      2000
                                      2001
  MONTH TO DATE    0.0                       0.0    0.0      0.0
  SINCE JUN 1      0.0                       0.0    0.0      0.0
  SINCE JUL 1      0.0                       0.0    0.0      0.0
  SNOW DEPTH       0

DEGREE DAYS
 HEATING
  YESTERDAY        0                         0      0        0
  MONTH TO DATE    0                         0      0        0
  SINCE JUN 1     58                        69    -11       25
  SINCE JUL 1      5                         8     -3        2

 COOLING
  YESTERDAY        9                         6      3        7
  MONTH TO DATE   23                        18      5       23
  SINCE JUN 1    309                       334    -25      380
  SINCE JAN 1    414                       364     50      436
..................................................................


WIND (MPH)
  HIGHEST WIND SPEED    21   HIGHEST WIND DIRECTION    SW (230)
  HIGHEST GUST SPEED    26   HIGHEST GUST DIRECTION    SW (220)
  AVERAGE WIND SPEED     9.2


SKY COVER
  POSSIBLE SUNSHINE  MM
  AVERAGE SKY COVER 0.8


WEATHER CONDITIONS
 THE FOLLOWING WEATHER WAS RECORDED YESTERDAY.
  LIGHT RAIN


RELATIVE HUMIDITY (PERCENT)
 HIGHEST    93          1100 PM
 LOWEST     49           200 PM
 AVERAGE    71

..........................................................


THE SYRACUSE NY CLIMATE NORMALS FOR TODAY
                         NORMAL    RECORD    YEAR
 MAXIMUM TEMPERATURE (F)   81        97      2012
                                             1944
 MINIMUM TEMPERATURE (F)   61        49      1914


SUNRISE AND SUNSET
AUGUST  4 2015........SUNRISE   558 AM EDT   SUNSET   823 PM EDT
AUGUST  5 2015........SUNRISE   559 AM EDT   SUNSET   821 PM EDT


-  INDICATES NEGATIVE NUMBERS.
R  INDICATES RECORD WAS SET OR TIED.
MM INDICATES DATA IS MISSING.
T  INDICATES TRACE AMOUNT.




$$
