000
CDUS41 KBGM 060603
CLISYR


CLIMATE REPORT
NATIONAL WEATHER SERVICE BINGHAMTON NY
201 AM EDT FRI MAY 6 2016


...................................

...THE SYRACUSE NY CLIMATE SUMMARY FOR MAY 5 2016...

CLIMATE NORMAL PERIOD 1981 TO 2010
CLIMATE RECORD PERIOD 1902 TO 2016


WEATHER ITEM   OBSERVED TIME   RECORD YEAR NORMAL DEPARTURE LAST
                VALUE   (LST)  VALUE       VALUE  FROM      YEAR
                                                  NORMAL
..................................................................
TEMPERATURE (F)
 YESTERDAY
  MAXIMUM         61        MM  90    1944  65     -4       71
  MINIMUM         45        MM  30    2005  43      2       54
                                      1966
  AVERAGE         53                        54     -1       63

PRECIPITATION (IN)
  YESTERDAY        0.00          0.69 1917   0.10  -0.10     0.00
  MONTH TO DATE    0.87                      0.49   0.38      T
  SINCE MAR 1      5.33                      6.63  -1.30     4.31
  SINCE JAN 1     11.85                     11.20   0.65     8.19

SNOWFALL (IN)
  YESTERDAY        0.0           0.0  2002   0.0    0.0      0.0
  MONTH TO DATE    0.0                       0.1   -0.1      0.0
  SINCE MAR 1     13.5                      21.9   -8.4     12.9
  SINCE JUL 1     80.3                     123.8  -43.5    119.7
  SNOW DEPTH       0

DEGREE DAYS
 HEATING
  YESTERDAY       12                        11      1        2
  MONTH TO DATE   73                        58     15       21
  SINCE MAR 1   1511                      1562    -51     1739
  SINCE JUL 1   5610                      6393   -783     6963

 COOLING
  YESTERDAY        0                         0      0        0
  MONTH TO DATE    0                         0      0        3
  SINCE MAR 1      0                         4     -4        3
  SINCE JAN 1      0                         4     -4        3
..................................................................


WIND (MPH)
  HIGHEST WIND SPEED    10   HIGHEST WIND DIRECTION    NE (30)
  HIGHEST GUST SPEED    MM   HIGHEST GUST DIRECTION    MM
  AVERAGE WIND SPEED     6.5


SKY COVER
  POSSIBLE SUNSHINE  MM
  AVERAGE SKY COVER 0.8


WEATHER CONDITIONS
 THE FOLLOWING WEATHER WAS RECORDED YESTERDAY.
  NO SIGNIFICANT WEATHER WAS OBSERVED.


RELATIVE HUMIDITY (PERCENT)
 HIGHEST    93           200 AM
 LOWEST     55           100 PM
 AVERAGE    74

..........................................................


THE SYRACUSE NY CLIMATE NORMALS FOR TODAY
                         NORMAL    RECORD    YEAR
 MAXIMUM TEMPERATURE (F)   66        88      1949
 MINIMUM TEMPERATURE (F)   43        31      1968
                                             1958


SUNRISE AND SUNSET
MAY  6 2016...........SUNRISE   551 AM EDT   SUNSET   812 PM EDT
MAY  7 2016...........SUNRISE   550 AM EDT   SUNSET   813 PM EDT


-  INDICATES NEGATIVE NUMBERS.
R  INDICATES RECORD WAS SET OR TIED.
MM INDICATES DATA IS MISSING.
T  INDICATES TRACE AMOUNT.




$$
