697
CDUS41 KBGM 212130
CLISYR


CLIMATE REPORT
NATIONAL WEATHER SERVICE BINGHAMTON NY
530 PM EDT SAT OCT 21 2017


...................................

...THE SYRACUSE NY CLIMATE SUMMARY FOR OCTOBER 21 2017...
VALID TODAY AS OF 0500 PM LOCAL TIME.

CLIMATE NORMAL PERIOD 1981 TO 2010
CLIMATE RECORD PERIOD 1902 TO 2017


WEATHER ITEM   OBSERVED TIME   RECORD YEAR NORMAL DEPARTURE LAST
                VALUE   (LST)  VALUE       VALUE  FROM      YEAR
                                                  NORMAL
..................................................................
TEMPERATURE (F)
 TODAY
  MAXIMUM         74    140 PM  81    1979  58     16       54
  MINIMUM         39    654 AM  24    1983  40     -1       44
  AVERAGE         57                        49      8       49

PRECIPITATION (IN)
  TODAY            0.00          2.98 1995   0.10  -0.10     2.18
  MONTH TO DATE    1.88                      2.33  -0.45     6.34
  SINCE SEP 1      3.26                      6.02  -2.76    10.04
  SINCE JAN 1     35.78                     30.61   5.17    33.25

SNOWFALL (IN)
  TODAY            0.0           0.2  1974   0.0    0.0      0.0
  MONTH TO DATE    0.0                       0.1   -0.1      0.0
  SINCE SEP 1      0.0                       0.1   -0.1      0.0
  SINCE JUL 1      0.0                       0.1   -0.1      0.0
  SNOW DEPTH       0

DEGREE DAYS
 HEATING
  TODAY            8                        16     -8       16
  MONTH TO DATE  136                       273   -137      184
  SINCE SEP 1    239                       414   -175      272
  SINCE JUL 1    275                       440   -165      273

 COOLING
  TODAY            0                         0      0        0
  MONTH TO DATE   17                         0     17        7
  SINCE SEP 1    112                        52     60       97
  SINCE JAN 1    562                       565     -3      809
..................................................................


WIND (MPH)
  HIGHEST WIND SPEED     7   HIGHEST WIND DIRECTION     E (70)
  HIGHEST GUST SPEED     9   HIGHEST GUST DIRECTION     N (10)
  AVERAGE WIND SPEED     3.0


SKY COVER
  POSSIBLE SUNSHINE  MM
  AVERAGE SKY COVER 0.5


WEATHER CONDITIONS
 THE FOLLOWING WEATHER WAS RECORDED TODAY.
  NO SIGNIFICANT WEATHER WAS OBSERVED.


RELATIVE HUMIDITY (PERCENT)
 HIGHEST    92           600 AM
 LOWEST     38          1200 PM
 AVERAGE    65

..........................................................


THE SYRACUSE NY CLIMATE NORMALS FOR TOMORROW
                         NORMAL    RECORD    YEAR
 MAXIMUM TEMPERATURE (F)   58        84      1979
 MINIMUM TEMPERATURE (F)   39        24      1948


SUNRISE AND SUNSET
OCTOBER 21 2017.......SUNRISE   726 AM EDT   SUNSET   612 PM EDT
OCTOBER 22 2017.......SUNRISE   727 AM EDT   SUNSET   610 PM EDT


-  INDICATES NEGATIVE NUMBERS.
R  INDICATES RECORD WAS SET OR TIED.
MM INDICATES DATA IS MISSING.
T  INDICATES TRACE AMOUNT.




$$
