000
CDUS41 KBGM 080218
CLISYR


CLIMATE REPORT
NATIONAL WEATHER SERVICE BINGHAMTON NY
1017 PM EDT TUE JUL 7 2015


...................................

...THE SYRACUSE NY CLIMATE SUMMARY FOR JULY 7 2015...
VALID AS OF 1000 PM LOCAL TIME.

CLIMATE NORMAL PERIOD 1981 TO 2010
CLIMATE RECORD PERIOD 1902 TO 2015


WEATHER ITEM   OBSERVED TIME   RECORD YEAR NORMAL DEPARTURE LAST
                VALUE   (LST)  VALUE       VALUE  FROM      YEAR
                                                  NORMAL
..................................................................
TEMPERATURE (F)
 TODAY
  MAXIMUM         88    355 PM  97    1921  82      6       83
  MINIMUM         71    743 PM  48    1967  61     10       68
  AVERAGE         80                        71      9       76

PRECIPITATION (IN)
  TODAY            0.24          2.05 1935   0.12   0.12     0.32
  MONTH TO DATE    1.11                      0.83   0.28     0.86
  SINCE JUN 1     11.03                      4.14   6.89     3.60
  SINCE JAN 1     23.15                     18.07   5.08    20.98

SNOWFALL (IN)
  TODAY            0.0           0.0  2002   0.0    0.0      0.0
                                      2000
                                      2001
  MONTH TO DATE    0.0                       0.0    0.0      0.0
  SINCE JUN 1      0.0                       0.0    0.0      0.0
  SINCE JUL 1      0.0                       0.0    0.0      0.0
  SNOW DEPTH       0

DEGREE DAYS
 HEATING
  TODAY            0                         0      0        0
  MONTH TO DATE    2                         2      0        0
  SINCE JUN 1     55                        63     -8       23
  SINCE JUL 1      2                         2      0        0

 COOLING
  TODAY           15                         6      9       11
  MONTH TO DATE   31                        42    -11       68
  SINCE JUN 1    120                       155    -35      215
  SINCE JAN 1    225                       185     40      271
..................................................................


WIND (MPH)
  HIGHEST WIND SPEED    36   HIGHEST WIND DIRECTION     W (250)
  HIGHEST GUST SPEED    43   HIGHEST GUST DIRECTION     W (250)
  AVERAGE WIND SPEED     9.3


SKY COVER
  POSSIBLE SUNSHINE  MM
  AVERAGE SKY COVER 0.7


WEATHER CONDITIONS
 THE FOLLOWING WEATHER WAS RECORDED TODAY.
  RAIN
  LIGHT RAIN
  FOG


RELATIVE HUMIDITY (PERCENT)
 HIGHEST    87           500 AM
 LOWEST     46           400 PM
 AVERAGE    67

..........................................................


THE SYRACUSE NY CLIMATE NORMALS FOR TOMORROW
                         NORMAL    RECORD    YEAR
 MAXIMUM TEMPERATURE (F)   82       101      1936
 MINIMUM TEMPERATURE (F)   61        46      1969


SUNRISE AND SUNSET
JULY  7 2015..........SUNRISE   532 AM EDT   SUNSET   846 PM EDT
JULY  8 2015..........SUNRISE   533 AM EDT   SUNSET   846 PM EDT


-  INDICATES NEGATIVE NUMBERS.
R  INDICATES RECORD WAS SET OR TIED.
MM INDICATES DATA IS MISSING.
T  INDICATES TRACE AMOUNT.

$$
