000
CDUS41 KBGM 210320
CLISYR


CLIMATE REPORT
NATIONAL WEATHER SERVICE BINGHAMTON NY
1019 PM EST MON FEB 20 2017


...................................

...THE SYRACUSE NY CLIMATE SUMMARY FOR FEBRUARY 20 2017...
VALID AS OF 1000 PM LOCAL TIME.

CLIMATE NORMAL PERIOD 1981 TO 2010
CLIMATE RECORD PERIOD 1902 TO 2017


WEATHER ITEM   OBSERVED TIME   RECORD YEAR NORMAL DEPARTURE LAST
                VALUE   (LST)  VALUE       VALUE  FROM      YEAR
                                                  NORMAL
..................................................................
TEMPERATURE (F)
 TODAY
  MAXIMUM         37    241 PM  65    1930  35      2       52
  MINIMUM         25    959 PM -21    1966  18      7       36
  AVERAGE         31                        27      4       44

PRECIPITATION (IN)
  TODAY            0.00          0.95 1924   0.07  -0.07      T
  MONTH TO DATE    2.30                      1.43   0.87     3.21
  SINCE DEC 1      8.57                      7.15   1.42     9.75
  SINCE JAN 1      5.33                      3.93   1.40     4.92

SNOWFALL (IN)
  TODAY            0.0           9.5  2009   0.9   -0.9      0.0
  MONTH TO DATE   32.4                      18.5   13.9     21.9
  SINCE DEC 1     78.0                      85.2   -7.2     62.8
  SINCE JUL 1    103.4                      95.1    8.3     63.6
  SNOW DEPTH       2

DEGREE DAYS
 HEATING
  TODAY           34                        38     -4       21
  MONTH TO DATE  722                       797    -75      793
  SINCE DEC 1   2915                      3184   -269     2728
  SINCE JUL 1   4109                      4533   -424     3813

 COOLING
  TODAY            0                         0      0        0
  MONTH TO DATE    0                         0      0        0
  SINCE DEC 1      0                         0      0        0
  SINCE JAN 1      0                         0      0        0
..................................................................


WIND (MPH)
  HIGHEST WIND SPEED    16   HIGHEST WIND DIRECTION    NW (320)
  HIGHEST GUST SPEED    20   HIGHEST GUST DIRECTION    NW (310)
  AVERAGE WIND SPEED     8.3


SKY COVER
  POSSIBLE SUNSHINE  MM
  AVERAGE SKY COVER 0.3


WEATHER CONDITIONS
 THE FOLLOWING WEATHER WAS RECORDED TODAY.
  NO SIGNIFICANT WEATHER WAS OBSERVED.


RELATIVE HUMIDITY (PERCENT)
 HIGHEST    89           100 AM
 LOWEST     44           100 PM
 AVERAGE    67

..........................................................


THE SYRACUSE NY CLIMATE NORMALS FOR TOMORROW
                         NORMAL    RECORD    YEAR
 MAXIMUM TEMPERATURE (F)   35        65      1997
                                             1953
 MINIMUM TEMPERATURE (F)   19       -16      2015


SUNRISE AND SUNSET
FEBRUARY 20 2017......SUNRISE   654 AM EST   SUNSET   542 PM EST
FEBRUARY 21 2017......SUNRISE   653 AM EST   SUNSET   544 PM EST


-  INDICATES NEGATIVE NUMBERS.
R  INDICATES RECORD WAS SET OR TIED.
MM INDICATES DATA IS MISSING.
T  INDICATES TRACE AMOUNT.

$$
