000
CDUS41 KBGM 292132
CLISYR


CLIMATE REPORT
NATIONAL WEATHER SERVICE BINGHAMTON NY
532 PM EDT SAT AUG 29 2015


...................................

...THE SYRACUSE NY CLIMATE SUMMARY FOR AUGUST 29 2015...
VALID TODAY AS OF 0500 PM LOCAL TIME.

CLIMATE NORMAL PERIOD 1981 TO 2010
CLIMATE RECORD PERIOD 1902 TO 2015


WEATHER ITEM   OBSERVED TIME   RECORD YEAR NORMAL DEPARTURE LAST
                VALUE   (LST)  VALUE       VALUE  FROM      YEAR
                                                  NORMAL
..................................................................
TEMPERATURE (F)
 TODAY
  MAXIMUM         82    239 PM  93    1953  78      4       76
  MINIMUM         54    557 AM  42    1986  58     -4       52
  AVERAGE         68                        68      0       64

PRECIPITATION (IN)
  TODAY            0.00          1.73 1975   0.12  -0.12     0.00
  MONTH TO DATE    1.91                      3.34  -1.43     3.49
  SINCE JUN 1     15.20                     10.43   4.77    11.41
  SINCE JAN 1     27.32                     24.36   2.96    28.79

SNOWFALL (IN)
  TODAY            0.0           0.0  2002   0.0    0.0      0.0
  MONTH TO DATE    0.0                       0.0    0.0      0.0
  SINCE JUN 1      0.0                       0.0    0.0      0.0
  SINCE JUL 1      0.0                       0.0    0.0      0.0
  SNOW DEPTH       0

DEGREE DAYS
 HEATING
  TODAY            0                         1     -1        1
  MONTH TO DATE    3                        16    -13        9
  SINCE JUN 1     61                        85    -24       34
  SINCE JUL 1      8                        24    -16       11

 COOLING
  TODAY            3                         4     -1        0
  MONTH TO DATE  167                       157     10      130
  SINCE JUN 1    453                       473    -20      487
  SINCE JAN 1    558                       503     55      543
..................................................................


WIND (MPH)
  HIGHEST WIND SPEED    15   HIGHEST WIND DIRECTION     W (270)
  HIGHEST GUST SPEED    18   HIGHEST GUST DIRECTION     W (270)
  AVERAGE WIND SPEED     5.1


SKY COVER
  POSSIBLE SUNSHINE  MM
  AVERAGE SKY COVER 0.8


WEATHER CONDITIONS
 THE FOLLOWING WEATHER WAS RECORDED TODAY.
  NO SIGNIFICANT WEATHER WAS OBSERVED.


RELATIVE HUMIDITY (PERCENT)
 HIGHEST   100           100 AM
 LOWEST     45          1200 PM
 AVERAGE    73

..........................................................


THE SYRACUSE NY CLIMATE NORMALS FOR TOMORROW
                         NORMAL    RECORD    YEAR
 MAXIMUM TEMPERATURE (F)   78        96      1953
 MINIMUM TEMPERATURE (F)   57        40      1965


SUNRISE AND SUNSET
AUGUST 29 2015........SUNRISE   625 AM EDT   SUNSET   745 PM EDT
AUGUST 30 2015........SUNRISE   626 AM EDT   SUNSET   743 PM EDT


-  INDICATES NEGATIVE NUMBERS.
R  INDICATES RECORD WAS SET OR TIED.
MM INDICATES DATA IS MISSING.
T  INDICATES TRACE AMOUNT.




$$
