000
CDUS41 KBGM 270548
CLISYR


CLIMATE REPORT
NATIONAL WEATHER SERVICE BINGHAMTON NY
147 AM EDT WED MAY 27 2015


...................................

...THE SYRACUSE NY CLIMATE SUMMARY FOR MAY 26 2015...

CLIMATE NORMAL PERIOD 1981 TO 2010
CLIMATE RECORD PERIOD 1902 TO 2015


WEATHER ITEM   OBSERVED TIME   RECORD YEAR NORMAL DEPARTURE LAST
                VALUE   (LST)  VALUE       VALUE  FROM      YEAR
                                                  NORMAL
..................................................................
TEMPERATURE (F)
 YESTERDAY
  MAXIMUM         84    448 PM  90    2011  72     12       85
                                      2010
  MINIMUM         71   1155 PM  36    1969  50     21       64
  AVERAGE         78                        61     17       75

PRECIPITATION (IN)
  YESTERDAY        0.00          1.47 1991   0.11  -0.11      T
  MONTH TO DATE    1.92                      2.69  -0.77     3.71
  SINCE MAR 1      6.23                      8.83  -2.60    11.83
  SINCE JAN 1     10.11                     13.40  -3.29    17.38

SNOWFALL (IN)
  YESTERDAY        0.0           0.0  2002   0.0    0.0      0.0
                                      2001
  MONTH TO DATE    0.0                       0.1   -0.1       T
  SINCE MAR 1     12.9                      21.9   -9.0     22.1
  SINCE JUL 1    119.7                     123.8   -4.1    132.0
  SNOW DEPTH       0

DEGREE DAYS
 HEATING
  YESTERDAY        0                         6     -6        0
  MONTH TO DATE  121                       230   -109      177
  SINCE MAR 1   1839                      1734    105     1950
  SINCE JUL 1   7063                      6565    498     7042

 COOLING
  YESTERDAY       13                         1     12       10
  MONTH TO DATE   77                        16     61       43
  SINCE MAR 1     77                        20     57       44
  SINCE JAN 1     77                        20     57       44
..................................................................


WIND (MPH)
  HIGHEST WIND SPEED    20   HIGHEST WIND DIRECTION    SW (210)
  HIGHEST GUST SPEED    26   HIGHEST GUST DIRECTION    SW (210)
  AVERAGE WIND SPEED    10.2


SKY COVER
  POSSIBLE SUNSHINE  MM
  AVERAGE SKY COVER 0.9


WEATHER CONDITIONS
 THE FOLLOWING WEATHER WAS RECORDED YESTERDAY.
  NO SIGNIFICANT WEATHER WAS OBSERVED.


RELATIVE HUMIDITY (PERCENT)
 HIGHEST    73          1100 PM
 LOWEST     48          1200 AM
 AVERAGE    61

..........................................................


THE SYRACUSE NY CLIMATE NORMALS FOR TODAY
                         NORMAL    RECORD    YEAR
 MAXIMUM TEMPERATURE (F)   72        91      1939
 MINIMUM TEMPERATURE (F)   50        33      1969


SUNRISE AND SUNSET
MAY 27 2015...........SUNRISE   531 AM EDT   SUNSET   833 PM EDT
MAY 28 2015...........SUNRISE   530 AM EDT   SUNSET   834 PM EDT


-  INDICATES NEGATIVE NUMBERS.
R  INDICATES RECORD WAS SET OR TIED.
MM INDICATES DATA IS MISSING.
T  INDICATES TRACE AMOUNT.




$$
