000
CDKA40 PTYA 150700
CLIT11
DAILY CLIMATE REPORT
NATIONAL WEATHER SERVICE YAP FM
5PM LST MON SEP 15 2014
THE YAP FM CLIMATE SUMMARY FOR SEPTEMBER 15 2014
CLIMATE NORMAL PERIOD  1981  TO 2010
CLIMATE RECORD PERIOD  1951  TO 2014
WEATHER ITEM OBSERVED TIME  RECORD YEAR NORMAL DEPARTURE LAST
              VALUE   (LST) VALUE       VALUE    FROM    YEAR
                                                NORMAL
TEMPERATURE   (F)
TODAY
MAXIMUM       85   1450 PM 97  2014      88      -3      89
MINIMUM       77   1050 AM 63  1999      78      -1      77
AVERAGE       81                         83      -2      82
PRECIPITATION INCHS
TODAY          0.04       164.24  1996  0.47   -0.43    2.69
MONTH TO DATE  7.30                     7.05    0.25    7.86
SINCE 01 SEP   7.30                     7.05    0.25    7.86
SINCE JAN 01  92.49                    83.60    8.89   69.73
