856
CDKA40 PTYA 221600
CLIT11
DAILY CLIMATE REPORT
NATIONAL WEATHER SERVICE YAP FM
2AM LST THU MAR 23 2017
THE YAP FM CLIMATE SUMMARY FOR MARCH 22 2017
CLIMATE NORMAL PERIOD  1981  TO 2010
CLIMATE RECORD PERIOD  1951  TO 2017
WEATHER ITEM OBSERVED TIME  RECORD YEAR NORMAL DEPARTURE LAST
              VALUE   (LST) VALUE       VALUE    FROM    YEAR
                                                NORMAL
TEMPERATURE   (F)
YESTERDAY
MAXIMUM       88  1145   97  2014      88       0       95
MINIMUM       79  0545   63  1999      78       1       74
AVERAGE       84                       83       1       85
PRECIPITATION INCHES
YESTERDAY       0.00   164.24/1996    0.16    -0.16      0.02
MONTH TO DATE   8.29                  3.83     4.46      0.65
SINCE 01 MAR    8.29                  3.83     4.46      0.65
SINCE JAN 01   40.15                 17.12    23.03      4.65
