285
CDKA40 PTYA 111600
CLIT11
DAILY CLIMATE REPORT
NATIONAL WEATHER SERVICE YAP FM
2AM LST TUE SEP 12 2017
THE YAP FM CLIMATE SUMMARY FOR SEPTEMBER 11 2017
CLIMATE NORMAL PERIOD  1981  TO 2010
CLIMATE RECORD PERIOD  1951  TO 2017
WEATHER ITEM OBSERVED TIME  RECORD YEAR NORMAL DEPARTURE LAST
              VALUE   (LST) VALUE       VALUE    FROM    YEAR
                                                NORMAL
TEMPERATURE   (F)
TODAY
MAXIMUM       89  1245        97  2014     88      1        92
MINIMUM       79  0245        63  1999     78      1        79
AVERAGE       84                           83      1        86
PRECIPITATION INCHES
TODAY           0.00     164.24/1996       0.47    -0.47    0.04
MONTH TO DATE   3.58                       5.17    -1.59    2.55
SINCE 01 SEP    3.58                       5.17    -1.59    2.55
SINCE JAN 01   91.01                      81.72     9.29   49.21
