000
CDKA40 PTYA 230700
CLIT11
DAILY CLIMATE REPORT
NATIONAL WEATHER SERVICE YAP FM
5PM LST FRI FEB 23 2018
THE YAP FM CLIMATE SUMMARY FOR FEBRUARY 22 2018
CLIMATE NORMAL PERIOD  1981  TO 2010
CLIMATE RECORD PERIOD  1951  TO 2017
WEATHER ITEM OBSERVED TIME  RECORD YEAR NORMAL DEPARTURE LAST
              VALUE   (LST) VALUE       VALUE    FROM    YEAR
                                                NORMAL
TEMPERATURE   (F)
TODAY
MAXIMUM       88  1445        97  2014     87      1        87
MINIMUM       79  0845        63  1999     77      2        80
AVERAGE       84                           82      2        84
PRECIPITATION INCHES
TODAY           0.12        164.24/1996    0.20    -0.08    TRACE
MONTH TO DATE   6.04                       5.05     0.99    17.92
SINCE 01 DEC   28.97                      21.63     7.34    39.14
SINCE JAN 01   17.70                      12.35     5.35    30.59
