000
CDKA40 PTYA 250700
CLIT11
DAILY CLIMATE REPORT
NATIONAL WEATHER SERVICE YAP FM
5PM LST TUE JUL 25 2017
THE YAP FM CLIMATE SUMMARY FOR JULY 25 2017
CLIMATE NORMAL PERIOD  1981  TO 2010
CLIMATE RECORD PERIOD  1951  TO 2017
WEATHER ITEM OBSERVED TIME  RECORD YEAR NORMAL DEPARTURE LAST
              VALUE   (LST) VALUE       VALUE    FROM    YEAR
                                                NORMAL
TEMPERATURE   (F)
TODAY
MAXIMUM       88  1445        97  2014     87      1        93
MINIMUM       78  0245        63  1999     78      0        72
AVERAGE       83                           83      0        85
PRECIPITATION INCHES
TODAY         0.01       164.24/1996       0.50    -0.49    0.07
MONTH TO DATE  12.71                      11.95     0.76    6.55
SINCE 01 JUN   20.87                      25.15    -4.28   13.01
SINCE JAN 01   73.67                      58.00    15.67   30.08
