000
CDKA40 PTYA 011600
CLIT11
DAILY CLIMATE REPORT
NATIONAL WEATHER SERVICE YAP FM
2AM LST WED SEP 02 2015
THE YAP FM CLIMATE SUMMARY FOR SEPTEMBER 01 2015
CLIMATE NORMAL PERIOD  1981  TO 2010
CLIMATE RECORD PERIOD  1951  TO 2015
WEATHER ITEM OBSERVED TIME  RECORD YEAR NORMAL DEPARTURE LAST
              VALUE   (LST) VALUE       VALUE    FROM    YEAR
                                                NORMAL
TEMPERATURE   (F)
TODAY
MAXIMUM       86  1450  PM 97  2014      87     -1       83
MINIMUM       76  0150  AM 63  1999      78     -2       75
AVERAGE       81                         82     -1       79
PRECIPITATION INCHS
YESTERDAY        0.02    164.24  1996   0.46    -0.44    1.51
MONTH TO DATE    0.02                   0.46    -0.44    1.51
SINCE 01 SEP     0.02                   0.46    -0.44    1.51
SINCE JAN 01    71.02                  77.01    -5.99   85.19
