913
CDKA40 PTYA 241600
CLIT11
DAILY CLIMATE REPORT
NATIONAL WEATHER SERVICE YAP FM
2AM LST MON JUL 25 2016
THE YAP FM CLIMATE SUMMARY FOR JULY 24 2016
CLIMATE NORMAL PERIOD  1981  TO 2010
CLIMATE RECORD PERIOD  1951  TO 2016
WEATHER ITEM OBSERVED TIME  RECORD YEAR NORMAL DEPARTURE LAST
              VALUE   (LST) VALUE       VALUE    FROM    YEAR
                                                NORMAL
TEMPERATURE   (F)
YESTERDAY
MAXIMUM       92  1445 PM  97/2014      87       5        87
MINIMUM       77  0845 AM  63/1999      78      -1        76
AVERAGE       85                        83       2        82
PRECIPITATION INCHES
YESTERDAY       0.62  164.24  1996   0.51      0.11     0.05
MONTH TO DATE   6.48                11.45     -4.97    11.32
SINCE 01 JUN   12.94                24.65    -11.71    22.39
SINCE JAN 01   30.01                57.50    -27.49    47.94
