000
CDKA40 PTYA 191600
CLIT11
DAILY CLIMATE REPORT
NATIONAL WEATHER SERVICE YAP FM
2AM LST MON NOV 20 2017
THE YAP FM CLIMATE SUMMARY FOR NOVEMBER 19 2017
CLIMATE NORMAL PERIOD  1981  TO 2010
CLIMATE RECORD PERIOD  1951  TO 2017
WEATHER ITEM OBSERVED TIME  RECORD YEAR NORMAL DEPARTURE LAST
              VALUE   (LST) VALUE       VALUE    FROM    YEAR
                                                NORMAL
TEMPERATURE   (F)
YESTERDAY
MAXIMUM       88  1345        97  2014     88      0        88
MINIMUM       80  2345        63  1999     78      2        78
AVERAGE       84                           83      1        83
PRECIPITATION INCHES
YESTERDAY       0.30     164.24/1996       0.29     0.01    0.21
MONTH TO DATE   7.73                       5.86     1.87    7.05
SINCE 01 SEP   39.31                      31.87     7.44   35.94
SINCE JAN 01  126.74                     108.42    18.32   82.60
