000
CDUS45 KPUB 241037
CLITAD


CLIMATE REPORT
NATIONAL WEATHER SERVICE PUEBLO
436 AM MDT MON APR 24 2017


...................................

...THE TRINIDAD CO CLIMATE SUMMARY FOR APRIL 23 2017...

CLIMATE NORMAL PERIOD 1981 TO 2010
CLIMATE RECORD PERIOD 9999 TO 9999


WEATHER ITEM   OBSERVED TIME   NORMAL DEPARTURE LAST
                VALUE   (LST)  VALUE  FROM      YEAR
                                      NORMAL
......................................................
TEMPERATURE (F)
 YESTERDAY
  MAXIMUM         80    352 PM  67     13       80
  MINIMUM         36    129 AM  36      0       52
  AVERAGE         58            52      6       66

PRECIPITATION (IN)
  YESTERDAY        0.00          0.04  -0.04     0.00
  MONTH TO DATE    1.40          0.84   0.56     1.42
  SINCE MAR 1      3.31          1.73   1.58     1.83
  SINCE JAN 1      4.87          2.62   2.25     2.24

DEGREE DAYS
 HEATING
  YESTERDAY        7            13     -6        0
  MONTH TO DATE  274           377   -103      335
  SINCE MAR 1    745          1084   -339      991
  SINCE JUL 1   4201          5206  -1005     4489

 COOLING
  YESTERDAY        0             0      0        1
  MONTH TO DATE    2             0      2        1
  SINCE MAR 1      3             0      3        1
  SINCE JAN 1      3             0      3        1
......................................................


WIND (MPH)
  HIGHEST WIND SPEED    29   HIGHEST WIND DIRECTION     S (170)
  HIGHEST GUST SPEED    35   HIGHEST GUST DIRECTION     S (180)
  AVERAGE WIND SPEED    10.2


SKY COVER
  POSSIBLE SUNSHINE  MM
  AVERAGE SKY COVER 0.0


WEATHER CONDITIONS
 THE FOLLOWING WEATHER WAS RECORDED YESTERDAY.
  NO SIGNIFICANT WEATHER WAS OBSERVED.


RELATIVE HUMIDITY (PERCENT)
 HIGHEST    82           100 AM
 LOWEST     11           500 PM
 AVERAGE    47

..........................................................




SUNRISE AND SUNSET
APRIL 24 2017.........SUNRISE   611 AM MDT   SUNSET   741 PM MDT
APRIL 25 2017.........SUNRISE   609 AM MDT   SUNSET   742 PM MDT


-  INDICATES NEGATIVE NUMBERS.
R  INDICATES RECORD WAS SET OR TIED.
MM INDICATES DATA IS MISSING.
T  INDICATES TRACE AMOUNT.




$$
