000
CDUS45 KPUB 231053
CLITAD


CLIMATE REPORT
NATIONAL WEATHER SERVICE PUEBLO
444 AM MDT FRI JUN 23 2017


...................................

...THE TRINIDAD CO CLIMATE SUMMARY FOR JUNE 22 2017...

CLIMATE NORMAL PERIOD 1981 TO 2010
CLIMATE RECORD PERIOD 9999 TO 9999


WEATHER ITEM   OBSERVED TIME   NORMAL DEPARTURE LAST
                VALUE   (LST)  VALUE  FROM      YEAR
                                      NORMAL
......................................................
TEMPERATURE (F)
 YESTERDAY
  MAXIMUM         98   1250 PM  86     12       92
  MINIMUM         61   1131 PM  55      6       61
  AVERAGE         80            70     10       77

PRECIPITATION (IN)
  YESTERDAY        T             0.05  -0.05     0.00
  MONTH TO DATE    0.33          1.04  -0.71     1.70
  SINCE JUN 1      0.33          1.04  -0.71     1.70
  SINCE JAN 1      8.74          5.56   3.18     5.93

DEGREE DAYS
 HEATING
  YESTERDAY        0             0      0        0
  MONTH TO DATE    2            38    -36        4
  SINCE JUN 1      2            38    -36        4
  SINCE JUL 1   4602          5533   -931     4880

 COOLING
  YESTERDAY       15             6      9       12
  MONTH TO DATE  145            86     59      157
  SINCE JUN 1    145            86     59      157
  SINCE JAN 1    160           114     46      169
......................................................


WIND (MPH)
  HIGHEST WIND SPEED    30   HIGHEST WIND DIRECTION    NE (40)
  HIGHEST GUST SPEED    38   HIGHEST GUST DIRECTION    NE (30)
  AVERAGE WIND SPEED    11.2


SKY COVER
  POSSIBLE SUNSHINE  MM
  AVERAGE SKY COVER 0.0


WEATHER CONDITIONS
 THE FOLLOWING WEATHER WAS RECORDED YESTERDAY.
  LIGHT RAIN
  HAZE


RELATIVE HUMIDITY (PERCENT)
 HIGHEST    49           500 AM
 LOWEST     10          1200 PM
 AVERAGE    30

..........................................................




SUNRISE AND SUNSET
JUNE 23 2017..........SUNRISE   538 AM MDT   SUNSET   821 PM MDT
JUNE 24 2017..........SUNRISE   538 AM MDT   SUNSET   822 PM MDT


-  INDICATES NEGATIVE NUMBERS.
R  INDICATES RECORD WAS SET OR TIED.
MM INDICATES DATA IS MISSING.
T  INDICATES TRACE AMOUNT.




$$
