000
CDUS45 KPUB 171148
CLITAD


CLIMATE REPORT
NATIONAL WEATHER SERVICE PUEBLO
448 AM MST SUN DEC 17 2017


...................................

...THE TRINIDAD CO CLIMATE SUMMARY FOR DECEMBER 16 2017...

CLIMATE NORMAL PERIOD 1981 TO 2010
CLIMATE RECORD PERIOD 9999 TO 9999


WEATHER ITEM   OBSERVED TIME   NORMAL DEPARTURE LAST
                VALUE   (LST)  VALUE  FROM      YEAR
                                      NORMAL
......................................................
TEMPERATURE (F)
 YESTERDAY
  MAXIMUM         63   1252 PM  45     18       65
  MINIMUM         22   1158 PM  17      5       14
  AVERAGE         43            31     12       40

PRECIPITATION (IN)
  YESTERDAY        0.00          0.02  -0.02     0.00
  MONTH TO DATE    0.01          0.29  -0.28      T
  SINCE DEC 1      0.01          0.29  -0.28      T
  SINCE JAN 1     20.65         13.59   7.06     7.70

DEGREE DAYS
 HEATING
  YESTERDAY       22            34    -12       25
  MONTH TO DATE  410           527   -117      522
  SINCE DEC 1    410           527   -117      522
  SINCE JUL 1   1377          1760   -383     1288

 COOLING
  YESTERDAY        0             0      0        0
  MONTH TO DATE    0             0      0        0
  SINCE DEC 1      0             0      0        0
  SINCE JAN 1    796           719     77      564
......................................................


WIND (MPH)
  HIGHEST WIND SPEED    20   HIGHEST WIND DIRECTION     N (350)
  HIGHEST GUST SPEED    24   HIGHEST GUST DIRECTION     N (10)
  AVERAGE WIND SPEED    10.3


SKY COVER
  POSSIBLE SUNSHINE  MM
  AVERAGE SKY COVER 0.0


WEATHER CONDITIONS
 THE FOLLOWING WEATHER WAS RECORDED YESTERDAY.
  NO SIGNIFICANT WEATHER WAS OBSERVED.


RELATIVE HUMIDITY (PERCENT)
 HIGHEST    62          1100 PM
 LOWEST     14          1200 PM
 AVERAGE    38

..........................................................




SUNRISE AND SUNSET
DECEMBER 17 2017......SUNRISE   705 AM MST   SUNSET   442 PM MST
DECEMBER 18 2017......SUNRISE   706 AM MST   SUNSET   442 PM MST


-  INDICATES NEGATIVE NUMBERS.
R  INDICATES RECORD WAS SET OR TIED.
MM INDICATES DATA IS MISSING.
T  INDICATES TRACE AMOUNT.




$$
