000
CDUS44 KBMX 010754
CLITCL


CLIMATE REPORT
NATIONAL WEATHER SERVICE BIRMINGHAM, AL
253 AM CDT SAT OCT 1 2016


...................................

...THE TUSCALOOSA CLIMATE SUMMARY FOR SEPTEMBER 30 2016...

CLIMATE NORMAL PERIOD 1981 TO 2010
CLIMATE RECORD PERIOD 1948 TO 2016


WEATHER ITEM   OBSERVED TIME   RECORD YEAR NORMAL DEPARTURE LAST
                VALUE   (LST)  VALUE       VALUE  FROM      YEAR
                                                  NORMAL
..................................................................
TEMPERATURE (F)
 YESTERDAY
  MAXIMUM         79    309 PM  96    1954  82     -3       84
  MINIMUM         49    442 AM  37    1967  58     -9       68
  AVERAGE         64                        70     -6       76

PRECIPITATION (IN)
  YESTERDAY        0.00          2.50 1973   0.13  -0.13     0.00
  MONTH TO DATE    0.33                      3.52  -3.19     0.92
  SINCE SEP 1      0.33                      3.52  -3.19     0.92
  SINCE JAN 1     32.07                     39.39  -7.32    35.55

DEGREE DAYS
 HEATING
  YESTERDAY        1                         1      0
  MONTH TO DATE    1                         5     -4
  SINCE SEP 1      1                         7     -6
  SINCE JUL 1      1                         7     -6
..................................................................


WIND (MPH)
  HIGHEST WIND SPEED    14   HIGHEST WIND DIRECTION     W (250)
  HIGHEST GUST SPEED    17   HIGHEST GUST DIRECTION     W (250)
  AVERAGE WIND SPEED     1.9


SKY COVER
  AVERAGE SKY COVER 0.1


WEATHER CONDITIONS
 THE FOLLOWING WEATHER WAS RECORDED YESTERDAY.
  NO SIGNIFICANT WEATHER WAS OBSERVED.


RELATIVE HUMIDITY (PERCENT)
 HIGHEST    96           300 AM
 LOWEST     36           500 PM
 AVERAGE    66

..........................................................


THE TUSCALOOSA CLIMATE NORMALS FOR TODAY
                         NORMAL    RECORD    YEAR
 MAXIMUM TEMPERATURE (F)   82        95      1954
 MINIMUM TEMPERATURE (F)   58        41      1984


SUNRISE AND SUNSET
OCTOBER  1 2016.......SUNRISE   645 AM CDT   SUNSET   634 PM CDT
OCTOBER  2 2016.......SUNRISE   646 AM CDT   SUNSET   633 PM CDT


-  INDICATES NEGATIVE NUMBERS.
R  INDICATES RECORD WAS SET OR TIED.
MM INDICATES DATA IS MISSING.
T  INDICATES TRACE AMOUNT.




$$
