000
CDUS44 KBMX 210935
CLITCL


CLIMATE REPORT
NATIONAL WEATHER SERVICE BIRMINGHAM, AL
435 AM CDT TUE OCT 21 2014


...................................

...THE TUSCALOOSA CLIMATE SUMMARY FOR OCTOBER 20 2014...

CLIMATE NORMAL PERIOD 1981 TO 2010
CLIMATE RECORD PERIOD 1948 TO 2014


WEATHER ITEM   OBSERVED TIME   RECORD YEAR NORMAL DEPARTURE LAST
                VALUE   (LST)  VALUE       VALUE  FROM      YEAR
                                                  NORMAL
..................................................................
TEMPERATURE (F)
 YESTERDAY
  MAXIMUM         75    301 PM  90    1962  76     -1       71
  MINIMUM         45    621 AM  32    1989  50     -5       43
                                      1948
  AVERAGE         60                        63     -3       57

PRECIPITATION (IN)
  YESTERDAY        0.00          1.29 1956   0.12  -0.12     0.00
  MONTH TO DATE    3.28                      2.29   0.99     0.69
  SINCE SEP 1      4.70                      5.81  -1.11     1.89
  SINCE JAN 1     38.36                     41.68  -3.32    40.71

SNOWFALL (IN)
  YESTERDAY        0.0                       0.0    0.0
  MONTH TO DATE    0.0                       0.0    0.0
  SINCE SEP 1      0.0                       0.0    0.0
  SINCE JUL 1      0.0                       0.0    0.0

DEGREE DAYS
 HEATING
  YESTERDAY        5                         4      1
  MONTH TO DATE   30                        49    -19
  SINCE SEP 1     30                        56    -26
  SINCE JUL 1     30                        56    -26
..................................................................


WIND (MPH)
  HIGHEST WIND SPEED     9   HIGHEST WIND DIRECTION    SW (210)
  HIGHEST GUST SPEED    13   HIGHEST GUST DIRECTION    NW (330)
  AVERAGE WIND SPEED     1.1


SKY COVER
  AVERAGE SKY COVER 0.0


WEATHER CONDITIONS
 THE FOLLOWING WEATHER WAS RECORDED YESTERDAY.
  NO SIGNIFICANT WEATHER WAS OBSERVED.


RELATIVE HUMIDITY (PERCENT)
 HIGHEST    93          1200 AM
 LOWEST     38           100 PM
 AVERAGE    66

..........................................................


THE TUSCALOOSA CLIMATE NORMALS FOR TODAY
                         NORMAL    RECORD    YEAR
 MAXIMUM TEMPERATURE (F)   76        90      1953
 MINIMUM TEMPERATURE (F)   50        30      1976


SUNRISE AND SUNSET
OCTOBER 21 2014.......SUNRISE   700 AM CDT   SUNSET   610 PM CDT
OCTOBER 22 2014.......SUNRISE   700 AM CDT   SUNSET   609 PM CDT


-  INDICATES NEGATIVE NUMBERS.
R  INDICATES RECORD WAS SET OR TIED.
MM INDICATES DATA IS MISSING.
T  INDICATES TRACE AMOUNT.




$$
