000
CDUS44 KBMX 302135
CLITCL


CLIMATE REPORT
NATIONAL WEATHER SERVICE BIRMINGHAM, AL
435 PM CDT THU MAR 30 2017


...................................

...THE TUSCALOOSA CLIMATE SUMMARY FOR MARCH 30 2017...
VALID TODAY AS OF 0400 PM LOCAL TIME.

CLIMATE NORMAL PERIOD 1981 TO 2010
CLIMATE RECORD PERIOD 1948 TO 2017


WEATHER ITEM   OBSERVED TIME   RECORD YEAR NORMAL DEPARTURE LAST
                VALUE   (LST)  VALUE       VALUE  FROM      YEAR
                                                  NORMAL
..................................................................
TEMPERATURE (F)
 TODAY
  MAXIMUM         78   1230 PM  86    1998  72      6       77
  MINIMUM         65    632 AM  28    1964  46     19       47
  AVERAGE         72                        59     13       62

PRECIPITATION (IN)
  TODAY            T             2.65 1981   0.14  -0.14     0.00
  MONTH TO DATE    3.72                      4.40  -0.68     4.99
  SINCE MAR 1      3.72                      4.40  -0.68     4.99
  SINCE JAN 1     14.93                     15.07  -0.14    14.59

SNOWFALL (IN)
  TODAY            0.0                       0.0    0.0
  MONTH TO DATE    0.0                       0.3   -0.3
  SINCE MAR 1      0.0                       0.3   -0.3
  SINCE JUL 1      0.0                       0.7   -0.7
  SNOW DEPTH       0

DEGREE DAYS

 COOLING
  TODAY            7                         1      6
  MONTH TO DATE   52                        22     30
  SINCE MAR 1     52                        22     30
  SINCE JAN 1     71                        27     44
..................................................................


WIND (MPH)
  HIGHEST WIND SPEED    22   HIGHEST WIND DIRECTION     S (190)
  HIGHEST GUST SPEED    29   HIGHEST GUST DIRECTION     S (170)
  AVERAGE WIND SPEED    10.5


SKY COVER
  AVERAGE SKY COVER 0.2


WEATHER CONDITIONS
 THE FOLLOWING WEATHER WAS RECORDED TODAY.
  NO SIGNIFICANT WEATHER WAS OBSERVED.


RELATIVE HUMIDITY (PERCENT)
 HIGHEST    93           500 AM
 LOWEST     54          1200 PM
 AVERAGE    74

..........................................................


THE TUSCALOOSA CLIMATE NORMALS FOR TOMORROW
                         NORMAL    RECORD    YEAR
 MAXIMUM TEMPERATURE (F)   73        87      1978
 MINIMUM TEMPERATURE (F)   46        28      2003


SUNRISE AND SUNSET
MARCH 30 2017.........SUNRISE   641 AM CDT   SUNSET   710 PM CDT
MARCH 31 2017.........SUNRISE   639 AM CDT   SUNSET   710 PM CDT


-  INDICATES NEGATIVE NUMBERS.
R  INDICATES RECORD WAS SET OR TIED.
MM INDICATES DATA IS MISSING.
T  INDICATES TRACE AMOUNT.




$$
