000
CDUS44 KBMX 312118
CLITCL


CLIMATE REPORT
NATIONAL WEATHER SERVICE BIRMINGHAM, AL
417 PM CDT THU JUL 31 2014


...................................

...THE TUSCALOOSA CLIMATE SUMMARY FOR JULY 31 2014...
VALID AS OF 0400 PM LOCAL TIME.

CLIMATE NORMAL PERIOD 1981 TO 2010
CLIMATE RECORD PERIOD 1948 TO 2014


WEATHER ITEM   OBSERVED TIME   RECORD YEAR NORMAL DEPARTURE LAST
                VALUE   (LST)  VALUE       VALUE  FROM      YEAR
                                                  NORMAL
..................................................................
TEMPERATURE (F)
 TODAY
  MAXIMUM         87   1037 AM 101    1986  92     -5       91
  MINIMUM         67    517 AM  62    1994  72     -5       74
  AVERAGE         77                        82     -5       83

PRECIPITATION (IN)
  TODAY            0.00          2.92 1975   0.12  -0.12     0.33
  MONTH TO DATE    0.92                      4.40  -3.48     7.16
  SINCE JUN 1      6.07                      9.17  -3.10    12.84
  SINCE JAN 1     31.11                     32.57  -1.46    34.80

DEGREE DAYS
 COOLING
  TODAY           12                        17     -5
  MONTH TO DATE  441                       518    -77
  SINCE JUN 1    875                       921    -46
  SINCE JAN 1   1165                      1232    -67
..................................................................


WIND (MPH)
  HIGHEST WIND SPEED    14   HIGHEST WIND DIRECTION     N (360)
  HIGHEST GUST SPEED    16   HIGHEST GUST DIRECTION     N (350)
  AVERAGE WIND SPEED     4.0


SKY COVER
  AVERAGE SKY COVER 0.1


WEATHER CONDITIONS
 THE FOLLOWING WEATHER WAS RECORDED TODAY.
  HAZE


RELATIVE HUMIDITY (PERCENT)
 HIGHEST    87           300 AM
 LOWEST     37          1100 AM
 AVERAGE    62

..........................................................


THE TUSCALOOSA CLIMATE NORMALS FOR TOMORROW
                         NORMAL    RECORD    YEAR
 MAXIMUM TEMPERATURE (F)   92       102      2010
 MINIMUM TEMPERATURE (F)   72        63      1997


SUNRISE AND SUNSET
JULY 31 2014..........SUNRISE   603 AM CDT   SUNSET   751 PM CDT
AUGUST  1 2014........SUNRISE   603 AM CDT   SUNSET   750 PM CDT


-  INDICATES NEGATIVE NUMBERS.
R  INDICATES RECORD WAS SET OR TIED.
MM INDICATES DATA IS MISSING.
T  INDICATES TRACE AMOUNT.




$$
