000
CDUS44 KBMX 030706
CLITCL


CLIMATE REPORT
NATIONAL WEATHER SERVICE BIRMINGHAM, AL
204 AM CDT WED JUN 3 2015


...................................

...THE TUSCALOOSA CLIMATE SUMMARY FOR JUNE 2 2015...

CLIMATE NORMAL PERIOD 1994 TO 1994
CLIMATE RECORD PERIOD 1994 TO 2015


WEATHER ITEM   OBSERVED TIME   RECORD YEAR NORMAL DEPARTURE LAST
                VALUE   (LST)  VALUE       VALUE  FROM      YEAR
                                                  NORMAL
..................................................................
TEMPERATURE (F)
 YESTERDAY
  MAXIMUM         84    312 PM 100    2011  87     -3       81
  MINIMUM         64    526 AM  48    1966  65     -1       71
  AVERAGE         74                        76     -2       76

PRECIPITATION (IN)
  YESTERDAY        0.00          1.80 1981   0.16  -0.16     0.00
  MONTH TO DATE    0.28                      0.32  -0.04      T
  SINCE JUN 1      0.28                      0.32  -0.04      T
  SINCE JAN 1     25.86                     23.72   2.14    25.04

..................................................................


WIND (MPH)
  HIGHEST WIND SPEED    12   HIGHEST WIND DIRECTION    NW (310)
  HIGHEST GUST SPEED    16   HIGHEST GUST DIRECTION    NW (320)
  AVERAGE WIND SPEED     5.3


SKY COVER
  AVERAGE SKY COVER 0.3


WEATHER CONDITIONS
 THE FOLLOWING WEATHER WAS RECORDED YESTERDAY.
  FOG
  HAZE


RELATIVE HUMIDITY (PERCENT)
 HIGHEST    93           100 AM
 LOWEST     47           100 PM
 AVERAGE    70

..........................................................


THE TUSCALOOSA CLIMATE NORMALS FOR TODAY
                         NORMAL    RECORD    YEAR
 MAXIMUM TEMPERATURE (F)   87       101      2011
 MINIMUM TEMPERATURE (F)   65        45      1956


SUNRISE AND SUNSET
JUNE  3 2015..........SUNRISE   542 AM CDT   SUNSET   756 PM CDT
JUNE  4 2015..........SUNRISE   542 AM CDT   SUNSET   756 PM CDT


-  INDICATES NEGATIVE NUMBERS.
R  INDICATES RECORD WAS SET OR TIED.
MM INDICATES DATA IS MISSING.
T  INDICATES TRACE AMOUNT.




$$
