000
CDUS44 KBMX 091120
CLITCL


CLIMATE REPORT
NATIONAL WEATHER SERVICE BIRMINGHAM, AL
519 AM CST TUE FEB 9 2016


...................................

...THE TUSCALOOSA CLIMATE SUMMARY FOR FEBRUARY 8 2016...

CLIMATE NORMAL PERIOD 1994 TO 1994
CLIMATE RECORD PERIOD 1948 TO 2016


WEATHER ITEM   OBSERVED TIME   RECORD YEAR NORMAL DEPARTURE LAST
                VALUE   (LST)  VALUE       VALUE  FROM      YEAR
                                                  NORMAL
..................................................................
TEMPERATURE (F)
 YESTERDAY
  MAXIMUM         53    101 PM  84    1957  58     -5       71
  MINIMUM         33    105 AM  -1    1989  36     -3       38
  AVERAGE         43                        47     -4       55

PRECIPITATION (IN)
  YESTERDAY        0.00          1.26 1959   0.18  -0.18      T
  MONTH TO DATE    1.35                      1.45  -0.10     0.29
  SINCE DEC 1     13.76                     11.42   2.34    13.46
  SINCE JAN 1      5.49                      6.80  -1.31     6.46

SNOWFALL (IN)
  YESTERDAY        0.0                       0.0    0.0
  MONTH TO DATE    0.0                       0.0    0.0
  SINCE DEC 1      T                         0.3   -0.3
  SINCE JUL 1      T                         0.3   -0.3

DEGREE DAYS
 HEATING
  YESTERDAY       22                        18      4
  MONTH TO DATE  124                       149    -25
  SINCE DEC 1   1103                      1344   -241
  SINCE JUL 1   1366                      1781   -415
..................................................................


WIND (MPH)
  HIGHEST WIND SPEED    22   HIGHEST WIND DIRECTION    NW (300)
  HIGHEST GUST SPEED    33   HIGHEST GUST DIRECTION    NW (300)
  AVERAGE WIND SPEED     9.2


SKY COVER
  AVERAGE SKY COVER 0.5


WEATHER CONDITIONS
 THE FOLLOWING WEATHER WAS RECORDED YESTERDAY.
  NO SIGNIFICANT WEATHER WAS OBSERVED.


RELATIVE HUMIDITY (PERCENT)
 HIGHEST    82           100 AM
 LOWEST     26           100 PM
 AVERAGE    54

..........................................................


THE TUSCALOOSA CLIMATE NORMALS FOR TODAY
                         NORMAL    RECORD    YEAR
 MAXIMUM TEMPERATURE (F)   59        78      1957
 MINIMUM TEMPERATURE (F)   36        14      1971


SUNRISE AND SUNSET
FEBRUARY  9 2016......SUNRISE   640 AM CST   SUNSET   529 PM CST
FEBRUARY 10 2016......SUNRISE   639 AM CST   SUNSET   530 PM CST


-  INDICATES NEGATIVE NUMBERS.
R  INDICATES RECORD WAS SET OR TIED.
MM INDICATES DATA IS MISSING.
T  INDICATES TRACE AMOUNT.




$$
