000
CDUS44 KBMX 222156
CLITCL


CLIMATE REPORT
NATIONAL WEATHER SERVICE BIRMINGHAM, AL
454 PM CDT WED OCT 22 2014


...................................

...THE TUSCALOOSA CLIMATE SUMMARY FOR OCTOBER 22 2014...
VALID TODAY AS OF 0400 PM LOCAL TIME.

CLIMATE NORMAL PERIOD 1981 TO 2010
CLIMATE RECORD PERIOD 1948 TO 2014


WEATHER ITEM   OBSERVED TIME   RECORD YEAR NORMAL DEPARTURE LAST
                VALUE   (LST)  VALUE       VALUE  FROM      YEAR
                                                  NORMAL
..................................................................
TEMPERATURE (F)
 TODAY
  MAXIMUM         71    259 PM  91    1953  75     -4       76
  MINIMUM         49    627 AM  30    1987  50     -1       53
  AVERAGE         60                        62     -2       65

PRECIPITATION (IN)
  TODAY            0.00          1.03 2007   0.12  -0.12     0.00
  MONTH TO DATE    3.28                      2.53   0.75     0.69
  SINCE SEP 1      4.70                      6.05  -1.35     1.89
  SINCE JAN 1     38.36                     41.92  -3.56    40.71

SNOWFALL (IN)
  TODAY            0.0                       0.0    0.0
  MONTH TO DATE    0.0                       0.0    0.0
  SINCE SEP 1      0.0                       0.0    0.0
  SINCE JUL 1      0.0                       0.0    0.0
  SNOW DEPTH       0

DEGREE DAYS

 COOLING
  TODAY            0                         2     -2
  MONTH TO DATE  115                        80     35
  SINCE SEP 1    536                       400    136
  SINCE JAN 1   2226                      2137     89
..................................................................


WIND (MPH)
  HIGHEST WIND SPEED    18   HIGHEST WIND DIRECTION    NE (60)
  HIGHEST GUST SPEED    23   HIGHEST GUST DIRECTION    NE (50)
  AVERAGE WIND SPEED     7.1


SKY COVER
  AVERAGE SKY COVER 0.0


WEATHER CONDITIONS
 THE FOLLOWING WEATHER WAS RECORDED TODAY.
  NO SIGNIFICANT WEATHER WAS OBSERVED.


RELATIVE HUMIDITY (PERCENT)
 HIGHEST    89           100 AM
 LOWEST     31           200 PM
 AVERAGE    60

..........................................................


THE TUSCALOOSA CLIMATE NORMALS FOR TOMORROW
                         NORMAL    RECORD    YEAR
 MAXIMUM TEMPERATURE (F)   75        90      1953
 MINIMUM TEMPERATURE (F)   49        36      2006
                                             1987
                                             1954


SUNRISE AND SUNSET
OCTOBER 22 2014.......SUNRISE   700 AM CDT   SUNSET   609 PM CDT
OCTOBER 23 2014.......SUNRISE   701 AM CDT   SUNSET   608 PM CDT


-  INDICATES NEGATIVE NUMBERS.
R  INDICATES RECORD WAS SET OR TIED.
MM INDICATES DATA IS MISSING.
T  INDICATES TRACE AMOUNT.




$$
