000
CDUS44 KBMX 290941
CLITCL


CLIMATE REPORT
NATIONAL WEATHER SERVICE BIRMINGHAM, AL
440 AM CDT TUE JUL 29 2014


...................................

...THE TUSCALOOSA CLIMATE SUMMARY FOR JULY 28 2014...

CLIMATE NORMAL PERIOD 1981 TO 2010
CLIMATE RECORD PERIOD 1948 TO 2014


WEATHER ITEM   OBSERVED TIME   RECORD YEAR NORMAL DEPARTURE LAST
                VALUE   (LST)  VALUE       VALUE  FROM      YEAR
                                                  NORMAL
..................................................................
TEMPERATURE (F)
 YESTERDAY
  MAXIMUM         95   1241 PM 107    1952  92      3       90
  MINIMUM         70   1105 PM  62    1994  72     -2       71
  AVERAGE         83                        82      1       81

PRECIPITATION (IN)
  YESTERDAY        0.00          2.16 1976   0.12  -0.12     0.00
  MONTH TO DATE    0.92                      4.02  -3.10     6.83
  SINCE JUN 1      6.07                      8.79  -2.72    12.51
  SINCE JAN 1     31.11                     32.19  -1.08    34.47

..................................................................


WIND (MPH)
  HIGHEST WIND SPEED    16   HIGHEST WIND DIRECTION    NW (320)
  HIGHEST GUST SPEED    23   HIGHEST GUST DIRECTION    NW (310)
  AVERAGE WIND SPEED     6.7


SKY COVER
  AVERAGE SKY COVER 0.2


WEATHER CONDITIONS
 THE FOLLOWING WEATHER WAS RECORDED YESTERDAY.
  NO SIGNIFICANT WEATHER WAS OBSERVED.


RELATIVE HUMIDITY (PERCENT)
 HIGHEST    88           200 AM
 LOWEST     36           200 PM
 AVERAGE    62

..........................................................


THE TUSCALOOSA CLIMATE NORMALS FOR TODAY
                         NORMAL    RECORD    YEAR
 MAXIMUM TEMPERATURE (F)   92       107      1952
 MINIMUM TEMPERATURE (F)   72        61      1994


SUNRISE AND SUNSET
JULY 29 2014..........SUNRISE   601 AM CDT   SUNSET   752 PM CDT
JULY 30 2014..........SUNRISE   602 AM CDT   SUNSET   751 PM CDT


-  INDICATES NEGATIVE NUMBERS.
R  INDICATES RECORD WAS SET OR TIED.
MM INDICATES DATA IS MISSING.
T  INDICATES TRACE AMOUNT.




$$
