000
CDUS44 KBMX 260735
CLITCL


CLIMATE REPORT
NATIONAL WEATHER SERVICE BIRMINGHAM, AL
234 AM CDT FRI MAY 26 2017


...................................

...THE TUSCALOOSA CLIMATE SUMMARY FOR MAY 25 2017...

CLIMATE NORMAL PERIOD 1981 TO 2010
CLIMATE RECORD PERIOD 1948 TO 2017


WEATHER ITEM   OBSERVED TIME   RECORD YEAR NORMAL DEPARTURE LAST
                VALUE   (LST)  VALUE       VALUE  FROM      YEAR
                                                  NORMAL
..................................................................
TEMPERATURE (F)
 YESTERDAY
  MAXIMUM         76    434 PM  95    1958  85     -9       88
                                      1953
  MINIMUM         53    524 AM  51    1979  63    -10       61
  AVERAGE         65                        74     -9       75

PRECIPITATION (IN)
  YESTERDAY        T             1.08 1966   0.13  -0.13     0.00
  MONTH TO DATE    3.37                      3.21   0.16     0.69
  SINCE MAR 1     14.66                     11.96   2.70    10.80
  SINCE JAN 1     25.87                     22.63   3.24    20.40

..................................................................


WIND (MPH)
  HIGHEST WIND SPEED    16   HIGHEST WIND DIRECTION     W (290)
  HIGHEST GUST SPEED    20   HIGHEST GUST DIRECTION     W (260)
  AVERAGE WIND SPEED     4.9


SKY COVER
  AVERAGE SKY COVER 0.2


WEATHER CONDITIONS
 THE FOLLOWING WEATHER WAS RECORDED YESTERDAY.
  NO SIGNIFICANT WEATHER WAS OBSERVED.


RELATIVE HUMIDITY (PERCENT)
 HIGHEST   100           100 AM
 LOWEST     38           500 PM
 AVERAGE    69

..........................................................


THE TUSCALOOSA CLIMATE NORMALS FOR TODAY
                         NORMAL    RECORD    YEAR
 MAXIMUM TEMPERATURE (F)   86        95      2012
                                             1996
 MINIMUM TEMPERATURE (F)   63        46      1979


SUNRISE AND SUNSET
MAY 26 2017...........SUNRISE   544 AM CDT   SUNSET   751 PM CDT
MAY 27 2017...........SUNRISE   544 AM CDT   SUNSET   752 PM CDT


-  INDICATES NEGATIVE NUMBERS.
R  INDICATES RECORD WAS SET OR TIED.
MM INDICATES DATA IS MISSING.
T  INDICATES TRACE AMOUNT.




$$
