026
CDUS44 KBMX 270735
CLITCL


CLIMATE REPORT
NATIONAL WEATHER SERVICE BIRMINGHAM, AL
234 AM CDT WED JUL 27 2016


...................................

...THE TUSCALOOSA CLIMATE SUMMARY FOR JULY 26 2016...

CLIMATE NORMAL PERIOD 1994 TO 1994
CLIMATE RECORD PERIOD 1948 TO 2016


WEATHER ITEM   OBSERVED TIME   RECORD YEAR NORMAL DEPARTURE LAST
                VALUE   (LST)  VALUE       VALUE  FROM      YEAR
                                                  NORMAL
..................................................................
TEMPERATURE (F)
 YESTERDAY
  MAXIMUM         94    332 PM 102    1952  92      2       95
  MINIMUM         73    520 AM  65    2014  72      1       73
                                      2013
  AVERAGE         84                        82      2       84

PRECIPITATION (IN)
  YESTERDAY        T             1.28 1971   0.13  -0.13     0.04
  MONTH TO DATE    4.14                      3.77   0.37     2.18
  SINCE JUN 1      8.44                      8.54  -0.10     3.88
  SINCE JAN 1     28.85                     31.94  -3.09    29.46

..................................................................


WIND (MPH)
  HIGHEST WIND SPEED    18   HIGHEST WIND DIRECTION     S (170)
  HIGHEST GUST SPEED    25   HIGHEST GUST DIRECTION     S (180)
  AVERAGE WIND SPEED     6.1


SKY COVER
  AVERAGE SKY COVER 0.1


WEATHER CONDITIONS
 THE FOLLOWING WEATHER WAS RECORDED YESTERDAY.
  THUNDERSTORM
  LIGHT RAIN


RELATIVE HUMIDITY (PERCENT)
 HIGHEST   100           500 AM
 LOWEST     49           100 PM
 AVERAGE    75

..........................................................


THE TUSCALOOSA CLIMATE NORMALS FOR TODAY
                         NORMAL    RECORD    YEAR
 MAXIMUM TEMPERATURE (F)   92       104      1952
 MINIMUM TEMPERATURE (F)   72        64      1962


SUNRISE AND SUNSET
JULY 27 2016..........SUNRISE   600 AM CDT   SUNSET   753 PM CDT
JULY 28 2016..........SUNRISE   601 AM CDT   SUNSET   752 PM CDT


-  INDICATES NEGATIVE NUMBERS.
R  INDICATES RECORD WAS SET OR TIED.
MM INDICATES DATA IS MISSING.
T  INDICATES TRACE AMOUNT.




$$
