000
CDUS44 KBMX 290736
CLITCL


CLIMATE REPORT
NATIONAL WEATHER SERVICE BIRMINGHAM, AL
234 AM CDT SAT JUL 29 2017


...................................

...THE TUSCALOOSA CLIMATE SUMMARY FOR JULY 28 2017...

CLIMATE NORMAL PERIOD 1981 TO 2010
CLIMATE RECORD PERIOD 1948 TO 2017


WEATHER ITEM   OBSERVED TIME   RECORD YEAR NORMAL DEPARTURE LAST
                VALUE   (LST)  VALUE       VALUE  FROM      YEAR
                                                  NORMAL
..................................................................
TEMPERATURE (F)
 YESTERDAY
  MAXIMUM         90        MM 107    1952  92     -2       88
  MINIMUM         76        MM  62    1994  72      4       74
  AVERAGE         83                        82      1       81

PRECIPITATION (IN)
  YESTERDAY        T             2.16 1976   0.12  -0.12     0.00
  MONTH TO DATE    0.96                      4.02  -3.06     4.14
  SINCE JUN 1     13.38                      8.79   4.59     8.44
  SINCE JAN 1     39.37                     32.19   7.18    28.85

..................................................................


WIND (MPH)
  HIGHEST WIND SPEED     9   HIGHEST WIND DIRECTION     N (340)
  HIGHEST GUST SPEED    MM   HIGHEST GUST DIRECTION    MM
  AVERAGE WIND SPEED     4.8


SKY COVER
  AVERAGE SKY COVER 0.4


WEATHER CONDITIONS
 THE FOLLOWING WEATHER WAS RECORDED YESTERDAY.
  LIGHT RAIN


RELATIVE HUMIDITY (PERCENT)
 HIGHEST   100          1200 AM
 LOWEST     70           300 PM
 AVERAGE    85

..........................................................


THE TUSCALOOSA CLIMATE NORMALS FOR TODAY
                         NORMAL    RECORD    YEAR
 MAXIMUM TEMPERATURE (F)   92       107      1952
 MINIMUM TEMPERATURE (F)   72        61      2014
                                             1994


SUNRISE AND SUNSET
JULY 29 2017..........SUNRISE   602 AM CDT   SUNSET   752 PM CDT
JULY 30 2017..........SUNRISE   602 AM CDT   SUNSET   751 PM CDT


-  INDICATES NEGATIVE NUMBERS.
R  INDICATES RECORD WAS SET OR TIED.
MM INDICATES DATA IS MISSING.
T  INDICATES TRACE AMOUNT.




$$
