000
CDUS44 KBMX 250744
CLITCL


CLIMATE REPORT
NATIONAL WEATHER SERVICE BIRMINGHAM, AL
238 AM CDT MON MAY 25 2015


...................................

...THE TUSCALOOSA CLIMATE SUMMARY FOR MAY 24 2015...

CLIMATE NORMAL PERIOD 1994 TO 1994
CLIMATE RECORD PERIOD 1994 TO 2015


WEATHER ITEM   OBSERVED TIME   RECORD YEAR NORMAL DEPARTURE LAST
                VALUE   (LST)  VALUE       VALUE  FROM      YEAR
                                                  NORMAL
..................................................................
TEMPERATURE (F)
 YESTERDAY
  MAXIMUM         87    158 PM  97    1996  85      2       90
  MINIMUM         69    542 AM  50    2002  62      7       65
  AVERAGE         78                        74      4       78

PRECIPITATION (IN)
  YESTERDAY        0.15          1.58 1957   0.13   0.02     0.00
  MONTH TO DATE    0.60                      3.08  -2.48     0.71
  SINCE MAR 1     13.11                     11.83   1.28    16.45
  SINCE JAN 1     23.86                     22.50   1.36    24.17

..................................................................


WIND (MPH)
  HIGHEST WIND SPEED    24   HIGHEST WIND DIRECTION     S (190)
  HIGHEST GUST SPEED    32   HIGHEST GUST DIRECTION     S (200)
  AVERAGE WIND SPEED     7.4


SKY COVER
  AVERAGE SKY COVER 0.3


WEATHER CONDITIONS
 THE FOLLOWING WEATHER WAS RECORDED YESTERDAY.
  THUNDERSTORM
  HEAVY RAIN
  RAIN
  LIGHT RAIN
  FOG
  HAZE


RELATIVE HUMIDITY (PERCENT)
 HIGHEST    84           600 PM
 LOWEST     49           100 AM
 AVERAGE    67

..........................................................


THE TUSCALOOSA CLIMATE NORMALS FOR TODAY
                         NORMAL    RECORD    YEAR
 MAXIMUM TEMPERATURE (F)   85        95      1958
                                             1953
 MINIMUM TEMPERATURE (F)   63        51      1979


SUNRISE AND SUNSET
MAY 25 2015...........SUNRISE   545 AM CDT   SUNSET   750 PM CDT
MAY 26 2015...........SUNRISE   544 AM CDT   SUNSET   751 PM CDT


-  INDICATES NEGATIVE NUMBERS.
R  INDICATES RECORD WAS SET OR TIED.
MM INDICATES DATA IS MISSING.
T  INDICATES TRACE AMOUNT.




$$
