000
CDUS44 KBMX 201001
CLITCL


CLIMATE REPORT
NATIONAL WEATHER SERVICE BIRMINGHAM, AL
458 AM CDT SUN APR 20 2014


...................................

...THE TUSCALOOSA CLIMATE SUMMARY FOR APRIL 19 2014...

CLIMATE NORMAL PERIOD 1981 TO 2010
CLIMATE RECORD PERIOD 1948 TO 2014


WEATHER ITEM   OBSERVED TIME   RECORD YEAR NORMAL DEPARTURE LAST
                VALUE   (LST)  VALUE       VALUE  FROM      YEAR
                                                  NORMAL
..................................................................
TEMPERATURE (F)
 YESTERDAY
  MAXIMUM         80    343 PM  90    2006  77      3       64
  MINIMUM         50    534 AM  33    1983  51     -1       44
  AVERAGE         65                        64      1       54

PRECIPITATION (IN)
  YESTERDAY        0.00          4.55 1982   0.14  -0.14     0.99
  MONTH TO DATE    6.50                      2.74   3.76     3.23
  SINCE MAR 1     11.78                      7.28   4.50     7.98
  SINCE JAN 1     19.50                     17.95   1.55    18.75

SNOWFALL (IN)
  YESTERDAY        0.0                       0.0    0.0
  MONTH TO DATE    0.0                       0.0    0.0
  SINCE MAR 1      0.0                       0.3   -0.3
  SINCE JUL 1      0.8                       0.7    0.1

DEGREE DAYS
 HEATING
  YESTERDAY        0                         3     -3
  MONTH TO DATE   99                        94      5
  SINCE MAR 1    439                       388     51
  SINCE JUL 1   2756                      2478    278
..................................................................


WIND (MPH)
  HIGHEST WIND SPEED    21   HIGHEST WIND DIRECTION    NE (30)
  HIGHEST GUST SPEED    28   HIGHEST GUST DIRECTION    NE (40)
  AVERAGE WIND SPEED     6.6


SKY COVER
  AVERAGE SKY COVER 0.0


WEATHER CONDITIONS
 THE FOLLOWING WEATHER WAS RECORDED YESTERDAY.
  FOG


RELATIVE HUMIDITY (PERCENT)
 HIGHEST    89           200 AM
 LOWEST     25           200 PM
 AVERAGE    57

..........................................................


THE TUSCALOOSA CLIMATE NORMALS FOR TODAY
                         NORMAL    RECORD    YEAR
 MAXIMUM TEMPERATURE (F)   77        89      2006
                                             1987
 MINIMUM TEMPERATURE (F)   51        34      1953


SUNRISE AND SUNSET
APRIL 20 2014.........SUNRISE   614 AM CDT   SUNSET   725 PM CDT
APRIL 21 2014.........SUNRISE   613 AM CDT   SUNSET   725 PM CDT


-  INDICATES NEGATIVE NUMBERS.
R  INDICATES RECORD WAS SET OR TIED.
MM INDICATES DATA IS MISSING.
T  INDICATES TRACE AMOUNT.




$$
