000
CDUS44 KBMX 010953
CLITCL


CLIMATE REPORT
NATIONAL WEATHER SERVICE BIRMINGHAM, AL
453 AM CDT MON SEP 1 2014


...................................

...THE TUSCALOOSA CLIMATE SUMMARY FOR AUGUST 31 2014...

CLIMATE NORMAL PERIOD 1981 TO 2010
CLIMATE RECORD PERIOD 1948 TO 2014


WEATHER ITEM   OBSERVED TIME   RECORD YEAR NORMAL DEPARTURE LAST
                VALUE   (LST)  VALUE       VALUE  FROM      YEAR
                                                  NORMAL
..................................................................
TEMPERATURE (F)
 YESTERDAY
  MAXIMUM         92    214 PM 104    1951  91      1       95
  MINIMUM         71    428 AM  55    1968  69      2       73
  AVERAGE         82                        80      2       84

PRECIPITATION (IN)
  YESTERDAY        T             2.14 1950   0.10  -0.10     0.00
  MONTH TO DATE    2.55                      3.30  -0.75     4.02
  SINCE JUN 1      8.62                     12.47  -3.85    16.86
  SINCE JAN 1     33.66                     35.87  -2.21    38.82

..................................................................


WIND (MPH)
  HIGHEST WIND SPEED    14   HIGHEST WIND DIRECTION     S (200)
  HIGHEST GUST SPEED    19   HIGHEST GUST DIRECTION     S (200)
  AVERAGE WIND SPEED     4.5


SKY COVER
  AVERAGE SKY COVER 0.3


WEATHER CONDITIONS
 THE FOLLOWING WEATHER WAS RECORDED YESTERDAY.
  NO SIGNIFICANT WEATHER WAS OBSERVED.


RELATIVE HUMIDITY (PERCENT)
 HIGHEST    93          1200 AM
 LOWEST     47           300 PM
 AVERAGE    70

..........................................................


THE TUSCALOOSA CLIMATE NORMALS FOR TODAY
                         NORMAL    RECORD    YEAR
 MAXIMUM TEMPERATURE (F)   91       104      1951
 MINIMUM TEMPERATURE (F)   69        58      1968
                                             1954


SUNRISE AND SUNSET
SEPTEMBER  1 2014.....SUNRISE   625 AM CDT   SUNSET   716 PM CDT
SEPTEMBER  2 2014.....SUNRISE   625 AM CDT   SUNSET   714 PM CDT


-  INDICATES NEGATIVE NUMBERS.
R  INDICATES RECORD WAS SET OR TIED.
MM INDICATES DATA IS MISSING.
T  INDICATES TRACE AMOUNT.




$$
