000
CDUS44 KBMX 010933
CLITCL


CLIMATE REPORT
NATIONAL WEATHER SERVICE BIRMINGHAM, AL
431 AM CDT WED APR 1 2015


...................................

...THE TUSCALOOSA CLIMATE SUMMARY FOR MARCH 31 2015...

CLIMATE NORMAL PERIOD 1994 TO 1994
CLIMATE RECORD PERIOD 1994 TO 2015


WEATHER ITEM   OBSERVED TIME   RECORD YEAR NORMAL DEPARTURE LAST
                VALUE   (LST)  VALUE       VALUE  FROM      YEAR
                                                  NORMAL
..................................................................
TEMPERATURE (F)
 YESTERDAY
  MAXIMUM         81    322 PM  87    1978  73      8       79
  MINIMUM         51    519 AM  28    2003  46      5       37
  AVERAGE         66                        59      7       58

PRECIPITATION (IN)
  YESTERDAY        0.14          1.31 1962   0.14   0.00     0.00
  MONTH TO DATE    3.44                      4.54  -1.10     5.28
  SINCE MAR 1      3.44                      4.54  -1.10     5.28
  SINCE JAN 1     14.19                     15.21  -1.02    13.00

SNOWFALL (IN)
  YESTERDAY        0.0                       0.0    0.0
  MONTH TO DATE    T                         0.3   -0.3
  SINCE MAR 1      T                         0.3   -0.3
  SINCE JUL 1      T                         0.7   -0.7

DEGREE DAYS
 HEATING
  YESTERDAY        0                         7     -7
  MONTH TO DATE  215                       294    -79
  SINCE MAR 1    215                       294    -79
  SINCE JUL 1   2510                      2384    126
..................................................................


WIND (MPH)
  HIGHEST WIND SPEED    24   HIGHEST WIND DIRECTION     W (290)
  HIGHEST GUST SPEED    33   HIGHEST GUST DIRECTION    NW (320)
  AVERAGE WIND SPEED     3.5


SKY COVER
  AVERAGE SKY COVER 0.3


WEATHER CONDITIONS
 THE FOLLOWING WEATHER WAS RECORDED YESTERDAY.
  THUNDERSTORM
  RAIN
  LIGHT RAIN
  FOG


RELATIVE HUMIDITY (PERCENT)
 HIGHEST   100          1100 PM
 LOWEST     45           200 PM
 AVERAGE    73

..........................................................


THE TUSCALOOSA CLIMATE NORMALS FOR TODAY
                         NORMAL    RECORD    YEAR
 MAXIMUM TEMPERATURE (F)   73        87      1978
                                             1970
 MINIMUM TEMPERATURE (F)   46        29      1987


SUNRISE AND SUNSET
APRIL  1 2015.........SUNRISE   639 AM CDT   SUNSET   711 PM CDT
APRIL  2 2015.........SUNRISE   637 AM CDT   SUNSET   711 PM CDT


-  INDICATES NEGATIVE NUMBERS.
R  INDICATES RECORD WAS SET OR TIED.
MM INDICATES DATA IS MISSING.
T  INDICATES TRACE AMOUNT.




$$
