000
CDUS42 KTAE 270636
CLITLH


CLIMATE REPORT
NATIONAL WEATHER SERVICE TALLAHASSEE FL
136 AM EST TUE JAN 27 2015


...................................

...THE TALLAHASSEE CLIMATE SUMMARY FOR JANUARY 26 2015...

CLIMATE NORMAL PERIOD 1981 TO 2010
CLIMATE RECORD PERIOD 1896 TO 2015


WEATHER ITEM   OBSERVED TIME   RECORD YEAR NORMAL DEPARTURE LAST
                VALUE   (LST)  VALUE       VALUE  FROM      YEAR
                                                  NORMAL
..................................................................
TEMPERATURE (F)
 YESTERDAY
  MAXIMUM         61    231 PM  80    1950  64     -3
                                      1949
  MINIMUM         37   1159 PM  17    1905  39     -2
  AVERAGE         49                        52     -3

PRECIPITATION (IN)
  YESTERDAY        0.00          3.05 2004   0.15  -0.15     0.00
  MONTH TO DATE    4.76                      3.55   1.21     3.04
  SINCE DEC 1     13.54                      7.45   6.09     7.93
  SINCE JAN 1      4.76                      3.55   1.21     3.04

SNOWFALL (IN)
  YESTERDAY        0.0                       0.0    0.0

DEGREE DAYS
 HEATING
  YESTERDAY       16                                3
  MONTH TO DATE  305                              -58
  SINCE DEC 1    555                             -187
  SINCE JUL 1    906                              -72

 COOLING
  YESTERDAY        0                                0
  MONTH TO DATE    7                                7
  SINCE DEC 1     20                                7
  SINCE JAN 1      7                                7
..................................................................


WIND (MPH)
  HIGHEST WIND SPEED    24   HIGHEST WIND DIRECTION     W (290)
  HIGHEST GUST SPEED    32   HIGHEST GUST DIRECTION     W (280)
  AVERAGE WIND SPEED    10.3




RELATIVE HUMIDITY (PERCENT)
 HIGHEST    93
 LOWEST     40
 AVERAGE    67

..........................................................


THE TALLAHASSEE CLIMATE NORMALS FOR TODAY
                         NORMAL    RECORD    YEAR
 MAXIMUM TEMPERATURE (F)   64        80      1974
                                             1950
 MINIMUM TEMPERATURE (F)   39        15      1940


SUNRISE AND SUNSET
JANUARY 27 2015.......SUNRISE   731 AM EST   SUNSET   610 PM EST
JANUARY 28 2015.......SUNRISE   731 AM EST   SUNSET   610 PM EST


-  INDICATES NEGATIVE NUMBERS.
R  INDICATES RECORD WAS SET OR TIED.
MM INDICATES DATA IS MISSING.
T  INDICATES TRACE AMOUNT.




$$
