000
CDUS42 KTAE 280632
CLITLH


CLIMATE REPORT
NATIONAL WEATHER SERVICE TALLAHASSEE FL
231 AM EDT THU AUG 28 2014


...................................

...THE TALLAHASSEE CLIMATE SUMMARY FOR AUGUST 27 2014...

CLIMATE NORMAL PERIOD 1981 TO 2010
CLIMATE RECORD PERIOD 1896 TO 2014


WEATHER ITEM   OBSERVED TIME   RECORD YEAR NORMAL DEPARTURE LAST
                VALUE   (LST)  VALUE       VALUE  FROM      YEAR
                                                  NORMAL
..................................................................
TEMPERATURE (F)
 YESTERDAY
  MAXIMUM         96    337 PM 102    2011  91      5
  MINIMUM         70    607 AM  61    1969  72     -2
  AVERAGE         83                        81      2

PRECIPITATION (IN)
  YESTERDAY        0.00          2.45 1901   0.20  -0.20      T
  MONTH TO DATE    1.93                      6.60  -4.67     7.52
  SINCE JUN 1      8.66                     21.50 -12.84    29.80
  SINCE JAN 1     40.75                     43.16  -2.41    52.19

SNOWFALL (IN)
  YESTERDAY        0.0                       0.0    0.0

DEGREE DAYS
 HEATING
  YESTERDAY        0                                0
  MONTH TO DATE    0                                0
  SINCE JUN 1      0                                0
  SINCE JUL 1      0                                0

 COOLING
  YESTERDAY       18                                2
  MONTH TO DATE  542                               85
  SINCE JUN 1   1608                              165
  SINCE JAN 1   2097                              208
..................................................................


WIND (MPH)
  HIGHEST WIND SPEED    12   HIGHEST WIND DIRECTION     N (10)
  HIGHEST GUST SPEED    31   HIGHEST GUST DIRECTION    NW (330)
  AVERAGE WIND SPEED     3.0




RELATIVE HUMIDITY (PERCENT)
 HIGHEST    90
 LOWEST     30
 AVERAGE    60

..........................................................


THE TALLAHASSEE CLIMATE NORMALS FOR TODAY
                         NORMAL    RECORD    YEAR
 MAXIMUM TEMPERATURE (F)   91       100      2011
 MINIMUM TEMPERATURE (F)   72        61      1927


SUNRISE AND SUNSET
AUGUST 28 2014........SUNRISE   712 AM EDT   SUNSET   805 PM EDT
AUGUST 29 2014........SUNRISE   712 AM EDT   SUNSET   804 PM EDT


-  INDICATES NEGATIVE NUMBERS.
R  INDICATES RECORD WAS SET OR TIED.
MM INDICATES DATA IS MISSING.
T  INDICATES TRACE AMOUNT.




$$
