000
CDUS42 KTAE 200631
CLITLH


CLIMATE REPORT
NATIONAL WEATHER SERVICE TALLAHASSEE FL
131 AM EST MON FEB 20 2017


...................................

...THE TALLAHASSEE CLIMATE SUMMARY FOR FEBRUARY 19 2017...

CLIMATE NORMAL PERIOD 1981 TO 2010
CLIMATE RECORD PERIOD 1896 TO 2017


WEATHER ITEM   OBSERVED TIME   RECORD YEAR NORMAL DEPARTURE LAST
                VALUE   (LST)  VALUE       VALUE  FROM      YEAR
                                                  NORMAL
..................................................................
TEMPERATURE (F)
 YESTERDAY
  MAXIMUM         81    420 PM  86    2000  68     13       74
  MINIMUM         57   1155 PM  20    1928  43     14       40
  AVERAGE         69                        56     13       57

PRECIPITATION (IN)
  YESTERDAY        0.00          2.20 1927   0.19  -0.19     0.00
  MONTH TO DATE    1.52                      3.11  -1.59     3.83
  SINCE DEC 1     12.93                     11.35   1.58    12.85
  SINCE JAN 1      8.73                      7.45   1.28     8.08

SNOWFALL (IN)
  YESTERDAY        0.0                       0.0    0.0

DEGREE DAYS
 HEATING
  YESTERDAY        0                              -10
  MONTH TO DATE   90                             -127
  SINCE DEC 1    520                             -507
  SINCE JUL 1    633                             -630

 COOLING
  YESTERDAY        4                                4
  MONTH TO DATE   15                               15
  SINCE DEC 1     88                               70
  SINCE JAN 1     45                               40
..................................................................


WIND (MPH)
  HIGHEST WIND SPEED    14   HIGHEST WIND DIRECTION     W (290)
  HIGHEST GUST SPEED    26   HIGHEST GUST DIRECTION     W (260)
  AVERAGE WIND SPEED     3.0




RELATIVE HUMIDITY (PERCENT)
 HIGHEST   100
 LOWEST     42
 AVERAGE    71

..........................................................


THE TALLAHASSEE CLIMATE NORMALS FOR TODAY
                         NORMAL    RECORD    YEAR
 MAXIMUM TEMPERATURE (F)   69        84      1918
 MINIMUM TEMPERATURE (F)   43        22      2015


SUNRISE AND SUNSET
FEBRUARY 20 2017......SUNRISE   713 AM EST   SUNSET   630 PM EST
FEBRUARY 21 2017......SUNRISE   712 AM EST   SUNSET   631 PM EST


-  INDICATES NEGATIVE NUMBERS.
R  INDICATES RECORD WAS SET OR TIED.
MM INDICATES DATA IS MISSING.
T  INDICATES TRACE AMOUNT.




$$
