000
CDUS42 KTAE 260635
CLITLH


CLIMATE REPORT
NATIONAL WEATHER SERVICE TALLAHASSEE FL
135 AM EST WED NOV 26 2014


...................................

...THE TALLAHASSEE CLIMATE SUMMARY FOR NOVEMBER 25 2014...

CLIMATE NORMAL PERIOD 1981 TO 2010
CLIMATE RECORD PERIOD 1896 TO 2014


WEATHER ITEM   OBSERVED TIME   RECORD YEAR NORMAL DEPARTURE LAST
                VALUE   (LST)  VALUE       VALUE  FROM      YEAR
                                                  NORMAL
..................................................................
TEMPERATURE (F)
 YESTERDAY
  MAXIMUM         63    242 AM  83    1927  70     -7
  MINIMUM         48   1159 PM  13    1970  45      3
  AVERAGE         56                        58     -2

PRECIPITATION (IN)
  YESTERDAY        0.36          4.17 1972   0.12   0.24     0.00
  MONTH TO DATE    5.59                      2.85   2.74     0.83
  SINCE SEP 1     17.28                     10.77   6.51     5.03
  SINCE JAN 1     58.36                     54.68   3.68    58.32

SNOWFALL (IN)
  YESTERDAY       MM                         0.0   MM

DEGREE DAYS
 HEATING
  YESTERDAY        9                                1
  MONTH TO DATE  252                              108
  SINCE SEP 1    277                               86
  SINCE JUL 1    277                               86

 COOLING
  YESTERDAY        0                               -1
  MONTH TO DATE   13                              -29
  SINCE SEP 1    621                               -1
  SINCE JAN 1   2792                              217
..................................................................


WIND (MPH)
  HIGHEST WIND SPEED    20   HIGHEST WIND DIRECTION    NW (330)
  HIGHEST GUST SPEED    26   HIGHEST GUST DIRECTION    NW (330)
  AVERAGE WIND SPEED     8.2




RELATIVE HUMIDITY (PERCENT)
 HIGHEST    93
 LOWEST     80
 AVERAGE    87

..........................................................


THE TALLAHASSEE CLIMATE NORMALS FOR TODAY
                         NORMAL    RECORD    YEAR
 MAXIMUM TEMPERATURE (F)   70        83      1927
 MINIMUM TEMPERATURE (F)   45        19      1950


SUNRISE AND SUNSET
NOVEMBER 26 2014......SUNRISE   712 AM EST   SUNSET   537 PM EST
NOVEMBER 27 2014......SUNRISE   713 AM EST   SUNSET   537 PM EST


-  INDICATES NEGATIVE NUMBERS.
R  INDICATES RECORD WAS SET OR TIED.
MM INDICATES DATA IS MISSING.
T  INDICATES TRACE AMOUNT.




$$
