000
CDUS42 KTAE 090635
CLITLH


CLIMATE REPORT
NATIONAL WEATHER SERVICE TALLAHASSEE FL
135 AM EST TUE FEB 9 2016


...................................

...THE TALLAHASSEE CLIMATE SUMMARY FOR FEBRUARY 8 2016...

CLIMATE NORMAL PERIOD 1981 TO 2010
CLIMATE RECORD PERIOD 1896 TO 2016


WEATHER ITEM   OBSERVED TIME   RECORD YEAR NORMAL DEPARTURE LAST
                VALUE   (LST)  VALUE       VALUE  FROM      YEAR
                                                  NORMAL
..................................................................
TEMPERATURE (F)
 YESTERDAY
  MAXIMUM         68    251 PM  84    1932  66      2       73
  MINIMUM         29    741 AM  11    1895  41    -12       35
  AVERAGE         49                        53     -4       54

PRECIPITATION (IN)
  YESTERDAY        T             1.68 1933   0.17  -0.17     0.00
  MONTH TO DATE    2.76                      1.27   1.49     2.08
  SINCE DEC 1     11.78                      9.51   2.27    15.62
  SINCE JAN 1      7.01                      5.61   1.40     6.84

SNOWFALL (IN)
  YESTERDAY       MM                         0.0   MM

DEGREE DAYS
 HEATING
  YESTERDAY       16                                4
  MONTH TO DATE   90                               -9
  SINCE DEC 1    597                             -312
  SINCE JUL 1    642                             -503

 COOLING
  YESTERDAY        0                                0
  MONTH TO DATE    1                                1
  SINCE DEC 1    111                               93
  SINCE JAN 1      1                               -4
..................................................................


WIND (MPH)
  HIGHEST WIND SPEED    32   HIGHEST WIND DIRECTION     W (250)
  HIGHEST GUST SPEED    47   HIGHEST GUST DIRECTION     W (270)
  AVERAGE WIND SPEED    10.9




RELATIVE HUMIDITY (PERCENT)
 HIGHEST    85
 LOWEST     28
 AVERAGE    57

..........................................................


THE TALLAHASSEE CLIMATE NORMALS FOR TODAY
                         NORMAL    RECORD    YEAR
 MAXIMUM TEMPERATURE (F)   66        85      1932
 MINIMUM TEMPERATURE (F)   41        15      1895


SUNRISE AND SUNSET
FEBRUARY  9 2016......SUNRISE   723 AM EST   SUNSET   621 PM EST
FEBRUARY 10 2016......SUNRISE   722 AM EST   SUNSET   621 PM EST


-  INDICATES NEGATIVE NUMBERS.
R  INDICATES RECORD WAS SET OR TIED.
MM INDICATES DATA IS MISSING.
T  INDICATES TRACE AMOUNT.




$$
