000
CDUS42 KTAE 300633
CLITLH


CLIMATE REPORT
NATIONAL WEATHER SERVICE TALLAHASSEE FL
233 AM EDT THU MAR 30 2017


...................................

...THE TALLAHASSEE CLIMATE SUMMARY FOR MARCH 29 2017...

CLIMATE NORMAL PERIOD 1981 TO 2010
CLIMATE RECORD PERIOD 1896 TO 2017


WEATHER ITEM   OBSERVED TIME   RECORD YEAR NORMAL DEPARTURE LAST
                VALUE   (LST)  VALUE       VALUE  FROM      YEAR
                                                  NORMAL
..................................................................
TEMPERATURE (F)
 YESTERDAY
  MAXIMUM         87    400 PM  89    2007  76     11       77
  MINIMUM         57    328 AM  32    1955  49      8       59
  AVERAGE         72                        63      9       68

PRECIPITATION (IN)
  YESTERDAY        0.00          2.11 1987   0.17  -0.17     0.00
  MONTH TO DATE    1.05                      5.61  -4.56     6.50
  SINCE MAR 1      1.05                      5.61  -4.56     6.50
  SINCE JAN 1     10.98                     14.80  -3.82    15.20

SNOWFALL (IN)
  YESTERDAY        0.0                       0.0    0.0

DEGREE DAYS
 HEATING
  YESTERDAY        0                               -4
  MONTH TO DATE  128                              -44
  SINCE MAR 1    128                              -44
  SINCE JUL 1    776                             -739

 COOLING
  YESTERDAY        7                                5
  MONTH TO DATE   66                               32
  SINCE MAR 1     66                               32
  SINCE JAN 1    126                               78
..................................................................


WIND (MPH)
  HIGHEST WIND SPEED    16   HIGHEST WIND DIRECTION    SW (220)
  HIGHEST GUST SPEED    20   HIGHEST GUST DIRECTION     S (180)
  AVERAGE WIND SPEED     4.3




RELATIVE HUMIDITY (PERCENT)
 HIGHEST   100
 LOWEST     37
 AVERAGE    69

..........................................................


THE TALLAHASSEE CLIMATE NORMALS FOR TODAY
                         NORMAL    RECORD    YEAR
 MAXIMUM TEMPERATURE (F)   77        88      1946
                                             1929
 MINIMUM TEMPERATURE (F)   49        31      1964


SUNRISE AND SUNSET
MARCH 30 2017.........SUNRISE   729 AM EDT   SUNSET   755 PM EDT
MARCH 31 2017.........SUNRISE   728 AM EDT   SUNSET   756 PM EDT


-  INDICATES NEGATIVE NUMBERS.
R  INDICATES RECORD WAS SET OR TIED.
MM INDICATES DATA IS MISSING.
T  INDICATES TRACE AMOUNT.




$$
