000
CDUS42 KTAE 240632
CLITLH


CLIMATE REPORT
NATIONAL WEATHER SERVICE TALLAHASSEE FL
232 AM EDT SUN MAY 24 2015


...................................

...THE TALLAHASSEE CLIMATE SUMMARY FOR MAY 23 2015...

CLIMATE NORMAL PERIOD 1981 TO 2010
CLIMATE RECORD PERIOD 1896 TO 2015


WEATHER ITEM   OBSERVED TIME   RECORD YEAR NORMAL DEPARTURE LAST
                VALUE   (LST)  VALUE       VALUE  FROM      YEAR
                                                  NORMAL
..................................................................
TEMPERATURE (F)
 YESTERDAY
  MAXIMUM         91    437 PM  99    1996  89      2       95
                                      1948
  MINIMUM         68   1210 AM  48    1993  64      4       65
  AVERAGE         80                        76      4       80

PRECIPITATION (IN)
  YESTERDAY        0.00          3.02 1976   0.13  -0.13     0.00
  MONTH TO DATE    1.08                      2.26  -1.18     1.10
  SINCE MAR 1      8.50                     11.26  -2.76    23.79
  SINCE JAN 1     17.69                     20.45  -2.76    31.84

SNOWFALL (IN)
  YESTERDAY        0.0                       0.0    0.0

DEGREE DAYS
 HEATING
  YESTERDAY        0                                0
  MONTH TO DATE    0                               -3
  SINCE MAR 1     75                             -175
  SINCE JUL 1   1441                             -152

 COOLING
  YESTERDAY       15                                4
  MONTH TO DATE  292                               97
  SINCE MAR 1    687                              353
  SINCE JAN 1    694                              346
..................................................................


WIND (MPH)
  HIGHEST WIND SPEED    16   HIGHEST WIND DIRECTION     E (100)
  HIGHEST GUST SPEED    21   HIGHEST GUST DIRECTION     E (100)
  AVERAGE WIND SPEED     9.1




RELATIVE HUMIDITY (PERCENT)
 HIGHEST    84
 LOWEST     38
 AVERAGE    61

..........................................................


THE TALLAHASSEE CLIMATE NORMALS FOR TODAY
                         NORMAL    RECORD    YEAR
 MAXIMUM TEMPERATURE (F)   89       100      1941
 MINIMUM TEMPERATURE (F)   64        52      2001
                                             1892


SUNRISE AND SUNSET
MAY 24 2015...........SUNRISE   639 AM EDT   SUNSET   830 PM EDT
MAY 25 2015...........SUNRISE   638 AM EDT   SUNSET   831 PM EDT


-  INDICATES NEGATIVE NUMBERS.
R  INDICATES RECORD WAS SET OR TIED.
MM INDICATES DATA IS MISSING.
T  INDICATES TRACE AMOUNT.




$$
