000
CDUS42 KTAE 310637
CLITLH


CLIMATE REPORT
NATIONAL WEATHER SERVICE TALLAHASSEE FL
236 AM EDT MON AUG 31 2015


...................................

...THE TALLAHASSEE CLIMATE SUMMARY FOR AUGUST 30 2015...

CLIMATE NORMAL PERIOD 1981 TO 2010
CLIMATE RECORD PERIOD 1896 TO 2015


WEATHER ITEM   OBSERVED TIME   RECORD YEAR NORMAL DEPARTURE LAST
                VALUE   (LST)  VALUE       VALUE  FROM      YEAR
                                                  NORMAL
..................................................................
TEMPERATURE (F)
 YESTERDAY
  MAXIMUM         94    445 PM 100    1933  91      3       96
  MINIMUM         71    506 AM  61    1992  72     -1       74
                                      1986
  AVERAGE         83                        81      2       85

PRECIPITATION (IN)
  YESTERDAY        0.00          3.50 1911   0.19  -0.19     0.19
  MONTH TO DATE    6.07                      7.17  -1.10     2.25
  SINCE JUN 1     19.21                     22.07  -2.86     8.98
  SINCE JAN 1     37.74                     43.73  -5.99    41.07

SNOWFALL (IN)
  YESTERDAY        0.0                       0.0    0.0

DEGREE DAYS
 HEATING
  YESTERDAY        0                                0
  MONTH TO DATE    0                                0
  SINCE JUN 1      0                                0
  SINCE JUL 1      0                                0

 COOLING
  YESTERDAY       18                                2
  MONTH TO DATE  587                               82
  SINCE JUN 1   1755                              264
  SINCE JAN 1   2576                              639
..................................................................


WIND (MPH)
  HIGHEST WIND SPEED    13   HIGHEST WIND DIRECTION     N (350)
  HIGHEST GUST SPEED    15   HIGHEST GUST DIRECTION     N (340)
  AVERAGE WIND SPEED     3.7




RELATIVE HUMIDITY (PERCENT)
 HIGHEST    94
 LOWEST     44
 AVERAGE    69

..........................................................


THE TALLAHASSEE CLIMATE NORMALS FOR TODAY
                         NORMAL    RECORD    YEAR
 MAXIMUM TEMPERATURE (F)   91        97      2014
                                             1998
                                             1954
 MINIMUM TEMPERATURE (F)   71        58      1992


SUNRISE AND SUNSET
AUGUST 31 2015........SUNRISE   713 AM EDT   SUNSET   802 PM EDT
SEPTEMBER  1 2015.....SUNRISE   714 AM EDT   SUNSET   800 PM EDT


-  INDICATES NEGATIVE NUMBERS.
R  INDICATES RECORD WAS SET OR TIED.
MM INDICATES DATA IS MISSING.
T  INDICATES TRACE AMOUNT.




$$
