000
CDUS42 KTAE 250636
CLITLH


CLIMATE REPORT
NATIONAL WEATHER SERVICE TALLAHASSEE FL
236 AM EDT WED MAY 25 2016


...................................

...THE TALLAHASSEE CLIMATE SUMMARY FOR MAY 24 2016...

CLIMATE NORMAL PERIOD 1981 TO 2010
CLIMATE RECORD PERIOD 1896 TO 2016


WEATHER ITEM   OBSERVED TIME   RECORD YEAR NORMAL DEPARTURE LAST
                VALUE   (LST)  VALUE       VALUE  FROM      YEAR
                                                  NORMAL
..................................................................
TEMPERATURE (F)
 YESTERDAY
  MAXIMUM         92    437 PM 100    1941  89      3       92
  MINIMUM         60    549 AM  52    2001  64     -4       73
                                      1892
  AVERAGE         76                        76      0       83

PRECIPITATION (IN)
  YESTERDAY        0.00          1.45 1935   0.14  -0.14     0.00
  MONTH TO DATE    1.63                      2.40  -0.77     1.08
  SINCE MAR 1     14.62                     11.40   3.22     8.50
  SINCE JAN 1     23.32                     20.59   2.73    17.69

SNOWFALL (IN)
  YESTERDAY        0.0                       0.0    0.0

DEGREE DAYS
 HEATING
  YESTERDAY        0                                0
  MONTH TO DATE    0                               -3
  SINCE MAR 1     98                             -152
  SINCE JUL 1    943                             -650

 COOLING
  YESTERDAY       11                               -1
  MONTH TO DATE  241                               34
  SINCE MAR 1    496                              150
  SINCE JAN 1    499                              139
..................................................................


WIND (MPH)
  HIGHEST WIND SPEED    13   HIGHEST WIND DIRECTION     E (80)
  HIGHEST GUST SPEED    19   HIGHEST GUST DIRECTION    NE (60)
  AVERAGE WIND SPEED     2.5




RELATIVE HUMIDITY (PERCENT)
 HIGHEST    84
 LOWEST     24
 AVERAGE    54

..........................................................


THE TALLAHASSEE CLIMATE NORMALS FOR TODAY
                         NORMAL    RECORD    YEAR
 MAXIMUM TEMPERATURE (F)   89       100      1953
 MINIMUM TEMPERATURE (F)   65        48      1979


SUNRISE AND SUNSET
MAY 25 2016...........SUNRISE   638 AM EDT   SUNSET   831 PM EDT
MAY 26 2016...........SUNRISE   638 AM EDT   SUNSET   832 PM EDT


-  INDICATES NEGATIVE NUMBERS.
R  INDICATES RECORD WAS SET OR TIED.
MM INDICATES DATA IS MISSING.
T  INDICATES TRACE AMOUNT.




$$
