000
CDUS44 KBMX 230016
CLITOI


CLIMATE REPORT
NATIONAL WEATHER SERVICE BIRMINGHAM, AL
716 PM CDT TUE APR 22 2014


...................................

...THE TROY CLIMATE SUMMARY FOR APRIL 22 2014...
VALID TODAY AS OF 0700 PM LOCAL TIME.

CLIMATE NORMAL PERIOD 1981 TO 2010
CLIMATE RECORD PERIOD 9999 TO 9999


WEATHER ITEM   OBSERVED TIME   RECORD YEAR NORMAL DEPARTURE LAST
                VALUE   (LST)  VALUE       VALUE  FROM      YEAR
                                                  NORMAL
..................................................................
TEMPERATURE (F)
 TODAY
  MAXIMUM         78   1212 PM  MM      MM  78      0       74
  MINIMUM         53    534 AM  MM      MM  51      2       52
  AVERAGE         66                        65      1       63

PRECIPITATION (IN)
  TODAY            0.09                      0.11  -0.02     0.00
  MONTH TO DATE    8.89                      3.30   5.59     2.51
  SINCE MAR 1     14.58                      9.33   5.25     6.29
  SINCE JAN 1     23.64                     18.46   5.18    21.58

SNOWFALL (IN)
  TODAY            0.0                      MM     MM        0.0
  MONTH TO DATE    0.0                      MM     MM        0.0
  SINCE MAR 1      0.0                      MM     MM        0.0
  SINCE JUL 1      0.3                      MM     MM        0.0
  SNOW DEPTH       0

DEGREE DAYS
 HEATING
  TODAY            0                         3     -3        2
  MONTH TO DATE   82                        98    -16      106
  SINCE MAR 1    379                       380     -1      535
  SINCE JUL 1   2319                      2299     20     2141

 COOLING
  TODAY            1                         2     -1        0
  MONTH TO DATE   24                        35    -11       45
  SINCE MAR 1     25                        49    -24       50
  SINCE JAN 1     36                        54    -18       70
..................................................................


WIND (MPH)
  HIGHEST WIND SPEED    14   HIGHEST WIND DIRECTION    SW (220)
  HIGHEST GUST SPEED    18   HIGHEST GUST DIRECTION    SW (220)
  AVERAGE WIND SPEED     4.1


SKY COVER
  AVERAGE SKY COVER 0.6


WEATHER CONDITIONS
 THE FOLLOWING WEATHER WAS RECORDED TODAY.
  HEAVY RAIN
  LIGHT RAIN
  FOG
  FOG W/VISIBILITY <= 1/4 MILE


RELATIVE HUMIDITY (PERCENT)
 HIGHEST    93          1200 AM
 LOWEST     54          1100 AM
 AVERAGE    74

..........................................................


THE TROY CLIMATE NORMALS FOR TOMORROW
                         NORMAL    RECORD    YEAR
 MAXIMUM TEMPERATURE (F)   78        MM        MM
 MINIMUM TEMPERATURE (F)   52        MM        MM


SUNRISE AND SUNSET
APRIL 22 2014.........SUNRISE   608 AM CDT   SUNSET   718 PM CDT
APRIL 23 2014.........SUNRISE   606 AM CDT   SUNSET   719 PM CDT


-  INDICATES NEGATIVE NUMBERS.
R  INDICATES RECORD WAS SET OR TIED.
MM INDICATES DATA IS MISSING.
T  INDICATES TRACE AMOUNT.




$$
