000
CDUS44 KBMX 300803
CLITOI


CLIMATE REPORT
NATIONAL WEATHER SERVICE BIRMINGHAM, AL
303 AM CDT MON MAR 30 2015


...................................

...THE TROY CLIMATE SUMMARY FOR MARCH 29 2015...

CLIMATE NORMAL PERIOD 1981 TO 2010
CLIMATE RECORD PERIOD 9999 TO 9999


WEATHER ITEM   OBSERVED TIME   RECORD YEAR NORMAL DEPARTURE LAST
                VALUE   (LST)  VALUE       VALUE  FROM      YEAR
                                                  NORMAL
..................................................................
TEMPERATURE (F)
 YESTERDAY
  MAXIMUM         69    401 PM  MM      MM  73     -4       72
  MINIMUM         43    502 AM  MM      MM  46     -3       48
  AVERAGE         56                        59     -3       60

PRECIPITATION (IN)
  YESTERDAY        0.00                      0.22  -0.22     0.25
  MONTH TO DATE    2.42                      5.61  -3.19     5.69
  SINCE MAR 1      2.42                      5.61  -3.19     5.69
  SINCE JAN 1      9.33                     14.74  -5.41    14.75

SNOWFALL (IN)
  YESTERDAY        0.0                      MM     MM        0.0
  MONTH TO DATE    0.0                      MM     MM        0.0
  SINCE MAR 1      0.0                      MM     MM        0.0
  SINCE JUL 1      0.0                      MM     MM        0.3
  SNOW DEPTH       0

DEGREE DAYS
 HEATING
  YESTERDAY        9                         7      2        5
  MONTH TO DATE  146                       270   -124      281
  SINCE MAR 1    146                       270   -124      281
  SINCE JUL 1   2147                      2189    -42     2221

 COOLING
  YESTERDAY        0                         1     -1        0
  MONTH TO DATE   56                         9     47        1
  SINCE MAR 1     56                         9     47        1
  SINCE JAN 1     58                        14     44       12
..................................................................


WIND (MPH)
  HIGHEST WIND SPEED    12   HIGHEST WIND DIRECTION     E (110)
  HIGHEST GUST SPEED    16   HIGHEST GUST DIRECTION     E (110)
  AVERAGE WIND SPEED     4.9


SKY COVER
  AVERAGE SKY COVER 0.6


WEATHER CONDITIONS
 THE FOLLOWING WEATHER WAS RECORDED YESTERDAY.
  NO SIGNIFICANT WEATHER WAS OBSERVED.


RELATIVE HUMIDITY (PERCENT)
 HIGHEST    72          1100 PM
 LOWEST     27          1000 AM
 AVERAGE    50

..........................................................


THE TROY CLIMATE NORMALS FOR TODAY
                         NORMAL    RECORD    YEAR
 MAXIMUM TEMPERATURE (F)   73        MM        MM
 MINIMUM TEMPERATURE (F)   46        MM        MM


SUNRISE AND SUNSET
MARCH 30 2015.........SUNRISE   635 AM CDT   SUNSET   702 PM CDT
MARCH 31 2015.........SUNRISE   634 AM CDT   SUNSET   703 PM CDT


-  INDICATES NEGATIVE NUMBERS.
R  INDICATES RECORD WAS SET OR TIED.
MM INDICATES DATA IS MISSING.
T  INDICATES TRACE AMOUNT.




$$
