000
CDUS44 KBMX 312118
CLITOI


CLIMATE REPORT
NATIONAL WEATHER SERVICE BIRMINGHAM, AL
417 PM CDT THU JUL 31 2014


...................................

...THE TROY CLIMATE SUMMARY FOR JULY 31 2014...
VALID AS OF 0400 PM LOCAL TIME.

CLIMATE NORMAL PERIOD 1981 TO 2010
CLIMATE RECORD PERIOD 9999 TO 9999


WEATHER ITEM   OBSERVED TIME   RECORD YEAR NORMAL DEPARTURE LAST
                VALUE   (LST)  VALUE       VALUE  FROM      YEAR
                                                  NORMAL
..................................................................
TEMPERATURE (F)
 TODAY
  MAXIMUM         91    242 PM  MM      MM  91      0       87
  MINIMUM         58    433 AM  MM      MM  70    -12       74
  AVERAGE         75                        81     -6       81

PRECIPITATION (IN)
  TODAY            0.00                      0.18  -0.18     0.03
  MONTH TO DATE    2.12                      5.67  -3.55    13.37
  SINCE JUN 1      4.91                     10.50  -5.59    19.32
  SINCE JAN 1     34.97                     33.33   1.64    42.48

DEGREE DAYS
 COOLING
  TODAY           10                        16     -6       16
  MONTH TO DATE  460                       485    -25      448
  SINCE JUN 1    893                       873     20      893
  SINCE JAN 1   1215                      1160     55     1185
..................................................................


WIND (MPH)
  HIGHEST WIND SPEED    12   HIGHEST WIND DIRECTION     N (20)
  HIGHEST GUST SPEED    20   HIGHEST GUST DIRECTION    NE (40)
  AVERAGE WIND SPEED     1.8


SKY COVER
  AVERAGE SKY COVER 0.0


WEATHER CONDITIONS
 THE FOLLOWING WEATHER WAS RECORDED TODAY.
  NO SIGNIFICANT WEATHER WAS OBSERVED.


RELATIVE HUMIDITY (PERCENT)
 HIGHEST    97           600 AM
 LOWEST     32           100 PM
 AVERAGE    65

..........................................................


THE TROY CLIMATE NORMALS FOR TOMORROW
                         NORMAL    RECORD    YEAR
 MAXIMUM TEMPERATURE (F)   91        MM        MM
 MINIMUM TEMPERATURE (F)   70        MM        MM


SUNRISE AND SUNSET
JULY 31 2014..........SUNRISE   559 AM CDT   SUNSET   741 PM CDT
AUGUST  1 2014........SUNRISE   600 AM CDT   SUNSET   741 PM CDT


-  INDICATES NEGATIVE NUMBERS.
R  INDICATES RECORD WAS SET OR TIED.
MM INDICATES DATA IS MISSING.
T  INDICATES TRACE AMOUNT.




$$
