000
CDUS44 KBMX 010630
CLITOI


CLIMATE REPORT
NATIONAL WEATHER SERVICE BIRMINGHAM, AL
129 AM CDT WED JUL 1 2015


...................................

...THE TROY CLIMATE SUMMARY FOR JUNE 30 2015...

CLIMATE NORMAL PERIOD 1981 TO 2010
CLIMATE RECORD PERIOD 9999 TO 9999


WEATHER ITEM   OBSERVED TIME   RECORD YEAR NORMAL DEPARTURE LAST
                VALUE   (LST)  VALUE       VALUE  FROM      YEAR
                                                  NORMAL
..................................................................
TEMPERATURE (F)
 YESTERDAY
  MAXIMUM         88   1254 PM  MM      MM  91     -3       94
  MINIMUM         70   1159 PM  MM      MM  69      1       72
  AVERAGE         79                        80     -1       83

PRECIPITATION (IN)
  YESTERDAY        T                         0.15  -0.15     0.00
  MONTH TO DATE    4.11                      4.83  -0.72     2.79
  SINCE JUN 1      4.11                      4.83  -0.72     2.79
  SINCE JAN 1     23.93                     27.66  -3.73    32.85

DEGREE DAYS
 COOLING
  YESTERDAY       14                        15     -1       18
  MONTH TO DATE  459                       388     71      433
  SINCE JUN 1    459                       388     71      433
  SINCE JAN 1    942                       675    267      755
..................................................................


WIND (MPH)
  HIGHEST WIND SPEED    20   HIGHEST WIND DIRECTION     W (270)
  HIGHEST GUST SPEED    26   HIGHEST GUST DIRECTION     W (270)
  AVERAGE WIND SPEED     5.4


SKY COVER
  AVERAGE SKY COVER 0.2


WEATHER CONDITIONS
 THE FOLLOWING WEATHER WAS RECORDED YESTERDAY.
  LIGHT RAIN
  FOG


RELATIVE HUMIDITY (PERCENT)
 HIGHEST   100           600 AM
 LOWEST     50           100 PM
 AVERAGE    75

..........................................................


THE TROY CLIMATE NORMALS FOR TODAY
                         NORMAL    RECORD    YEAR
 MAXIMUM TEMPERATURE (F)   91        MM        MM
 MINIMUM TEMPERATURE (F)   69        MM        MM


SUNRISE AND SUNSET
JULY  1 2015..........SUNRISE   542 AM CDT   SUNSET   754 PM CDT
JULY  2 2015..........SUNRISE   542 AM CDT   SUNSET   754 PM CDT


-  INDICATES NEGATIVE NUMBERS.
R  INDICATES RECORD WAS SET OR TIED.
MM INDICATES DATA IS MISSING.
T  INDICATES TRACE AMOUNT.




$$
