000
CDUS44 KBMX 210735
CLITOI


CLIMATE REPORT
NATIONAL WEATHER SERVICE BIRMINGHAM, AL
234 AM CDT FRI JUL 21 2017


...................................

...THE TROY CLIMATE SUMMARY FOR JULY 20 2017...

CLIMATE NORMAL PERIOD 1981 TO 2010
CLIMATE RECORD PERIOD 9999 TO 9999


WEATHER ITEM   OBSERVED TIME   RECORD YEAR NORMAL DEPARTURE LAST
                VALUE   (LST)  VALUE       VALUE  FROM      YEAR
                                                  NORMAL
..................................................................
TEMPERATURE (F)
 YESTERDAY
  MAXIMUM         95    353 PM  MM      MM  92      3       95
  MINIMUM         72    412 AM  MM      MM  70      2       72
  AVERAGE         84                        81      3       84

PRECIPITATION (IN)
  YESTERDAY        0.00                      0.15  -0.15     0.11
  MONTH TO DATE    2.60                      3.69  -1.09     3.59
  SINCE JUN 1     11.11                      8.52   2.59     9.59
  SINCE JAN 1     43.61                     31.35  12.26    28.93

DEGREE DAYS
 COOLING
  YESTERDAY       19                        16      3       19
  MONTH TO DATE  319                       313      6      332
  SINCE JUN 1    674                       701    -27      773
  SINCE JAN 1   1078                       988     90     1188
..................................................................


WIND (MPH)
  HIGHEST WIND SPEED    14   HIGHEST WIND DIRECTION     N (20)
  HIGHEST GUST SPEED    19   HIGHEST GUST DIRECTION    NE (30)
  AVERAGE WIND SPEED     3.7


SKY COVER
  AVERAGE SKY COVER 0.1


WEATHER CONDITIONS
 THE FOLLOWING WEATHER WAS RECORDED YESTERDAY.
  FOG


RELATIVE HUMIDITY (PERCENT)
 HIGHEST   100          1200 AM
 LOWEST     43           300 PM
 AVERAGE    72

..........................................................


THE TROY CLIMATE NORMALS FOR TODAY
                         NORMAL    RECORD    YEAR
 MAXIMUM TEMPERATURE (F)   92        MM        MM
 MINIMUM TEMPERATURE (F)   70        MM        MM


SUNRISE AND SUNSET
JULY 21 2017..........SUNRISE   553 AM CDT   SUNSET   748 PM CDT
JULY 22 2017..........SUNRISE   553 AM CDT   SUNSET   747 PM CDT


-  INDICATES NEGATIVE NUMBERS.
R  INDICATES RECORD WAS SET OR TIED.
MM INDICATES DATA IS MISSING.
T  INDICATES TRACE AMOUNT.




$$
