000
CDUS44 KBMX 292137
CLITOI


CLIMATE REPORT
NATIONAL WEATHER SERVICE BIRMINGHAM, AL
436 PM CDT FRI APR 29 2016


...................................

...THE TROY CLIMATE SUMMARY FOR APRIL 29 2016...
VALID AS OF 0400 PM LOCAL TIME.

CLIMATE NORMAL PERIOD 1981 TO 2010
CLIMATE RECORD PERIOD 9999 TO 9999


WEATHER ITEM   OBSERVED TIME   RECORD YEAR NORMAL DEPARTURE LAST
                VALUE   (LST)  VALUE       VALUE  FROM      YEAR
                                                  NORMAL
..................................................................
TEMPERATURE (F)
 TODAY
  MAXIMUM         89    202 PM  MM      MM  80      9       70
  MINIMUM         62    506 AM  MM      MM  53      9       52
  AVERAGE         76                        67      9       61

PRECIPITATION (IN)
  TODAY            0.00                      0.09  -0.09     0.08
  MONTH TO DATE    5.32                      3.91   1.41     7.24
  SINCE MAR 1     10.58                      9.94   0.64     9.82
  SINCE JAN 1     16.93                     19.07  -2.14    16.73

SNOWFALL (IN)
  TODAY            0.0                      MM     MM        0.0
  MONTH TO DATE    0.0                      MM     MM        0.0
  SINCE MAR 1      0.0                      MM     MM        0.0
  SINCE JUL 1      T                        MM     MM        0.0
  SNOW DEPTH       0

DEGREE DAYS
 HEATING
  TODAY            0                         2     -2        4
  MONTH TO DATE   51                       112    -61       20
  SINCE MAR 1    184                       394   -210      166
  SINCE JUL 1   1489                      2313   -824     2167

 COOLING
  TODAY           11                         3      8        0
  MONTH TO DATE   70                        54     16      144
  SINCE MAR 1    148                        68     80      204
  SINCE JAN 1    155                        73     82      206
..................................................................


WIND (MPH)
  HIGHEST WIND SPEED    12   HIGHEST WIND DIRECTION     E (110)
  HIGHEST GUST SPEED    17   HIGHEST GUST DIRECTION    SE (150)
  AVERAGE WIND SPEED     2.5


SKY COVER
  AVERAGE SKY COVER 0.3


WEATHER CONDITIONS
 THE FOLLOWING WEATHER WAS RECORDED TODAY.
  FOG
  FOG W/VISIBILITY <= 1/4 MILE


RELATIVE HUMIDITY (PERCENT)
 HIGHEST   100          1200 AM
 LOWEST     50           100 PM
 AVERAGE    75

..........................................................


THE TROY CLIMATE NORMALS FOR TOMORROW
                         NORMAL    RECORD    YEAR
 MAXIMUM TEMPERATURE (F)   80        MM        MM
 MINIMUM TEMPERATURE (F)   54        MM        MM


SUNRISE AND SUNSET
APRIL 29 2016.........SUNRISE   600 AM CDT   SUNSET   723 PM CDT
APRIL 30 2016.........SUNRISE   559 AM CDT   SUNSET   724 PM CDT


-  INDICATES NEGATIVE NUMBERS.
R  INDICATES RECORD WAS SET OR TIED.
MM INDICATES DATA IS MISSING.
T  INDICATES TRACE AMOUNT.




$$
