000
CDUS44 KBMX 010033
CLITOI


CLIMATE REPORT
NATIONAL WEATHER SERVICE BIRMINGHAM, AL
733 PM CDT THU JUN 30 2016


...................................

...THE TROY CLIMATE SUMMARY FOR JUNE 30 2016...
VALID TODAY AS OF 0700 PM LOCAL TIME.

CLIMATE NORMAL PERIOD 1981 TO 2010
CLIMATE RECORD PERIOD 9999 TO 9999


WEATHER ITEM   OBSERVED TIME   RECORD YEAR NORMAL DEPARTURE LAST
                VALUE   (LST)  VALUE       VALUE  FROM      YEAR
                                                  NORMAL
..................................................................
TEMPERATURE (F)
 TODAY
  MAXIMUM         91   1237 PM  MM      MM  91      0       88
  MINIMUM         70    258 PM  MM      MM  69      1       70
  AVERAGE         81                        80      1       79

PRECIPITATION (IN)
  TODAY            2.16                      0.15   2.01      T
  MONTH TO DATE    6.00                      4.83   1.17     4.11
  SINCE JUN 1      6.00                      4.83   1.17     4.11
  SINCE JAN 1     25.34                     27.66  -2.32    23.93

DEGREE DAYS
 COOLING
  TODAY           16                        15      1       14
  MONTH TO DATE  441                       388     53      459
  SINCE JUN 1    441                       388     53      459
  SINCE JAN 1    856                       675    181      942
..................................................................


WIND (MPH)
  HIGHEST WIND SPEED    30   HIGHEST WIND DIRECTION     N (350)
  HIGHEST GUST SPEED    35   HIGHEST GUST DIRECTION     N (350)
  AVERAGE WIND SPEED     2.6


SKY COVER
  AVERAGE SKY COVER 0.3


WEATHER CONDITIONS
 THE FOLLOWING WEATHER WAS RECORDED TODAY.
  HEAVY RAIN
  RAIN
  FOG
  HAZE


RELATIVE HUMIDITY (PERCENT)
 HIGHEST   100          1200 AM
 LOWEST     56          1200 PM
 AVERAGE    78

..........................................................


THE TROY CLIMATE NORMALS FOR TOMORROW
                         NORMAL    RECORD    YEAR
 MAXIMUM TEMPERATURE (F)   91        MM        MM
 MINIMUM TEMPERATURE (F)   69        MM        MM


SUNRISE AND SUNSET
JUNE 30 2016..........SUNRISE   542 AM CDT   SUNSET   754 PM CDT
JULY  1 2016..........SUNRISE   542 AM CDT   SUNSET   754 PM CDT


-  INDICATES NEGATIVE NUMBERS.
R  INDICATES RECORD WAS SET OR TIED.
MM INDICATES DATA IS MISSING.
T  INDICATES TRACE AMOUNT.




$$
